[INFO] fetching crate ad57xx 0.3.0...
[INFO] testing ad57xx-0.3.0 against nightly-2024-10-28 for randomize-layout
[INFO] extracting crate ad57xx 0.3.0 into /workspace/builds/worker-6-tc1/source
[INFO] validating manifest of crates.io crate ad57xx 0.3.0 on toolchain nightly-2024-10-28
[INFO] running `Command { std: CARGO_HOME="/workspace/cargo-home" RUSTUP_HOME="/workspace/rustup-home" "/workspace/cargo-home/bin/cargo" "+nightly-2024-10-28" "metadata" "--manifest-path" "Cargo.toml" "--no-deps", kill_on_drop: false }`
[INFO] removed /workspace/builds/worker-6-tc1/source/.cargo/config.toml
[INFO] started tweaking crates.io crate ad57xx 0.3.0
[INFO] finished tweaking crates.io crate ad57xx 0.3.0
[INFO] tweaked toml for crates.io crate ad57xx 0.3.0 written to /workspace/builds/worker-6-tc1/source/Cargo.toml
[INFO] crate crates.io crate ad57xx 0.3.0 already has a lockfile, it will not be regenerated
[INFO] running `Command { std: CARGO_HOME="/workspace/cargo-home" RUSTUP_HOME="/workspace/rustup-home" "/workspace/cargo-home/bin/cargo" "+nightly-2024-10-28" "fetch" "--manifest-path" "Cargo.toml", kill_on_drop: false }`
[INFO] [stderr]     Updating crates.io index
[INFO] [stderr]  Downloading crates ...
[INFO] [stderr]   Downloaded volatile-register v0.2.2
[INFO] [stderr]   Downloaded cortex-m-rt-macros v0.7.0
[INFO] [stderr]   Downloaded cortex-m-rt v0.7.3
[INFO] [stderr]   Downloaded vcell v0.1.3
[INFO] [stderr]   Downloaded panic-probe v0.3.1
[INFO] [stderr]   Downloaded defmt-rtt v0.4.0
[INFO] [stderr]   Downloaded enumflags2_derive v0.7.8
[INFO] [stderr]   Downloaded defmt-parser v0.3.3
[INFO] [stderr]   Downloaded fugit-timer v0.1.3
[INFO] [stderr]   Downloaded panic-halt v0.2.0
[INFO] [stderr]   Downloaded embedded-dma v0.2.0
[INFO] [stderr]   Downloaded num-rational v0.3.2
[INFO] [stderr]   Downloaded bitfield-struct v0.5.6
[INFO] [stderr]   Downloaded num-iter v0.1.44
[INFO] [stderr]   Downloaded embedded-hal-bus v0.1.0
[INFO] [stderr]   Downloaded litrs v0.4.1
[INFO] [stderr]   Downloaded num-traits v0.2.18
[INFO] [stderr]   Downloaded cortex-m v0.7.7
[INFO] [stderr]   Downloaded time v0.3.34
[INFO] [stderr]   Downloaded embedded-time v0.12.1
[INFO] [stderr]   Downloaded num-complex v0.3.1
[INFO] [stderr]   Downloaded embedded-hal-mock v0.10.0
[INFO] [stderr]   Downloaded stm32f4xx-hal v0.20.0
[INFO] [stderr]   Downloaded defmt v0.3.5
[INFO] [stderr]   Downloaded num v0.3.1
[INFO] [stderr]   Downloaded document-features v0.2.8
[INFO] [stderr]   Downloaded thiserror-impl v1.0.56
[INFO] [stderr]   Downloaded thiserror v1.0.56
[INFO] [stderr]   Downloaded embedded-hal v1.0.0
[INFO] [stderr]   Downloaded embedded-hal-nb v1.0.0
[INFO] [stderr]   Downloaded enumflags2 v0.7.8
[INFO] [stderr]   Downloaded fugit v0.3.7
[INFO] [stderr]   Downloaded bitfield v0.13.2
[INFO] [stderr]   Downloaded embedded-hal-async v1.0.0
[INFO] [stderr]   Downloaded defmt-macros v0.3.6
[INFO] [stderr]   Downloaded embedded-storage v0.3.1
[INFO] [stderr]   Downloaded bare-metal v0.2.5
[INFO] [stderr]   Downloaded gcd v2.3.0
[INFO] [stderr]   Downloaded bare-metal v1.0.0
[INFO] [stderr]   Downloaded critical-section v1.1.2
[INFO] [stderr]   Downloaded stm32f4 v0.15.1
[INFO] running `Command { std: "docker" "create" "-v" "/var/lib/crater-agent-workspace/builds/worker-6-tc1/target:/opt/rustwide/target:rw,Z" "-v" "/var/lib/crater-agent-workspace/builds/worker-6-tc1/source:/opt/rustwide/workdir:ro,Z" "-v" "/var/lib/crater-agent-workspace/cargo-home:/opt/rustwide/cargo-home:ro,Z" "-v" "/var/lib/crater-agent-workspace/rustup-home:/opt/rustwide/rustup-home:ro,Z" "-e" "SOURCE_DIR=/opt/rustwide/workdir" "-e" "CARGO_TARGET_DIR=/opt/rustwide/target" "-e" "CARGO_HOME=/opt/rustwide/cargo-home" "-e" "RUSTUP_HOME=/opt/rustwide/rustup-home" "-w" "/opt/rustwide/workdir" "-m" "1610612736" "--user" "0:0" "--network" "none" "ghcr.io/rust-lang/crates-build-env/linux@sha256:4a844ea9eb2546a2d2c7022eacef16ef2e8229c7fbb2c7d4d55a9ceca922f72d" "/opt/rustwide/cargo-home/bin/cargo" "+nightly-2024-10-28" "metadata" "--no-deps" "--format-version=1", kill_on_drop: false }`
[INFO] [stdout] a381472f55334c819937d8d75feebde223abd6489263cc0181e7b5198a79adca
[INFO] running `Command { std: "docker" "start" "-a" "a381472f55334c819937d8d75feebde223abd6489263cc0181e7b5198a79adca", kill_on_drop: false }`
[INFO] running `Command { std: "docker" "inspect" "a381472f55334c819937d8d75feebde223abd6489263cc0181e7b5198a79adca", kill_on_drop: false }`
[INFO] running `Command { std: "docker" "rm" "-f" "a381472f55334c819937d8d75feebde223abd6489263cc0181e7b5198a79adca", kill_on_drop: false }`
[INFO] [stdout] a381472f55334c819937d8d75feebde223abd6489263cc0181e7b5198a79adca
[INFO] running `Command { std: "docker" "create" "-v" "/var/lib/crater-agent-workspace/builds/worker-6-tc1/target:/opt/rustwide/target:rw,Z" "-v" "/var/lib/crater-agent-workspace/builds/worker-6-tc1/source:/opt/rustwide/workdir:ro,Z" "-v" "/var/lib/crater-agent-workspace/cargo-home:/opt/rustwide/cargo-home:ro,Z" "-v" "/var/lib/crater-agent-workspace/rustup-home:/opt/rustwide/rustup-home:ro,Z" "-e" "SOURCE_DIR=/opt/rustwide/workdir" "-e" "CARGO_TARGET_DIR=/opt/rustwide/target" "-e" "CARGO_INCREMENTAL=0" "-e" "RUST_BACKTRACE=full" "-e" "RUSTFLAGS=--cap-lints=forbid" "-e" "RUSTDOCFLAGS=--cap-lints=forbid" "-e" "CARGO_HOME=/opt/rustwide/cargo-home" "-e" "RUSTUP_HOME=/opt/rustwide/rustup-home" "-w" "/opt/rustwide/workdir" "-m" "1610612736" "--user" "0:0" "--network" "none" "ghcr.io/rust-lang/crates-build-env/linux@sha256:4a844ea9eb2546a2d2c7022eacef16ef2e8229c7fbb2c7d4d55a9ceca922f72d" "/opt/rustwide/cargo-home/bin/cargo" "+nightly-2024-10-28" "build" "--frozen" "--message-format=json", kill_on_drop: false }`
[INFO] [stdout] 0d036360cc0c12e161e2f150fd3eba4bbc65da5fa9efdf9e172338005c817fe7
[INFO] running `Command { std: "docker" "start" "-a" "0d036360cc0c12e161e2f150fd3eba4bbc65da5fa9efdf9e172338005c817fe7", kill_on_drop: false }`
[INFO] [stderr]    Compiling thiserror v1.0.56
[INFO] [stderr]    Compiling defmt v0.3.5
[INFO] [stderr]    Compiling proc-macro-error-attr v1.0.4
[INFO] [stderr]    Compiling proc-macro-error v1.0.4
[INFO] [stderr]    Compiling defmt-macros v0.3.6
[INFO] [stderr]    Compiling bitflags v1.3.2
[INFO] [stderr]    Compiling embedded-hal-async v1.0.0
[INFO] [stderr]    Compiling embedded-hal-bus v0.1.0
[INFO] [stderr]    Compiling critical-section v1.1.2
[INFO] [stderr]    Compiling syn v1.0.109
[INFO] [stderr]    Compiling syn v2.0.48
[INFO] [stderr]    Compiling thiserror-impl v1.0.56
[INFO] [stderr]    Compiling bitfield-struct v0.5.6
[INFO] [stderr]    Compiling defmt-parser v0.3.3
[INFO] [stderr]    Compiling embedded-hal v1.0.0
[INFO] [stderr]    Compiling ad57xx v0.3.0 (/opt/rustwide/workdir)
[INFO] [stdout] warning: trait `Ad57xxPrivate` is never used
[INFO] [stdout]   --> src/lib.rs:34:7
[INFO] [stdout]    |
[INFO] [stdout] 34 | trait Ad57xxPrivate {}
[INFO] [stdout]    |       ^^^^^^^^^^^^^
[INFO] [stdout]    |
[INFO] [stdout]    = note: `#[warn(dead_code)]` on by default
[INFO] [stdout] 
[INFO] [stdout] 
[INFO] [stdout] warning: trait `Sealed` is never used
[INFO] [stdout]    --> src/lib.rs:351:15
[INFO] [stdout]     |
[INFO] [stdout] 351 |     pub trait Sealed {}
[INFO] [stdout]     |               ^^^^^^
[INFO] [stdout] 
[INFO] [stdout] 
[INFO] [stderr]     Finished `dev` profile [optimized + debuginfo] target(s) in 4.11s
[INFO] running `Command { std: "docker" "inspect" "0d036360cc0c12e161e2f150fd3eba4bbc65da5fa9efdf9e172338005c817fe7", kill_on_drop: false }`
[INFO] running `Command { std: "docker" "rm" "-f" "0d036360cc0c12e161e2f150fd3eba4bbc65da5fa9efdf9e172338005c817fe7", kill_on_drop: false }`
[INFO] [stdout] 0d036360cc0c12e161e2f150fd3eba4bbc65da5fa9efdf9e172338005c817fe7
[INFO] running `Command { std: "docker" "create" "-v" "/var/lib/crater-agent-workspace/builds/worker-6-tc1/target:/opt/rustwide/target:rw,Z" "-v" "/var/lib/crater-agent-workspace/builds/worker-6-tc1/source:/opt/rustwide/workdir:ro,Z" "-v" "/var/lib/crater-agent-workspace/cargo-home:/opt/rustwide/cargo-home:ro,Z" "-v" "/var/lib/crater-agent-workspace/rustup-home:/opt/rustwide/rustup-home:ro,Z" "-e" "SOURCE_DIR=/opt/rustwide/workdir" "-e" "CARGO_TARGET_DIR=/opt/rustwide/target" "-e" "CARGO_INCREMENTAL=0" "-e" "RUST_BACKTRACE=full" "-e" "RUSTFLAGS=--cap-lints=forbid" "-e" "RUSTDOCFLAGS=--cap-lints=forbid" "-e" "CARGO_HOME=/opt/rustwide/cargo-home" "-e" "RUSTUP_HOME=/opt/rustwide/rustup-home" "-w" "/opt/rustwide/workdir" "-m" "1610612736" "--user" "0:0" "--network" "none" "ghcr.io/rust-lang/crates-build-env/linux@sha256:4a844ea9eb2546a2d2c7022eacef16ef2e8229c7fbb2c7d4d55a9ceca922f72d" "/opt/rustwide/cargo-home/bin/cargo" "+nightly-2024-10-28" "test" "--frozen" "--no-run" "--message-format=json", kill_on_drop: false }`
[INFO] [stdout] 15cebd3875d7319269b65776645df498a4b6f8322a952010b8915e3b71bf345f
[INFO] running `Command { std: "docker" "start" "-a" "15cebd3875d7319269b65776645df498a4b6f8322a952010b8915e3b71bf345f", kill_on_drop: false }`
[INFO] [stderr]    Compiling syn v1.0.109
[INFO] [stderr]    Compiling bitflags v1.3.2
[INFO] [stderr]    Compiling nb v1.1.0
[INFO] [stderr]    Compiling cortex-m v0.7.7
[INFO] [stderr]    Compiling critical-section v1.1.2
[INFO] [stderr]    Compiling void v1.0.2
[INFO] [stderr]    Compiling cortex-m-rt v0.7.3
[INFO] [stderr]    Compiling vcell v0.1.3
[INFO] [stderr]    Compiling defmt v0.3.5
[INFO] [stderr]    Compiling num-traits v0.2.18
[INFO] [stderr]    Compiling num-rational v0.3.2
[INFO] [stderr]    Compiling bitfield v0.13.2
[INFO] [stderr]    Compiling bare-metal v0.2.5
[INFO] [stderr]    Compiling stm32f4 v0.15.1
[INFO] [stderr]    Compiling gcd v2.3.0
[INFO] [stderr]    Compiling powerfmt v0.2.0
[INFO] [stderr]    Compiling embedded-hal-bus v0.1.0
[INFO] [stderr]    Compiling enumflags2_derive v0.7.8
[INFO] [stderr]    Compiling nb v0.1.3
[INFO] [stderr]    Compiling volatile-register v0.2.2
[INFO] [stderr]    Compiling embedded-hal-async v1.0.0
[INFO] [stderr]    Compiling litrs v0.4.1
[INFO] [stderr]    Compiling defmt-rtt v0.4.0
[INFO] [stderr]    Compiling embedded-hal v0.2.7
[INFO] [stderr]    Compiling fugit v0.3.7
[INFO] [stderr]    Compiling panic-probe v0.3.1
[INFO] [stderr]    Compiling deranged v0.3.11
[INFO] [stderr]    Compiling stable_deref_trait v1.2.0
[INFO] [stderr]    Compiling num-conv v0.1.0
[INFO] [stderr]    Compiling time-core v0.1.2
[INFO] [stderr]    Compiling stm32f4xx-hal v0.20.0
[INFO] [stderr]    Compiling bare-metal v1.0.0
[INFO] [stderr]    Compiling embedded-dma v0.2.0
[INFO] [stderr]    Compiling embedded-storage v0.3.1
[INFO] [stderr]    Compiling rand_core v0.6.4
[INFO] [stderr]    Compiling panic-halt v0.2.0
[INFO] [stderr]    Compiling fugit-timer v0.1.3
[INFO] [stderr]    Compiling document-features v0.2.8
[INFO] [stderr]    Compiling enumflags2 v0.7.8
[INFO] [stderr]    Compiling time v0.3.34
[INFO] [stderr]    Compiling num-integer v0.1.46
[INFO] [stderr]    Compiling num-complex v0.3.1
[INFO] [stderr]    Compiling num-iter v0.1.44
[INFO] [stderr]    Compiling num v0.3.1
[INFO] [stderr]    Compiling embedded-time v0.12.1
[INFO] [stderr]    Compiling proc-macro-error v1.0.4
[INFO] [stderr]    Compiling defmt-macros v0.3.6
[INFO] [stderr]    Compiling cortex-m-rt-macros v0.7.0
[INFO] [stderr]    Compiling embedded-hal v1.0.0
[INFO] [stderr]    Compiling embedded-hal-nb v1.0.0
[INFO] [stderr]    Compiling embedded-hal-mock v0.10.0
[INFO] [stderr]    Compiling ad57xx v0.3.0 (/opt/rustwide/workdir)
[INFO] [stdout] warning: trait `Ad57xxPrivate` is never used
[INFO] [stdout]   --> src/lib.rs:34:7
[INFO] [stdout]    |
[INFO] [stdout] 34 | trait Ad57xxPrivate {}
[INFO] [stdout]    |       ^^^^^^^^^^^^^
[INFO] [stdout]    |
[INFO] [stdout]    = note: `#[warn(dead_code)]` on by default
[INFO] [stdout] 
[INFO] [stdout] 
[INFO] [stdout] warning: trait `Sealed` is never used
[INFO] [stdout]    --> src/lib.rs:351:15
[INFO] [stdout]     |
[INFO] [stdout] 351 |     pub trait Sealed {}
[INFO] [stdout]     |               ^^^^^^
[INFO] [stdout] 
[INFO] [stdout] 
[INFO] [stdout] warning: trait `Ad57xxPrivate` is never used
[INFO] [stdout]   --> src/lib.rs:34:7
[INFO] [stdout]    |
[INFO] [stdout] 34 | trait Ad57xxPrivate {}
[INFO] [stdout]    |       ^^^^^^^^^^^^^
[INFO] [stdout]    |
[INFO] [stdout]    = note: `#[warn(dead_code)]` on by default
[INFO] [stdout] 
[INFO] [stdout] 
[INFO] [stdout] warning: trait `Sealed` is never used
[INFO] [stdout]    --> src/lib.rs:351:15
[INFO] [stdout]     |
[INFO] [stdout] 351 |     pub trait Sealed {}
[INFO] [stdout]     |               ^^^^^^
[INFO] [stdout] 
[INFO] [stdout] 
[INFO] [stdout] error: linking with `cc` failed: exit status: 1
[INFO] [stdout]   |
[INFO] [stdout]   = note: LC_ALL="C" PATH="/opt/rustwide/rustup-home/toolchains/nightly-2024-10-28-x86_64-unknown-linux-gnu/lib/rustlib/x86_64-unknown-linux-gnu/bin:/opt/rustwide/rustup-home/toolchains/nightly-2024-10-28-x86_64-unknown-linux-gnu/lib/rustlib/x86_64-unknown-linux-gnu/bin/self-contained:/opt/rustwide/cargo-home/bin:/usr/local/sbin:/usr/local/bin:/usr/sbin:/usr/bin:/sbin:/bin" VSLANG="1033" "cc" "-m64" "/tmp/rustcWK4z5i/symbols.o" "/opt/rustwide/target/debug/examples/stm32_shared_bus-96e78e68b578a543.stm32_shared_bus.e03c56d464876ea1-cgu.0.rcgu.o" "/opt/rustwide/target/debug/examples/stm32_shared_bus-96e78e68b578a543.3a9hcmyivywfbyo360k8h62l8.rcgu.o" "-Wl,--as-needed" "-Wl,-Bstatic" "/opt/rustwide/target/debug/deps/libad57xx-79a371ec2f285f3b.rlib" "/opt/rustwide/target/debug/deps/libstm32f4xx_hal-1797f1ad39a81364.rlib" "/opt/rustwide/target/debug/deps/libfugit_timer-265f8d75c2d5de9d.rlib" "/opt/rustwide/target/debug/deps/libtime-b6cbacd8bc2cbc80.rlib" "/opt/rustwide/target/debug/deps/libtime_core-6bf7a79e8931f285.rlib" "/opt/rustwide/target/debug/deps/libnum_conv-f46a88b9a0b3caa3.rlib" "/opt/rustwide/target/debug/deps/libderanged-df9caebfe09234a3.rlib" "/opt/rustwide/target/debug/deps/libpowerfmt-38db2f1aec7f3634.rlib" "/opt/rustwide/target/debug/deps/libembedded_hal_nb-b76d96514398bd7b.rlib" "/opt/rustwide/target/debug/deps/libembedded_storage-8f72efabb5236028.rlib" "/opt/rustwide/target/debug/deps/libembedded_dma-f1970cab635fa283.rlib" "/opt/rustwide/target/debug/deps/libstable_deref_trait-4089bb8068e9d2af.rlib" "/opt/rustwide/target/debug/deps/librand_core-79be15d3e6103ae0.rlib" "/opt/rustwide/target/debug/deps/libfugit-195e73593c2dada4.rlib" "/opt/rustwide/target/debug/deps/libgcd-13f3959f56a13761.rlib" "/opt/rustwide/target/debug/deps/libstm32f4-255076a94037265f.rlib" "/opt/rustwide/target/debug/deps/libcortex_m-f26bff55146cd2fd.rlib" "/opt/rustwide/target/debug/deps/libvolatile_register-ba5f441d13116ee3.rlib" "/opt/rustwide/target/debug/deps/libvcell-8d49924c82d3b959.rlib" "/opt/rustwide/target/debug/deps/libbare_metal-9f2f7d19c7c09876.rlib" "/opt/rustwide/target/debug/deps/libembedded_hal-f2c08632fcf7f399.rlib" "/opt/rustwide/target/debug/deps/libvoid-938b6ef0d5d1d88e.rlib" "/opt/rustwide/rustup-home/toolchains/nightly-2024-10-28-x86_64-unknown-linux-gnu/lib/rustlib/x86_64-unknown-linux-gnu/lib/libstd-fb8c387236db3c10.rlib" "/opt/rustwide/rustup-home/toolchains/nightly-2024-10-28-x86_64-unknown-linux-gnu/lib/rustlib/x86_64-unknown-linux-gnu/lib/libpanic_unwind-b251837809b2f64b.rlib" "/opt/rustwide/rustup-home/toolchains/nightly-2024-10-28-x86_64-unknown-linux-gnu/lib/rustlib/x86_64-unknown-linux-gnu/lib/libobject-cbef83eaa4e01f04.rlib" "/opt/rustwide/rustup-home/toolchains/nightly-2024-10-28-x86_64-unknown-linux-gnu/lib/rustlib/x86_64-unknown-linux-gnu/lib/libmemchr-12a772286de2fca7.rlib" "/opt/rustwide/rustup-home/toolchains/nightly-2024-10-28-x86_64-unknown-linux-gnu/lib/rustlib/x86_64-unknown-linux-gnu/lib/libaddr2line-023bbe5ada7abfc3.rlib" "/opt/rustwide/rustup-home/toolchains/nightly-2024-10-28-x86_64-unknown-linux-gnu/lib/rustlib/x86_64-unknown-linux-gnu/lib/libgimli-de2bcdf10ec69c2b.rlib" "/opt/rustwide/rustup-home/toolchains/nightly-2024-10-28-x86_64-unknown-linux-gnu/lib/rustlib/x86_64-unknown-linux-gnu/lib/librustc_demangle-8e1754df350800fd.rlib" "/opt/rustwide/rustup-home/toolchains/nightly-2024-10-28-x86_64-unknown-linux-gnu/lib/rustlib/x86_64-unknown-linux-gnu/lib/libstd_detect-06c2ab7b9c32e037.rlib" "/opt/rustwide/rustup-home/toolchains/nightly-2024-10-28-x86_64-unknown-linux-gnu/lib/rustlib/x86_64-unknown-linux-gnu/lib/libhashbrown-51d2621fc57a281b.rlib" "/opt/rustwide/rustup-home/toolchains/nightly-2024-10-28-x86_64-unknown-linux-gnu/lib/rustlib/x86_64-unknown-linux-gnu/lib/librustc_std_workspace_alloc-54a930408793772f.rlib" "/opt/rustwide/rustup-home/toolchains/nightly-2024-10-28-x86_64-unknown-linux-gnu/lib/rustlib/x86_64-unknown-linux-gnu/lib/libminiz_oxide-0c7d01cba400dcb2.rlib" "/opt/rustwide/rustup-home/toolchains/nightly-2024-10-28-x86_64-unknown-linux-gnu/lib/rustlib/x86_64-unknown-linux-gnu/lib/libadler-b9f84d69e331b75b.rlib" "/opt/rustwide/rustup-home/toolchains/nightly-2024-10-28-x86_64-unknown-linux-gnu/lib/rustlib/x86_64-unknown-linux-gnu/lib/libunwind-eec95493246aae39.rlib" "/opt/rustwide/rustup-home/toolchains/nightly-2024-10-28-x86_64-unknown-linux-gnu/lib/rustlib/x86_64-unknown-linux-gnu/lib/libcfg_if-6f6676c475e08ab0.rlib" "/opt/rustwide/rustup-home/toolchains/nightly-2024-10-28-x86_64-unknown-linux-gnu/lib/rustlib/x86_64-unknown-linux-gnu/lib/liblibc-799d520624f8b2e0.rlib" "/opt/rustwide/rustup-home/toolchains/nightly-2024-10-28-x86_64-unknown-linux-gnu/lib/rustlib/x86_64-unknown-linux-gnu/lib/liballoc-fcf93d4842acd9a9.rlib" "/opt/rustwide/target/debug/deps/libnb-4a47c510e72f279d.rlib" "/opt/rustwide/target/debug/deps/libnb-3819c5ef0af88d37.rlib" "/opt/rustwide/target/debug/deps/libenumflags2-af6e925f51b63e20.rlib" "/opt/rustwide/target/debug/deps/libembedded_hal_bus-a42c3cb2f4e56340.rlib" "/opt/rustwide/target/debug/deps/libembedded_hal-301fb265b05fe742.rlib" "/opt/rustwide/target/debug/deps/libpanic_probe-6c295189c0ad4ec5.rlib" "/opt/rustwide/target/debug/deps/libdefmt_rtt-de1c1ebbe2c32f18.rlib" "/opt/rustwide/target/debug/deps/libcritical_section-e1d715d5c308c157.rlib" "/opt/rustwide/target/debug/deps/libdefmt-dac26f6d9279310c.rlib" "/opt/rustwide/target/debug/deps/libbitflags-3f0602a748b1f118.rlib" "/opt/rustwide/target/debug/deps/libcortex_m_rt-c64029a9bc6ff199.rlib" "/opt/rustwide/rustup-home/toolchains/nightly-2024-10-28-x86_64-unknown-linux-gnu/lib/rustlib/x86_64-unknown-linux-gnu/lib/librustc_std_workspace_core-395a38b8e0851c9b.rlib" "/opt/rustwide/rustup-home/toolchains/nightly-2024-10-28-x86_64-unknown-linux-gnu/lib/rustlib/x86_64-unknown-linux-gnu/lib/libcore-d453bab70303062c.rlib" "/opt/rustwide/rustup-home/toolchains/nightly-2024-10-28-x86_64-unknown-linux-gnu/lib/rustlib/x86_64-unknown-linux-gnu/lib/libcompiler_builtins-0e6386368b0a24e8.rlib" "-Wl,-Bdynamic" "-lgcc_s" "-lutil" "-lrt" "-lpthread" "-lm" "-ldl" "-lc" "-B/opt/rustwide/rustup-home/toolchains/nightly-2024-10-28-x86_64-unknown-linux-gnu/lib/rustlib/x86_64-unknown-linux-gnu/bin/gcc-ld" "-fuse-ld=lld" "-Wl,--eh-frame-hdr" "-Wl,-z,noexecstack" "-L" "/opt/rustwide/target/debug/build/defmt-ac3a632e0e1a96a3/out" "-L" "/opt/rustwide/target/debug/build/cortex-m-rt-cdea9025002c7da7/out" "-L" "/opt/rustwide/target/debug/build/stm32f4-36d25e592f1104ba/out" "-L" "/opt/rustwide/rustup-home/toolchains/nightly-2024-10-28-x86_64-unknown-linux-gnu/lib/rustlib/x86_64-unknown-linux-gnu/lib" "-o" "/opt/rustwide/target/debug/examples/stm32_shared_bus-96e78e68b578a543" "-Wl,--gc-sections" "-pie" "-Wl,-z,relro,-z,now" "-Wl,-O1" "-nodefaultlibs"
[INFO] [stdout]   = note: rust-lld: error: undefined symbol: __primask_r
[INFO] [stdout]           >>> referenced by call_asm.rs:19 (/opt/rustwide/cargo-home/registry/src/index.crates.io-6f17d22bba15001f/cortex-m-0.7.7/src/call_asm.rs:19)
[INFO] [stdout]           >>>               /opt/rustwide/target/debug/examples/stm32_shared_bus-96e78e68b578a543.stm32_shared_bus.e03c56d464876ea1-cgu.0.rcgu.o:(stm32_shared_bus::__cortex_m_rt_main::hb4c2c1db37ee2f90)
[INFO] [stdout]           >>> referenced by call_asm.rs:19 (/opt/rustwide/cargo-home/registry/src/index.crates.io-6f17d22bba15001f/cortex-m-0.7.7/src/call_asm.rs:19)
[INFO] [stdout]           >>>               /opt/rustwide/target/debug/examples/stm32_shared_bus-96e78e68b578a543.stm32_shared_bus.e03c56d464876ea1-cgu.0.rcgu.o:(stm32_shared_bus::__cortex_m_rt_main::hb4c2c1db37ee2f90)
[INFO] [stdout]           
[INFO] [stdout]           rust-lld: error: undefined symbol: __cpsid
[INFO] [stdout]           >>> referenced by call_asm.rs:19 (/opt/rustwide/cargo-home/registry/src/index.crates.io-6f17d22bba15001f/cortex-m-0.7.7/src/call_asm.rs:19)
[INFO] [stdout]           >>>               /opt/rustwide/target/debug/examples/stm32_shared_bus-96e78e68b578a543.stm32_shared_bus.e03c56d464876ea1-cgu.0.rcgu.o:(stm32_shared_bus::__cortex_m_rt_main::hb4c2c1db37ee2f90)
[INFO] [stdout]           >>> referenced by call_asm.rs:19 (/opt/rustwide/cargo-home/registry/src/index.crates.io-6f17d22bba15001f/cortex-m-0.7.7/src/call_asm.rs:19)
[INFO] [stdout]           >>>               /opt/rustwide/target/debug/examples/stm32_shared_bus-96e78e68b578a543.stm32_shared_bus.e03c56d464876ea1-cgu.0.rcgu.o:(stm32_shared_bus::__cortex_m_rt_main::hb4c2c1db37ee2f90)
[INFO] [stdout]           
[INFO] [stdout]           rust-lld: error: undefined symbol: __cpsie
[INFO] [stdout]           >>> referenced by call_asm.rs:19 (/opt/rustwide/cargo-home/registry/src/index.crates.io-6f17d22bba15001f/cortex-m-0.7.7/src/call_asm.rs:19)
[INFO] [stdout]           >>>               /opt/rustwide/target/debug/examples/stm32_shared_bus-96e78e68b578a543.stm32_shared_bus.e03c56d464876ea1-cgu.0.rcgu.o:(stm32_shared_bus::__cortex_m_rt_main::hb4c2c1db37ee2f90)
[INFO] [stdout]           >>> referenced by call_asm.rs:19 (/opt/rustwide/cargo-home/registry/src/index.crates.io-6f17d22bba15001f/cortex-m-0.7.7/src/call_asm.rs:19)
[INFO] [stdout]           >>>               /opt/rustwide/target/debug/examples/stm32_shared_bus-96e78e68b578a543.stm32_shared_bus.e03c56d464876ea1-cgu.0.rcgu.o:(stm32_shared_bus::__cortex_m_rt_main::hb4c2c1db37ee2f90)
[INFO] [stdout]           
[INFO] [stdout]           rust-lld: error: undefined symbol: __dsb
[INFO] [stdout]           >>> referenced by call_asm.rs:19 (/opt/rustwide/cargo-home/registry/src/index.crates.io-6f17d22bba15001f/cortex-m-0.7.7/src/call_asm.rs:19)
[INFO] [stdout]           >>>               /opt/rustwide/target/debug/examples/stm32_shared_bus-96e78e68b578a543.stm32_shared_bus.e03c56d464876ea1-cgu.0.rcgu.o:(stm32_shared_bus::__cortex_m_rt_main::hb4c2c1db37ee2f90)
[INFO] [stdout]           >>> referenced by call_asm.rs:19 (/opt/rustwide/cargo-home/registry/src/index.crates.io-6f17d22bba15001f/cortex-m-0.7.7/src/call_asm.rs:19)
[INFO] [stdout]           >>>               stm32f4xx_hal-1797f1ad39a81364.stm32f4xx_hal.a295468b4a5c9fab-cgu.0.rcgu.o:(stm32f4xx_hal::gpio::f4::gpioa::_$LT$impl$u20$stm32f4xx_hal..gpio..GpioExt$u20$for$u20$stm32f4..stm32f405..GPIOA$GT$::split::hc37c9afb9d641a26) in archive /opt/rustwide/target/debug/deps/libstm32f4xx_hal-1797f1ad39a81364.rlib
[INFO] [stdout]           >>> referenced by call_asm.rs:19 (/opt/rustwide/cargo-home/registry/src/index.crates.io-6f17d22bba15001f/cortex-m-0.7.7/src/call_asm.rs:19)
[INFO] [stdout]           >>>               stm32f4xx_hal-1797f1ad39a81364.stm32f4xx_hal.a295468b4a5c9fab-cgu.0.rcgu.o:(stm32f4xx_hal::gpio::f4::gpioc::_$LT$impl$u20$stm32f4xx_hal..gpio..GpioExt$u20$for$u20$stm32f4..stm32f405..GPIOC$GT$::split::h794c8e07c09a3945) in archive /opt/rustwide/target/debug/deps/libstm32f4xx_hal-1797f1ad39a81364.rlib
[INFO] [stdout]           
[INFO] [stdout]           rust-lld: error: undefined symbol: __delay
[INFO] [stdout]           >>> referenced by call_asm.rs:19 (/opt/rustwide/cargo-home/registry/src/index.crates.io-6f17d22bba15001f/cortex-m-0.7.7/src/call_asm.rs:19)
[INFO] [stdout]           >>>               stm32f4xx_hal-1797f1ad39a81364.stm32f4xx_hal.a295468b4a5c9fab-cgu.0.rcgu.o:(stm32f4xx_hal::rcc::CFGR::freeze_internal::hf7eda8cfe4d911eb) in archive /opt/rustwide/target/debug/deps/libstm32f4xx_hal-1797f1ad39a81364.rlib
[INFO] [stdout]           collect2: error: ld returned 1 exit status
[INFO] [stdout]           
[INFO] [stdout] 
[INFO] [stdout] 
[INFO] [stderr] error: could not compile `ad57xx` (example "stm32_shared_bus") due to 1 previous error
[INFO] [stderr] warning: build failed, waiting for other jobs to finish...
[INFO] running `Command { std: "docker" "inspect" "15cebd3875d7319269b65776645df498a4b6f8322a952010b8915e3b71bf345f", kill_on_drop: false }`
[INFO] running `Command { std: "docker" "rm" "-f" "15cebd3875d7319269b65776645df498a4b6f8322a952010b8915e3b71bf345f", kill_on_drop: false }`
[INFO] [stdout] 15cebd3875d7319269b65776645df498a4b6f8322a952010b8915e3b71bf345f
