[INFO] fetching crate actix-web-validation 0.5.1...
[INFO] testing actix-web-validation-0.5.1 against nightly-2024-10-28 for randomize-layout
[INFO] extracting crate actix-web-validation 0.5.1 into /workspace/builds/worker-0-tc1/source
[INFO] validating manifest of crates.io crate actix-web-validation 0.5.1 on toolchain nightly-2024-10-28
[INFO] running `Command { std: CARGO_HOME="/workspace/cargo-home" RUSTUP_HOME="/workspace/rustup-home" "/workspace/cargo-home/bin/cargo" "+nightly-2024-10-28" "metadata" "--manifest-path" "Cargo.toml" "--no-deps", kill_on_drop: false }`
[INFO] started tweaking crates.io crate actix-web-validation 0.5.1
[INFO] finished tweaking crates.io crate actix-web-validation 0.5.1
[INFO] tweaked toml for crates.io crate actix-web-validation 0.5.1 written to /workspace/builds/worker-0-tc1/source/Cargo.toml
[INFO] crate crates.io crate actix-web-validation 0.5.1 already has a lockfile, it will not be regenerated
[INFO] running `Command { std: CARGO_HOME="/workspace/cargo-home" RUSTUP_HOME="/workspace/rustup-home" "/workspace/cargo-home/bin/cargo" "+nightly-2024-10-28" "fetch" "--manifest-path" "Cargo.toml", kill_on_drop: false }`
[INFO] [stderr]     Updating crates.io index
[INFO] [stderr]  Downloading crates ...
[INFO] [stderr]   Downloaded garde v0.20.0
[INFO] [stderr]   Downloaded bytes v1.6.1
[INFO] [stderr]   Downloaded castaway v0.2.3
[INFO] [stderr]   Downloaded redox_syscall v0.5.3
[INFO] [stderr]   Downloaded zstd-safe v7.2.0
[INFO] [stderr]   Downloaded cc v1.1.6
[INFO] [stderr]   Downloaded mio v1.0.1
[INFO] [stderr]   Downloaded compact_str v0.7.1
[INFO] [stderr]   Downloaded garde_derive v0.20.0
[INFO] [stderr]   Downloaded validator v0.18.1
[INFO] [stderr]   Downloaded validator_derive v0.18.1
[INFO] [stderr]   Downloaded syn v2.0.72
[INFO] [stderr]   Downloaded object v0.36.2
[INFO] [stderr]   Downloaded zstd-sys v2.0.12+zstd.1.5.6
[INFO] [stderr]   Downloaded tokio v1.39.1
[INFO] running `Command { std: "docker" "create" "-v" "/var/lib/crater-agent-workspace/builds/worker-0-tc1/target:/opt/rustwide/target:rw,Z" "-v" "/var/lib/crater-agent-workspace/builds/worker-0-tc1/source:/opt/rustwide/workdir:ro,Z" "-v" "/var/lib/crater-agent-workspace/cargo-home:/opt/rustwide/cargo-home:ro,Z" "-v" "/var/lib/crater-agent-workspace/rustup-home:/opt/rustwide/rustup-home:ro,Z" "-e" "SOURCE_DIR=/opt/rustwide/workdir" "-e" "CARGO_TARGET_DIR=/opt/rustwide/target" "-e" "CARGO_HOME=/opt/rustwide/cargo-home" "-e" "RUSTUP_HOME=/opt/rustwide/rustup-home" "-w" "/opt/rustwide/workdir" "-m" "1610612736" "--user" "0:0" "--network" "none" "ghcr.io/rust-lang/crates-build-env/linux@sha256:4a844ea9eb2546a2d2c7022eacef16ef2e8229c7fbb2c7d4d55a9ceca922f72d" "/opt/rustwide/cargo-home/bin/cargo" "+nightly-2024-10-28" "metadata" "--no-deps" "--format-version=1", kill_on_drop: false }`
[INFO] [stdout] 76cedb5cdc59f0ef390e7b78c0eb7baf2e2db1148d6b7c60283ee3bf6ecf03d1
[INFO] running `Command { std: "docker" "start" "-a" "76cedb5cdc59f0ef390e7b78c0eb7baf2e2db1148d6b7c60283ee3bf6ecf03d1", kill_on_drop: false }`
[INFO] running `Command { std: "docker" "inspect" "76cedb5cdc59f0ef390e7b78c0eb7baf2e2db1148d6b7c60283ee3bf6ecf03d1", kill_on_drop: false }`
[INFO] running `Command { std: "docker" "rm" "-f" "76cedb5cdc59f0ef390e7b78c0eb7baf2e2db1148d6b7c60283ee3bf6ecf03d1", kill_on_drop: false }`
[INFO] [stdout] 76cedb5cdc59f0ef390e7b78c0eb7baf2e2db1148d6b7c60283ee3bf6ecf03d1
[INFO] running `Command { std: "docker" "create" "-v" "/var/lib/crater-agent-workspace/builds/worker-0-tc1/target:/opt/rustwide/target:rw,Z" "-v" "/var/lib/crater-agent-workspace/builds/worker-0-tc1/source:/opt/rustwide/workdir:ro,Z" "-v" "/var/lib/crater-agent-workspace/cargo-home:/opt/rustwide/cargo-home:ro,Z" "-v" "/var/lib/crater-agent-workspace/rustup-home:/opt/rustwide/rustup-home:ro,Z" "-e" "SOURCE_DIR=/opt/rustwide/workdir" "-e" "CARGO_TARGET_DIR=/opt/rustwide/target" "-e" "CARGO_INCREMENTAL=0" "-e" "RUST_BACKTRACE=full" "-e" "RUSTFLAGS=--cap-lints=forbid" "-e" "RUSTDOCFLAGS=--cap-lints=forbid" "-e" "CARGO_HOME=/opt/rustwide/cargo-home" "-e" "RUSTUP_HOME=/opt/rustwide/rustup-home" "-w" "/opt/rustwide/workdir" "-m" "1610612736" "--user" "0:0" "--network" "none" "ghcr.io/rust-lang/crates-build-env/linux@sha256:4a844ea9eb2546a2d2c7022eacef16ef2e8229c7fbb2c7d4d55a9ceca922f72d" "/opt/rustwide/cargo-home/bin/cargo" "+nightly-2024-10-28" "build" "--frozen" "--message-format=json", kill_on_drop: false }`
[INFO] [stdout] b21161e508b2b3499510b811eee9aecdc7b48cb9bb27e13d6beb402cc5afbe1d
[INFO] running `Command { std: "docker" "start" "-a" "b21161e508b2b3499510b811eee9aecdc7b48cb9bb27e13d6beb402cc5afbe1d", kill_on_drop: false }`
[INFO] [stderr]    Compiling libc v0.2.155
[INFO] [stderr]    Compiling pin-project-lite v0.2.14
[INFO] [stderr]    Compiling version_check v0.9.4
[INFO] [stderr]    Compiling autocfg v1.3.0
[INFO] [stderr]    Compiling bytes v1.6.1
[INFO] [stderr]    Compiling proc-macro2 v1.0.86
[INFO] [stderr]    Compiling unicode-ident v1.0.12
[INFO] [stderr]    Compiling futures-core v0.3.30
[INFO] [stderr]    Compiling once_cell v1.19.0
[INFO] [stderr]    Compiling serde v1.0.204
[INFO] [stderr]    Compiling pkg-config v0.3.30
[INFO] [stderr]    Compiling futures-sink v0.3.30
[INFO] [stderr]    Compiling zstd-safe v7.2.0
[INFO] [stderr]    Compiling futures-task v0.3.30
[INFO] [stderr]    Compiling adler v1.0.2
[INFO] [stderr]    Compiling regex-syntax v0.8.4
[INFO] [stderr]    Compiling hashbrown v0.14.5
[INFO] [stderr]    Compiling httparse v1.9.4
[INFO] [stderr]    Compiling tracing-core v0.1.32
[INFO] [stderr]    Compiling futures-util v0.3.30
[INFO] [stderr]    Compiling ppv-lite86 v0.2.17
[INFO] [stderr]    Compiling miniz_oxide v0.7.4
[INFO] [stderr]    Compiling generic-array v0.14.7
[INFO] [stderr]    Compiling lock_api v0.4.12
[INFO] [stderr]    Compiling slab v0.4.9
[INFO] [stderr]    Compiling tracing v0.1.40
[INFO] [stderr]    Compiling http v0.2.12
[INFO] [stderr]    Compiling ahash v0.8.11
[INFO] [stderr]    Compiling bytestring v1.3.1
[INFO] [stderr]    Compiling indexmap v2.2.6
[INFO] [stderr]    Compiling quote v1.0.36
[INFO] [stderr]    Compiling cookie v0.16.2
[INFO] [stderr]    Compiling actix-service v2.0.2
[INFO] [stderr]    Compiling actix-utils v3.0.1
[INFO] [stderr]    Compiling unicode-normalization v0.1.23
[INFO] [stderr]    Compiling parking_lot_core v0.9.10
[INFO] [stderr]    Compiling jobserver v0.1.32
[INFO] [stderr]    Compiling mio v1.0.1
[INFO] [stderr]    Compiling socket2 v0.5.7
[INFO] [stderr]    Compiling signal-hook-registry v1.4.2
[INFO] [stderr]    Compiling syn v2.0.72
[INFO] [stderr]    Compiling cc v1.1.6
[INFO] [stderr]    Compiling getrandom v0.2.15
[INFO] [stderr]    Compiling serde_json v1.0.120
[INFO] [stderr]    Compiling parking_lot v0.12.3
[INFO] [stderr]    Compiling rand_core v0.6.4
[INFO] [stderr]    Compiling block-buffer v0.10.4
[INFO] [stderr]    Compiling crypto-common v0.1.6
[INFO] [stderr]    Compiling zerocopy v0.7.35
[INFO] [stderr]    Compiling tokio v1.39.1
[INFO] [stderr]    Compiling unicode-bidi v0.3.15
[INFO] [stderr]    Compiling cpufeatures v0.2.12
[INFO] [stderr]    Compiling flate2 v1.0.30
[INFO] [stderr]    Compiling digest v0.10.7
[INFO] [stderr]    Compiling rand_chacha v0.3.1
[INFO] [stderr]    Compiling mio v0.8.11
[INFO] [stderr]    Compiling sha1 v0.10.6
[INFO] [stderr]    Compiling local-channel v0.1.5
[INFO] [stderr]    Compiling encoding_rs v0.8.34
[INFO] [stderr]    Compiling idna v0.5.0
[INFO] [stderr]    Compiling rand v0.8.5
[INFO] [stderr]    Compiling thiserror v1.0.63
[INFO] [stderr]    Compiling regex-automata v0.4.7
[INFO] [stderr]    Compiling url v2.5.2
[INFO] [stderr]    Compiling zstd-sys v2.0.12+zstd.1.5.6
[INFO] [stderr]    Compiling actix-router v0.5.3
[INFO] [stderr]    Compiling serde_urlencoded v0.7.1
[INFO] [stderr]    Compiling regex v1.10.5
[INFO] [stderr]    Compiling derive_more v0.99.18
[INFO] [stderr]    Compiling actix-web-codegen v4.3.0
[INFO] [stderr]    Compiling thiserror-impl v1.0.63
[INFO] [stderr]    Compiling actix-macros v0.2.4
[INFO] [stderr]    Compiling tokio-util v0.7.11
[INFO] [stderr]    Compiling actix-rt v2.10.0
[INFO] [stderr]    Compiling actix-server v2.4.0
[INFO] [stderr]    Compiling actix-codec v0.5.2
[INFO] [stderr]    Compiling h2 v0.3.26
[INFO] [stderr]    Compiling zstd v0.13.2
[INFO] [stderr]    Compiling actix-http v3.8.0
[INFO] [stderr]    Compiling actix-web v4.8.0
[INFO] [stderr]    Compiling actix-web-validation v0.5.1 (/opt/rustwide/workdir)
[INFO] [stdout] warning: unused macro definition: `validated_definition`
[INFO] [stdout]   --> src/lib.rs:19:14
[INFO] [stdout]    |
[INFO] [stdout] 19 | macro_rules! validated_definition {
[INFO] [stdout]    |              ^^^^^^^^^^^^^^^^^^^^
[INFO] [stdout]    |
[INFO] [stdout]    = note: `#[warn(unused_macros)]` on by default
[INFO] [stdout] 
[INFO] [stdout] 
[INFO] [stdout] warning: unused import: `validated_definition`
[INFO] [stdout]   --> src/lib.rs:53:16
[INFO] [stdout]    |
[INFO] [stdout] 53 | pub(crate) use validated_definition;
[INFO] [stdout]    |                ^^^^^^^^^^^^^^^^^^^^
[INFO] [stdout]    |
[INFO] [stdout]    = note: `#[warn(unused_imports)]` on by default
[INFO] [stdout] 
[INFO] [stdout] 
[INFO] [stderr]     Finished `dev` profile [unoptimized + debuginfo] target(s) in 16.73s
[INFO] running `Command { std: "docker" "inspect" "b21161e508b2b3499510b811eee9aecdc7b48cb9bb27e13d6beb402cc5afbe1d", kill_on_drop: false }`
[INFO] running `Command { std: "docker" "rm" "-f" "b21161e508b2b3499510b811eee9aecdc7b48cb9bb27e13d6beb402cc5afbe1d", kill_on_drop: false }`
[INFO] [stdout] b21161e508b2b3499510b811eee9aecdc7b48cb9bb27e13d6beb402cc5afbe1d
[INFO] running `Command { std: "docker" "create" "-v" "/var/lib/crater-agent-workspace/builds/worker-0-tc1/target:/opt/rustwide/target:rw,Z" "-v" "/var/lib/crater-agent-workspace/builds/worker-0-tc1/source:/opt/rustwide/workdir:ro,Z" "-v" "/var/lib/crater-agent-workspace/cargo-home:/opt/rustwide/cargo-home:ro,Z" "-v" "/var/lib/crater-agent-workspace/rustup-home:/opt/rustwide/rustup-home:ro,Z" "-e" "SOURCE_DIR=/opt/rustwide/workdir" "-e" "CARGO_TARGET_DIR=/opt/rustwide/target" "-e" "CARGO_INCREMENTAL=0" "-e" "RUST_BACKTRACE=full" "-e" "RUSTFLAGS=--cap-lints=forbid" "-e" "RUSTDOCFLAGS=--cap-lints=forbid" "-e" "CARGO_HOME=/opt/rustwide/cargo-home" "-e" "RUSTUP_HOME=/opt/rustwide/rustup-home" "-w" "/opt/rustwide/workdir" "-m" "1610612736" "--user" "0:0" "--network" "none" "ghcr.io/rust-lang/crates-build-env/linux@sha256:4a844ea9eb2546a2d2c7022eacef16ef2e8229c7fbb2c7d4d55a9ceca922f72d" "/opt/rustwide/cargo-home/bin/cargo" "+nightly-2024-10-28" "test" "--frozen" "--no-run" "--message-format=json", kill_on_drop: false }`
[INFO] [stdout] 2284c82f951ff64cd922e3ac772a37598d39865c8cdd9e29fa4b0eceae2b3281
[INFO] running `Command { std: "docker" "start" "-a" "2284c82f951ff64cd922e3ac772a37598d39865c8cdd9e29fa4b0eceae2b3281", kill_on_drop: false }`
[INFO] [stderr]    Compiling serde v1.0.204
[INFO] [stderr]    Compiling proc-macro-error-attr v1.0.4
[INFO] [stderr]    Compiling ident_case v1.0.1
[INFO] [stderr]    Compiling serde_derive v1.0.204
[INFO] [stderr]    Compiling strsim v0.11.1
[INFO] [stderr]    Compiling rustversion v1.0.17
[INFO] [stderr]    Compiling syn v1.0.109
[INFO] [stderr]    Compiling proc-macro-error v1.0.4
[INFO] [stderr]    Compiling static_assertions v1.1.0
[INFO] [stderr]    Compiling unicode-xid v0.2.4
[INFO] [stderr]    Compiling garde_derive v0.20.0
[INFO] [stderr]    Compiling derive_more-impl v1.0.0
[INFO] [stderr]    Compiling darling_core v0.20.10
[INFO] [stderr]    Compiling castaway v0.2.3
[INFO] [stderr]    Compiling compact_str v0.7.1
[INFO] [stderr]    Compiling garde v0.20.0
[INFO] [stderr]    Compiling derive_more v1.0.0
[INFO] [stderr]    Compiling darling_macro v0.20.10
[INFO] [stderr]    Compiling darling v0.20.10
[INFO] [stderr]    Compiling validator_derive v0.18.1
[INFO] [stderr]    Compiling actix-router v0.5.3
[INFO] [stderr]    Compiling actix-web-codegen v4.3.0
[INFO] [stderr]    Compiling serde_json v1.0.120
[INFO] [stderr]    Compiling serde_urlencoded v0.7.1
[INFO] [stderr]    Compiling actix-web v4.8.0
[INFO] [stderr]    Compiling validator v0.18.1
[INFO] [stderr]    Compiling actix-web-validation v0.5.1 (/opt/rustwide/workdir)
[INFO] [stdout] warning: unused macro definition: `validated_definition`
[INFO] [stdout]   --> src/lib.rs:19:14
[INFO] [stdout]    |
[INFO] [stdout] 19 | macro_rules! validated_definition {
[INFO] [stdout]    |              ^^^^^^^^^^^^^^^^^^^^
[INFO] [stdout]    |
[INFO] [stdout]    = note: `#[warn(unused_macros)]` on by default
[INFO] [stdout] 
[INFO] [stdout] 
[INFO] [stdout] warning: unused import: `validated_definition`
[INFO] [stdout]   --> src/lib.rs:53:16
[INFO] [stdout]    |
[INFO] [stdout] 53 | pub(crate) use validated_definition;
[INFO] [stdout]    |                ^^^^^^^^^^^^^^^^^^^^
[INFO] [stdout]    |
[INFO] [stdout]    = note: `#[warn(unused_imports)]` on by default
[INFO] [stdout] 
[INFO] [stdout] 
[INFO] [stdout] warning: unused macro definition: `validated_definition`
[INFO] [stdout]   --> src/lib.rs:19:14
[INFO] [stdout]    |
[INFO] [stdout] 19 | macro_rules! validated_definition {
[INFO] [stdout]    |              ^^^^^^^^^^^^^^^^^^^^
[INFO] [stdout]    |
[INFO] [stdout]    = note: `#[warn(unused_macros)]` on by default
[INFO] [stdout] 
[INFO] [stdout] 
[INFO] [stdout] warning: unused import: `validated_definition`
[INFO] [stdout]   --> src/lib.rs:53:16
[INFO] [stdout]    |
[INFO] [stdout] 53 | pub(crate) use validated_definition;
[INFO] [stdout]    |                ^^^^^^^^^^^^^^^^^^^^
[INFO] [stdout]    |
[INFO] [stdout]    = note: `#[warn(unused_imports)]` on by default
[INFO] [stdout] 
[INFO] [stdout] 
[INFO] [stdout] error[E0432]: unresolved import `actix_web_validation::garde`
[INFO] [stdout]  --> examples/garde_simple.rs:4:27
[INFO] [stdout]   |
[INFO] [stdout] 4 | use actix_web_validation::garde::Validated;
[INFO] [stdout]   |                           ^^^^^ could not find `garde` in `actix_web_validation`
[INFO] [stdout]   |
[INFO] [stdout] note: found an item that was configured out
[INFO] [stdout]  --> /opt/rustwide/workdir/src/lib.rs:6:9
[INFO] [stdout]   |
[INFO] [stdout] 6 | pub mod garde;
[INFO] [stdout]   |         ^^^^^
[INFO] [stdout] note: the item is gated behind the `garde` feature
[INFO] [stdout]  --> /opt/rustwide/workdir/src/lib.rs:5:7
[INFO] [stdout]   |
[INFO] [stdout] 5 | #[cfg(feature = "garde")]
[INFO] [stdout]   |       ^^^^^^^^^^^^^^^^^
[INFO] [stdout] 
[INFO] [stdout] 
[INFO] [stdout] error[E0432]: unresolved imports `actix_web_validation::garde`, `actix_web_validation::Validated`
[INFO] [stdout]   --> examples/garde_custom_error_response.rs:6:28
[INFO] [stdout]    |
[INFO] [stdout] 6  | use actix_web_validation::{garde::GardeErrorHandlerExt, Validated};
[INFO] [stdout]    |                            ^^^^^                        ^^^^^^^^^ no `Validated` in the root
[INFO] [stdout]    |                            |
[INFO] [stdout]    |                            could not find `garde` in `actix_web_validation`
[INFO] [stdout]    |
[INFO] [stdout] note: found an item that was configured out
[INFO] [stdout]   --> /opt/rustwide/workdir/src/lib.rs:6:9
[INFO] [stdout]    |
[INFO] [stdout] 6  | pub mod garde;
[INFO] [stdout]    |         ^^^^^
[INFO] [stdout] note: the item is gated behind the `garde` feature
[INFO] [stdout]   --> /opt/rustwide/workdir/src/lib.rs:5:7
[INFO] [stdout]    |
[INFO] [stdout] 5  | #[cfg(feature = "garde")]
[INFO] [stdout]    |       ^^^^^^^^^^^^^^^^^
[INFO] [stdout] note: found an item that was configured out
[INFO] [stdout]   --> /opt/rustwide/workdir/src/lib.rs:11:27
[INFO] [stdout]    |
[INFO] [stdout] 11 | pub use crate::validator::Validated;
[INFO] [stdout]    |                           ^^^^^^^^^
[INFO] [stdout] note: the item is gated here
[INFO] [stdout]   --> /opt/rustwide/workdir/src/lib.rs:10:1
[INFO] [stdout]    |
[INFO] [stdout] 10 | #[cfg(all(feature = "validator", not(feature = "garde"), not(feature = "custom")))]
[INFO] [stdout]    | ^^^^^^^^^^^^^^^^^^^^^^^^^^^^^^^^^^^^^^^^^^^^^^^^^^^^^^^^^^^^^^^^^^^^^^^^^^^^^^^^^^^
[INFO] [stdout] note: found an item that was configured out
[INFO] [stdout]   --> /opt/rustwide/workdir/src/lib.rs:14:23
[INFO] [stdout]    |
[INFO] [stdout] 14 | pub use crate::garde::Validated;
[INFO] [stdout]    |                       ^^^^^^^^^
[INFO] [stdout] note: the item is gated here
[INFO] [stdout]   --> /opt/rustwide/workdir/src/lib.rs:13:1
[INFO] [stdout]    |
[INFO] [stdout] 13 | #[cfg(all(feature = "garde", not(feature = "validator"), not(feature = "custom")))]
[INFO] [stdout]    | ^^^^^^^^^^^^^^^^^^^^^^^^^^^^^^^^^^^^^^^^^^^^^^^^^^^^^^^^^^^^^^^^^^^^^^^^^^^^^^^^^^^
[INFO] [stdout] note: found an item that was configured out
[INFO] [stdout]   --> /opt/rustwide/workdir/src/lib.rs:17:24
[INFO] [stdout]    |
[INFO] [stdout] 17 | pub use crate::custom::Validated;
[INFO] [stdout]    |                        ^^^^^^^^^
[INFO] [stdout] note: the item is gated here
[INFO] [stdout]   --> /opt/rustwide/workdir/src/lib.rs:16:1
[INFO] [stdout]    |
[INFO] [stdout] 16 | #[cfg(all(feature = "custom", not(feature = "validator"), not(feature = "garde")))]
[INFO] [stdout]    | ^^^^^^^^^^^^^^^^^^^^^^^^^^^^^^^^^^^^^^^^^^^^^^^^^^^^^^^^^^^^^^^^^^^^^^^^^^^^^^^^^^^
[INFO] [stdout] 
[INFO] [stdout] 
[INFO] [stdout] error[E0432]: unresolved imports `actix_web_validation::validator`, `actix_web_validation::Validated`
[INFO] [stdout]   --> examples/validator_custom_error_response.rs:6:28
[INFO] [stdout]    |
[INFO] [stdout] 6  | use actix_web_validation::{validator::ValidatorErrorHandlerExt, Validated};
[INFO] [stdout]    |                            ^^^^^^^^^                            ^^^^^^^^^ no `Validated` in the root
[INFO] [stdout]    |                            |
[INFO] [stdout]    |                            could not find `validator` in `actix_web_validation`
[INFO] [stdout]    |
[INFO] [stdout] note: found an item that was configured out
[INFO] [stdout]   --> /opt/rustwide/workdir/src/lib.rs:8:9
[INFO] [stdout]    |
[INFO] [stdout] 8  | pub mod validator;
[INFO] [stdout]    |         ^^^^^^^^^
[INFO] [stdout] note: the item is gated behind the `validator` feature
[INFO] [stdout]   --> /opt/rustwide/workdir/src/lib.rs:7:7
[INFO] [stdout]    |
[INFO] [stdout] 7  | #[cfg(feature = "validator")]
[INFO] [stdout]    |       ^^^^^^^^^^^^^^^^^^^^^
[INFO] [stdout] note: found an item that was configured out
[INFO] [stdout]   --> /opt/rustwide/workdir/src/lib.rs:11:27
[INFO] [stdout]    |
[INFO] [stdout] 11 | pub use crate::validator::Validated;
[INFO] [stdout]    |                           ^^^^^^^^^
[INFO] [stdout] note: the item is gated here
[INFO] [stdout]   --> /opt/rustwide/workdir/src/lib.rs:10:1
[INFO] [stdout]    |
[INFO] [stdout] 10 | #[cfg(all(feature = "validator", not(feature = "garde"), not(feature = "custom")))]
[INFO] [stdout]    | ^^^^^^^^^^^^^^^^^^^^^^^^^^^^^^^^^^^^^^^^^^^^^^^^^^^^^^^^^^^^^^^^^^^^^^^^^^^^^^^^^^^
[INFO] [stdout] note: found an item that was configured out
[INFO] [stdout]   --> /opt/rustwide/workdir/src/lib.rs:14:23
[INFO] [stdout]    |
[INFO] [stdout] 14 | pub use crate::garde::Validated;
[INFO] [stdout]    |                       ^^^^^^^^^
[INFO] [stdout] note: the item is gated here
[INFO] [stdout]   --> /opt/rustwide/workdir/src/lib.rs:13:1
[INFO] [stdout]    |
[INFO] [stdout] 13 | #[cfg(all(feature = "garde", not(feature = "validator"), not(feature = "custom")))]
[INFO] [stdout]    | ^^^^^^^^^^^^^^^^^^^^^^^^^^^^^^^^^^^^^^^^^^^^^^^^^^^^^^^^^^^^^^^^^^^^^^^^^^^^^^^^^^^
[INFO] [stdout] note: found an item that was configured out
[INFO] [stdout]   --> /opt/rustwide/workdir/src/lib.rs:17:24
[INFO] [stdout]    |
[INFO] [stdout] 17 | pub use crate::custom::Validated;
[INFO] [stdout]    |                        ^^^^^^^^^
[INFO] [stdout] note: the item is gated here
[INFO] [stdout]   --> /opt/rustwide/workdir/src/lib.rs:16:1
[INFO] [stdout]    |
[INFO] [stdout] 16 | #[cfg(all(feature = "custom", not(feature = "validator"), not(feature = "garde")))]
[INFO] [stdout]    | ^^^^^^^^^^^^^^^^^^^^^^^^^^^^^^^^^^^^^^^^^^^^^^^^^^^^^^^^^^^^^^^^^^^^^^^^^^^^^^^^^^^
[INFO] [stdout] 
[INFO] [stdout] 
[INFO] [stdout] error[E0432]: unresolved import `actix_web_validation::Validated`
[INFO] [stdout]   --> examples/validator_simple.rs:4:5
[INFO] [stdout]    |
[INFO] [stdout] 4  | use actix_web_validation::Validated;
[INFO] [stdout]    |     ^^^^^^^^^^^^^^^^^^^^^^^^^^^^^^^ no `Validated` in the root
[INFO] [stdout]    |
[INFO] [stdout] note: found an item that was configured out
[INFO] [stdout]   --> /opt/rustwide/workdir/src/lib.rs:11:27
[INFO] [stdout]    |
[INFO] [stdout] 11 | pub use crate::validator::Validated;
[INFO] [stdout]    |                           ^^^^^^^^^
[INFO] [stdout] note: the item is gated here
[INFO] [stdout]   --> /opt/rustwide/workdir/src/lib.rs:10:1
[INFO] [stdout]    |
[INFO] [stdout] 10 | #[cfg(all(feature = "validator", not(feature = "garde"), not(feature = "custom")))]
[INFO] [stdout]    | ^^^^^^^^^^^^^^^^^^^^^^^^^^^^^^^^^^^^^^^^^^^^^^^^^^^^^^^^^^^^^^^^^^^^^^^^^^^^^^^^^^^
[INFO] [stdout] note: found an item that was configured out
[INFO] [stdout]   --> /opt/rustwide/workdir/src/lib.rs:14:23
[INFO] [stdout]    |
[INFO] [stdout] 14 | pub use crate::garde::Validated;
[INFO] [stdout]    |                       ^^^^^^^^^
[INFO] [stdout] note: the item is gated here
[INFO] [stdout]   --> /opt/rustwide/workdir/src/lib.rs:13:1
[INFO] [stdout]    |
[INFO] [stdout] 13 | #[cfg(all(feature = "garde", not(feature = "validator"), not(feature = "custom")))]
[INFO] [stdout]    | ^^^^^^^^^^^^^^^^^^^^^^^^^^^^^^^^^^^^^^^^^^^^^^^^^^^^^^^^^^^^^^^^^^^^^^^^^^^^^^^^^^^
[INFO] [stdout] note: found an item that was configured out
[INFO] [stdout]   --> /opt/rustwide/workdir/src/lib.rs:17:24
[INFO] [stdout]    |
[INFO] [stdout] 17 | pub use crate::custom::Validated;
[INFO] [stdout]    |                        ^^^^^^^^^
[INFO] [stdout] note: the item is gated here
[INFO] [stdout]   --> /opt/rustwide/workdir/src/lib.rs:16:1
[INFO] [stdout]    |
[INFO] [stdout] 16 | #[cfg(all(feature = "custom", not(feature = "validator"), not(feature = "garde")))]
[INFO] [stdout]    | ^^^^^^^^^^^^^^^^^^^^^^^^^^^^^^^^^^^^^^^^^^^^^^^^^^^^^^^^^^^^^^^^^^^^^^^^^^^^^^^^^^^
[INFO] [stdout] 
[INFO] [stdout] 
[INFO] [stdout] error[E0277]: the trait bound `fn({type error}) -> impl std::future::Future<Output = impl Responder> {example}: Handler<_>` is not satisfied
[INFO] [stdout]    --> examples/garde_custom_error_response.rs:28:10
[INFO] [stdout]     |
[INFO] [stdout] 27  | #[post("/example")]
[INFO] [stdout]     | ------------------- required by a bound introduced by this call
[INFO] [stdout] 28  | async fn example(Validated(Json(payload)): Validated<Json<Example>>) -> impl Responder {
[INFO] [stdout]     |          ^^^^^^^ the trait `Handler<_>` is not implemented for fn item `fn({type error}) -> impl std::future::Future<Output = impl Responder> {example}`
[INFO] [stdout]     |
[INFO] [stdout] note: required by a bound in `Resource::<T>::to`
[INFO] [stdout]    --> /opt/rustwide/cargo-home/registry/src/index.crates.io-6f17d22bba15001f/actix-web-4.8.0/src/resource.rs:243:12
[INFO] [stdout]     |
[INFO] [stdout] 241 |     pub fn to<F, Args>(mut self, handler: F) -> Self
[INFO] [stdout]     |            -- required by a bound in this associated function
[INFO] [stdout] 242 |     where
[INFO] [stdout] 243 |         F: Handler<Args>,
[INFO] [stdout]     |            ^^^^^^^^^^^^^ required by this bound in `Resource::<T>::to`
[INFO] [stdout] 
[INFO] [stdout] 
[INFO] [stdout] error[E0277]: the trait bound `fn({type error}) -> impl std::future::Future<Output = impl Responder> {example}: Handler<_>` is not satisfied
[INFO] [stdout]    --> examples/validator_simple.rs:25:10
[INFO] [stdout]     |
[INFO] [stdout] 24  | #[post("/example")]
[INFO] [stdout]     | ------------------- required by a bound introduced by this call
[INFO] [stdout] 25  | async fn example(Validated(Json(payload)): Validated<Json<Example>>) -> impl Responder {
[INFO] [stdout]     |          ^^^^^^^ the trait `Handler<_>` is not implemented for fn item `fn({type error}) -> impl std::future::Future<Output = impl Responder> {example}`
[INFO] [stdout]     |
[INFO] [stdout] note: required by a bound in `Resource::<T>::to`
[INFO] [stdout]    --> /opt/rustwide/cargo-home/registry/src/index.crates.io-6f17d22bba15001f/actix-web-4.8.0/src/resource.rs:243:12
[INFO] [stdout]     |
[INFO] [stdout] 241 |     pub fn to<F, Args>(mut self, handler: F) -> Self
[INFO] [stdout]     |            -- required by a bound in this associated function
[INFO] [stdout] 242 |     where
[INFO] [stdout] 243 |         F: Handler<Args>,
[INFO] [stdout]     |            ^^^^^^^^^^^^^ required by this bound in `Resource::<T>::to`
[INFO] [stdout] 
[INFO] [stdout] 
[INFO] [stdout] error[E0277]: the trait bound `fn({type error}) -> impl std::future::Future<Output = impl Responder> {example}: Handler<_>` is not satisfied
[INFO] [stdout]    --> examples/validator_custom_error_response.rs:29:10
[INFO] [stdout]     |
[INFO] [stdout] 28  | #[post("/example")]
[INFO] [stdout]     | ------------------- required by a bound introduced by this call
[INFO] [stdout] 29  | async fn example(Validated(Json(payload)): Validated<Json<Example>>) -> impl Responder {
[INFO] [stdout]     |          ^^^^^^^ the trait `Handler<_>` is not implemented for fn item `fn({type error}) -> impl std::future::Future<Output = impl Responder> {example}`
[INFO] [stdout]     |
[INFO] [stdout] note: required by a bound in `Resource::<T>::to`
[INFO] [stdout]    --> /opt/rustwide/cargo-home/registry/src/index.crates.io-6f17d22bba15001f/actix-web-4.8.0/src/resource.rs:243:12
[INFO] [stdout]     |
[INFO] [stdout] 241 |     pub fn to<F, Args>(mut self, handler: F) -> Self
[INFO] [stdout]     |            -- required by a bound in this associated function
[INFO] [stdout] 242 |     where
[INFO] [stdout] 243 |         F: Handler<Args>,
[INFO] [stdout]     |            ^^^^^^^^^^^^^ required by this bound in `Resource::<T>::to`
[INFO] [stdout] 
[INFO] [stdout] 
[INFO] [stdout] error[E0277]: the trait bound `fn({type error}) -> impl std::future::Future<Output = impl Responder> {example}: Handler<_>` is not satisfied
[INFO] [stdout]    --> examples/garde_simple.rs:25:10
[INFO] [stdout]     |
[INFO] [stdout] 24  | #[post("/example")]
[INFO] [stdout]     | ------------------- required by a bound introduced by this call
[INFO] [stdout] 25  | async fn example(Validated(Json(payload)): Validated<Json<Example>>) -> impl Responder {
[INFO] [stdout]     |          ^^^^^^^ the trait `Handler<_>` is not implemented for fn item `fn({type error}) -> impl std::future::Future<Output = impl Responder> {example}`
[INFO] [stdout]     |
[INFO] [stdout] note: required by a bound in `Resource::<T>::to`
[INFO] [stdout]    --> /opt/rustwide/cargo-home/registry/src/index.crates.io-6f17d22bba15001f/actix-web-4.8.0/src/resource.rs:243:12
[INFO] [stdout]     |
[INFO] [stdout] 241 |     pub fn to<F, Args>(mut self, handler: F) -> Self
[INFO] [stdout]     |            -- required by a bound in this associated function
[INFO] [stdout] 242 |     where
[INFO] [stdout] 243 |         F: Handler<Args>,
[INFO] [stdout]     |            ^^^^^^^^^^^^^ required by this bound in `Resource::<T>::to`
[INFO] [stdout] 
[INFO] [stdout] 
[INFO] [stdout] Some errors have detailed explanations: E0277, E0432.
[INFO] [stdout] 
[INFO] [stdout] For more information about an error, try `rustc --explain E0277`.
[INFO] [stdout] 
[INFO] [stdout] Some errors have detailed explanations: E0277, E0432.
[INFO] [stdout] 
[INFO] [stdout] For more information about an error, try `rustc --explain E0277`.
[INFO] [stdout] 
[INFO] [stderr] error: could not compile `actix-web-validation` (example "validator_simple") due to 2 previous errors
[INFO] [stderr] warning: build failed, waiting for other jobs to finish...
[INFO] [stderr] error: could not compile `actix-web-validation` (example "garde_simple") due to 2 previous errors
[INFO] [stdout] error[E0599]: no method named `garde_error_handler` found for struct `App` in the current scope
[INFO] [stdout]   --> examples/garde_custom_error_response.rs:64:14
[INFO] [stdout]    |
[INFO] [stdout] 62 | /         App::new()
[INFO] [stdout] 63 | |             .service(example)
[INFO] [stdout] 64 | |             .garde_error_handler(Arc::new(error_handler))
[INFO] [stdout]    | |             -^^^^^^^^^^^^^^^^^^^ method not found in `App<AppEntry>`
[INFO] [stdout]    | |_____________|
[INFO] [stdout]    |
[INFO] [stdout] 
[INFO] [stdout] 
[INFO] [stdout] error[E0599]: no method named `validator_error_handler` found for struct `App` in the current scope
[INFO] [stdout]   --> examples/validator_custom_error_response.rs:69:14
[INFO] [stdout]    |
[INFO] [stdout] 67 | /         App::new()
[INFO] [stdout] 68 | |             .service(example)
[INFO] [stdout] 69 | |             .validator_error_handler(Arc::new(error_handler))
[INFO] [stdout]    | |             -^^^^^^^^^^^^^^^^^^^^^^^ method not found in `App<AppEntry>`
[INFO] [stdout]    | |_____________|
[INFO] [stdout]    |
[INFO] [stdout] 
[INFO] [stdout] 
[INFO] [stdout] Some errors have detailed explanations: E0277, E0432, E0599.
[INFO] [stdout] 
[INFO] [stdout] For more information about an error, try `rustc --explain E0277`.
[INFO] [stdout] 
[INFO] [stdout] Some errors have detailed explanations: E0277, E0432, E0599.
[INFO] [stdout] 
[INFO] [stdout] For more information about an error, try `rustc --explain E0277`.
[INFO] [stdout] 
[INFO] [stderr] error: could not compile `actix-web-validation` (example "validator_custom_error_response") due to 3 previous errors
[INFO] [stderr] error: could not compile `actix-web-validation` (example "garde_custom_error_response") due to 3 previous errors
[INFO] running `Command { std: "docker" "inspect" "2284c82f951ff64cd922e3ac772a37598d39865c8cdd9e29fa4b0eceae2b3281", kill_on_drop: false }`
[INFO] running `Command { std: "docker" "rm" "-f" "2284c82f951ff64cd922e3ac772a37598d39865c8cdd9e29fa4b0eceae2b3281", kill_on_drop: false }`
[INFO] [stdout] 2284c82f951ff64cd922e3ac772a37598d39865c8cdd9e29fa4b0eceae2b3281
