[INFO] fetching crate actix-web-opentelemetry 0.19.0...
[INFO] testing actix-web-opentelemetry-0.19.0 against nightly-2024-10-28 for randomize-layout
[INFO] extracting crate actix-web-opentelemetry 0.19.0 into /workspace/builds/worker-4-tc1/source
[INFO] validating manifest of crates.io crate actix-web-opentelemetry 0.19.0 on toolchain nightly-2024-10-28
[INFO] running `Command { std: CARGO_HOME="/workspace/cargo-home" RUSTUP_HOME="/workspace/rustup-home" "/workspace/cargo-home/bin/cargo" "+nightly-2024-10-28" "metadata" "--manifest-path" "Cargo.toml" "--no-deps", kill_on_drop: false }`
[INFO] started tweaking crates.io crate actix-web-opentelemetry 0.19.0
[INFO] finished tweaking crates.io crate actix-web-opentelemetry 0.19.0
[INFO] tweaked toml for crates.io crate actix-web-opentelemetry 0.19.0 written to /workspace/builds/worker-4-tc1/source/Cargo.toml
[INFO] crate crates.io crate actix-web-opentelemetry 0.19.0 already has a lockfile, it will not be regenerated
[INFO] running `Command { std: CARGO_HOME="/workspace/cargo-home" RUSTUP_HOME="/workspace/rustup-home" "/workspace/cargo-home/bin/cargo" "+nightly-2024-10-28" "fetch" "--manifest-path" "Cargo.toml", kill_on_drop: false }`
[INFO] [stderr]     Updating crates.io index
[INFO] [stderr]  Downloading crates ...
[INFO] [stderr]   Downloaded thiserror v1.0.63
[INFO] [stderr]   Downloaded ordered-float v4.2.2
[INFO] [stderr]   Downloaded async-stream-impl v0.3.5
[INFO] [stderr]   Downloaded thiserror-impl v1.0.63
[INFO] [stderr]   Downloaded opentelemetry-stdout v0.5.0
[INFO] [stderr]   Downloaded axum-core v0.4.4
[INFO] [stderr]   Downloaded async-stream v0.3.5
[INFO] [stderr]   Downloaded opentelemetry-otlp v0.17.0
[INFO] [stderr]   Downloaded opentelemetry-prometheus v0.17.0
[INFO] [stderr]   Downloaded cc v1.1.21
[INFO] [stderr]   Downloaded opentelemetry-semantic-conventions v0.16.0
[INFO] [stderr]   Downloaded flate2 v1.0.33
[INFO] [stderr]   Downloaded tonic v0.12.2
[INFO] [stderr]   Downloaded protobuf v2.28.0
[INFO] [stderr]   Downloaded prometheus v0.13.4
[INFO] [stderr]   Downloaded opentelemetry-proto v0.7.0
[INFO] [stderr]   Downloaded axum v0.7.6
[INFO] [stderr]   Downloaded opentelemetry v0.24.0
[INFO] [stderr]   Downloaded opentelemetry_sdk v0.24.1
[INFO] running `Command { std: "docker" "create" "-v" "/var/lib/crater-agent-workspace/builds/worker-4-tc1/target:/opt/rustwide/target:rw,Z" "-v" "/var/lib/crater-agent-workspace/builds/worker-4-tc1/source:/opt/rustwide/workdir:ro,Z" "-v" "/var/lib/crater-agent-workspace/cargo-home:/opt/rustwide/cargo-home:ro,Z" "-v" "/var/lib/crater-agent-workspace/rustup-home:/opt/rustwide/rustup-home:ro,Z" "-e" "SOURCE_DIR=/opt/rustwide/workdir" "-e" "CARGO_TARGET_DIR=/opt/rustwide/target" "-e" "CARGO_HOME=/opt/rustwide/cargo-home" "-e" "RUSTUP_HOME=/opt/rustwide/rustup-home" "-w" "/opt/rustwide/workdir" "-m" "1610612736" "--user" "0:0" "--network" "none" "ghcr.io/rust-lang/crates-build-env/linux@sha256:4a844ea9eb2546a2d2c7022eacef16ef2e8229c7fbb2c7d4d55a9ceca922f72d" "/opt/rustwide/cargo-home/bin/cargo" "+nightly-2024-10-28" "metadata" "--no-deps" "--format-version=1", kill_on_drop: false }`
[INFO] [stdout] 06f53d8bf84d41d5fba8c9c2ad18fdd81b7dbed6920a9f9d5d93723dd6a2969a
[INFO] running `Command { std: "docker" "start" "-a" "06f53d8bf84d41d5fba8c9c2ad18fdd81b7dbed6920a9f9d5d93723dd6a2969a", kill_on_drop: false }`
[INFO] running `Command { std: "docker" "inspect" "06f53d8bf84d41d5fba8c9c2ad18fdd81b7dbed6920a9f9d5d93723dd6a2969a", kill_on_drop: false }`
[INFO] running `Command { std: "docker" "rm" "-f" "06f53d8bf84d41d5fba8c9c2ad18fdd81b7dbed6920a9f9d5d93723dd6a2969a", kill_on_drop: false }`
[INFO] [stdout] 06f53d8bf84d41d5fba8c9c2ad18fdd81b7dbed6920a9f9d5d93723dd6a2969a
[INFO] running `Command { std: "docker" "create" "-v" "/var/lib/crater-agent-workspace/builds/worker-4-tc1/target:/opt/rustwide/target:rw,Z" "-v" "/var/lib/crater-agent-workspace/builds/worker-4-tc1/source:/opt/rustwide/workdir:ro,Z" "-v" "/var/lib/crater-agent-workspace/cargo-home:/opt/rustwide/cargo-home:ro,Z" "-v" "/var/lib/crater-agent-workspace/rustup-home:/opt/rustwide/rustup-home:ro,Z" "-e" "SOURCE_DIR=/opt/rustwide/workdir" "-e" "CARGO_TARGET_DIR=/opt/rustwide/target" "-e" "CARGO_INCREMENTAL=0" "-e" "RUST_BACKTRACE=full" "-e" "RUSTFLAGS=--cap-lints=forbid" "-e" "RUSTDOCFLAGS=--cap-lints=forbid" "-e" "CARGO_HOME=/opt/rustwide/cargo-home" "-e" "RUSTUP_HOME=/opt/rustwide/rustup-home" "-w" "/opt/rustwide/workdir" "-m" "1610612736" "--user" "0:0" "--network" "none" "ghcr.io/rust-lang/crates-build-env/linux@sha256:4a844ea9eb2546a2d2c7022eacef16ef2e8229c7fbb2c7d4d55a9ceca922f72d" "/opt/rustwide/cargo-home/bin/cargo" "+nightly-2024-10-28" "build" "--frozen" "--message-format=json", kill_on_drop: false }`
[INFO] [stdout] 1c02aa123bff93f96be1292a7b6e8d8593bb706d7ffb98b003df1bba816798d7
[INFO] running `Command { std: "docker" "start" "-a" "1c02aa123bff93f96be1292a7b6e8d8593bb706d7ffb98b003df1bba816798d7", kill_on_drop: false }`
[INFO] [stderr]    Compiling jobserver v0.1.32
[INFO] [stderr]    Compiling shlex v1.3.0
[INFO] [stderr]    Compiling pkg-config v0.3.30
[INFO] [stderr]    Compiling bytes v1.7.2
[INFO] [stderr]    Compiling zstd-safe v7.2.1
[INFO] [stderr]    Compiling crypto-common v0.1.6
[INFO] [stderr]    Compiling thiserror v1.0.63
[INFO] [stderr]    Compiling idna v0.5.0
[INFO] [stderr]    Compiling thiserror-impl v1.0.63
[INFO] [stderr]    Compiling opentelemetry-semantic-conventions v0.16.0
[INFO] [stderr]    Compiling digest v0.10.7
[INFO] [stderr]    Compiling cc v1.1.21
[INFO] [stderr]    Compiling sha1 v0.10.6
[INFO] [stderr]    Compiling tokio-util v0.7.12
[INFO] [stderr]    Compiling bytestring v1.3.1
[INFO] [stderr]    Compiling http v0.2.12
[INFO] [stderr]    Compiling url v2.5.2
[INFO] [stderr]    Compiling opentelemetry v0.24.0
[INFO] [stderr]    Compiling actix-codec v0.5.2
[INFO] [stderr]    Compiling zstd-sys v2.0.13+zstd.1.5.6
[INFO] [stderr]    Compiling actix-router v0.5.3
[INFO] [stderr]    Compiling zstd v0.13.2
[INFO] [stderr]    Compiling actix-http v3.9.0
[INFO] [stderr]    Compiling actix-web v4.9.0
[INFO] [stderr]    Compiling actix-web-opentelemetry v0.19.0 (/opt/rustwide/workdir)
[INFO] [stderr]     Finished `dev` profile [unoptimized + debuginfo] target(s) in 11.08s
[INFO] running `Command { std: "docker" "inspect" "1c02aa123bff93f96be1292a7b6e8d8593bb706d7ffb98b003df1bba816798d7", kill_on_drop: false }`
[INFO] running `Command { std: "docker" "rm" "-f" "1c02aa123bff93f96be1292a7b6e8d8593bb706d7ffb98b003df1bba816798d7", kill_on_drop: false }`
[INFO] [stdout] 1c02aa123bff93f96be1292a7b6e8d8593bb706d7ffb98b003df1bba816798d7
[INFO] running `Command { std: "docker" "create" "-v" "/var/lib/crater-agent-workspace/builds/worker-4-tc1/target:/opt/rustwide/target:rw,Z" "-v" "/var/lib/crater-agent-workspace/builds/worker-4-tc1/source:/opt/rustwide/workdir:ro,Z" "-v" "/var/lib/crater-agent-workspace/cargo-home:/opt/rustwide/cargo-home:ro,Z" "-v" "/var/lib/crater-agent-workspace/rustup-home:/opt/rustwide/rustup-home:ro,Z" "-e" "SOURCE_DIR=/opt/rustwide/workdir" "-e" "CARGO_TARGET_DIR=/opt/rustwide/target" "-e" "CARGO_INCREMENTAL=0" "-e" "RUST_BACKTRACE=full" "-e" "RUSTFLAGS=--cap-lints=forbid" "-e" "RUSTDOCFLAGS=--cap-lints=forbid" "-e" "CARGO_HOME=/opt/rustwide/cargo-home" "-e" "RUSTUP_HOME=/opt/rustwide/rustup-home" "-w" "/opt/rustwide/workdir" "-m" "1610612736" "--user" "0:0" "--network" "none" "ghcr.io/rust-lang/crates-build-env/linux@sha256:4a844ea9eb2546a2d2c7022eacef16ef2e8229c7fbb2c7d4d55a9ceca922f72d" "/opt/rustwide/cargo-home/bin/cargo" "+nightly-2024-10-28" "test" "--frozen" "--no-run" "--message-format=json", kill_on_drop: false }`
[INFO] [stdout] f9fe670b4e5466a1adbf690f217044dc7c690d88544918a770219b2fec1454fc
[INFO] running `Command { std: "docker" "start" "-a" "f9fe670b4e5466a1adbf690f217044dc7c690d88544918a770219b2fec1454fc", kill_on_drop: false }`
[INFO] [stderr]    Compiling smallvec v1.13.2
[INFO] [stderr]    Compiling tracing-core v0.1.32
[INFO] [stderr]    Compiling http v1.1.0
[INFO] [stderr]    Compiling tower-layer v0.3.3
[INFO] [stderr]    Compiling tower-service v0.3.3
[INFO] [stderr]    Compiling tokio-macros v2.4.0
[INFO] [stderr]    Compiling futures-macro v0.3.30
[INFO] [stderr]    Compiling indexmap v1.9.3
[INFO] [stderr]    Compiling futures-channel v0.3.30
[INFO] [stderr]    Compiling async-trait v0.1.82
[INFO] [stderr]    Compiling pin-project-internal v1.1.5
[INFO] [stderr]    Compiling thiserror-impl v1.0.63
[INFO] [stderr]    Compiling atomic-waker v1.1.2
[INFO] [stderr]    Compiling rustversion v1.0.17
[INFO] [stderr]    Compiling rand v0.8.5
[INFO] [stderr]    Compiling hashbrown v0.12.3
[INFO] [stderr]    Compiling try-lock v0.2.5
[INFO] [stderr]    Compiling anyhow v1.0.89
[INFO] [stderr]    Compiling want v0.3.1
[INFO] [stderr]    Compiling alloc-no-stdlib v2.0.4
[INFO] [stderr]    Compiling parking_lot_core v0.9.10
[INFO] [stderr]    Compiling either v1.13.0
[INFO] [stderr]    Compiling alloc-stdlib v0.2.2
[INFO] [stderr]    Compiling num-traits v0.2.19
[INFO] [stderr]    Compiling bytes v1.7.2
[INFO] [stderr]    Compiling sync_wrapper v1.0.1
[INFO] [stderr]    Compiling regex-syntax v0.8.4
[INFO] [stderr]    Compiling adler2 v2.0.0
[INFO] [stderr]    Compiling parking_lot v0.12.3
[INFO] [stderr]    Compiling tracing v0.1.40
[INFO] [stderr]    Compiling itertools v0.13.0
[INFO] [stderr]    Compiling sync_wrapper v0.1.2
[INFO] [stderr]    Compiling bytestring v1.3.1
[INFO] [stderr]    Compiling tokio v1.40.0
[INFO] [stderr]    Compiling miniz_oxide v0.8.0
[INFO] [stderr]    Compiling brotli-decompressor v4.0.1
[INFO] [stderr]    Compiling http-body v1.0.1
[INFO] [stderr]    Compiling async-stream-impl v0.3.5
[INFO] [stderr]    Compiling cookie v0.16.2
[INFO] [stderr]    Compiling crc32fast v1.4.2
[INFO] [stderr]    Compiling futures-util v0.3.30
[INFO] [stderr]    Compiling matchit v0.7.3
[INFO] [stderr]    Compiling glob v0.3.1
[INFO] [stderr]    Compiling actix-router v0.5.3
[INFO] [stderr]    Compiling pin-project v1.1.5
[INFO] [stderr]    Compiling flate2 v1.0.33
[INFO] [stderr]    Compiling thiserror v1.0.63
[INFO] [stderr]    Compiling async-stream v0.3.5
[INFO] [stderr]    Compiling opentelemetry v0.24.0
[INFO] [stderr]    Compiling actix-web-codegen v4.3.0
[INFO] [stderr]    Compiling brotli v6.0.0
[INFO] [stderr]    Compiling ordered-float v4.2.2
[INFO] [stderr]    Compiling chrono v0.4.38
[INFO] [stderr]    Compiling prost-derive v0.13.3
[INFO] [stderr]    Compiling regex-automata v0.4.7
[INFO] [stderr]    Compiling http-body-util v0.1.2
[INFO] [stderr]    Compiling tower v0.5.1
[INFO] [stderr]    Compiling futures-executor v0.3.30
[INFO] [stderr]    Compiling prost v0.13.3
[INFO] [stderr]    Compiling axum-core v0.4.4
[INFO] [stderr]    Compiling regex v1.10.6
[INFO] [stderr]    Compiling tokio-util v0.7.12
[INFO] [stderr]    Compiling tokio-stream v0.1.16
[INFO] [stderr]    Compiling actix-rt v2.10.0
[INFO] [stderr]    Compiling actix-server v2.5.0
[INFO] [stderr]    Compiling h2 v0.4.6
[INFO] [stderr]    Compiling tower v0.4.13
[INFO] [stderr]    Compiling opentelemetry_sdk v0.24.1
[INFO] [stderr]    Compiling actix-codec v0.5.2
[INFO] [stderr]    Compiling h2 v0.3.26
[INFO] [stderr]    Compiling axum v0.7.6
[INFO] [stderr]    Compiling opentelemetry-stdout v0.5.0
[INFO] [stderr]    Compiling hyper v1.4.1
[INFO] [stderr]    Compiling actix-http v3.9.0
[INFO] [stderr]    Compiling hyper-util v0.1.8
[INFO] [stderr]    Compiling actix-web v4.9.0
[INFO] [stderr]    Compiling hyper-timeout v0.5.1
[INFO] [stderr]    Compiling tonic v0.12.2
[INFO] [stderr]    Compiling opentelemetry-proto v0.7.0
[INFO] [stderr]    Compiling actix-web-opentelemetry v0.19.0 (/opt/rustwide/workdir)
[INFO] [stderr]    Compiling opentelemetry-otlp v0.17.0
[INFO] [stdout] error[E0432]: unresolved import `actix_web_opentelemetry::ClientExt`
[INFO] [stdout]    --> examples/client.rs:1:5
[INFO] [stdout]     |
[INFO] [stdout] 1   | use actix_web_opentelemetry::ClientExt;
[INFO] [stdout]     |     ^^^^^^^^^^^^^^^^^^^^^^^^^^^^^^^^^^ no `ClientExt` in the root
[INFO] [stdout]     |
[INFO] [stdout] note: found an item that was configured out
[INFO] [stdout]    --> /opt/rustwide/workdir/src/lib.rs:154:18
[INFO] [stdout]     |
[INFO] [stdout] 154 | pub use client::{ClientExt, InstrumentedClientRequest};
[INFO] [stdout]     |                  ^^^^^^^^^
[INFO] [stdout] note: the item is gated behind the `awc` feature
[INFO] [stdout]    --> /opt/rustwide/workdir/src/lib.rs:152:7
[INFO] [stdout]     |
[INFO] [stdout] 152 | #[cfg(feature = "awc")]
[INFO] [stdout]     |       ^^^^^^^^^^^^^^^
[INFO] [stdout] 
[INFO] [stdout] 
[INFO] [stdout] error[E0433]: failed to resolve: use of undeclared crate or module `awc`
[INFO] [stdout]   --> examples/client.rs:48:18
[INFO] [stdout]    |
[INFO] [stdout] 48 |     let client = awc::Client::new();
[INFO] [stdout]    |                  ^^^ use of undeclared crate or module `awc`
[INFO] [stdout]    |
[INFO] [stdout] help: there is an enum variant `opentelemetry::trace::SpanKind::Client`; try using the variant's enum
[INFO] [stdout]    |
[INFO] [stdout] 48 |     let client = opentelemetry::trace::SpanKind();
[INFO] [stdout]    |                  ~~~~~~~~~~~~~~~~~~~~~~~~~~~~~~
[INFO] [stdout] 
[INFO] [stdout] 
[INFO] [stdout] error[E0432]: unresolved imports `actix_web_opentelemetry::PrometheusMetricsHandler`, `actix_web_opentelemetry::RequestMetrics`
[INFO] [stdout]    --> examples/server.rs:2:31
[INFO] [stdout]     |
[INFO] [stdout] 2   | use actix_web_opentelemetry::{PrometheusMetricsHandler, RequestMetrics, RequestTracing};
[INFO] [stdout]     |                               ^^^^^^^^^^^^^^^^^^^^^^^^  ^^^^^^^^^^^^^^ no `RequestMetrics` in the root
[INFO] [stdout]     |                               |
[INFO] [stdout]     |                               no `PrometheusMetricsHandler` in the root
[INFO] [stdout]     |
[INFO] [stdout] note: found an item that was configured out
[INFO] [stdout]    --> /opt/rustwide/workdir/src/lib.rs:158:42
[INFO] [stdout]     |
[INFO] [stdout] 158 | pub use middleware::metrics::prometheus::PrometheusMetricsHandler;
[INFO] [stdout]     |                                          ^^^^^^^^^^^^^^^^^^^^^^^^
[INFO] [stdout] note: the item is gated behind the `metrics-prometheus` feature
[INFO] [stdout]    --> /opt/rustwide/workdir/src/lib.rs:156:7
[INFO] [stdout]     |
[INFO] [stdout] 156 | #[cfg(feature = "metrics-prometheus")]
[INFO] [stdout]     |       ^^^^^^^^^^^^^^^^^^^^^^^^^^^^^^
[INFO] [stdout] note: found an item that was configured out
[INFO] [stdout]    --> /opt/rustwide/workdir/src/lib.rs:161:31
[INFO] [stdout]     |
[INFO] [stdout] 161 | pub use middleware::metrics::{RequestMetrics, RequestMetricsBuilder, RequestMetricsMiddleware};
[INFO] [stdout]     |                               ^^^^^^^^^^^^^^
[INFO] [stdout] note: the item is gated behind the `metrics` feature
[INFO] [stdout]    --> /opt/rustwide/workdir/src/lib.rs:159:7
[INFO] [stdout]     |
[INFO] [stdout] 159 | #[cfg(feature = "metrics")]
[INFO] [stdout]     |       ^^^^^^^^^^^^^^^^^^^
[INFO] [stdout] 
[INFO] [stdout] 
[INFO] [stdout] warning: unused imports: `Aggregation`, `Instrument`, `SdkMeterProvider`, and `Stream`
[INFO] [stdout]  --> examples/server.rs:5:35
[INFO] [stdout]   |
[INFO] [stdout] 5 | use opentelemetry_sdk::{metrics::{Aggregation, Instrument, SdkMeterProvider, Stream}, propagation::TraceContextPropagator, runtime::Tokio...
[INFO] [stdout]   |                                   ^^^^^^^^^^^  ^^^^^^^^^^  ^^^^^^^^^^^^^^^^  ^^^^^^
[INFO] [stdout]   |
[INFO] [stdout]   = note: `#[warn(unused_imports)]` on by default
[INFO] [stdout] 
[INFO] [stdout] 
[INFO] [stdout] error[E0433]: failed to resolve: use of undeclared crate or module `awc`
[INFO] [stdout]   --> examples/client.rs:10:34
[INFO] [stdout]    |
[INFO] [stdout] 10 | async fn execute_request(client: awc::Client) -> io::Result<String> {
[INFO] [stdout]    |                                  ^^^ use of undeclared crate or module `awc`
[INFO] [stdout] 
[INFO] [stdout] 
[INFO] [stdout] Some errors have detailed explanations: E0432, E0433.
[INFO] [stdout] 
[INFO] [stdout] For more information about an error, try `rustc --explain E0432`.
[INFO] [stdout] 
[INFO] [stderr] error: could not compile `actix-web-opentelemetry` (example "client") due to 3 previous errors
[INFO] [stderr] warning: build failed, waiting for other jobs to finish...
[INFO] [stdout] For more information about this error, try `rustc --explain E0432`.
[INFO] [stdout] 
[INFO] [stderr] error: could not compile `actix-web-opentelemetry` (example "server") due to 1 previous error; 1 warning emitted
[INFO] running `Command { std: "docker" "inspect" "f9fe670b4e5466a1adbf690f217044dc7c690d88544918a770219b2fec1454fc", kill_on_drop: false }`
[INFO] running `Command { std: "docker" "rm" "-f" "f9fe670b4e5466a1adbf690f217044dc7c690d88544918a770219b2fec1454fc", kill_on_drop: false }`
[INFO] [stdout] f9fe670b4e5466a1adbf690f217044dc7c690d88544918a770219b2fec1454fc
