[INFO] fetching crate actix-storage-dashmap 0.3.0...
[INFO] testing actix-storage-dashmap-0.3.0 against nightly-2024-10-28 for randomize-layout
[INFO] extracting crate actix-storage-dashmap 0.3.0 into /workspace/builds/worker-7-tc1/source
[INFO] validating manifest of crates.io crate actix-storage-dashmap 0.3.0 on toolchain nightly-2024-10-28
[INFO] running `Command { std: CARGO_HOME="/workspace/cargo-home" RUSTUP_HOME="/workspace/rustup-home" "/workspace/cargo-home/bin/cargo" "+nightly-2024-10-28" "metadata" "--manifest-path" "Cargo.toml" "--no-deps", kill_on_drop: false }`
[INFO] started tweaking crates.io crate actix-storage-dashmap 0.3.0
[INFO] finished tweaking crates.io crate actix-storage-dashmap 0.3.0
[INFO] tweaked toml for crates.io crate actix-storage-dashmap 0.3.0 written to /workspace/builds/worker-7-tc1/source/Cargo.toml
[INFO] running `Command { std: CARGO_HOME="/workspace/cargo-home" RUSTUP_HOME="/workspace/rustup-home" "/workspace/cargo-home/bin/cargo" "+nightly-2024-10-28" "generate-lockfile" "--manifest-path" "Cargo.toml", kill_on_drop: false }`
[INFO] [stderr]     Updating crates.io index
[INFO] [stderr]      Locking 165 packages to latest compatible versions
[INFO] [stderr]       Adding dashmap v5.5.3 (available: v6.1.0)
[INFO] running `Command { std: CARGO_HOME="/workspace/cargo-home" RUSTUP_HOME="/workspace/rustup-home" "/workspace/cargo-home/bin/cargo" "+nightly-2024-10-28" "fetch" "--manifest-path" "Cargo.toml", kill_on_drop: false }`
[INFO] [stderr]  Downloading crates ...
[INFO] [stderr]   Downloaded quick-xml v0.26.0
[INFO] [stderr]   Downloaded actix_derive v0.6.2
[INFO] [stderr]   Downloaded actix v0.13.5
[INFO] [stderr]   Downloaded ron v0.8.1
[INFO] [stderr]   Downloaded actix-storage v0.3.0
[INFO] [stderr]   Downloaded delay-queue v0.2.0
[INFO] running `Command { std: "docker" "create" "-v" "/var/lib/crater-agent-workspace/builds/worker-7-tc1/target:/opt/rustwide/target:rw,Z" "-v" "/var/lib/crater-agent-workspace/builds/worker-7-tc1/source:/opt/rustwide/workdir:ro,Z" "-v" "/var/lib/crater-agent-workspace/cargo-home:/opt/rustwide/cargo-home:ro,Z" "-v" "/var/lib/crater-agent-workspace/rustup-home:/opt/rustwide/rustup-home:ro,Z" "-e" "SOURCE_DIR=/opt/rustwide/workdir" "-e" "CARGO_TARGET_DIR=/opt/rustwide/target" "-e" "CARGO_HOME=/opt/rustwide/cargo-home" "-e" "RUSTUP_HOME=/opt/rustwide/rustup-home" "-w" "/opt/rustwide/workdir" "-m" "1610612736" "--user" "0:0" "--network" "none" "ghcr.io/rust-lang/crates-build-env/linux@sha256:4a844ea9eb2546a2d2c7022eacef16ef2e8229c7fbb2c7d4d55a9ceca922f72d" "/opt/rustwide/cargo-home/bin/cargo" "+nightly-2024-10-28" "metadata" "--no-deps" "--format-version=1", kill_on_drop: false }`
[INFO] [stdout] 4879f3dd8c4ddcf9350da99bb4b7aa4343a2ae6ddbe66c9c157e6c3bc07c65a0
[INFO] running `Command { std: "docker" "start" "-a" "4879f3dd8c4ddcf9350da99bb4b7aa4343a2ae6ddbe66c9c157e6c3bc07c65a0", kill_on_drop: false }`
[INFO] running `Command { std: "docker" "inspect" "4879f3dd8c4ddcf9350da99bb4b7aa4343a2ae6ddbe66c9c157e6c3bc07c65a0", kill_on_drop: false }`
[INFO] running `Command { std: "docker" "rm" "-f" "4879f3dd8c4ddcf9350da99bb4b7aa4343a2ae6ddbe66c9c157e6c3bc07c65a0", kill_on_drop: false }`
[INFO] [stdout] 4879f3dd8c4ddcf9350da99bb4b7aa4343a2ae6ddbe66c9c157e6c3bc07c65a0
[INFO] running `Command { std: "docker" "create" "-v" "/var/lib/crater-agent-workspace/builds/worker-7-tc1/target:/opt/rustwide/target:rw,Z" "-v" "/var/lib/crater-agent-workspace/builds/worker-7-tc1/source:/opt/rustwide/workdir:ro,Z" "-v" "/var/lib/crater-agent-workspace/cargo-home:/opt/rustwide/cargo-home:ro,Z" "-v" "/var/lib/crater-agent-workspace/rustup-home:/opt/rustwide/rustup-home:ro,Z" "-e" "SOURCE_DIR=/opt/rustwide/workdir" "-e" "CARGO_TARGET_DIR=/opt/rustwide/target" "-e" "CARGO_INCREMENTAL=0" "-e" "RUST_BACKTRACE=full" "-e" "RUSTFLAGS=--cap-lints=forbid" "-e" "RUSTDOCFLAGS=--cap-lints=forbid" "-e" "CARGO_HOME=/opt/rustwide/cargo-home" "-e" "RUSTUP_HOME=/opt/rustwide/rustup-home" "-w" "/opt/rustwide/workdir" "-m" "1610612736" "--user" "0:0" "--network" "none" "ghcr.io/rust-lang/crates-build-env/linux@sha256:4a844ea9eb2546a2d2c7022eacef16ef2e8229c7fbb2c7d4d55a9ceca922f72d" "/opt/rustwide/cargo-home/bin/cargo" "+nightly-2024-10-28" "build" "--frozen" "--message-format=json", kill_on_drop: false }`
[INFO] [stdout] 21ca5c7a4f2b9f4b371e6902518edf70af5705f4aabca91d66506321dda2ab9d
[INFO] running `Command { std: "docker" "start" "-a" "21ca5c7a4f2b9f4b371e6902518edf70af5705f4aabca91d66506321dda2ab9d", kill_on_drop: false }`
[INFO] [stderr]    Compiling tracing-core v0.1.32
[INFO] [stderr]    Compiling futures-channel v0.3.31
[INFO] [stderr]    Compiling jobserver v0.1.32
[INFO] [stderr]    Compiling bitflags v2.6.0
[INFO] [stderr]    Compiling regex-syntax v0.8.5
[INFO] [stderr]    Compiling tokio v1.41.0
[INFO] [stderr]    Compiling zerocopy v0.7.35
[INFO] [stderr]    Compiling crossbeam-utils v0.8.20
[INFO] [stderr]    Compiling derive_more v0.99.18
[INFO] [stderr]    Compiling cookie v0.16.2
[INFO] [stderr]    Compiling actix-macros v0.2.4
[INFO] [stderr]    Compiling actix_derive v0.6.2
[INFO] [stderr]    Compiling serde_yaml v0.8.26
[INFO] [stderr]    Compiling serde_cbor v0.11.2
[INFO] [stderr]    Compiling quick-xml v0.26.0
[INFO] [stderr]    Compiling bincode v1.3.3
[INFO] [stdout] error[E0433]: failed to resolve: could not find `Deserialize` in `serde`
[INFO] [stdout]    --> /opt/rustwide/cargo-home/registry/src/index.crates.io-6f17d22bba15001f/quick-xml-0.26.0/src/name.rs:19:45
[INFO] [stdout]     |
[INFO] [stdout] 19  | #[cfg_attr(feature = "serde", derive(serde::Deserialize, serde::Serialize))]
[INFO] [stdout]     |                                             ^^^^^^^^^^^ could not find `Deserialize` in `serde`
[INFO] [stdout]     |
[INFO] [stdout] note: found an item that was configured out
[INFO] [stdout]    --> /opt/rustwide/cargo-home/registry/src/index.crates.io-6f17d22bba15001f/serde-1.0.214/src/lib.rs:343:24
[INFO] [stdout]     |
[INFO] [stdout] 343 | pub use serde_derive::{Deserialize, Serialize};
[INFO] [stdout]     |                        ^^^^^^^^^^^
[INFO] [stdout] note: the item is gated behind the `serde_derive` feature
[INFO] [stdout]    --> /opt/rustwide/cargo-home/registry/src/index.crates.io-6f17d22bba15001f/serde-1.0.214/src/lib.rs:341:7
[INFO] [stdout]     |
[INFO] [stdout] 341 | #[cfg(feature = "serde_derive")]
[INFO] [stdout]     |       ^^^^^^^^^^^^^^^^^^^^^^^^
[INFO] [stdout] 
[INFO] [stdout] 
[INFO] [stdout] error[E0433]: failed to resolve: could not find `Serialize` in `serde`
[INFO] [stdout]    --> /opt/rustwide/cargo-home/registry/src/index.crates.io-6f17d22bba15001f/quick-xml-0.26.0/src/name.rs:19:65
[INFO] [stdout]     |
[INFO] [stdout] 19  | #[cfg_attr(feature = "serde", derive(serde::Deserialize, serde::Serialize))]
[INFO] [stdout]     |                                                                 ^^^^^^^^^ could not find `Serialize` in `serde`
[INFO] [stdout]     |
[INFO] [stdout] note: found an item that was configured out
[INFO] [stdout]    --> /opt/rustwide/cargo-home/registry/src/index.crates.io-6f17d22bba15001f/serde-1.0.214/src/lib.rs:343:37
[INFO] [stdout]     |
[INFO] [stdout] 343 | pub use serde_derive::{Deserialize, Serialize};
[INFO] [stdout]     |                                     ^^^^^^^^^
[INFO] [stdout] note: the item is gated behind the `serde_derive` feature
[INFO] [stdout]    --> /opt/rustwide/cargo-home/registry/src/index.crates.io-6f17d22bba15001f/serde-1.0.214/src/lib.rs:341:7
[INFO] [stdout]     |
[INFO] [stdout] 341 | #[cfg(feature = "serde_derive")]
[INFO] [stdout]     |       ^^^^^^^^^^^^^^^^^^^^^^^^
[INFO] [stdout] 
[INFO] [stdout] 
[INFO] [stdout] error[E0433]: failed to resolve: could not find `Deserialize` in `serde`
[INFO] [stdout]    --> /opt/rustwide/cargo-home/registry/src/index.crates.io-6f17d22bba15001f/quick-xml-0.26.0/src/name.rs:136:45
[INFO] [stdout]     |
[INFO] [stdout] 136 | #[cfg_attr(feature = "serde", derive(serde::Deserialize, serde::Serialize))]
[INFO] [stdout]     |                                             ^^^^^^^^^^^ could not find `Deserialize` in `serde`
[INFO] [stdout]     |
[INFO] [stdout] note: found an item that was configured out
[INFO] [stdout]    --> /opt/rustwide/cargo-home/registry/src/index.crates.io-6f17d22bba15001f/serde-1.0.214/src/lib.rs:343:24
[INFO] [stdout]     |
[INFO] [stdout] 343 | pub use serde_derive::{Deserialize, Serialize};
[INFO] [stdout]     |                        ^^^^^^^^^^^
[INFO] [stdout] note: the item is gated behind the `serde_derive` feature
[INFO] [stdout]    --> /opt/rustwide/cargo-home/registry/src/index.crates.io-6f17d22bba15001f/serde-1.0.214/src/lib.rs:341:7
[INFO] [stdout]     |
[INFO] [stdout] 341 | #[cfg(feature = "serde_derive")]
[INFO] [stdout]     |       ^^^^^^^^^^^^^^^^^^^^^^^^
[INFO] [stdout] 
[INFO] [stdout] 
[INFO] [stdout] error[E0433]: failed to resolve: could not find `Serialize` in `serde`
[INFO] [stdout]    --> /opt/rustwide/cargo-home/registry/src/index.crates.io-6f17d22bba15001f/quick-xml-0.26.0/src/name.rs:136:65
[INFO] [stdout]     |
[INFO] [stdout] 136 | #[cfg_attr(feature = "serde", derive(serde::Deserialize, serde::Serialize))]
[INFO] [stdout]     |                                                                 ^^^^^^^^^ could not find `Serialize` in `serde`
[INFO] [stdout]     |
[INFO] [stdout] note: found an item that was configured out
[INFO] [stdout]    --> /opt/rustwide/cargo-home/registry/src/index.crates.io-6f17d22bba15001f/serde-1.0.214/src/lib.rs:343:37
[INFO] [stdout]     |
[INFO] [stdout] 343 | pub use serde_derive::{Deserialize, Serialize};
[INFO] [stdout]     |                                     ^^^^^^^^^
[INFO] [stdout] note: the item is gated behind the `serde_derive` feature
[INFO] [stdout]    --> /opt/rustwide/cargo-home/registry/src/index.crates.io-6f17d22bba15001f/serde-1.0.214/src/lib.rs:341:7
[INFO] [stdout]     |
[INFO] [stdout] 341 | #[cfg(feature = "serde_derive")]
[INFO] [stdout]     |       ^^^^^^^^^^^^^^^^^^^^^^^^
[INFO] [stdout] 
[INFO] [stdout] 
[INFO] [stdout] error[E0433]: failed to resolve: could not find `Deserialize` in `serde`
[INFO] [stdout]    --> /opt/rustwide/cargo-home/registry/src/index.crates.io-6f17d22bba15001f/quick-xml-0.26.0/src/name.rs:186:45
[INFO] [stdout]     |
[INFO] [stdout] 186 | #[cfg_attr(feature = "serde", derive(serde::Deserialize, serde::Serialize))]
[INFO] [stdout]     |                                             ^^^^^^^^^^^ could not find `Deserialize` in `serde`
[INFO] [stdout]     |
[INFO] [stdout] note: found an item that was configured out
[INFO] [stdout]    --> /opt/rustwide/cargo-home/registry/src/index.crates.io-6f17d22bba15001f/serde-1.0.214/src/lib.rs:343:24
[INFO] [stdout]     |
[INFO] [stdout] 343 | pub use serde_derive::{Deserialize, Serialize};
[INFO] [stdout]     |                        ^^^^^^^^^^^
[INFO] [stdout] note: the item is gated behind the `serde_derive` feature
[INFO] [stdout]    --> /opt/rustwide/cargo-home/registry/src/index.crates.io-6f17d22bba15001f/serde-1.0.214/src/lib.rs:341:7
[INFO] [stdout]     |
[INFO] [stdout] 341 | #[cfg(feature = "serde_derive")]
[INFO] [stdout]     |       ^^^^^^^^^^^^^^^^^^^^^^^^
[INFO] [stdout] 
[INFO] [stdout] 
[INFO] [stdout] error[E0433]: failed to resolve: could not find `Serialize` in `serde`
[INFO] [stdout]    --> /opt/rustwide/cargo-home/registry/src/index.crates.io-6f17d22bba15001f/quick-xml-0.26.0/src/name.rs:186:65
[INFO] [stdout]     |
[INFO] [stdout] 186 | #[cfg_attr(feature = "serde", derive(serde::Deserialize, serde::Serialize))]
[INFO] [stdout]     |                                                                 ^^^^^^^^^ could not find `Serialize` in `serde`
[INFO] [stdout]     |
[INFO] [stdout] note: found an item that was configured out
[INFO] [stdout]    --> /opt/rustwide/cargo-home/registry/src/index.crates.io-6f17d22bba15001f/serde-1.0.214/src/lib.rs:343:37
[INFO] [stdout]     |
[INFO] [stdout] 343 | pub use serde_derive::{Deserialize, Serialize};
[INFO] [stdout]     |                                     ^^^^^^^^^
[INFO] [stdout] note: the item is gated behind the `serde_derive` feature
[INFO] [stdout]    --> /opt/rustwide/cargo-home/registry/src/index.crates.io-6f17d22bba15001f/serde-1.0.214/src/lib.rs:341:7
[INFO] [stdout]     |
[INFO] [stdout] 341 | #[cfg(feature = "serde_derive")]
[INFO] [stdout]     |       ^^^^^^^^^^^^^^^^^^^^^^^^
[INFO] [stdout] 
[INFO] [stdout] 
[INFO] [stdout] error[E0433]: failed to resolve: could not find `Deserialize` in `serde`
[INFO] [stdout]    --> /opt/rustwide/cargo-home/registry/src/index.crates.io-6f17d22bba15001f/quick-xml-0.26.0/src/name.rs:228:45
[INFO] [stdout]     |
[INFO] [stdout] 228 | #[cfg_attr(feature = "serde", derive(serde::Deserialize, serde::Serialize))]
[INFO] [stdout]     |                                             ^^^^^^^^^^^ could not find `Deserialize` in `serde`
[INFO] [stdout]     |
[INFO] [stdout] note: found an item that was configured out
[INFO] [stdout]    --> /opt/rustwide/cargo-home/registry/src/index.crates.io-6f17d22bba15001f/serde-1.0.214/src/lib.rs:343:24
[INFO] [stdout]     |
[INFO] [stdout] 343 | pub use serde_derive::{Deserialize, Serialize};
[INFO] [stdout]     |                        ^^^^^^^^^^^
[INFO] [stdout] note: the item is gated behind the `serde_derive` feature
[INFO] [stdout]    --> /opt/rustwide/cargo-home/registry/src/index.crates.io-6f17d22bba15001f/serde-1.0.214/src/lib.rs:341:7
[INFO] [stdout]     |
[INFO] [stdout] 341 | #[cfg(feature = "serde_derive")]
[INFO] [stdout]     |       ^^^^^^^^^^^^^^^^^^^^^^^^
[INFO] [stdout] 
[INFO] [stdout] 
[INFO] [stdout] error[E0433]: failed to resolve: could not find `Serialize` in `serde`
[INFO] [stdout]    --> /opt/rustwide/cargo-home/registry/src/index.crates.io-6f17d22bba15001f/quick-xml-0.26.0/src/name.rs:228:65
[INFO] [stdout]     |
[INFO] [stdout] 228 | #[cfg_attr(feature = "serde", derive(serde::Deserialize, serde::Serialize))]
[INFO] [stdout]     |                                                                 ^^^^^^^^^ could not find `Serialize` in `serde`
[INFO] [stdout]     |
[INFO] [stdout] note: found an item that was configured out
[INFO] [stdout]    --> /opt/rustwide/cargo-home/registry/src/index.crates.io-6f17d22bba15001f/serde-1.0.214/src/lib.rs:343:37
[INFO] [stdout]     |
[INFO] [stdout] 343 | pub use serde_derive::{Deserialize, Serialize};
[INFO] [stdout]     |                                     ^^^^^^^^^
[INFO] [stdout] note: the item is gated behind the `serde_derive` feature
[INFO] [stdout]    --> /opt/rustwide/cargo-home/registry/src/index.crates.io-6f17d22bba15001f/serde-1.0.214/src/lib.rs:341:7
[INFO] [stdout]     |
[INFO] [stdout] 341 | #[cfg(feature = "serde_derive")]
[INFO] [stdout]     |       ^^^^^^^^^^^^^^^^^^^^^^^^
[INFO] [stdout] 
[INFO] [stdout] 
[INFO] [stderr]    Compiling cc v1.1.31
[INFO] [stderr]    Compiling futures-util v0.3.31
[INFO] [stderr]    Compiling ron v0.8.1
[INFO] [stderr]    Compiling tracing v0.1.40
[INFO] [stderr]    Compiling hashbrown v0.14.5
[INFO] [stderr]    Compiling crossbeam-channel v0.5.13
[INFO] [stderr]    Compiling ppv-lite86 v0.2.20
[INFO] [stderr]    Compiling ahash v0.8.11
[INFO] [stdout] For more information about this error, try `rustc --explain E0433`.
[INFO] [stdout] 
[INFO] [stderr] error: could not compile `quick-xml` (lib) due to 8 previous errors
[INFO] [stderr] warning: build failed, waiting for other jobs to finish...
[INFO] running `Command { std: "docker" "inspect" "21ca5c7a4f2b9f4b371e6902518edf70af5705f4aabca91d66506321dda2ab9d", kill_on_drop: false }`
[INFO] running `Command { std: "docker" "rm" "-f" "21ca5c7a4f2b9f4b371e6902518edf70af5705f4aabca91d66506321dda2ab9d", kill_on_drop: false }`
[INFO] [stdout] 21ca5c7a4f2b9f4b371e6902518edf70af5705f4aabca91d66506321dda2ab9d
