[INFO] fetching crate ackorelic 0.1.11...
[INFO] testing ackorelic-0.1.11 against nightly-2024-10-28 for randomize-layout
[INFO] extracting crate ackorelic 0.1.11 into /workspace/builds/worker-7-tc1/source
[INFO] validating manifest of crates.io crate ackorelic 0.1.11 on toolchain nightly-2024-10-28
[INFO] running `Command { std: CARGO_HOME="/workspace/cargo-home" RUSTUP_HOME="/workspace/rustup-home" "/workspace/cargo-home/bin/cargo" "+nightly-2024-10-28" "metadata" "--manifest-path" "Cargo.toml" "--no-deps", kill_on_drop: false }`
[INFO] started tweaking crates.io crate ackorelic 0.1.11
[INFO] finished tweaking crates.io crate ackorelic 0.1.11
[INFO] tweaked toml for crates.io crate ackorelic 0.1.11 written to /workspace/builds/worker-7-tc1/source/Cargo.toml
[INFO] crate crates.io crate ackorelic 0.1.11 already has a lockfile, it will not be regenerated
[INFO] running `Command { std: CARGO_HOME="/workspace/cargo-home" RUSTUP_HOME="/workspace/rustup-home" "/workspace/cargo-home/bin/cargo" "+nightly-2024-10-28" "fetch" "--manifest-path" "Cargo.toml", kill_on_drop: false }`
[INFO] [stderr]     Updating crates.io index
[INFO] [stderr]  Downloading crates ...
[INFO] [stderr]   Downloaded num_cpus v1.10.1
[INFO] [stderr]   Downloaded autocfg v0.1.4
[INFO] [stderr]   Downloaded threadpool v1.7.1
[INFO] [stderr]   Downloaded cfg-if v0.1.9
[INFO] [stderr]   Downloaded log v0.4.6
[INFO] [stderr]   Downloaded unicode-xid v0.1.0
[INFO] [stderr]   Downloaded ordered-float v1.0.2
[INFO] [stderr]   Downloaded num-traits v0.2.8
[INFO] [stderr]   Downloaded byteorder v1.3.2
[INFO] [stderr]   Downloaded derive_more v0.14.1
[INFO] [stderr]   Downloaded bitflags v1.1.0
[INFO] [stderr]   Downloaded quote v0.6.12
[INFO] [stderr]   Downloaded proc-macro2 v0.4.30
[INFO] [stderr]   Downloaded vcpkg v0.2.6
[INFO] [stderr]   Downloaded pq-sys v0.4.6
[INFO] [stderr]   Downloaded lazy_static v1.3.0
[INFO] [stderr]   Downloaded syn v0.15.34
[INFO] [stderr]   Downloaded diesel v1.4.2
[INFO] [stderr]   Downloaded sqlparser v0.4.0
[INFO] [stderr]   Downloaded diesel_derives v1.4.0
[INFO] [stderr]   Downloaded libc v0.2.62
[INFO] [stderr]   Downloaded newrelic-sys v0.1.0
[INFO] running `Command { std: "docker" "create" "-v" "/var/lib/crater-agent-workspace/builds/worker-7-tc1/target:/opt/rustwide/target:rw,Z" "-v" "/var/lib/crater-agent-workspace/builds/worker-7-tc1/source:/opt/rustwide/workdir:ro,Z" "-v" "/var/lib/crater-agent-workspace/cargo-home:/opt/rustwide/cargo-home:ro,Z" "-v" "/var/lib/crater-agent-workspace/rustup-home:/opt/rustwide/rustup-home:ro,Z" "-e" "SOURCE_DIR=/opt/rustwide/workdir" "-e" "CARGO_TARGET_DIR=/opt/rustwide/target" "-e" "CARGO_HOME=/opt/rustwide/cargo-home" "-e" "RUSTUP_HOME=/opt/rustwide/rustup-home" "-w" "/opt/rustwide/workdir" "-m" "1610612736" "--user" "0:0" "--network" "none" "ghcr.io/rust-lang/crates-build-env/linux@sha256:4a844ea9eb2546a2d2c7022eacef16ef2e8229c7fbb2c7d4d55a9ceca922f72d" "/opt/rustwide/cargo-home/bin/cargo" "+nightly-2024-10-28" "metadata" "--no-deps" "--format-version=1", kill_on_drop: false }`
[INFO] [stdout] b3236306cb75b6de1e636ddf0734458d31239c42921f34509427715b06a0291f
[INFO] running `Command { std: "docker" "start" "-a" "b3236306cb75b6de1e636ddf0734458d31239c42921f34509427715b06a0291f", kill_on_drop: false }`
[INFO] running `Command { std: "docker" "inspect" "b3236306cb75b6de1e636ddf0734458d31239c42921f34509427715b06a0291f", kill_on_drop: false }`
[INFO] running `Command { std: "docker" "rm" "-f" "b3236306cb75b6de1e636ddf0734458d31239c42921f34509427715b06a0291f", kill_on_drop: false }`
[INFO] [stdout] b3236306cb75b6de1e636ddf0734458d31239c42921f34509427715b06a0291f
[INFO] running `Command { std: "docker" "create" "-v" "/var/lib/crater-agent-workspace/builds/worker-7-tc1/target:/opt/rustwide/target:rw,Z" "-v" "/var/lib/crater-agent-workspace/builds/worker-7-tc1/source:/opt/rustwide/workdir:ro,Z" "-v" "/var/lib/crater-agent-workspace/cargo-home:/opt/rustwide/cargo-home:ro,Z" "-v" "/var/lib/crater-agent-workspace/rustup-home:/opt/rustwide/rustup-home:ro,Z" "-e" "SOURCE_DIR=/opt/rustwide/workdir" "-e" "CARGO_TARGET_DIR=/opt/rustwide/target" "-e" "CARGO_INCREMENTAL=0" "-e" "RUST_BACKTRACE=full" "-e" "RUSTFLAGS=--cap-lints=forbid" "-e" "RUSTDOCFLAGS=--cap-lints=forbid" "-e" "CARGO_HOME=/opt/rustwide/cargo-home" "-e" "RUSTUP_HOME=/opt/rustwide/rustup-home" "-w" "/opt/rustwide/workdir" "-m" "1610612736" "--user" "0:0" "--network" "none" "ghcr.io/rust-lang/crates-build-env/linux@sha256:4a844ea9eb2546a2d2c7022eacef16ef2e8229c7fbb2c7d4d55a9ceca922f72d" "/opt/rustwide/cargo-home/bin/cargo" "+nightly-2024-10-28" "build" "--frozen" "--message-format=json", kill_on_drop: false }`
[INFO] [stdout] 92737edff6bcfb2d8626312ef8946448707f1ef5bca300a546a2b5adb62bfc3f
[INFO] running `Command { std: "docker" "start" "-a" "92737edff6bcfb2d8626312ef8946448707f1ef5bca300a546a2b5adb62bfc3f", kill_on_drop: false }`
[INFO] [stderr]    Compiling proc-macro2 v0.4.30
[INFO] [stderr]    Compiling unicode-xid v0.1.0
[INFO] [stderr]    Compiling autocfg v0.1.4
[INFO] [stderr]    Compiling syn v0.15.34
[INFO] [stderr]    Compiling libc v0.2.62
[INFO] [stderr]    Compiling bitflags v1.1.0
[INFO] [stderr]    Compiling pq-sys v0.4.6
[INFO] [stderr]    Compiling byteorder v1.3.2
[INFO] [stderr]    Compiling cfg-if v0.1.9
[INFO] [stderr]    Compiling newrelic-sys v0.1.0
[INFO] [stderr]    Compiling lazy_static v1.3.0
[INFO] [stderr]    Compiling log v0.4.6
[INFO] [stderr]    Compiling num-traits v0.2.8
[INFO] [stderr]    Compiling num_cpus v1.10.1
[INFO] [stderr]    Compiling quote v0.6.12
[INFO] [stderr]    Compiling threadpool v1.7.1
[INFO] [stderr]    Compiling ordered-float v1.0.2
[INFO] [stderr] error: failed to run custom build command for `newrelic-sys v0.1.0`
[INFO] [stderr] note: To improve backtraces for build dependencies, set the CARGO_PROFILE_DEV_BUILD_OVERRIDE_DEBUG=true environment variable to enable debug information generation.
[INFO] [stderr] 
[INFO] [stderr] Caused by:
[INFO] [stderr]   process didn't exit successfully: `/opt/rustwide/target/debug/build/newrelic-sys-f871791526e3783d/build-script-build` (exit status: 101)
[INFO] [stderr]   --- stdout
[INFO] [stderr]   cargo:rustc-link-search=native=/opt/rustwide/target/debug/build/newrelic-sys-0994521b047489cb/out
[INFO] [stderr]   cargo:rustc-link-lib=static=newrelic
[INFO] [stderr]   cargo:rustc-link-lib=dylib=pcre
[INFO] [stderr]   make -C vendor/newrelic/axiom
[INFO] [stderr]   make[1]: Entering directory '/opt/rustwide/cargo-home/registry/src/index.crates.io-6f17d22bba15001f/newrelic-sys-0.1.0/vendor/vendor/newrelic/axiom'
[INFO] [stderr]   make[1]: Leaving directory '/opt/rustwide/cargo-home/registry/src/index.crates.io-6f17d22bba15001f/newrelic-sys-0.1.0/vendor/vendor/newrelic/axiom'
[INFO] [stderr]   "./vendor/libnewrelic.a"
[INFO] [stderr] 
[INFO] [stderr]   --- stderr
[INFO] [stderr]   cat: ../../VERSION: No such file or directory
[INFO] [stderr]   fatal: not a git repository (or any parent up to mount point /opt/rustwide)
[INFO] [stderr]   Stopping at filesystem boundary (GIT_DISCOVERY_ACROSS_FILESYSTEM not set).
[INFO] [stderr]   mkdir: cannot create directory '.deps': Read-only file system
[INFO] [stderr]   make[1]: *** [Makefile:193: .deps/] Error 1
[INFO] [stderr]   make: *** [Makefile:87: vendor/newrelic/axiom/libaxiom.a] Error 2
[INFO] [stderr]   thread 'main' panicked at /opt/rustwide/cargo-home/registry/src/index.crates.io-6f17d22bba15001f/newrelic-sys-0.1.0/build.rs:25:61:
[INFO] [stderr]   Could not copy object files: Os { code: 2, kind: NotFound, message: "No such file or directory" }
[INFO] [stderr]   stack backtrace:
[INFO] [stderr]      0:     0x579614a434ca - std::backtrace_rs::backtrace::libunwind::trace::h207520d6e9873551
[INFO] [stderr]                                  at /rustc/df4ca44d3fbc9301ee17f30f4d474e6ae4b05252/library/std/src/../../backtrace/src/backtrace/libunwind.rs:116:5
[INFO] [stderr]      1:     0x579614a434ca - std::backtrace_rs::backtrace::trace_unsynchronized::h2ed7433f370e3eca
[INFO] [stderr]                                  at /rustc/df4ca44d3fbc9301ee17f30f4d474e6ae4b05252/library/std/src/../../backtrace/src/backtrace/mod.rs:66:5
[INFO] [stderr]      2:     0x579614a434ca - std::sys::backtrace::_print_fmt::h916fac51166b18d7
[INFO] [stderr]                                  at /rustc/df4ca44d3fbc9301ee17f30f4d474e6ae4b05252/library/std/src/sys/backtrace.rs:66:9
[INFO] [stderr]      3:     0x579614a434ca - <std::sys::backtrace::BacktraceLock::print::DisplayBacktrace as core::fmt::Display>::fmt::ha0a4c9b8ce3802e6
[INFO] [stderr]                                  at /rustc/df4ca44d3fbc9301ee17f30f4d474e6ae4b05252/library/std/src/sys/backtrace.rs:39:26
[INFO] [stderr]      4:     0x579614a639e3 - core::fmt::rt::Argument::fmt::h4cfc8587d52b3eb5
[INFO] [stderr]                                  at /rustc/df4ca44d3fbc9301ee17f30f4d474e6ae4b05252/library/core/src/fmt/rt.rs:177:76
[INFO] [stderr]      5:     0x579614a639e3 - core::fmt::write::h522cc39e5b36ae9f
[INFO] [stderr]                                  at /rustc/df4ca44d3fbc9301ee17f30f4d474e6ae4b05252/library/core/src/fmt/mod.rs:1190:21
[INFO] [stderr]      6:     0x579614a40c03 - std::io::Write::write_fmt::hf1c1dcc8cc1287f0
[INFO] [stderr]                                  at /rustc/df4ca44d3fbc9301ee17f30f4d474e6ae4b05252/library/std/src/io/mod.rs:1839:15
[INFO] [stderr]      7:     0x579614a43312 - std::sys::backtrace::BacktraceLock::print::h4b9e00b29e9c0942
[INFO] [stderr]                                  at /rustc/df4ca44d3fbc9301ee17f30f4d474e6ae4b05252/library/std/src/sys/backtrace.rs:42:9
[INFO] [stderr]      8:     0x579614a442dc - std::panicking::default_hook::{{closure}}::hb59b88280d0324d9
[INFO] [stderr]                                  at /rustc/df4ca44d3fbc9301ee17f30f4d474e6ae4b05252/library/std/src/panicking.rs:268:22
[INFO] [stderr]      9:     0x579614a44122 - std::panicking::default_hook::he1dd496665be4a29
[INFO] [stderr]                                  at /rustc/df4ca44d3fbc9301ee17f30f4d474e6ae4b05252/library/std/src/panicking.rs:295:9
[INFO] [stderr]     10:     0x579614a448d7 - std::panicking::rust_panic_with_hook::h2ff17fe8f26dfcf8
[INFO] [stderr]                                  at /rustc/df4ca44d3fbc9301ee17f30f4d474e6ae4b05252/library/std/src/panicking.rs:801:13
[INFO] [stderr]     11:     0x579614a4476a - std::panicking::begin_panic_handler::{{closure}}::h4fad77951c07e101
[INFO] [stderr]                                  at /rustc/df4ca44d3fbc9301ee17f30f4d474e6ae4b05252/library/std/src/panicking.rs:674:13
[INFO] [stderr]     12:     0x579614a439a9 - std::sys::backtrace::__rust_end_short_backtrace::hb1a25b3da5d0ea08
[INFO] [stderr]                                  at /rustc/df4ca44d3fbc9301ee17f30f4d474e6ae4b05252/library/std/src/sys/backtrace.rs:170:18
[INFO] [stderr]     13:     0x579614a443fc - rust_begin_unwind
[INFO] [stderr]                                  at /rustc/df4ca44d3fbc9301ee17f30f4d474e6ae4b05252/library/std/src/panicking.rs:665:5
[INFO] [stderr]     14:     0x579614a62c30 - core::panicking::panic_fmt::ha9db07b529f9b256
[INFO] [stderr]                                  at /rustc/df4ca44d3fbc9301ee17f30f4d474e6ae4b05252/library/core/src/panicking.rs:75:14
[INFO] [stderr]     15:     0x579614a62fa6 - core::result::unwrap_failed::h5e8218e4d4338b8a
[INFO] [stderr]                                  at /rustc/df4ca44d3fbc9301ee17f30f4d474e6ae4b05252/library/core/src/result.rs:1698:5
[INFO] [stderr]     16:     0x579614a1c8ad - core::result::Result<T,E>::expect::h653c2e6e3261e7c3
[INFO] [stderr]     17:     0x579614a1edab - build_script_build::main::h4741a474da7cd4cf
[INFO] [stderr]     18:     0x579614a1b863 - core::ops::function::FnOnce::call_once::h3296cc2c5fac2038
[INFO] [stderr]     19:     0x579614a1b126 - std::sys::backtrace::__rust_begin_short_backtrace::h09adf200aa4bd89b
[INFO] [stderr]     20:     0x579614a1afa9 - std::rt::lang_start::{{closure}}::hc9de8a44605de273
[INFO] [stderr]     21:     0x579614a3de47 - core::ops::function::impls::<impl core::ops::function::FnOnce<A> for &F>::call_once::hd87d66b906e0ccaf
[INFO] [stderr]                                  at /rustc/df4ca44d3fbc9301ee17f30f4d474e6ae4b05252/library/core/src/ops/function.rs:284:13
[INFO] [stderr]     22:     0x579614a3de47 - std::panicking::try::do_call::hae3703de71fc9e3a
[INFO] [stderr]                                  at /rustc/df4ca44d3fbc9301ee17f30f4d474e6ae4b05252/library/std/src/panicking.rs:557:40
[INFO] [stderr]     23:     0x579614a3de47 - std::panicking::try::h1178330e9a2b2645
[INFO] [stderr]                                  at /rustc/df4ca44d3fbc9301ee17f30f4d474e6ae4b05252/library/std/src/panicking.rs:520:19
[INFO] [stderr]     24:     0x579614a3de47 - std::panic::catch_unwind::h0acf49d2305d32ad
[INFO] [stderr]                                  at /rustc/df4ca44d3fbc9301ee17f30f4d474e6ae4b05252/library/std/src/panic.rs:358:14
[INFO] [stderr]     25:     0x579614a3de47 - std::rt::lang_start_internal::{{closure}}::h2d95182d798177be
[INFO] [stderr]                                  at /rustc/df4ca44d3fbc9301ee17f30f4d474e6ae4b05252/library/std/src/rt.rs:174:48
[INFO] [stderr]     26:     0x579614a3de47 - std::panicking::try::do_call::hb506f5bfe11fd30c
[INFO] [stderr]                                  at /rustc/df4ca44d3fbc9301ee17f30f4d474e6ae4b05252/library/std/src/panicking.rs:557:40
[INFO] [stderr]     27:     0x579614a3de47 - std::panicking::try::h54d825c46bd0fa95
[INFO] [stderr]                                  at /rustc/df4ca44d3fbc9301ee17f30f4d474e6ae4b05252/library/std/src/panicking.rs:520:19
[INFO] [stderr]     28:     0x579614a3de47 - std::panic::catch_unwind::hffbb0ad20c4e9fac
[INFO] [stderr]                                  at /rustc/df4ca44d3fbc9301ee17f30f4d474e6ae4b05252/library/std/src/panic.rs:358:14
[INFO] [stderr]     29:     0x579614a3de47 - std::rt::lang_start_internal::h52c291ef1962c925
[INFO] [stderr]                                  at /rustc/df4ca44d3fbc9301ee17f30f4d474e6ae4b05252/library/std/src/rt.rs:174:20
[INFO] [stderr]     30:     0x579614a1af87 - std::rt::lang_start::h7f410a024758c007
[INFO] [stderr]     31:     0x579614a1eee5 - main
[INFO] [stderr]     32:     0x73fdb78e8d90 - <unknown>
[INFO] [stderr]     33:     0x73fdb78e8e40 - __libc_start_main
[INFO] [stderr]     34:     0x579614a1a135 - _start
[INFO] [stderr]     35:                0x0 - <unknown>
[INFO] [stderr] warning: build failed, waiting for other jobs to finish...
[INFO] running `Command { std: "docker" "inspect" "92737edff6bcfb2d8626312ef8946448707f1ef5bca300a546a2b5adb62bfc3f", kill_on_drop: false }`
[INFO] running `Command { std: "docker" "rm" "-f" "92737edff6bcfb2d8626312ef8946448707f1ef5bca300a546a2b5adb62bfc3f", kill_on_drop: false }`
[INFO] [stdout] 92737edff6bcfb2d8626312ef8946448707f1ef5bca300a546a2b5adb62bfc3f
