[INFO] fetching crate accumulators 0.4.8...
[INFO] testing accumulators-0.4.8 against nightly-2024-10-28 for randomize-layout
[INFO] extracting crate accumulators 0.4.8 into /workspace/builds/worker-1-tc1/source
[INFO] validating manifest of crates.io crate accumulators 0.4.8 on toolchain nightly-2024-10-28
[INFO] running `Command { std: CARGO_HOME="/workspace/cargo-home" RUSTUP_HOME="/workspace/rustup-home" "/workspace/cargo-home/bin/cargo" "+nightly-2024-10-28" "metadata" "--manifest-path" "Cargo.toml" "--no-deps", kill_on_drop: false }`
[INFO] started tweaking crates.io crate accumulators 0.4.8
[INFO] removed 0 missing tests
[INFO] finished tweaking crates.io crate accumulators 0.4.8
[INFO] tweaked toml for crates.io crate accumulators 0.4.8 written to /workspace/builds/worker-1-tc1/source/Cargo.toml
[INFO] running `Command { std: CARGO_HOME="/workspace/cargo-home" RUSTUP_HOME="/workspace/rustup-home" "/workspace/cargo-home/bin/cargo" "+nightly-2024-10-28" "generate-lockfile" "--manifest-path" "Cargo.toml", kill_on_drop: false }`
[INFO] [stderr]     Updating crates.io index
[INFO] [stderr]     Blocking waiting for file lock on package cache
[INFO] [stderr]      Locking 340 packages to latest compatible versions
[INFO] [stderr]       Adding criterion v0.4.0 (available: v0.5.1)
[INFO] [stderr]       Adding sqlx v0.7.4 (available: v0.8.2)
[INFO] [stderr]       Adding starknet v0.6.0 (available: v0.12.0)
[INFO] [stderr]       Adding starknet-crypto v0.6.2 (available: v0.7.2)
[INFO] [stderr]       Adding strum v0.25.0 (available: v0.26.3)
[INFO] [stderr]       Adding strum_macros v0.25.3 (available: v0.26.4)
[INFO] running `Command { std: CARGO_HOME="/workspace/cargo-home" RUSTUP_HOME="/workspace/rustup-home" "/workspace/cargo-home/bin/cargo" "+nightly-2024-10-28" "fetch" "--manifest-path" "Cargo.toml", kill_on_drop: false }`
[INFO] [stderr]  Downloading crates ...
[INFO] [stderr]   Downloaded uuid v1.11.0
[INFO] [stderr]   Downloaded starknet-curve v0.4.2
[INFO] [stderr]   Downloaded starknet-ff v0.3.7
[INFO] [stderr]   Downloaded starknet-crypto v0.6.2
[INFO] [stderr]   Downloaded starknet-crypto-codegen v0.3.3
[INFO] [stderr]   Downloaded starknet v0.6.0
[INFO] [stderr]   Downloaded ethbloom v0.13.0
[INFO] [stderr]   Downloaded urlencoding v2.1.3
[INFO] [stderr]   Downloaded unicode_categories v0.1.1
[INFO] [stderr]   Downloaded impl-codec v0.6.0
[INFO] [stderr]   Downloaded whoami v1.5.2
[INFO] [stderr]   Downloaded sqlx-macros v0.7.4
[INFO] [stderr]   Downloaded sqlx-macros-core v0.7.4
[INFO] [stderr]   Downloaded dotenvy v0.15.7
[INFO] [stderr]   Downloaded pem-rfc7468 v0.7.0
[INFO] [stderr]   Downloaded sqlx-mysql v0.7.4
[INFO] [stderr]   Downloaded sqlx-sqlite v0.7.4
[INFO] [stderr]   Downloaded criterion v0.4.0
[INFO] [stderr]   Downloaded sqlx-postgres v0.7.4
[INFO] [stderr]   Downloaded num-bigint-dig v0.8.4
[INFO] [stderr]   Downloaded serde_json_pythonic v0.1.2
[INFO] [stderr]   Downloaded sqlx v0.7.4
[INFO] [stderr]   Downloaded hkdf v0.12.4
[INFO] [stderr]   Downloaded sqlx-core v0.7.4
[INFO] [stderr]   Downloaded rsa v0.9.6
[INFO] [stderr]   Downloaded flume v0.11.1
[INFO] [stderr]   Downloaded futures-intrusive v0.5.0
[INFO] [stderr]   Downloaded unicode-properties v0.1.3
[INFO] [stderr]   Downloaded starknet-core v0.10.0
[INFO] [stderr]   Downloaded impl-serde v0.4.0
[INFO] [stderr]   Downloaded starknet-providers v0.6.0
[INFO] [stderr]   Downloaded starknet-core v0.6.1
[INFO] [stderr]   Downloaded hashlink v0.8.4
[INFO] [stderr]   Downloaded uint v0.9.5
[INFO] [stderr]   Downloaded auto_impl v1.2.0
[INFO] [stderr]   Downloaded pkcs1 v0.7.5
[INFO] [stderr]   Downloaded sqlformat v0.2.6
[INFO] [stderr]   Downloaded starknet-accounts v0.5.0
[INFO] [stderr]   Downloaded fixed-hash v0.8.0
[INFO] [stderr]   Downloaded primitive-types v0.12.2
[INFO] [stderr]   Downloaded salsa20 v0.10.2
[INFO] [stderr]   Downloaded scrypt v0.10.0
[INFO] [stderr]   Downloaded etcetera v0.8.0
[INFO] [stderr]   Downloaded starknet-macros v0.1.7
[INFO] [stderr]   Downloaded eth-keystore v0.5.0
[INFO] [stderr]   Downloaded ctr v0.9.2
[INFO] [stderr]   Downloaded impl-rlp v0.3.0
[INFO] [stderr]   Downloaded starknet-contract v0.5.0
[INFO] [stderr]   Downloaded rlp v0.5.2
[INFO] [stderr]   Downloaded starknet-signers v0.4.0
[INFO] [stderr]   Downloaded ethereum-types v0.14.1
[INFO] [stderr]   Downloaded bigdecimal v0.3.1
[INFO] [stderr]   Downloaded strum v0.25.0
[INFO] [stderr]   Downloaded libsqlite3-sys v0.27.0
[INFO] running `Command { std: "docker" "create" "-v" "/var/lib/crater-agent-workspace/builds/worker-1-tc1/target:/opt/rustwide/target:rw,Z" "-v" "/var/lib/crater-agent-workspace/builds/worker-1-tc1/source:/opt/rustwide/workdir:ro,Z" "-v" "/var/lib/crater-agent-workspace/cargo-home:/opt/rustwide/cargo-home:ro,Z" "-v" "/var/lib/crater-agent-workspace/rustup-home:/opt/rustwide/rustup-home:ro,Z" "-e" "SOURCE_DIR=/opt/rustwide/workdir" "-e" "CARGO_TARGET_DIR=/opt/rustwide/target" "-e" "CARGO_HOME=/opt/rustwide/cargo-home" "-e" "RUSTUP_HOME=/opt/rustwide/rustup-home" "-w" "/opt/rustwide/workdir" "-m" "1610612736" "--user" "0:0" "--network" "none" "ghcr.io/rust-lang/crates-build-env/linux@sha256:4a844ea9eb2546a2d2c7022eacef16ef2e8229c7fbb2c7d4d55a9ceca922f72d" "/opt/rustwide/cargo-home/bin/cargo" "+nightly-2024-10-28" "metadata" "--no-deps" "--format-version=1", kill_on_drop: false }`
[INFO] [stdout] c1d2c35ff434468ebeb5523b4af7f927bb928a3bb7d718d74cebf070f5ed0eeb
[INFO] running `Command { std: "docker" "start" "-a" "c1d2c35ff434468ebeb5523b4af7f927bb928a3bb7d718d74cebf070f5ed0eeb", kill_on_drop: false }`
[INFO] running `Command { std: "docker" "inspect" "c1d2c35ff434468ebeb5523b4af7f927bb928a3bb7d718d74cebf070f5ed0eeb", kill_on_drop: false }`
[INFO] running `Command { std: "docker" "rm" "-f" "c1d2c35ff434468ebeb5523b4af7f927bb928a3bb7d718d74cebf070f5ed0eeb", kill_on_drop: false }`
[INFO] [stdout] c1d2c35ff434468ebeb5523b4af7f927bb928a3bb7d718d74cebf070f5ed0eeb
[INFO] running `Command { std: "docker" "create" "-v" "/var/lib/crater-agent-workspace/builds/worker-1-tc1/target:/opt/rustwide/target:rw,Z" "-v" "/var/lib/crater-agent-workspace/builds/worker-1-tc1/source:/opt/rustwide/workdir:ro,Z" "-v" "/var/lib/crater-agent-workspace/cargo-home:/opt/rustwide/cargo-home:ro,Z" "-v" "/var/lib/crater-agent-workspace/rustup-home:/opt/rustwide/rustup-home:ro,Z" "-e" "SOURCE_DIR=/opt/rustwide/workdir" "-e" "CARGO_TARGET_DIR=/opt/rustwide/target" "-e" "CARGO_INCREMENTAL=0" "-e" "RUST_BACKTRACE=full" "-e" "RUSTFLAGS=--cap-lints=forbid" "-e" "RUSTDOCFLAGS=--cap-lints=forbid" "-e" "CARGO_HOME=/opt/rustwide/cargo-home" "-e" "RUSTUP_HOME=/opt/rustwide/rustup-home" "-w" "/opt/rustwide/workdir" "-m" "1610612736" "--user" "0:0" "--network" "none" "ghcr.io/rust-lang/crates-build-env/linux@sha256:4a844ea9eb2546a2d2c7022eacef16ef2e8229c7fbb2c7d4d55a9ceca922f72d" "/opt/rustwide/cargo-home/bin/cargo" "+nightly-2024-10-28" "build" "--frozen" "--message-format=json", kill_on_drop: false }`
[INFO] [stdout] adb65508a8fe6491895a46437d704369478bc734e0e9bd2295148cf80ac569ca
[INFO] running `Command { std: "docker" "start" "-a" "adb65508a8fe6491895a46437d704369478bc734e0e9bd2295148cf80ac569ca", kill_on_drop: false }`
[INFO] [stderr]    Compiling autocfg v1.4.0
[INFO] [stderr]    Compiling byteorder v1.5.0
[INFO] [stderr]    Compiling serde v1.0.214
[INFO] [stderr]    Compiling bytes v1.8.0
[INFO] [stderr]    Compiling pin-project-lite v0.2.15
[INFO] [stderr]    Compiling futures-core v0.3.31
[INFO] [stderr]    Compiling paste v1.0.15
[INFO] [stderr]    Compiling hex v0.4.3
[INFO] [stderr]    Compiling syn v1.0.109
[INFO] [stderr]    Compiling itoa v1.0.11
[INFO] [stderr]    Compiling once_cell v1.20.2
[INFO] [stderr]    Compiling parking_lot_core v0.9.10
[INFO] [stderr]    Compiling syn v2.0.86
[INFO] [stderr]    Compiling getrandom v0.2.15
[INFO] [stderr]    Compiling shlex v1.3.0
[INFO] [stderr]    Compiling crypto-common v0.1.6
[INFO] [stderr]    Compiling smallvec v1.13.2
[INFO] [stderr]    Compiling mio v1.0.2
[INFO] [stderr]    Compiling socket2 v0.5.7
[INFO] [stderr]    Compiling digest v0.10.7
[INFO] [stderr]    Compiling cc v1.1.31
[INFO] [stderr]    Compiling fnv v1.0.7
[INFO] [stderr]    Compiling ryu v1.0.18
[INFO] [stderr]    Compiling rand_core v0.6.4
[INFO] [stderr]    Compiling futures-task v0.3.31
[INFO] [stderr]    Compiling futures-io v0.3.31
[INFO] [stderr]    Compiling serde_json v1.0.132
[INFO] [stderr]    Compiling sha2 v0.10.8
[INFO] [stderr]    Compiling lock_api v0.4.12
[INFO] [stderr]    Compiling num-traits v0.2.19
[INFO] [stderr]    Compiling slab v0.4.9
[INFO] [stderr]    Compiling log v0.4.22
[INFO] [stderr]    Compiling tinyvec_macros v0.1.1
[INFO] [stderr]    Compiling tracing-core v0.1.32
[INFO] [stderr]    Compiling tinyvec v1.8.0
[INFO] [stderr]    Compiling futures-sink v0.3.31
[INFO] [stderr]    Compiling hashbrown v0.15.0
[INFO] [stderr]    Compiling equivalent v1.0.1
[INFO] [stderr]    Compiling percent-encoding v2.3.1
[INFO] [stderr]    Compiling signal-hook-registry v1.4.2
[INFO] [stderr]    Compiling unicode-bidi v0.3.17
[INFO] [stderr]    Compiling ahash v0.8.11
[INFO] [stderr]    Compiling form_urlencoded v1.2.1
[INFO] [stderr]    Compiling strsim v0.11.1
[INFO] [stderr]    Compiling parking_lot v0.12.3
[INFO] [stderr]    Compiling spin v0.9.8
[INFO] [stderr]    Compiling ident_case v1.0.1
[INFO] [stderr]    Compiling hmac v0.12.1
[INFO] [stderr]    Compiling futures-util v0.3.31
[INFO] [stderr]    Compiling keccak v0.1.5
[INFO] [stderr]    Compiling crunchy v0.2.2
[INFO] [stderr]    Compiling allocator-api2 v0.2.18
[INFO] [stderr]    Compiling untrusted v0.9.0
[INFO] [stderr]    Compiling rfc6979 v0.4.0
[INFO] [stderr]    Compiling futures-channel v0.3.31
[INFO] [stderr]    Compiling crossbeam-utils v0.8.20
[INFO] [stderr]    Compiling rustc-hex v2.1.0
[INFO] [stderr]    Compiling serde_json_pythonic v0.1.2
[INFO] [stderr]    Compiling adler2 v2.0.0
[INFO] [stderr]    Compiling indexmap v2.6.0
[INFO] [stderr]    Compiling cipher v0.4.4
[INFO] [stderr]    Compiling unicode-normalization v0.1.24
[INFO] [stderr]    Compiling miniz_oxide v0.8.0
[INFO] [stderr]    Compiling http v0.2.12
[INFO] [stderr]    Compiling crc32fast v1.4.2
[INFO] [stderr]    Compiling num-integer v0.1.46
[INFO] [stderr]    Compiling httparse v1.9.5
[INFO] [stderr]    Compiling rustls v0.21.12
[INFO] [stderr]    Compiling minimal-lexical v0.2.1
[INFO] [stderr]    Compiling rlp v0.5.2
[INFO] [stderr]    Compiling pkg-config v0.3.31
[INFO] [stderr]    Compiling num-bigint v0.4.6
[INFO] [stderr]    Compiling idna v0.5.0
[INFO] [stderr]    Compiling ring v0.17.8
[INFO] [stderr]    Compiling nom v7.1.3
[INFO] [stderr]    Compiling flate2 v1.0.34
[INFO] [stderr]    Compiling try-lock v0.2.5
[INFO] [stderr]    Compiling base64 v0.21.7
[INFO] [stderr]    Compiling vcpkg v0.2.15
[INFO] [stderr]    Compiling crc-catalog v2.4.0
[INFO] [stderr]    Compiling tiny-keccak v2.0.2
[INFO] [stderr]    Compiling unicode_categories v0.1.1
[INFO] [stderr]    Compiling url v2.5.2
[INFO] [stderr]    Compiling http-body v0.4.6
[INFO] [stderr]    Compiling crc v3.2.1
[INFO] [stderr]    Compiling want v0.3.1
[INFO] [stderr]    Compiling crossbeam-queue v0.3.11
[INFO] [stderr]    Compiling impl-rlp v0.3.0
[INFO] [stderr]    Compiling sha3 v0.10.8
[INFO] [stderr]    Compiling futures-intrusive v0.5.0
[INFO] [stderr]    Compiling httpdate v1.0.3
[INFO] [stderr]    Compiling event-listener v2.5.3
[INFO] [stderr]    Compiling tower-service v0.3.3
[INFO] [stderr]    Compiling libsqlite3-sys v0.27.0
[INFO] [stderr]    Compiling uint v0.9.5
[INFO] [stderr]    Compiling salsa20 v0.10.2
[INFO] [stderr]    Compiling tokio v1.41.0
[INFO] [stderr]    Compiling pbkdf2 v0.11.0
[INFO] [stderr]    Compiling rustix v0.38.38
[INFO] [stderr]    Compiling rustls-pemfile v1.0.4
[INFO] [stderr]    Compiling scrypt v0.10.0
[INFO] [stderr]    Compiling ctr v0.9.2
[INFO] [stderr]    Compiling aes v0.8.4
[INFO] [stderr]    Compiling atoi v2.0.0
[INFO] [stderr]    Compiling mime v0.3.17
[INFO] [stderr]    Compiling sync_wrapper v0.1.2
[INFO] [stderr]    Compiling linux-raw-sys v0.4.14
[INFO] [stderr]    Compiling bitflags v2.6.0
[INFO] [stderr]    Compiling ipnet v2.10.1
[INFO] [stderr]    Compiling urlencoding v2.1.3
[INFO] [stderr]    Compiling webpki-roots v0.25.4
[INFO] [stderr]    Compiling unicode-segmentation v1.12.0
[INFO] [stderr]    Compiling darling_core v0.20.10
[INFO] [stderr]    Compiling sqlformat v0.2.6
[INFO] [stderr]    Compiling flume v0.11.1
[INFO] [stderr]    Compiling fastrand v2.1.1
[INFO] [stderr]    Compiling heck v0.4.1
[INFO] [stderr]    Compiling rustversion v1.0.18
[INFO] [stderr]    Compiling dotenvy v0.15.7
[INFO] [stderr]    Compiling futures-executor v0.3.31
[INFO] [stderr]    Compiling uuid v1.11.0
[INFO] [stderr]    Compiling strum v0.25.0
[INFO] [stderr]    Compiling zerocopy-derive v0.7.35
[INFO] [stderr]    Compiling serde_derive v1.0.214
[INFO] [stderr]    Compiling zeroize_derive v1.4.2
[INFO] [stderr]    Compiling tracing-attributes v0.1.27
[INFO] [stderr]    Compiling tokio-macros v2.4.0
[INFO] [stderr]    Compiling thiserror-impl v1.0.66
[INFO] [stderr]    Compiling auto_impl v1.2.0
[INFO] [stderr]    Compiling async-trait v0.1.83
[INFO] [stderr]    Compiling ark-ff-macros v0.4.2
[INFO] [stderr]    Compiling ark-ff-asm v0.4.2
[INFO] [stderr]    Compiling zeroize v1.8.1
[INFO] [stderr]    Compiling derivative v2.2.0
[INFO] [stderr]    Compiling crypto-bigint v0.5.5
[INFO] [stderr]    Compiling zerocopy v0.7.35
[INFO] [stderr]    Compiling tempfile v3.13.0
[INFO] [stderr]    Compiling strum_macros v0.25.3
[INFO] [stderr]    Compiling thiserror v1.0.66
[INFO] [stderr]    Compiling tracing v0.1.40
[INFO] [stderr]    Compiling darling_macro v0.20.10
[INFO] [stderr]    Compiling ppv-lite86 v0.2.20
[INFO] [stderr]    Compiling tokio-stream v0.1.16
[INFO] [stderr]    Compiling hashbrown v0.14.5
[INFO] [stderr]    Compiling darling v0.20.10
[INFO] [stderr]    Compiling rand_chacha v0.3.1
[INFO] [stderr]    Compiling serde_with_macros v2.3.3
[INFO] [stderr]    Compiling rand v0.8.5
[INFO] [stderr]    Compiling rustls-webpki v0.101.7
[INFO] [stderr]    Compiling sct v0.7.1
[INFO] [stderr]    Compiling hashlink v0.8.4
[INFO] [stderr]    Compiling ark-std v0.4.0
[INFO] [stderr]    Compiling fixed-hash v0.8.0
[INFO] [stderr]    Compiling ark-serialize v0.4.2
[INFO] [stderr]    Compiling either v1.13.0
[INFO] [stderr]    Compiling bigdecimal v0.3.1
[INFO] [stderr]    Compiling impl-serde v0.4.0
[INFO] [stderr]    Compiling serde_with v2.3.3
[INFO] [stderr]    Compiling serde_urlencoded v0.7.1
[INFO] [stderr]    Compiling uuid v0.8.2
[INFO] [stderr]    Compiling ethbloom v0.13.0
[INFO] [stderr]    Compiling primitive-types v0.12.2
[INFO] [stderr]    Compiling itertools v0.10.5
[INFO] [stderr]    Compiling tokio-util v0.7.12
[INFO] [stderr]    Compiling tokio-rustls v0.24.1
[INFO] [stderr]    Compiling h2 v0.3.26
[INFO] [stderr]    Compiling eth-keystore v0.5.0
[INFO] [stderr]    Compiling sqlx-core v0.7.4
[INFO] [stderr]    Compiling ark-ff v0.4.2
[INFO] [stderr]    Compiling ethereum-types v0.14.1
[INFO] [stderr]    Compiling sqlx-sqlite v0.7.4
[INFO] [stderr]    Compiling hyper v0.14.31
[INFO] [stderr]    Compiling sqlx-macros-core v0.7.4
[INFO] [stderr]    Compiling sqlx-macros v0.7.4
[INFO] [stderr]    Compiling sqlx v0.7.4
[INFO] [stderr]    Compiling hyper-rustls v0.24.2
[INFO] [stderr]    Compiling reqwest v0.11.27
[INFO] [stderr]    Compiling starknet-ff v0.3.7
[INFO] [stderr]    Compiling starknet-curve v0.4.2
[INFO] [stderr]    Compiling starknet-crypto-codegen v0.3.3
[INFO] [stderr]    Compiling starknet-crypto v0.6.2
[INFO] [stderr]    Compiling starknet-core v0.10.0
[INFO] [stderr]    Compiling starknet-core v0.6.1
[INFO] [stderr]    Compiling starknet-signers v0.4.0
[INFO] [stderr]    Compiling starknet-providers v0.6.0
[INFO] [stderr]    Compiling starknet-macros v0.1.7
[INFO] [stderr]    Compiling starknet-accounts v0.5.0
[INFO] [stderr]    Compiling starknet-contract v0.5.0
[INFO] [stderr]    Compiling starknet v0.6.0
[INFO] [stderr]    Compiling accumulators v0.4.8 (/opt/rustwide/workdir)
[INFO] [stderr]     Finished `dev` profile [unoptimized + debuginfo] target(s) in 37.86s
[INFO] running `Command { std: "docker" "inspect" "adb65508a8fe6491895a46437d704369478bc734e0e9bd2295148cf80ac569ca", kill_on_drop: false }`
[INFO] running `Command { std: "docker" "rm" "-f" "adb65508a8fe6491895a46437d704369478bc734e0e9bd2295148cf80ac569ca", kill_on_drop: false }`
[INFO] [stdout] adb65508a8fe6491895a46437d704369478bc734e0e9bd2295148cf80ac569ca
[INFO] running `Command { std: "docker" "create" "-v" "/var/lib/crater-agent-workspace/builds/worker-1-tc1/target:/opt/rustwide/target:rw,Z" "-v" "/var/lib/crater-agent-workspace/builds/worker-1-tc1/source:/opt/rustwide/workdir:ro,Z" "-v" "/var/lib/crater-agent-workspace/cargo-home:/opt/rustwide/cargo-home:ro,Z" "-v" "/var/lib/crater-agent-workspace/rustup-home:/opt/rustwide/rustup-home:ro,Z" "-e" "SOURCE_DIR=/opt/rustwide/workdir" "-e" "CARGO_TARGET_DIR=/opt/rustwide/target" "-e" "CARGO_INCREMENTAL=0" "-e" "RUST_BACKTRACE=full" "-e" "RUSTFLAGS=--cap-lints=forbid" "-e" "RUSTDOCFLAGS=--cap-lints=forbid" "-e" "CARGO_HOME=/opt/rustwide/cargo-home" "-e" "RUSTUP_HOME=/opt/rustwide/rustup-home" "-w" "/opt/rustwide/workdir" "-m" "1610612736" "--user" "0:0" "--network" "none" "ghcr.io/rust-lang/crates-build-env/linux@sha256:4a844ea9eb2546a2d2c7022eacef16ef2e8229c7fbb2c7d4d55a9ceca922f72d" "/opt/rustwide/cargo-home/bin/cargo" "+nightly-2024-10-28" "test" "--frozen" "--no-run" "--message-format=json", kill_on_drop: false }`
[INFO] [stdout] 55a143f252f203503c8491175e2552976546228c9926536e65a0098d6c8b5dfa
[INFO] running `Command { std: "docker" "start" "-a" "55a143f252f203503c8491175e2552976546228c9926536e65a0098d6c8b5dfa", kill_on_drop: false }`
[INFO] [stderr]    Compiling itertools v0.10.5
[INFO] [stderr]    Compiling crossbeam-utils v0.8.20
[INFO] [stderr]    Compiling indexmap v1.9.3
[INFO] [stderr]    Compiling rayon-core v1.12.1
[INFO] [stderr]    Compiling half v2.4.1
[INFO] [stderr]    Compiling ciborium-io v0.2.2
[INFO] [stderr]    Compiling os_str_bytes v6.6.1
[INFO] [stderr]    Compiling regex-syntax v0.8.5
[INFO] [stderr]    Compiling hashbrown v0.12.3
[INFO] [stderr]    Compiling plotters-backend v0.3.7
[INFO] [stderr]    Compiling textwrap v0.16.1
[INFO] [stderr]    Compiling cast v0.3.0
[INFO] [stderr]    Compiling same-file v1.0.6
[INFO] [stderr]    Compiling futures v0.3.31
[INFO] [stderr]    Compiling tinytemplate v1.2.1
[INFO] [stderr]    Compiling atty v0.2.14
[INFO] [stderr]    Compiling walkdir v2.5.0
[INFO] [stderr]    Compiling lazy_static v1.5.0
[INFO] [stderr]    Compiling oorandom v11.1.4
[INFO] [stderr]    Compiling anes v0.1.6
[INFO] [stderr]    Compiling clap_lex v0.2.4
[INFO] [stderr]    Compiling ciborium-ll v0.2.2
[INFO] [stderr]    Compiling plotters-svg v0.3.7
[INFO] [stderr]    Compiling ciborium v0.2.2
[INFO] [stderr]    Compiling plotters v0.3.7
[INFO] [stderr]    Compiling crossbeam-queue v0.3.11
[INFO] [stderr]    Compiling sqlx-core v0.7.4
[INFO] [stderr]    Compiling crossbeam-epoch v0.9.18
[INFO] [stderr]    Compiling crossbeam-deque v0.8.5
[INFO] [stderr]    Compiling clap v3.2.25
[INFO] [stderr]    Compiling ark-ff v0.4.2
[INFO] [stderr]    Compiling criterion-plot v0.5.0
[INFO] [stderr]    Compiling regex-automata v0.4.8
[INFO] [stderr]    Compiling rayon v1.10.0
[INFO] [stderr]    Compiling regex v1.11.1
[INFO] [stderr]    Compiling sqlx-sqlite v0.7.4
[INFO] [stderr]    Compiling criterion v0.4.0
[INFO] [stderr]    Compiling sqlx-macros-core v0.7.4
[INFO] [stderr]    Compiling sqlx-macros v0.7.4
[INFO] [stderr]    Compiling sqlx v0.7.4
[INFO] [stderr]    Compiling starknet-ff v0.3.7
[INFO] [stderr]    Compiling starknet-curve v0.4.2
[INFO] [stderr]    Compiling starknet-crypto-codegen v0.3.3
[INFO] [stderr]    Compiling starknet-crypto v0.6.2
[INFO] [stderr]    Compiling starknet-core v0.10.0
[INFO] [stderr]    Compiling starknet-core v0.6.1
[INFO] [stderr]    Compiling starknet-signers v0.4.0
[INFO] [stderr]    Compiling starknet-providers v0.6.0
[INFO] [stderr]    Compiling starknet-macros v0.1.7
[INFO] [stderr]    Compiling starknet-accounts v0.5.0
[INFO] [stderr]    Compiling starknet-contract v0.5.0
[INFO] [stderr]    Compiling starknet v0.6.0
[INFO] [stderr]    Compiling accumulators v0.4.8 (/opt/rustwide/workdir)
[INFO] [stdout] error[E0432]: unresolved import `accumulators::store::memory`
[INFO] [stdout]  --> tests/store/memory.rs:2:5
[INFO] [stdout]   |
[INFO] [stdout] 2 |     memory::InMemoryStore,
[INFO] [stdout]   |     ^^^^^^ could not find `memory` in `store`
[INFO] [stdout] 
[INFO] [stdout] 
[INFO] [stdout] error[E0432]: unresolved import `accumulators::hasher::keccak`
[INFO] [stdout]  --> tests/hasher/keccak.rs:1:28
[INFO] [stdout]   |
[INFO] [stdout] 1 | use accumulators::hasher::{keccak::KeccakHasher, Hasher};
[INFO] [stdout]   |                            ^^^^^^ could not find `keccak` in `hasher`
[INFO] [stdout] 
[INFO] [stdout] 
[INFO] [stdout] error[E0432]: unresolved import `accumulators::store::sqlite`
[INFO] [stdout]  --> tests/store/sqlite.rs:2:5
[INFO] [stdout]   |
[INFO] [stdout] 2 |     sqlite::SQLiteStore,
[INFO] [stdout]   |     ^^^^^^ could not find `sqlite` in `store`
[INFO] [stdout] 
[INFO] [stdout] 
[INFO] [stdout] error[E0432]: unresolved import `accumulators::hasher::stark_pedersen`
[INFO] [stdout]  --> tests/hasher/stark_pedersen.rs:1:28
[INFO] [stdout]   |
[INFO] [stdout] 1 | use accumulators::hasher::{stark_pedersen::StarkPedersenHasher, Hasher};
[INFO] [stdout]   |                            ^^^^^^^^^^^^^^ could not find `stark_pedersen` in `hasher`
[INFO] [stdout] 
[INFO] [stdout] 
[INFO] [stdout] error[E0432]: unresolved import `accumulators::hasher::stark_poseidon`
[INFO] [stdout]  --> tests/hasher/stark_poseidon.rs:1:28
[INFO] [stdout]   |
[INFO] [stdout] 1 | use accumulators::hasher::{stark_poseidon::StarkPoseidonHasher, Hasher};
[INFO] [stdout]   |                            ^^^^^^^^^^^^^^ could not find `stark_poseidon` in `hasher`
[INFO] [stdout] 
[INFO] [stdout] 
[INFO] [stdout] error[E0433]: failed to resolve: could not find `merkle_tree` in `accumulators`
[INFO] [stdout]  --> tests/merkle_tree/incremental.rs:7:9
[INFO] [stdout]   |
[INFO] [stdout] 7 |         merkle_tree::incremental::IncrementalMerkleTree,
[INFO] [stdout]   |         ^^^^^^^^^^^ could not find `merkle_tree` in `accumulators`
[INFO] [stdout]   |
[INFO] [stdout] note: found an item that was configured out
[INFO] [stdout]  --> /opt/rustwide/workdir/src/lib.rs:4:9
[INFO] [stdout]   |
[INFO] [stdout] 4 | pub mod merkle_tree;
[INFO] [stdout]   |         ^^^^^^^^^^^
[INFO] [stdout] note: the item is gated behind the `merkle_tree` feature
[INFO] [stdout]  --> /opt/rustwide/workdir/src/lib.rs:3:7
[INFO] [stdout]   |
[INFO] [stdout] 3 | #[cfg(feature = "merkle_tree")]
[INFO] [stdout]   |       ^^^^^^^^^^^^^^^^^^^^^^^
[INFO] [stdout] 
[INFO] [stdout] 
[INFO] [stdout] error[E0432]: unresolved imports `accumulators::hasher::stark_poseidon`, `accumulators::store::sqlite`
[INFO] [stdout]  --> tests/merkle_tree/incremental.rs:6:17
[INFO] [stdout]   |
[INFO] [stdout] 6 |         hasher::stark_poseidon::StarkPoseidonHasher,
[INFO] [stdout]   |                 ^^^^^^^^^^^^^^ could not find `stark_poseidon` in `hasher`
[INFO] [stdout] 7 |         merkle_tree::incremental::IncrementalMerkleTree,
[INFO] [stdout] 8 |         store::{sqlite::SQLiteStore, SubKey},
[INFO] [stdout]   |                 ^^^^^^ could not find `sqlite` in `store`
[INFO] [stdout] 
[INFO] [stdout] 
[INFO] [stdout] error[E0433]: failed to resolve: could not find `merkle_tree` in `accumulators`
[INFO] [stdout]    --> tests/merkle_tree/incremental.rs:194:13
[INFO] [stdout]     |
[INFO] [stdout] 194 |             merkle_tree::incremental::IncrementalMerkleTree, store::memory::InMemoryStore,
[INFO] [stdout]     |             ^^^^^^^^^^^ could not find `merkle_tree` in `accumulators`
[INFO] [stdout]     |
[INFO] [stdout] note: found an item that was configured out
[INFO] [stdout]    --> /opt/rustwide/workdir/src/lib.rs:4:9
[INFO] [stdout]     |
[INFO] [stdout] 4   | pub mod merkle_tree;
[INFO] [stdout]     |         ^^^^^^^^^^^
[INFO] [stdout] note: the item is gated behind the `merkle_tree` feature
[INFO] [stdout]    --> /opt/rustwide/workdir/src/lib.rs:3:7
[INFO] [stdout]     |
[INFO] [stdout] 3   | #[cfg(feature = "merkle_tree")]
[INFO] [stdout]     |       ^^^^^^^^^^^^^^^^^^^^^^^
[INFO] [stdout] 
[INFO] [stdout] 
[INFO] [stdout] error[E0432]: unresolved imports `accumulators::hasher::stark_poseidon`, `accumulators::store::memory`
[INFO] [stdout]    --> tests/merkle_tree/incremental.rs:193:21
[INFO] [stdout]     |
[INFO] [stdout] 193 |             hasher::stark_poseidon::StarkPoseidonHasher,
[INFO] [stdout]     |                     ^^^^^^^^^^^^^^ could not find `stark_poseidon` in `hasher`
[INFO] [stdout] 194 |             merkle_tree::incremental::IncrementalMerkleTree, store::memory::InMemoryStore,
[INFO] [stdout]     |                                                                     ^^^^^^ could not find `memory` in `store`
[INFO] [stdout] 
[INFO] [stdout] 
[INFO] [stdout] error[E0432]: unresolved imports `accumulators::hasher::keccak`, `accumulators::hasher::stark_pedersen`, `accumulators::hasher::stark_poseidon`, `accumulators::mmr`, `accumulators::store::memory`, `accumulators::store::sqlite`
[INFO] [stdout]  --> tests/mmr/core.rs:5:9
[INFO] [stdout]   |
[INFO] [stdout] 5 |         keccak::KeccakHasher, stark_pedersen::StarkPedersenHasher,
[INFO] [stdout]   |         ^^^^^^                ^^^^^^^^^^^^^^ could not find `stark_pedersen` in `hasher`
[INFO] [stdout]   |         |
[INFO] [stdout]   |         could not find `keccak` in `hasher`
[INFO] [stdout] 6 |         stark_poseidon::StarkPoseidonHasher, Hasher,
[INFO] [stdout]   |         ^^^^^^^^^^^^^^ could not find `stark_poseidon` in `hasher`
[INFO] [stdout] 7 |     },
[INFO] [stdout] 8 |     mmr::{AppendResult, PeaksOptions, Proof, ProofOptions, MMR},
[INFO] [stdout]   |     ^^^ could not find `mmr` in `accumulators`
[INFO] [stdout] 9 |     store::{memory::InMemoryStore, sqlite::SQLiteStore, SubKey},
[INFO] [stdout]   |             ^^^^^^                 ^^^^^^ could not find `sqlite` in `store`
[INFO] [stdout]   |             |
[INFO] [stdout]   |             could not find `memory` in `store`
[INFO] [stdout]   |
[INFO] [stdout] note: found an item that was configured out
[INFO] [stdout]  --> /opt/rustwide/workdir/src/lib.rs:6:9
[INFO] [stdout]   |
[INFO] [stdout] 6 | pub mod mmr;
[INFO] [stdout]   |         ^^^
[INFO] [stdout] note: the item is gated behind the `mmr` feature
[INFO] [stdout]  --> /opt/rustwide/workdir/src/lib.rs:5:7
[INFO] [stdout]   |
[INFO] [stdout] 5 | #[cfg(feature = "mmr")]
[INFO] [stdout]   |       ^^^^^^^^^^^^^^^
[INFO] [stdout] 
[INFO] [stdout] 
[INFO] [stdout] error[E0432]: unresolved imports `accumulators::hasher::stark_poseidon`, `accumulators::mmr`, `accumulators::store::memory`
[INFO] [stdout]  --> tests/mmr/draft.rs:4:13
[INFO] [stdout]   |
[INFO] [stdout] 4 |     hasher::stark_poseidon::StarkPoseidonHasher, mmr::MMR, store::memory::InMemoryStore,
[INFO] [stdout]   |             ^^^^^^^^^^^^^^                       ^^^              ^^^^^^ could not find `memory` in `store`
[INFO] [stdout]   |             |                                    |
[INFO] [stdout]   |             |                                    could not find `mmr` in `accumulators`
[INFO] [stdout]   |             could not find `stark_poseidon` in `hasher`
[INFO] [stdout]   |
[INFO] [stdout] note: found an item that was configured out
[INFO] [stdout]  --> /opt/rustwide/workdir/src/lib.rs:6:9
[INFO] [stdout]   |
[INFO] [stdout] 6 | pub mod mmr;
[INFO] [stdout]   |         ^^^
[INFO] [stdout] note: the item is gated behind the `mmr` feature
[INFO] [stdout]  --> /opt/rustwide/workdir/src/lib.rs:5:7
[INFO] [stdout]   |
[INFO] [stdout] 5 | #[cfg(feature = "mmr")]
[INFO] [stdout]   |       ^^^^^^^^^^^^^^^
[INFO] [stdout] 
[INFO] [stdout] 
[INFO] [stdout] error[E0432]: unresolved import `accumulators::mmr`
[INFO] [stdout]  --> tests/mmr/helpers.rs:1:19
[INFO] [stdout]   |
[INFO] [stdout] 1 | use accumulators::mmr::{
[INFO] [stdout]   |                   ^^^ could not find `mmr` in `accumulators`
[INFO] [stdout]   |
[INFO] [stdout] note: found an item that was configured out
[INFO] [stdout]  --> /opt/rustwide/workdir/src/lib.rs:6:9
[INFO] [stdout]   |
[INFO] [stdout] 6 | pub mod mmr;
[INFO] [stdout]   |         ^^^
[INFO] [stdout] note: the item is gated behind the `mmr` feature
[INFO] [stdout]  --> /opt/rustwide/workdir/src/lib.rs:5:7
[INFO] [stdout]   |
[INFO] [stdout] 5 | #[cfg(feature = "mmr")]
[INFO] [stdout]   |       ^^^^^^^^^^^^^^^
[INFO] [stdout] 
[INFO] [stdout] 
[INFO] [stdout] error[E0432]: unresolved imports `accumulators::hasher::stark_poseidon`, `accumulators::mmr`, `accumulators::store::sqlite`
[INFO] [stdout]  --> tests/mmr/stacked.rs:4:13
[INFO] [stdout]   |
[INFO] [stdout] 4 |     hasher::stark_poseidon::StarkPoseidonHasher, mmr::MMR, store::sqlite::SQLiteStore,
[INFO] [stdout]   |             ^^^^^^^^^^^^^^                       ^^^              ^^^^^^ could not find `sqlite` in `store`
[INFO] [stdout]   |             |                                    |
[INFO] [stdout]   |             |                                    could not find `mmr` in `accumulators`
[INFO] [stdout]   |             could not find `stark_poseidon` in `hasher`
[INFO] [stdout]   |
[INFO] [stdout] note: found an item that was configured out
[INFO] [stdout]  --> /opt/rustwide/workdir/src/lib.rs:6:9
[INFO] [stdout]   |
[INFO] [stdout] 6 | pub mod mmr;
[INFO] [stdout]   |         ^^^
[INFO] [stdout] note: the item is gated behind the `mmr` feature
[INFO] [stdout]  --> /opt/rustwide/workdir/src/lib.rs:5:7
[INFO] [stdout]   |
[INFO] [stdout] 5 | #[cfg(feature = "mmr")]
[INFO] [stdout]   |       ^^^^^^^^^^^^^^^
[INFO] [stdout] 
[INFO] [stdout] 
[INFO] [stdout] error[E0432]: unresolved imports `accumulators::hasher::stark_poseidon`, `accumulators::mmr`, `accumulators::store::memory`
[INFO] [stdout]    --> tests/mmr/draft.rs:134:17
[INFO] [stdout]     |
[INFO] [stdout] 134 |         hasher::stark_poseidon::StarkPoseidonHasher, mmr::MMR, store::memory::InMemoryStore,
[INFO] [stdout]     |                 ^^^^^^^^^^^^^^                       ^^^              ^^^^^^ could not find `memory` in `store`
[INFO] [stdout]     |                 |                                    |
[INFO] [stdout]     |                 |                                    could not find `mmr` in `accumulators`
[INFO] [stdout]     |                 could not find `stark_poseidon` in `hasher`
[INFO] [stdout]     |
[INFO] [stdout] note: found an item that was configured out
[INFO] [stdout]    --> /opt/rustwide/workdir/src/lib.rs:6:9
[INFO] [stdout]     |
[INFO] [stdout] 6   | pub mod mmr;
[INFO] [stdout]     |         ^^^
[INFO] [stdout] note: the item is gated behind the `mmr` feature
[INFO] [stdout]    --> /opt/rustwide/workdir/src/lib.rs:5:7
[INFO] [stdout]     |
[INFO] [stdout] 5   | #[cfg(feature = "mmr")]
[INFO] [stdout]     |       ^^^^^^^^^^^^^^^
[INFO] [stdout] 
[INFO] [stdout] 
[INFO] [stdout] error[E0432]: unresolved imports `accumulators::hasher::stark_poseidon`, `accumulators::mmr`, `accumulators::store::memory`
[INFO] [stdout]    --> tests/mmr/stacked.rs:216:17
[INFO] [stdout]     |
[INFO] [stdout] 216 |         hasher::stark_poseidon::StarkPoseidonHasher, mmr::MMR, store::memory::InMemoryStore,
[INFO] [stdout]     |                 ^^^^^^^^^^^^^^                       ^^^              ^^^^^^ could not find `memory` in `store`
[INFO] [stdout]     |                 |                                    |
[INFO] [stdout]     |                 |                                    could not find `mmr` in `accumulators`
[INFO] [stdout]     |                 could not find `stark_poseidon` in `hasher`
[INFO] [stdout]     |
[INFO] [stdout] note: found an item that was configured out
[INFO] [stdout]    --> /opt/rustwide/workdir/src/lib.rs:6:9
[INFO] [stdout]     |
[INFO] [stdout] 6   | pub mod mmr;
[INFO] [stdout]     |         ^^^
[INFO] [stdout] note: the item is gated behind the `mmr` feature
[INFO] [stdout]    --> /opt/rustwide/workdir/src/lib.rs:5:7
[INFO] [stdout]     |
[INFO] [stdout] 5   | #[cfg(feature = "mmr")]
[INFO] [stdout]     |       ^^^^^^^^^^^^^^^
[INFO] [stdout] 
[INFO] [stdout] 
[INFO] [stdout] Some errors have detailed explanations: E0432, E0433.
[INFO] [stdout] 
[INFO] [stdout] For more information about an error, try `rustc --explain E0432`.
[INFO] [stdout] 
[INFO] [stdout] For more information about this error, try `rustc --explain E0432`.
[INFO] [stdout] 
[INFO] [stderr] error: could not compile `accumulators` (test "merkle_tree") due to 4 previous errors
[INFO] [stderr] warning: build failed, waiting for other jobs to finish...
[INFO] [stderr] error: could not compile `accumulators` (test "store") due to 2 previous errors
[INFO] [stdout] For more information about this error, try `rustc --explain E0432`.
[INFO] [stdout] 
[INFO] [stderr] error: could not compile `accumulators` (test "hasher") due to 3 previous errors
[INFO] [stdout] error[E0282]: type annotations needed for `&_`
[INFO] [stdout]    --> tests/mmr/core.rs:214:13
[INFO] [stdout]     |
[INFO] [stdout] 214 |         let pedersen_mmr_clone = &pedersen_mmr;
[INFO] [stdout]     |             ^^^^^^^^^^^^^^^^^^
[INFO] [stdout] ...
[INFO] [stdout] 217 |             .get_proof(
[INFO] [stdout]     |              --------- type must be known at this point
[INFO] [stdout]     |
[INFO] [stdout] help: consider giving `pedersen_mmr_clone` an explicit type, where the placeholders `_` are specified
[INFO] [stdout]     |
[INFO] [stdout] 214 |         let pedersen_mmr_clone: &_ = &pedersen_mmr;
[INFO] [stdout]     |                               ++++
[INFO] [stdout] 
[INFO] [stdout] 
[INFO] [stdout] error[E0282]: type annotations needed for `&_`
[INFO] [stdout]    --> tests/mmr/core.rs:250:13
[INFO] [stdout]     |
[INFO] [stdout] 250 |         let keccak_mmr_clone = &keccak_mmr;
[INFO] [stdout]     |             ^^^^^^^^^^^^^^^^
[INFO] [stdout] ...
[INFO] [stdout] 253 |             .get_proof(
[INFO] [stdout]     |              --------- type must be known at this point
[INFO] [stdout]     |
[INFO] [stdout] help: consider giving `keccak_mmr_clone` an explicit type, where the placeholders `_` are specified
[INFO] [stdout]     |
[INFO] [stdout] 250 |         let keccak_mmr_clone: &_ = &keccak_mmr;
[INFO] [stdout]     |                             ++++
[INFO] [stdout] 
[INFO] [stdout] 
[INFO] [stdout] error[E0282]: type annotations needed for `&_`
[INFO] [stdout]    --> tests/mmr/core.rs:286:13
[INFO] [stdout]     |
[INFO] [stdout] 286 |         let poseidon_mmr_clone = &poseidon_mmr;
[INFO] [stdout]     |             ^^^^^^^^^^^^^^^^^^
[INFO] [stdout] ...
[INFO] [stdout] 289 |             .get_proof(
[INFO] [stdout]     |              --------- type must be known at this point
[INFO] [stdout]     |
[INFO] [stdout] help: consider giving `poseidon_mmr_clone` an explicit type, where the placeholders `_` are specified
[INFO] [stdout]     |
[INFO] [stdout] 286 |         let poseidon_mmr_clone: &_ = &poseidon_mmr;
[INFO] [stdout]     |                               ++++
[INFO] [stdout] 
[INFO] [stdout] 
[INFO] [stdout] Some errors have detailed explanations: E0282, E0432.
[INFO] [stdout] 
[INFO] [stdout] For more information about an error, try `rustc --explain E0282`.
[INFO] [stdout] 
[INFO] [stderr] error: could not compile `accumulators` (test "mmr") due to 9 previous errors
[INFO] running `Command { std: "docker" "inspect" "55a143f252f203503c8491175e2552976546228c9926536e65a0098d6c8b5dfa", kill_on_drop: false }`
[INFO] running `Command { std: "docker" "rm" "-f" "55a143f252f203503c8491175e2552976546228c9926536e65a0098d6c8b5dfa", kill_on_drop: false }`
[INFO] [stdout] 55a143f252f203503c8491175e2552976546228c9926536e65a0098d6c8b5dfa
