[INFO] fetching crate accesskit_winit 0.22.4...
[INFO] testing accesskit_winit-0.22.4 against nightly-2024-10-28 for randomize-layout
[INFO] extracting crate accesskit_winit 0.22.4 into /workspace/builds/worker-0-tc1/source
[INFO] validating manifest of crates.io crate accesskit_winit 0.22.4 on toolchain nightly-2024-10-28
[INFO] running `Command { std: CARGO_HOME="/workspace/cargo-home" RUSTUP_HOME="/workspace/rustup-home" "/workspace/cargo-home/bin/cargo" "+nightly-2024-10-28" "metadata" "--manifest-path" "Cargo.toml" "--no-deps", kill_on_drop: false }`
[INFO] started tweaking crates.io crate accesskit_winit 0.22.4
[INFO] removed 0 missing examples
[INFO] finished tweaking crates.io crate accesskit_winit 0.22.4
[INFO] tweaked toml for crates.io crate accesskit_winit 0.22.4 written to /workspace/builds/worker-0-tc1/source/Cargo.toml
[INFO] crate crates.io crate accesskit_winit 0.22.4 already has a lockfile, it will not be regenerated
[INFO] running `Command { std: CARGO_HOME="/workspace/cargo-home" RUSTUP_HOME="/workspace/rustup-home" "/workspace/cargo-home/bin/cargo" "+nightly-2024-10-28" "fetch" "--manifest-path" "Cargo.toml", kill_on_drop: false }`
[INFO] [stderr]     Updating crates.io index
[INFO] [stderr]  Downloading crates ...
[INFO] [stderr]   Downloaded xkbcommon-dl v0.4.2
[INFO] [stderr]   Downloaded log v0.4.17
[INFO] [stderr]   Downloaded libloading v0.8.3
[INFO] [stderr]   Downloaded dlib v0.5.2
[INFO] [stderr]   Downloaded gethostname v0.4.3
[INFO] [stderr]   Downloaded libredox v0.0.2
[INFO] [stderr]   Downloaded zerocopy-derive v0.7.32
[INFO] [stderr]   Downloaded cesu8 v1.1.0
[INFO] [stderr]   Downloaded smol_str v0.2.0
[INFO] [stderr]   Downloaded foreign-types-shared v0.3.1
[INFO] [stderr]   Downloaded core-foundation-sys v0.8.3
[INFO] [stderr]   Downloaded block2 v0.5.0
[INFO] [stderr]   Downloaded walkdir v2.4.0
[INFO] [stderr]   Downloaded objc2-core-data v0.2.0
[INFO] [stderr]   Downloaded indexmap v1.9.2
[INFO] [stderr]   Downloaded ndk-context v0.1.1
[INFO] [stderr]   Downloaded jni-sys v0.3.0
[INFO] [stderr]   Downloaded blocking v1.6.1
[INFO] [stderr]   Downloaded polling v3.3.0
[INFO] [stderr]   Downloaded cfg_aliases v0.2.0
[INFO] [stderr]   Downloaded accesskit_macos v0.17.4
[INFO] [stderr]   Downloaded piper v0.2.4
[INFO] [stderr]   Downloaded wasm-bindgen v0.2.90
[INFO] [stderr]   Downloaded accesskit_atspi_common v0.9.3
[INFO] [stderr]   Downloaded async-lock v3.4.0
[INFO] [stderr]   Downloaded atspi-common v0.6.0
[INFO] [stderr]   Downloaded zvariant v4.2.0
[INFO] [stderr]   Downloaded jni v0.21.1
[INFO] [stderr]   Downloaded combine v4.6.6
[INFO] [stderr]   Downloaded objc2-foundation v0.2.0
[INFO] [stderr]   Downloaded immutable-chunkmap v2.0.5
[INFO] [stderr]   Downloaded zbus v4.4.0
[INFO] [stderr]   Downloaded ndk-sys v0.6.0+11769913
[INFO] [stderr]   Downloaded objc2-app-kit v0.2.0
[INFO] [stderr]   Downloaded windows_x86_64_gnullvm v0.48.0
[INFO] [stderr]   Downloaded windows_aarch64_gnullvm v0.48.0
[INFO] [stderr]   Downloaded android-activity v0.6.0
[INFO] [stderr]   Downloaded winit v0.30.0
[INFO] [stderr]   Downloaded rustix v0.36.9
[INFO] [stderr]   Downloaded rustix v0.38.21
[INFO] [stderr]   Downloaded nix v0.29.0
[INFO] [stderr]   Downloaded accesskit_windows v0.23.2
[INFO] [stderr]   Downloaded zerocopy v0.7.32
[INFO] [stderr]   Downloaded winnow v0.3.6
[INFO] [stderr]   Downloaded x11rb-protocol v0.13.0
[INFO] [stderr]   Downloaded nix v0.26.2
[INFO] [stderr]   Downloaded async-process v2.3.0
[INFO] [stderr]   Downloaded async-channel v2.3.1
[INFO] [stderr]   Downloaded futures-lite v2.3.0
[INFO] [stderr]   Downloaded windows_aarch64_msvc v0.48.0
[INFO] [stderr]   Downloaded windows_i686_gnu v0.48.0
[INFO] [stderr]   Downloaded web-sys v0.3.65
[INFO] [stderr]   Downloaded windows_i686_msvc v0.48.0
[INFO] [stderr]   Downloaded windows_x86_64_gnu v0.48.0
[INFO] [stderr]   Downloaded windows_x86_64_msvc v0.48.0
[INFO] [stderr]   Downloaded ordered-stream v0.2.0
[INFO] [stderr]   Downloaded io-lifetimes v1.0.7
[INFO] [stderr]   Downloaded accesskit v0.16.3
[INFO] [stderr]   Downloaded windows-implement v0.58.0
[INFO] [stderr]   Downloaded windows-core v0.58.0
[INFO] [stderr]   Downloaded getrandom v0.2.8
[INFO] [stderr]   Downloaded bytes v1.4.0
[INFO] [stderr]   Downloaded objc2 v0.5.1
[INFO] [stderr]   Downloaded ttf-parser v0.18.1
[INFO] [stderr]   Downloaded tiny-skia v0.11.2
[INFO] [stderr]   Downloaded atspi-connection v0.6.0
[INFO] [stderr]   Downloaded atspi-proxies v0.6.0
[INFO] [stderr]   Downloaded atspi v0.22.0
[INFO] [stderr]   Downloaded linux-raw-sys v0.1.4
[INFO] [stderr]   Downloaded async-fs v2.1.2
[INFO] [stderr]   Downloaded async-io v2.3.4
[INFO] [stderr]   Downloaded uds_windows v1.1.0
[INFO] [stderr]   Downloaded zbus_names v3.0.0
[INFO] [stderr]   Downloaded enumflags2_derive v0.7.10
[INFO] [stderr]   Downloaded accesskit_consumer v0.24.3
[INFO] [stderr]   Downloaded smithay-client-toolkit v0.18.0
[INFO] [stderr]   Downloaded x11rb v0.13.0
[INFO] [stderr]   Downloaded generic-array v0.14.6
[INFO] [stderr]   Downloaded fastrand v1.9.0
[INFO] [stderr]   Downloaded zvariant_derive v4.2.0
[INFO] [stderr]   Downloaded paste v1.0.12
[INFO] [stderr]   Downloaded quick-xml v0.30.0
[INFO] [stderr]   Downloaded async-executor v1.13.1
[INFO] [stderr]   Downloaded async-task v4.7.1
[INFO] [stderr]   Downloaded tempfile v3.4.0
[INFO] [stderr]   Downloaded zbus_macros v4.4.0
[INFO] [stderr]   Downloaded orbclient v0.3.47
[INFO] [stderr]   Downloaded endi v1.1.0
[INFO] [stderr]   Downloaded windows-interface v0.58.0
[INFO] [stderr]   Downloaded toml_edit v0.19.7
[INFO] [stderr]   Downloaded ndk v0.9.0
[INFO] [stderr]   Downloaded zbus-lockstep v0.4.4
[INFO] [stderr]   Downloaded zbus_xml v4.0.0
[INFO] [stderr]   Downloaded zbus-lockstep-macros v0.4.4
[INFO] [stderr]   Downloaded xdg-home v1.3.0
[INFO] [stderr]   Downloaded zvariant_utils v2.1.0
[INFO] [stderr]   Downloaded owned_ttf_parser v0.18.1
[INFO] [stderr]   Downloaded unicode-segmentation v1.10.1
[INFO] [stderr]   Downloaded calloop v0.12.3
[INFO] [stderr]   Downloaded wayland-client v0.31.1
[INFO] [stderr]   Downloaded wayland-protocols v0.31.0
[INFO] [stderr]   Downloaded cpufeatures v0.2.5
[INFO] [stderr]   Downloaded errno v0.2.8
[INFO] [stderr]   Downloaded foreign-types v0.5.0
[INFO] [stderr]   Downloaded core-graphics v0.23.1
[INFO] [stderr]   Downloaded bytemuck v1.13.1
[INFO] [stderr]   Downloaded crossbeam-utils v0.8.15
[INFO] [stderr]   Downloaded wayland-protocols-wlr v0.2.0
[INFO] [stderr]   Downloaded wayland-backend v0.3.2
[INFO] [stderr]   Downloaded js-sys v0.3.65
[INFO] [stderr]   Downloaded bumpalo v3.12.0
[INFO] [stderr]   Downloaded x11-dl v2.21.0
[INFO] [stderr]   Downloaded num_enum v0.7.1
[INFO] [stderr]   Downloaded objc-sys v0.3.3
[INFO] [stderr]   Downloaded percent-encoding v2.2.0
[INFO] [stderr]   Downloaded ab_glyph v0.2.20
[INFO] [stderr]   Downloaded arrayvec v0.7.2
[INFO] [stderr]   Downloaded thiserror v1.0.64
[INFO] [stderr]   Downloaded wasm-bindgen-futures v0.4.38
[INFO] [stderr]   Downloaded scoped-tls v1.0.1
[INFO] [stderr]   Downloaded smallvec v1.10.0
[INFO] [stderr]   Downloaded proc-macro2 v1.0.87
[INFO] [stderr]   Downloaded unicode-ident v1.0.8
[INFO] [stderr]   Downloaded wasm-bindgen-macro-support v0.2.90
[INFO] [stderr]   Downloaded cc v1.0.79
[INFO] [stderr]   Downloaded xkeysym v0.2.0
[INFO] [stderr]   Downloaded async-signal v0.2.10
[INFO] [stderr]   Downloaded enumflags2 v0.7.10
[INFO] [stderr]   Downloaded accesskit_unix v0.12.3
[INFO] [stderr]   Downloaded foreign-types-macros v0.2.3
[INFO] [stderr]   Downloaded dispatch v0.2.0
[INFO] [stderr]   Downloaded ab_glyph_rasterizer v0.1.8
[INFO] [stderr]   Downloaded strict-num v0.1.0
[INFO] [stderr]   Downloaded thiserror-impl v1.0.64
[INFO] [stderr]   Downloaded xcursor v0.3.4
[INFO] [stderr]   Downloaded memoffset v0.7.1
[INFO] [stderr]   Downloaded wayland-scanner v0.31.0
[INFO] [stderr]   Downloaded tiny-skia-path v0.11.2
[INFO] [stderr]   Downloaded sctk-adwaita v0.9.0
[INFO] [stderr]   Downloaded calloop-wayland-source v0.2.0
[INFO] [stderr]   Downloaded memmap2 v0.9.0
[INFO] [stderr]   Downloaded wayland-csd-frame v0.3.0
[INFO] [stderr]   Downloaded wayland-protocols-plasma v0.2.0
[INFO] [stderr]   Downloaded wasm-bindgen-shared v0.2.90
[INFO] [stderr]   Downloaded jobserver v0.1.26
[INFO] [stderr]   Downloaded bitflags v2.4.1
[INFO] [stderr]   Downloaded as-raw-xcb-connection v1.0.0
[INFO] [stderr]   Downloaded core-graphics-types v0.1.1
[INFO] [stderr]   Downloaded num_enum_derive v0.7.1
[INFO] [stderr]   Downloaded objc2-encode v4.0.1
[INFO] [stderr]   Downloaded wasm-bindgen-backend v0.2.90
[INFO] [stderr]   Downloaded dpi v0.1.1
[INFO] [stderr]   Downloaded raw-window-handle v0.6.2
[INFO] [stderr]   Downloaded arrayref v0.3.6
[INFO] [stderr]   Downloaded slab v0.4.8
[INFO] [stderr]   Downloaded cursor-icon v1.1.0
[INFO] [stderr]   Downloaded wayland-sys v0.31.1
[INFO] [stderr]   Downloaded pkg-config v0.3.26
[INFO] [stderr]   Downloaded windows-targets v0.48.1
[INFO] [stderr]   Downloaded wasm-bindgen-macro v0.2.90
[INFO] [stderr]   Downloaded errno v0.3.3
[INFO] [stderr]   Downloaded windows-sys v0.42.0
[INFO] [stderr]   Downloaded downcast-rs v1.2.0
[INFO] [stderr]   Downloaded android-properties v0.2.2
[INFO] [stderr]   Downloaded wayland-cursor v0.31.0
[INFO] [stderr]   Downloaded windows v0.58.0
[INFO] running `Command { std: "docker" "create" "-v" "/var/lib/crater-agent-workspace/builds/worker-0-tc1/target:/opt/rustwide/target:rw,Z" "-v" "/var/lib/crater-agent-workspace/builds/worker-0-tc1/source:/opt/rustwide/workdir:ro,Z" "-v" "/var/lib/crater-agent-workspace/cargo-home:/opt/rustwide/cargo-home:ro,Z" "-v" "/var/lib/crater-agent-workspace/rustup-home:/opt/rustwide/rustup-home:ro,Z" "-e" "SOURCE_DIR=/opt/rustwide/workdir" "-e" "CARGO_TARGET_DIR=/opt/rustwide/target" "-e" "CARGO_HOME=/opt/rustwide/cargo-home" "-e" "RUSTUP_HOME=/opt/rustwide/rustup-home" "-w" "/opt/rustwide/workdir" "-m" "1610612736" "--user" "0:0" "--network" "none" "ghcr.io/rust-lang/crates-build-env/linux@sha256:4a844ea9eb2546a2d2c7022eacef16ef2e8229c7fbb2c7d4d55a9ceca922f72d" "/opt/rustwide/cargo-home/bin/cargo" "+nightly-2024-10-28" "metadata" "--no-deps" "--format-version=1", kill_on_drop: false }`
[INFO] [stdout] da1fccfcfbf2b4490d048ca9655be0674cb31d8264c45ab89759c2afb9a1804d
[INFO] running `Command { std: "docker" "start" "-a" "da1fccfcfbf2b4490d048ca9655be0674cb31d8264c45ab89759c2afb9a1804d", kill_on_drop: false }`
[INFO] running `Command { std: "docker" "inspect" "da1fccfcfbf2b4490d048ca9655be0674cb31d8264c45ab89759c2afb9a1804d", kill_on_drop: false }`
[INFO] running `Command { std: "docker" "rm" "-f" "da1fccfcfbf2b4490d048ca9655be0674cb31d8264c45ab89759c2afb9a1804d", kill_on_drop: false }`
[INFO] [stdout] da1fccfcfbf2b4490d048ca9655be0674cb31d8264c45ab89759c2afb9a1804d
[INFO] running `Command { std: "docker" "create" "-v" "/var/lib/crater-agent-workspace/builds/worker-0-tc1/target:/opt/rustwide/target:rw,Z" "-v" "/var/lib/crater-agent-workspace/builds/worker-0-tc1/source:/opt/rustwide/workdir:ro,Z" "-v" "/var/lib/crater-agent-workspace/cargo-home:/opt/rustwide/cargo-home:ro,Z" "-v" "/var/lib/crater-agent-workspace/rustup-home:/opt/rustwide/rustup-home:ro,Z" "-e" "SOURCE_DIR=/opt/rustwide/workdir" "-e" "CARGO_TARGET_DIR=/opt/rustwide/target" "-e" "CARGO_INCREMENTAL=0" "-e" "RUST_BACKTRACE=full" "-e" "RUSTFLAGS=--cap-lints=forbid" "-e" "RUSTDOCFLAGS=--cap-lints=forbid" "-e" "CARGO_HOME=/opt/rustwide/cargo-home" "-e" "RUSTUP_HOME=/opt/rustwide/rustup-home" "-w" "/opt/rustwide/workdir" "-m" "1610612736" "--user" "0:0" "--network" "none" "ghcr.io/rust-lang/crates-build-env/linux@sha256:4a844ea9eb2546a2d2c7022eacef16ef2e8229c7fbb2c7d4d55a9ceca922f72d" "/opt/rustwide/cargo-home/bin/cargo" "+nightly-2024-10-28" "build" "--frozen" "--message-format=json", kill_on_drop: false }`
[INFO] [stdout] 2f63fccce1428a99f662f56f783dd267d91fdcb2b1496bb216216e80a39fc5ab
[INFO] running `Command { std: "docker" "start" "-a" "2f63fccce1428a99f662f56f783dd267d91fdcb2b1496bb216216e80a39fc5ab", kill_on_drop: false }`
[INFO] [stderr]    Compiling proc-macro2 v1.0.87
[INFO] [stderr]    Compiling unicode-ident v1.0.8
[INFO] [stderr]    Compiling pin-project-lite v0.2.13
[INFO] [stderr]    Compiling autocfg v1.1.0
[INFO] [stderr]    Compiling crossbeam-utils v0.8.15
[INFO] [stderr]    Compiling parking v2.2.1
[INFO] [stderr]    Compiling equivalent v1.0.1
[INFO] [stderr]    Compiling hashbrown v0.15.0
[INFO] [stderr]    Compiling toml_datetime v0.6.8
[INFO] [stderr]    Compiling serde v1.0.210
[INFO] [stderr]    Compiling futures-core v0.3.31
[INFO] [stderr]    Compiling winnow v0.6.20
[INFO] [stderr]    Compiling libc v0.2.159
[INFO] [stderr]    Compiling memchr v2.5.0
[INFO] [stderr]    Compiling bitflags v2.4.1
[INFO] [stderr]    Compiling futures-io v0.3.31
[INFO] [stderr]    Compiling typenum v1.16.0
[INFO] [stderr]    Compiling once_cell v1.19.0
[INFO] [stderr]    Compiling version_check v0.9.4
[INFO] [stderr]    Compiling fastrand v2.1.1
[INFO] [stderr]    Compiling cfg_aliases v0.2.0
[INFO] [stderr]    Compiling rustix v0.38.21
[INFO] [stderr]    Compiling tracing-core v0.1.32
[INFO] [stderr]    Compiling linux-raw-sys v0.4.10
[INFO] [stderr]    Compiling endi v1.1.0
[INFO] [stderr]    Compiling async-task v4.7.1
[INFO] [stderr]    Compiling atomic-waker v1.1.2
[INFO] [stderr]    Compiling futures-lite v2.3.0
[INFO] [stderr]    Compiling slab v0.4.8
[INFO] [stderr]    Compiling memoffset v0.9.0
[INFO] [stderr]    Compiling generic-array v0.14.6
[INFO] [stderr]    Compiling piper v0.2.4
[INFO] [stderr]    Compiling concurrent-queue v2.5.0
[INFO] [stderr]    Compiling nix v0.29.0
[INFO] [stderr]    Compiling ppv-lite86 v0.2.17
[INFO] [stderr]    Compiling futures-sink v0.3.31
[INFO] [stderr]    Compiling futures-task v0.3.31
[INFO] [stderr]    Compiling cpufeatures v0.2.5
[INFO] [stderr]    Compiling event-listener v5.3.1
[INFO] [stderr]    Compiling ordered-stream v0.2.0
[INFO] [stderr]    Compiling thiserror v1.0.64
[INFO] [stderr]    Compiling indexmap v2.6.0
[INFO] [stderr]    Compiling log v0.4.17
[INFO] [stderr]    Compiling arrayvec v0.7.2
[INFO] [stderr]    Compiling quote v1.0.37
[INFO] [stderr]    Compiling event-listener-strategy v0.5.2
[INFO] [stderr]    Compiling libloading v0.8.3
[INFO] [stderr]    Compiling immutable-chunkmap v2.0.5
[INFO] [stderr]    Compiling accesskit v0.16.3
[INFO] [stderr]    Compiling winit v0.30.0
[INFO] [stderr]    Compiling async-channel v2.3.1
[INFO] [stderr]    Compiling async-lock v3.4.0
[INFO] [stderr]    Compiling async-broadcast v0.7.1
[INFO] [stderr]    Compiling syn v2.0.79
[INFO] [stderr]    Compiling dlib v0.5.2
[INFO] [stderr]    Compiling xkeysym v0.2.0
[INFO] [stderr]    Compiling dpi v0.1.1
[INFO] [stderr]    Compiling raw-window-handle v0.6.2
[INFO] [stderr]    Compiling blocking v1.6.1
[INFO] [stderr]    Compiling async-executor v1.13.1
[INFO] [stderr]    Compiling smol_str v0.2.0
[INFO] [stderr]    Compiling cursor-icon v1.1.0
[INFO] [stderr]    Compiling accesskit_consumer v0.24.3
[INFO] [stderr]    Compiling async-fs v2.1.2
[INFO] [stderr]    Compiling getrandom v0.2.8
[INFO] [stderr]    Compiling xdg-home v1.3.0
[INFO] [stderr]    Compiling xkbcommon-dl v0.4.2
[INFO] [stderr]    Compiling rand_core v0.6.4
[INFO] [stderr]    Compiling block-buffer v0.10.4
[INFO] [stderr]    Compiling crypto-common v0.1.6
[INFO] [stderr]    Compiling digest v0.10.7
[INFO] [stderr]    Compiling rand_chacha v0.3.1
[INFO] [stderr]    Compiling toml_edit v0.22.22
[INFO] [stderr]    Compiling sha1 v0.10.6
[INFO] [stderr]    Compiling rand v0.8.5
[INFO] [stderr]    Compiling proc-macro-crate v3.2.0
[INFO] [stderr]    Compiling zvariant_utils v2.1.0
[INFO] [stderr]    Compiling serde_derive v1.0.210
[INFO] [stderr]    Compiling enumflags2_derive v0.7.10
[INFO] [stderr]    Compiling zvariant_derive v4.2.0
[INFO] [stderr]    Compiling tracing-attributes v0.1.27
[INFO] [stderr]    Compiling futures-macro v0.3.31
[INFO] [stderr]    Compiling zbus_macros v4.4.0
[INFO] [stderr]    Compiling async-trait v0.1.83
[INFO] [stderr]    Compiling serde_repr v0.1.19
[INFO] [stderr]    Compiling thiserror-impl v1.0.64
[INFO] [stderr]    Compiling futures-util v0.3.31
[INFO] [stderr]    Compiling tracing v0.1.40
[INFO] [stderr]    Compiling polling v3.3.0
[INFO] [stderr]    Compiling async-io v2.3.4
[INFO] [stderr]    Compiling calloop v0.12.3
[INFO] [stdout] error: The platform you're compiling for is not supported by winit
[INFO] [stdout]   --> /opt/rustwide/cargo-home/registry/src/index.crates.io-6f17d22bba15001f/winit-0.30.0/src/platform_impl/mod.rs:70:1
[INFO] [stdout]    |
[INFO] [stdout] 70 | compile_error!("The platform you're compiling for is not supported by winit");
[INFO] [stdout]    | ^^^^^^^^^^^^^^^^^^^^^^^^^^^^^^^^^^^^^^^^^^^^^^^^^^^^^^^^^^^^^^^^^^^^^^^^^^^^^
[INFO] [stdout] 
[INFO] [stdout] 
[INFO] [stdout] error[E0432]: unresolved import `self::platform`
[INFO] [stdout]   --> /opt/rustwide/cargo-home/registry/src/index.crates.io-6f17d22bba15001f/winit-0.30.0/src/platform_impl/mod.rs:26:15
[INFO] [stdout]    |
[INFO] [stdout] 26 | pub use self::platform::*;
[INFO] [stdout]    |               ^^^^^^^^ could not find `platform` in `self`
[INFO] [stdout] 
[INFO] [stdout] 
[INFO] [stdout] error[E0432]: unresolved imports `crate::platform_impl::PlatformCustomCursor`, `crate::platform_impl::PlatformCustomCursorSource`
[INFO] [stdout]  --> /opt/rustwide/cargo-home/registry/src/index.crates.io-6f17d22bba15001f/winit-0.30.0/src/cursor.rs:8:28
[INFO] [stdout]   |
[INFO] [stdout] 8 | use crate::platform_impl::{PlatformCustomCursor, PlatformCustomCursorSource};
[INFO] [stdout]   |                            ^^^^^^^^^^^^^^^^^^^^  ^^^^^^^^^^^^^^^^^^^^^^^^^^ no `PlatformCustomCursorSource` in `platform_impl`
[INFO] [stdout]   |                            |
[INFO] [stdout]   |                            no `PlatformCustomCursor` in `platform_impl`
[INFO] [stdout] 
[INFO] [stdout] 
[INFO] [stdout] error[E0432]: unresolved import `crate::platform_impl::PlatformIcon`
[INFO] [stdout]  --> /opt/rustwide/cargo-home/registry/src/index.crates.io-6f17d22bba15001f/winit-0.30.0/src/icon.rs:1:5
[INFO] [stdout]   |
[INFO] [stdout] 1 | use crate::platform_impl::PlatformIcon;
[INFO] [stdout]   |     ^^^^^^^^^^^^^^^^^^^^^^^^^^^^^^^^^^ no `PlatformIcon` in `platform_impl`
[INFO] [stdout] 
[INFO] [stdout] 
[INFO] [stdout] error[E0432]: unresolved import `crate::platform_impl::PlatformSpecificWindowAttributes`
[INFO] [stdout]  --> /opt/rustwide/cargo-home/registry/src/index.crates.io-6f17d22bba15001f/winit-0.30.0/src/window.rs:7:34
[INFO] [stdout]   |
[INFO] [stdout] 7 | use crate::platform_impl::{self, PlatformSpecificWindowAttributes};
[INFO] [stdout]   |                                  ^^^^^^^^^^^^^^^^^^^^^^^^^^^^^^^^ no `PlatformSpecificWindowAttributes` in `platform_impl`
[INFO] [stdout] 
[INFO] [stdout] 
[INFO] [stdout] error[E0369]: binary operation `==` cannot be applied to type `&Option<MonitorHandle>`
[INFO] [stdout]     --> /opt/rustwide/cargo-home/registry/src/index.crates.io-6f17d22bba15001f/winit-0.30.0/src/window.rs:1751:16
[INFO] [stdout]      |
[INFO] [stdout] 1746 | #[derive(Clone, Debug, PartialEq, Eq)]
[INFO] [stdout]      |                        --------- in this derive macro expansion
[INFO] [stdout] ...
[INFO] [stdout] 1751 |     Borderless(Option<MonitorHandle>),
[INFO] [stdout]      |                ^^^^^^^^^^^^^^^^^^^^^
[INFO] [stdout]      |
[INFO] [stdout]      = note: this error originates in the derive macro `PartialEq` (in Nightly builds, run with -Z macro-backtrace for more info)
[INFO] [stdout] 
[INFO] [stdout] 
[INFO] [stdout] Some errors have detailed explanations: E0369, E0432.
[INFO] [stdout] 
[INFO] [stdout] For more information about an error, try `rustc --explain E0369`.
[INFO] [stdout] 
[INFO] [stderr] error: could not compile `winit` (lib) due to 6 previous errors
[INFO] [stderr] warning: build failed, waiting for other jobs to finish...
[INFO] running `Command { std: "docker" "inspect" "2f63fccce1428a99f662f56f783dd267d91fdcb2b1496bb216216e80a39fc5ab", kill_on_drop: false }`
[INFO] running `Command { std: "docker" "rm" "-f" "2f63fccce1428a99f662f56f783dd267d91fdcb2b1496bb216216e80a39fc5ab", kill_on_drop: false }`
[INFO] [stdout] 2f63fccce1428a99f662f56f783dd267d91fdcb2b1496bb216216e80a39fc5ab
