[INFO] fetching crate accesskit_windows 0.23.2...
[INFO] testing accesskit_windows-0.23.2 against nightly-2024-10-28+rustflags=-Zrandomize-layout for randomize-layout
[INFO] extracting crate accesskit_windows 0.23.2 into /workspace/builds/worker-6-tc2/source
[INFO] validating manifest of crates.io crate accesskit_windows 0.23.2 on toolchain nightly-2024-10-28
[INFO] running `Command { std: CARGO_HOME="/workspace/cargo-home" RUSTUP_HOME="/workspace/rustup-home" "/workspace/cargo-home/bin/cargo" "+nightly-2024-10-28" "metadata" "--manifest-path" "Cargo.toml" "--no-deps", kill_on_drop: false }`
[INFO] started tweaking crates.io crate accesskit_windows 0.23.2
[INFO] removed 0 missing examples
[INFO] finished tweaking crates.io crate accesskit_windows 0.23.2
[INFO] tweaked toml for crates.io crate accesskit_windows 0.23.2 written to /workspace/builds/worker-6-tc2/source/Cargo.toml
[INFO] crate crates.io crate accesskit_windows 0.23.2 already has a lockfile, it will not be regenerated
[INFO] running `Command { std: CARGO_HOME="/workspace/cargo-home" RUSTUP_HOME="/workspace/rustup-home" "/workspace/cargo-home/bin/cargo" "+nightly-2024-10-28" "fetch" "--manifest-path" "Cargo.toml", kill_on_drop: false }`
[INFO] running `Command { std: "docker" "create" "-v" "/var/lib/crater-agent-workspace/builds/worker-6-tc2/target:/opt/rustwide/target:rw,Z" "-v" "/var/lib/crater-agent-workspace/builds/worker-6-tc2/source:/opt/rustwide/workdir:ro,Z" "-v" "/var/lib/crater-agent-workspace/cargo-home:/opt/rustwide/cargo-home:ro,Z" "-v" "/var/lib/crater-agent-workspace/rustup-home:/opt/rustwide/rustup-home:ro,Z" "-e" "SOURCE_DIR=/opt/rustwide/workdir" "-e" "CARGO_TARGET_DIR=/opt/rustwide/target" "-e" "CARGO_HOME=/opt/rustwide/cargo-home" "-e" "RUSTUP_HOME=/opt/rustwide/rustup-home" "-w" "/opt/rustwide/workdir" "-m" "1610612736" "--user" "0:0" "--network" "none" "ghcr.io/rust-lang/crates-build-env/linux@sha256:4a844ea9eb2546a2d2c7022eacef16ef2e8229c7fbb2c7d4d55a9ceca922f72d" "/opt/rustwide/cargo-home/bin/cargo" "+nightly-2024-10-28" "metadata" "--no-deps" "--format-version=1", kill_on_drop: false }`
[INFO] [stdout] bc6dacbc9406d6b05c7ffe24b9c826b3eca7ba94e6e20a52d5ee5fee154b5de3
[INFO] running `Command { std: "docker" "start" "-a" "bc6dacbc9406d6b05c7ffe24b9c826b3eca7ba94e6e20a52d5ee5fee154b5de3", kill_on_drop: false }`
[INFO] running `Command { std: "docker" "inspect" "bc6dacbc9406d6b05c7ffe24b9c826b3eca7ba94e6e20a52d5ee5fee154b5de3", kill_on_drop: false }`
[INFO] running `Command { std: "docker" "rm" "-f" "bc6dacbc9406d6b05c7ffe24b9c826b3eca7ba94e6e20a52d5ee5fee154b5de3", kill_on_drop: false }`
[INFO] [stdout] bc6dacbc9406d6b05c7ffe24b9c826b3eca7ba94e6e20a52d5ee5fee154b5de3
[INFO] running `Command { std: "docker" "create" "-v" "/var/lib/crater-agent-workspace/builds/worker-6-tc2/target:/opt/rustwide/target:rw,Z" "-v" "/var/lib/crater-agent-workspace/builds/worker-6-tc2/source:/opt/rustwide/workdir:ro,Z" "-v" "/var/lib/crater-agent-workspace/cargo-home:/opt/rustwide/cargo-home:ro,Z" "-v" "/var/lib/crater-agent-workspace/rustup-home:/opt/rustwide/rustup-home:ro,Z" "-e" "SOURCE_DIR=/opt/rustwide/workdir" "-e" "CARGO_TARGET_DIR=/opt/rustwide/target" "-e" "CARGO_INCREMENTAL=0" "-e" "RUST_BACKTRACE=full" "-e" "RUSTFLAGS=--cap-lints=forbid -Zrandomize-layout" "-e" "RUSTDOCFLAGS=--cap-lints=forbid" "-e" "CARGO_HOME=/opt/rustwide/cargo-home" "-e" "RUSTUP_HOME=/opt/rustwide/rustup-home" "-w" "/opt/rustwide/workdir" "-m" "1610612736" "--user" "0:0" "--network" "none" "ghcr.io/rust-lang/crates-build-env/linux@sha256:4a844ea9eb2546a2d2c7022eacef16ef2e8229c7fbb2c7d4d55a9ceca922f72d" "/opt/rustwide/cargo-home/bin/cargo" "+nightly-2024-10-28" "build" "--frozen" "--message-format=json", kill_on_drop: false }`
[INFO] [stdout] f687c8f7e294927ececd8eb3de0b597b61dbef8fba69f259d4964c70c01ea62c
[INFO] running `Command { std: "docker" "start" "-a" "f687c8f7e294927ececd8eb3de0b597b61dbef8fba69f259d4964c70c01ea62c", kill_on_drop: false }`
[INFO] [stderr]    Compiling unicode-ident v1.0.8
[INFO] [stderr]    Compiling windows_x86_64_gnu v0.52.6
[INFO] [stderr]    Compiling paste v1.0.12
[INFO] [stderr]    Compiling arrayvec v0.7.2
[INFO] [stderr]    Compiling accesskit v0.16.3
[INFO] [stderr]    Compiling static_assertions v1.1.0
[INFO] [stderr]    Compiling proc-macro2 v1.0.87
[INFO] [stderr]    Compiling windows-targets v0.52.6
[INFO] [stderr]    Compiling windows-result v0.2.0
[INFO] [stderr]    Compiling immutable-chunkmap v2.0.5
[INFO] [stderr]    Compiling windows-strings v0.1.0
[INFO] [stderr]    Compiling quote v1.0.37
[INFO] [stderr]    Compiling accesskit_consumer v0.24.3
[INFO] [stderr]    Compiling syn v2.0.79
[INFO] [stderr]    Compiling windows-implement v0.58.0
[INFO] [stderr]    Compiling windows-interface v0.58.0
[INFO] [stderr]    Compiling windows-core v0.58.0
[INFO] [stderr]    Compiling windows v0.58.0
[INFO] [stderr]    Compiling accesskit_windows v0.23.2 (/opt/rustwide/workdir)
[INFO] [stdout] error[E0433]: failed to resolve: could not find `Win32` in `windows`
[INFO] [stdout]   --> src/node.rs:22:5
[INFO] [stdout]    |
[INFO] [stdout] 22 |     Win32::{Foundation::*, System::Com::*, UI::Accessibility::*},
[INFO] [stdout]    |     ^^^^^ could not find `Win32` in `windows`
[INFO] [stdout] 
[INFO] [stdout] 
[INFO] [stdout] error[E0432]: unresolved import `windows::core`
[INFO] [stdout]   --> src/node.rs:21:5
[INFO] [stdout]    |
[INFO] [stdout] 21 |     core::*,
[INFO] [stdout]    |     ^^^^ could not find `core` in `windows`
[INFO] [stdout] 
[INFO] [stdout] 
[INFO] [stdout] error[E0433]: failed to resolve: could not find `Win32` in `windows`
[INFO] [stdout]   --> src/text.rs:15:5
[INFO] [stdout]    |
[INFO] [stdout] 15 |     Win32::{Foundation::*, System::Com::*, UI::Accessibility::*},
[INFO] [stdout]    |     ^^^^^ could not find `Win32` in `windows`
[INFO] [stdout] 
[INFO] [stdout] 
[INFO] [stdout] error[E0432]: unresolved import `windows::core`
[INFO] [stdout]   --> src/text.rs:14:5
[INFO] [stdout]    |
[INFO] [stdout] 14 |     core::*,
[INFO] [stdout]    |     ^^^^ could not find `core` in `windows`
[INFO] [stdout] 
[INFO] [stdout] 
[INFO] [stdout] error[E0433]: failed to resolve: could not find `Win32` in `windows`
[INFO] [stdout]   --> src/util.rs:11:5
[INFO] [stdout]    |
[INFO] [stdout] 11 |     Win32::{
[INFO] [stdout]    |     ^^^^^ could not find `Win32` in `windows`
[INFO] [stdout] 
[INFO] [stdout] 
[INFO] [stdout] error[E0433]: failed to resolve: could not find `Win32` in `windows`
[INFO] [stdout]  --> src/window_handle.rs:6:14
[INFO] [stdout]   |
[INFO] [stdout] 6 | use windows::Win32::Foundation::HWND;
[INFO] [stdout]   |              ^^^^^ could not find `Win32` in `windows`
[INFO] [stdout] 
[INFO] [stdout] 
[INFO] [stdout] error[E0433]: failed to resolve: could not find `Win32` in `windows`
[INFO] [stdout]   --> src/adapter.rs:14:14
[INFO] [stdout]    |
[INFO] [stdout] 14 | use windows::Win32::{
[INFO] [stdout]    |              ^^^^^ could not find `Win32` in `windows`
[INFO] [stdout] 
[INFO] [stdout] 
[INFO] [stdout] error[E0432]: unresolved import `windows::core`
[INFO] [stdout]   --> src/util.rs:10:5
[INFO] [stdout]    |
[INFO] [stdout] 10 |     core::*,
[INFO] [stdout]    |     ^^^^ could not find `core` in `windows`
[INFO] [stdout] 
[INFO] [stdout] 
[INFO] [stdout] error[E0433]: failed to resolve: could not find `Win32` in `windows`
[INFO] [stdout]   --> src/subclass.rs:14:5
[INFO] [stdout]    |
[INFO] [stdout] 14 |     Win32::{Foundation::*, UI::WindowsAndMessaging::*},
[INFO] [stdout]    |     ^^^^^ could not find `Win32` in `windows`
[INFO] [stdout] 
[INFO] [stdout] 
[INFO] [stdout] error[E0433]: failed to resolve: could not find `Win32` in `windows`
[INFO] [stdout]   --> src/lib.rs:19:18
[INFO] [stdout]    |
[INFO] [stdout] 19 | pub use windows::Win32::Foundation::{HWND, LPARAM, LRESULT, WPARAM};
[INFO] [stdout]    |                  ^^^^^ could not find `Win32` in `windows`
[INFO] [stdout] 
[INFO] [stdout] 
[INFO] [stdout] error[E0432]: unresolved import `windows::core`
[INFO] [stdout]   --> src/subclass.rs:13:5
[INFO] [stdout]    |
[INFO] [stdout] 13 |     core::*,
[INFO] [stdout]    |     ^^^^ could not find `core` in `windows`
[INFO] [stdout] 
[INFO] [stdout] 
[INFO] [stdout] error: cannot find attribute `implement` in this scope
[INFO] [stdout]    --> src/node.rs:461:3
[INFO] [stdout]     |
[INFO] [stdout] 461 | #[implement(
[INFO] [stdout]     |   ^^^^^^^^^
[INFO] [stdout]     |
[INFO] [stdout] help: consider importing this attribute macro
[INFO] [stdout]     |
[INFO] [stdout] 13  + use windows_core::implement;
[INFO] [stdout]     |
[INFO] [stdout] 
[INFO] [stdout] 
[INFO] [stdout] error: cannot find attribute `implement` in this scope
[INFO] [stdout]    --> src/text.rs:205:3
[INFO] [stdout]     |
[INFO] [stdout] 205 | #[implement(ITextRangeProvider)]
[INFO] [stdout]     |   ^^^^^^^^^
[INFO] [stdout]     |
[INFO] [stdout] help: consider importing this attribute macro
[INFO] [stdout]     |
[INFO] [stdout] 8   + use windows_core::implement;
[INFO] [stdout]     |
[INFO] [stdout] 
[INFO] [stdout] 
[INFO] [stdout] error: cannot find macro `w` in this scope
[INFO] [stdout]   --> src/subclass.rs:30:27
[INFO] [stdout]    |
[INFO] [stdout] 30 | const PROP_NAME: PCWSTR = w!("AccessKitAdapter");
[INFO] [stdout]    |                           ^
[INFO] [stdout] 
[INFO] [stdout] 
[INFO] [stdout] error[E0107]: enum takes 2 generic arguments but 1 generic argument was supplied
[INFO] [stdout]    --> src/util.rs:171:55
[INFO] [stdout]     |
[INFO] [stdout] 171 | pub(crate) fn required_param<T>(param: Option<&T>) -> Result<&T> {
[INFO] [stdout]     |                                                       ^^^^^^ -- supplied 1 generic argument
[INFO] [stdout]     |                                                       |
[INFO] [stdout]     |                                                       expected 2 generic arguments
[INFO] [stdout]     |
[INFO] [stdout] help: add missing generic argument
[INFO] [stdout]     |
[INFO] [stdout] 171 | pub(crate) fn required_param<T>(param: Option<&T>) -> Result<&T, E> {
[INFO] [stdout]     |                                                                +++
[INFO] [stdout] 
[INFO] [stdout] 
[INFO] [stdout] error[E0107]: enum takes 2 generic arguments but 1 generic argument was supplied
[INFO] [stdout]    --> src/util.rs:240:45
[INFO] [stdout]     |
[INFO] [stdout] 240 | pub(crate) fn upgrade<T>(weak: &Weak<T>) -> Result<Arc<T>> {
[INFO] [stdout]     |                                             ^^^^^^ ------ supplied 1 generic argument
[INFO] [stdout]     |                                             |
[INFO] [stdout]     |                                             expected 2 generic arguments
[INFO] [stdout]     |
[INFO] [stdout] help: add missing generic argument
[INFO] [stdout]     |
[INFO] [stdout] 240 | pub(crate) fn upgrade<T>(weak: &Weak<T>) -> Result<Arc<T>, E> {
[INFO] [stdout]     |                                                          +++
[INFO] [stdout] 
[INFO] [stdout] 
[INFO] [stdout] error[E0107]: enum takes 2 generic arguments but 1 generic argument was supplied
[INFO] [stdout]    --> src/node.rs:496:58
[INFO] [stdout]     |
[INFO] [stdout] 496 |     fn with_tree_state_and_context<F, T>(&self, f: F) -> Result<T>
[INFO] [stdout]     |                                                          ^^^^^^ - supplied 1 generic argument
[INFO] [stdout]     |                                                          |
[INFO] [stdout]     |                                                          expected 2 generic arguments
[INFO] [stdout]     |
[INFO] [stdout] help: add missing generic argument
[INFO] [stdout]     |
[INFO] [stdout] 496 |     fn with_tree_state_and_context<F, T>(&self, f: F) -> Result<T, E>
[INFO] [stdout]     |                                                                  +++
[INFO] [stdout] 
[INFO] [stdout] 
[INFO] [stdout] error[E0107]: enum takes 2 generic arguments but 1 generic argument was supplied
[INFO] [stdout]    --> src/node.rs:505:46
[INFO] [stdout]     |
[INFO] [stdout] 505 |     fn with_tree_state<F, T>(&self, f: F) -> Result<T>
[INFO] [stdout]     |                                              ^^^^^^ - supplied 1 generic argument
[INFO] [stdout]     |                                              |
[INFO] [stdout]     |                                              expected 2 generic arguments
[INFO] [stdout]     |
[INFO] [stdout] help: add missing generic argument
[INFO] [stdout]     |
[INFO] [stdout] 505 |     fn with_tree_state<F, T>(&self, f: F) -> Result<T, E>
[INFO] [stdout]     |                                                      +++
[INFO] [stdout] 
[INFO] [stdout] 
[INFO] [stdout] error[E0107]: enum takes 2 generic arguments but 1 generic argument was supplied
[INFO] [stdout]    --> src/node.rs:524:51
[INFO] [stdout]     |
[INFO] [stdout] 524 |     fn resolve_with_context<F, T>(&self, f: F) -> Result<T>
[INFO] [stdout]     |                                                   ^^^^^^ - supplied 1 generic argument
[INFO] [stdout]     |                                                   |
[INFO] [stdout]     |                                                   expected 2 generic arguments
[INFO] [stdout]     |
[INFO] [stdout] help: add missing generic argument
[INFO] [stdout]     |
[INFO] [stdout] 524 |     fn resolve_with_context<F, T>(&self, f: F) -> Result<T, E>
[INFO] [stdout]     |                                                           +++
[INFO] [stdout] 
[INFO] [stdout] 
[INFO] [stdout] error[E0107]: enum takes 2 generic arguments but 1 generic argument was supplied
[INFO] [stdout]    --> src/node.rs:534:66
[INFO] [stdout]     |
[INFO] [stdout] 534 |     fn resolve_with_tree_state_and_context<F, T>(&self, f: F) -> Result<T>
[INFO] [stdout]     |                                                                  ^^^^^^ - supplied 1 generic argument
[INFO] [stdout]     |                                                                  |
[INFO] [stdout]     |                                                                  expected 2 generic arguments
[INFO] [stdout]     |
[INFO] [stdout] help: add missing generic argument
[INFO] [stdout]     |
[INFO] [stdout] 534 |     fn resolve_with_tree_state_and_context<F, T>(&self, f: F) -> Result<T, E>
[INFO] [stdout]     |                                                                          +++
[INFO] [stdout] 
[INFO] [stdout] 
[INFO] [stdout] error[E0107]: enum takes 2 generic arguments but 1 generic argument was supplied
[INFO] [stdout]    --> src/node.rs:544:38
[INFO] [stdout]     |
[INFO] [stdout] 544 |     fn resolve<F, T>(&self, f: F) -> Result<T>
[INFO] [stdout]     |                                      ^^^^^^ - supplied 1 generic argument
[INFO] [stdout]     |                                      |
[INFO] [stdout]     |                                      expected 2 generic arguments
[INFO] [stdout]     |
[INFO] [stdout] help: add missing generic argument
[INFO] [stdout]     |
[INFO] [stdout] 544 |     fn resolve<F, T>(&self, f: F) -> Result<T, E>
[INFO] [stdout]     |                                              +++
[INFO] [stdout] 
[INFO] [stdout] 
[INFO] [stdout] error[E0107]: enum takes 2 generic arguments but 1 generic argument was supplied
[INFO] [stdout]    --> src/node.rs:551:68
[INFO] [stdout]     |
[INFO] [stdout] 551 |     fn resolve_with_context_for_text_pattern<F, T>(&self, f: F) -> Result<T>
[INFO] [stdout]     |                                                                    ^^^^^^ - supplied 1 generic argument
[INFO] [stdout]     |                                                                    |
[INFO] [stdout]     |                                                                    expected 2 generic arguments
[INFO] [stdout]     |
[INFO] [stdout] help: add missing generic argument
[INFO] [stdout]     |
[INFO] [stdout] 551 |     fn resolve_with_context_for_text_pattern<F, T>(&self, f: F) -> Result<T, E>
[INFO] [stdout]     |                                                                            +++
[INFO] [stdout] 
[INFO] [stdout] 
[INFO] [stdout] error[E0107]: enum takes 2 generic arguments but 1 generic argument was supplied
[INFO] [stdout]    --> src/node.rs:565:55
[INFO] [stdout]     |
[INFO] [stdout] 565 |     fn resolve_for_text_pattern<F, T>(&self, f: F) -> Result<T>
[INFO] [stdout]     |                                                       ^^^^^^ - supplied 1 generic argument
[INFO] [stdout]     |                                                       |
[INFO] [stdout]     |                                                       expected 2 generic arguments
[INFO] [stdout]     |
[INFO] [stdout] help: add missing generic argument
[INFO] [stdout]     |
[INFO] [stdout] 565 |     fn resolve_for_text_pattern<F, T>(&self, f: F) -> Result<T, E>
[INFO] [stdout]     |                                                               +++
[INFO] [stdout] 
[INFO] [stdout] 
[INFO] [stdout] error[E0107]: enum takes 2 generic arguments but 1 generic argument was supplied
[INFO] [stdout]    --> src/node.rs:572:37
[INFO] [stdout]     |
[INFO] [stdout] 572 |     fn do_action<F>(&self, f: F) -> Result<()>
[INFO] [stdout]     |                                     ^^^^^^ -- supplied 1 generic argument
[INFO] [stdout]     |                                     |
[INFO] [stdout]     |                                     expected 2 generic arguments
[INFO] [stdout]     |
[INFO] [stdout] help: add missing generic argument
[INFO] [stdout]     |
[INFO] [stdout] 572 |     fn do_action<F>(&self, f: F) -> Result<(), E>
[INFO] [stdout]     |                                              +++
[INFO] [stdout] 
[INFO] [stdout] 
[INFO] [stdout] error[E0107]: enum takes 2 generic arguments but 1 generic argument was supplied
[INFO] [stdout]    --> src/text.rs:223:58
[INFO] [stdout]     |
[INFO] [stdout] 223 |     fn with_tree_state_and_context<F, T>(&self, f: F) -> Result<T>
[INFO] [stdout]     |                                                          ^^^^^^ - supplied 1 generic argument
[INFO] [stdout]     |                                                          |
[INFO] [stdout]     |                                                          expected 2 generic arguments
[INFO] [stdout]     |
[INFO] [stdout] help: add missing generic argument
[INFO] [stdout]     |
[INFO] [stdout] 223 |     fn with_tree_state_and_context<F, T>(&self, f: F) -> Result<T, E>
[INFO] [stdout]     |                                                                  +++
[INFO] [stdout] 
[INFO] [stdout] 
[INFO] [stdout] error[E0107]: enum takes 2 generic arguments but 1 generic argument was supplied
[INFO] [stdout]    --> src/text.rs:232:46
[INFO] [stdout]     |
[INFO] [stdout] 232 |     fn with_tree_state<F, T>(&self, f: F) -> Result<T>
[INFO] [stdout]     |                                              ^^^^^^ - supplied 1 generic argument
[INFO] [stdout]     |                                              |
[INFO] [stdout]     |                                              expected 2 generic arguments
[INFO] [stdout]     |
[INFO] [stdout] help: add missing generic argument
[INFO] [stdout]     |
[INFO] [stdout] 232 |     fn with_tree_state<F, T>(&self, f: F) -> Result<T, E>
[INFO] [stdout]     |                                                      +++
[INFO] [stdout] 
[INFO] [stdout] 
[INFO] [stdout] error[E0107]: enum takes 2 generic arguments but 1 generic argument was supplied
[INFO] [stdout]    --> src/text.rs:244:40
[INFO] [stdout]     |
[INFO] [stdout] 244 |     fn with_node<F, T>(&self, f: F) -> Result<T>
[INFO] [stdout]     |                                        ^^^^^^ - supplied 1 generic argument
[INFO] [stdout]     |                                        |
[INFO] [stdout]     |                                        expected 2 generic arguments
[INFO] [stdout]     |
[INFO] [stdout] help: add missing generic argument
[INFO] [stdout]     |
[INFO] [stdout] 244 |     fn with_node<F, T>(&self, f: F) -> Result<T, E>
[INFO] [stdout]     |                                                +++
[INFO] [stdout] 
[INFO] [stdout] 
[INFO] [stdout] error[E0107]: enum takes 2 generic arguments but 1 generic argument was supplied
[INFO] [stdout]    --> src/text.rs:259:48
[INFO] [stdout]     |
[INFO] [stdout] 259 |     fn read_with_context<F, T>(&self, f: F) -> Result<T>
[INFO] [stdout]     |                                                ^^^^^^ - supplied 1 generic argument
[INFO] [stdout]     |                                                |
[INFO] [stdout]     |                                                expected 2 generic arguments
[INFO] [stdout]     |
[INFO] [stdout] help: add missing generic argument
[INFO] [stdout]     |
[INFO] [stdout] 259 |     fn read_with_context<F, T>(&self, f: F) -> Result<T, E>
[INFO] [stdout]     |                                                        +++
[INFO] [stdout] 
[INFO] [stdout] 
[INFO] [stdout] error[E0107]: enum takes 2 generic arguments but 1 generic argument was supplied
[INFO] [stdout]    --> src/text.rs:269:35
[INFO] [stdout]     |
[INFO] [stdout] 269 |     fn read<F, T>(&self, f: F) -> Result<T>
[INFO] [stdout]     |                                   ^^^^^^ - supplied 1 generic argument
[INFO] [stdout]     |                                   |
[INFO] [stdout]     |                                   expected 2 generic arguments
[INFO] [stdout]     |
[INFO] [stdout] help: add missing generic argument
[INFO] [stdout]     |
[INFO] [stdout] 269 |     fn read<F, T>(&self, f: F) -> Result<T, E>
[INFO] [stdout]     |                                           +++
[INFO] [stdout] 
[INFO] [stdout] 
[INFO] [stdout] error[E0107]: enum takes 2 generic arguments but 1 generic argument was supplied
[INFO] [stdout]    --> src/text.rs:276:36
[INFO] [stdout]     |
[INFO] [stdout] 276 |     fn write<F, T>(&self, f: F) -> Result<T>
[INFO] [stdout]     |                                    ^^^^^^ - supplied 1 generic argument
[INFO] [stdout]     |                                    |
[INFO] [stdout]     |                                    expected 2 generic arguments
[INFO] [stdout]     |
[INFO] [stdout] help: add missing generic argument
[INFO] [stdout]     |
[INFO] [stdout] 276 |     fn write<F, T>(&self, f: F) -> Result<T, E>
[INFO] [stdout]     |                                            +++
[INFO] [stdout] 
[INFO] [stdout] 
[INFO] [stdout] error[E0107]: enum takes 2 generic arguments but 1 generic argument was supplied
[INFO] [stdout]    --> src/text.rs:289:37
[INFO] [stdout]     |
[INFO] [stdout] 289 |     fn do_action<F>(&self, f: F) -> Result<()>
[INFO] [stdout]     |                                     ^^^^^^ -- supplied 1 generic argument
[INFO] [stdout]     |                                     |
[INFO] [stdout]     |                                     expected 2 generic arguments
[INFO] [stdout]     |
[INFO] [stdout] help: add missing generic argument
[INFO] [stdout]     |
[INFO] [stdout] 289 |     fn do_action<F>(&self, f: F) -> Result<(), E>
[INFO] [stdout]     |                                              +++
[INFO] [stdout] 
[INFO] [stdout] 
[INFO] [stdout] error[E0107]: enum takes 2 generic arguments but 1 generic argument was supplied
[INFO] [stdout]   --> src/text.rs:20:70
[INFO] [stdout]    |
[INFO] [stdout] 20 | fn upgrade_range<'a>(weak: &WeakRange, tree_state: &'a TreeState) -> Result<Range<'a>> {
[INFO] [stdout]    |                                                                      ^^^^^^ --------- supplied 1 generic argument
[INFO] [stdout]    |                                                                      |
[INFO] [stdout]    |                                                                      expected 2 generic arguments
[INFO] [stdout]    |
[INFO] [stdout] help: add missing generic argument
[INFO] [stdout]    |
[INFO] [stdout] 20 | fn upgrade_range<'a>(weak: &WeakRange, tree_state: &'a TreeState) -> Result<Range<'a>, E> {
[INFO] [stdout]    |                                                                                      +++
[INFO] [stdout] 
[INFO] [stdout] 
[INFO] [stdout] error[E0107]: enum takes 2 generic arguments but 1 generic argument was supplied
[INFO] [stdout]   --> src/text.rs:28:75
[INFO] [stdout]    |
[INFO] [stdout] 28 | fn upgrade_range_node<'a>(weak: &WeakRange, tree_state: &'a TreeState) -> Result<Node<'a>> {
[INFO] [stdout]    |                                                                           ^^^^^^ -------- supplied 1 generic argument
[INFO] [stdout]    |                                                                           |
[INFO] [stdout]    |                                                                           expected 2 generic arguments
[INFO] [stdout]    |
[INFO] [stdout] help: add missing generic argument
[INFO] [stdout]    |
[INFO] [stdout] 28 | fn upgrade_range_node<'a>(weak: &WeakRange, tree_state: &'a TreeState) -> Result<Node<'a>, E> {
[INFO] [stdout]    |                                                                                          +++
[INFO] [stdout] 
[INFO] [stdout] 
[INFO] [stdout] error[E0107]: enum takes 2 generic arguments but 1 generic argument was supplied
[INFO] [stdout]   --> src/text.rs:39:6
[INFO] [stdout]    |
[INFO] [stdout] 39 | ) -> Result<&(Vec<usize>, usize)> {
[INFO] [stdout]    |      ^^^^^^ -------------------- supplied 1 generic argument
[INFO] [stdout]    |      |
[INFO] [stdout]    |      expected 2 generic arguments
[INFO] [stdout]    |
[INFO] [stdout] help: add missing generic argument
[INFO] [stdout]    |
[INFO] [stdout] 39 | ) -> Result<&(Vec<usize>, usize), E> {
[INFO] [stdout]    |                                 +++
[INFO] [stdout] 
[INFO] [stdout] 
[INFO] [stdout] error[E0107]: enum takes 2 generic arguments but 1 generic argument was supplied
[INFO] [stdout]   --> src/text.rs:50:6
[INFO] [stdout]    |
[INFO] [stdout] 50 | ) -> Result<Position<'a>> {
[INFO] [stdout]    |      ^^^^^^ ------------ supplied 1 generic argument
[INFO] [stdout]    |      |
[INFO] [stdout]    |      expected 2 generic arguments
[INFO] [stdout]    |
[INFO] [stdout] help: add missing generic argument
[INFO] [stdout]    |
[INFO] [stdout] 50 | ) -> Result<Position<'a>, E> {
[INFO] [stdout]    |                         +++
[INFO] [stdout] 
[INFO] [stdout] 
[INFO] [stdout] error[E0107]: enum takes 2 generic arguments but 1 generic argument was supplied
[INFO] [stdout]   --> src/text.rs:62:6
[INFO] [stdout]    |
[INFO] [stdout] 62 | ) -> Result<()> {
[INFO] [stdout]    |      ^^^^^^ -- supplied 1 generic argument
[INFO] [stdout]    |      |
[INFO] [stdout]    |      expected 2 generic arguments
[INFO] [stdout]    |
[INFO] [stdout] help: add missing generic argument
[INFO] [stdout]    |
[INFO] [stdout] 62 | ) -> Result<(), E> {
[INFO] [stdout]    |               +++
[INFO] [stdout] 
[INFO] [stdout] 
[INFO] [stdout] error[E0107]: enum takes 2 generic arguments but 1 generic argument was supplied
[INFO] [stdout]   --> src/text.rs:77:59
[INFO] [stdout]    |
[INFO] [stdout] 77 | fn back_to_unit_start(start: Position, unit: TextUnit) -> Result<Position> {
[INFO] [stdout]    |                                                           ^^^^^^ -------- supplied 1 generic argument
[INFO] [stdout]    |                                                           |
[INFO] [stdout]    |                                                           expected 2 generic arguments
[INFO] [stdout]    |
[INFO] [stdout] help: add missing generic argument
[INFO] [stdout]    |
[INFO] [stdout] 77 | fn back_to_unit_start(start: Position, unit: TextUnit) -> Result<Position, E> {
[INFO] [stdout]    |                                                                          +++
[INFO] [stdout] 
[INFO] [stdout] 
[INFO] [stdout] error[E0107]: enum takes 2 generic arguments but 1 generic argument was supplied
[INFO] [stdout]    --> src/text.rs:131:60
[INFO] [stdout]     |
[INFO] [stdout] 131 | fn move_forward_to_start(pos: Position, unit: TextUnit) -> Result<Position> {
[INFO] [stdout]     |                                                            ^^^^^^ -------- supplied 1 generic argument
[INFO] [stdout]     |                                                            |
[INFO] [stdout]     |                                                            expected 2 generic arguments
[INFO] [stdout]     |
[INFO] [stdout] help: add missing generic argument
[INFO] [stdout]     |
[INFO] [stdout] 131 | fn move_forward_to_start(pos: Position, unit: TextUnit) -> Result<Position, E> {
[INFO] [stdout]     |                                                                           +++
[INFO] [stdout] 
[INFO] [stdout] 
[INFO] [stdout] error[E0107]: enum takes 2 generic arguments but 1 generic argument was supplied
[INFO] [stdout]    --> src/text.rs:144:58
[INFO] [stdout]     |
[INFO] [stdout] 144 | fn move_forward_to_end(pos: Position, unit: TextUnit) -> Result<Position> {
[INFO] [stdout]     |                                                          ^^^^^^ -------- supplied 1 generic argument
[INFO] [stdout]     |                                                          |
[INFO] [stdout]     |                                                          expected 2 generic arguments
[INFO] [stdout]     |
[INFO] [stdout] help: add missing generic argument
[INFO] [stdout]     |
[INFO] [stdout] 144 | fn move_forward_to_end(pos: Position, unit: TextUnit) -> Result<Position, E> {
[INFO] [stdout]     |                                                                         +++
[INFO] [stdout] 
[INFO] [stdout] 
[INFO] [stdout] error[E0107]: enum takes 2 generic arguments but 1 generic argument was supplied
[INFO] [stdout]    --> src/text.rs:157:52
[INFO] [stdout]     |
[INFO] [stdout] 157 | fn move_backward(pos: Position, unit: TextUnit) -> Result<Position> {
[INFO] [stdout]     |                                                    ^^^^^^ -------- supplied 1 generic argument
[INFO] [stdout]     |                                                    |
[INFO] [stdout]     |                                                    expected 2 generic arguments
[INFO] [stdout]     |
[INFO] [stdout] help: add missing generic argument
[INFO] [stdout]     |
[INFO] [stdout] 157 | fn move_backward(pos: Position, unit: TextUnit) -> Result<Position, E> {
[INFO] [stdout]     |                                                                   +++
[INFO] [stdout] 
[INFO] [stdout] 
[INFO] [stdout] error[E0107]: enum takes 2 generic arguments but 1 generic argument was supplied
[INFO] [stdout]    --> src/text.rs:175:6
[INFO] [stdout]     |
[INFO] [stdout] 175 | ) -> Result<(Position, i32)> {
[INFO] [stdout]     |      ^^^^^^ --------------- supplied 1 generic argument
[INFO] [stdout]     |      |
[INFO] [stdout]     |      expected 2 generic arguments
[INFO] [stdout]     |
[INFO] [stdout] help: add missing generic argument
[INFO] [stdout]     |
[INFO] [stdout] 175 | ) -> Result<(Position, i32), E> {
[INFO] [stdout]     |                            +++
[INFO] [stdout] 
[INFO] [stdout] 
[INFO] [stdout] Some errors have detailed explanations: E0107, E0432, E0433.
[INFO] [stdout] 
[INFO] [stdout] For more information about an error, try `rustc --explain E0107`.
[INFO] [stdout] 
[INFO] [stderr] error: could not compile `accesskit_windows` (lib) due to 41 previous errors
[INFO] running `Command { std: "docker" "inspect" "f687c8f7e294927ececd8eb3de0b597b61dbef8fba69f259d4964c70c01ea62c", kill_on_drop: false }`
[INFO] running `Command { std: "docker" "rm" "-f" "f687c8f7e294927ececd8eb3de0b597b61dbef8fba69f259d4964c70c01ea62c", kill_on_drop: false }`
[INFO] [stdout] f687c8f7e294927ececd8eb3de0b597b61dbef8fba69f259d4964c70c01ea62c
