[INFO] fetching crate accelerate-general 0.1.0...
[INFO] testing accelerate-general-0.1.0 against nightly-2024-10-28 for randomize-layout
[INFO] extracting crate accelerate-general 0.1.0 into /workspace/builds/worker-2-tc1/source
[INFO] validating manifest of crates.io crate accelerate-general 0.1.0 on toolchain nightly-2024-10-28
[INFO] running `Command { std: CARGO_HOME="/workspace/cargo-home" RUSTUP_HOME="/workspace/rustup-home" "/workspace/cargo-home/bin/cargo" "+nightly-2024-10-28" "metadata" "--manifest-path" "Cargo.toml" "--no-deps", kill_on_drop: false }`
[INFO] started tweaking crates.io crate accelerate-general 0.1.0
[INFO] finished tweaking crates.io crate accelerate-general 0.1.0
[INFO] tweaked toml for crates.io crate accelerate-general 0.1.0 written to /workspace/builds/worker-2-tc1/source/Cargo.toml
[INFO] running `Command { std: CARGO_HOME="/workspace/cargo-home" RUSTUP_HOME="/workspace/rustup-home" "/workspace/cargo-home/bin/cargo" "+nightly-2024-10-28" "generate-lockfile" "--manifest-path" "Cargo.toml", kill_on_drop: false }`
[INFO] [stderr]     Updating crates.io index
[INFO] [stderr]      Locking 3 packages to latest compatible versions
[INFO] running `Command { std: CARGO_HOME="/workspace/cargo-home" RUSTUP_HOME="/workspace/rustup-home" "/workspace/cargo-home/bin/cargo" "+nightly-2024-10-28" "fetch" "--manifest-path" "Cargo.toml", kill_on_drop: false }`
[INFO] running `Command { std: "docker" "create" "-v" "/var/lib/crater-agent-workspace/builds/worker-2-tc1/target:/opt/rustwide/target:rw,Z" "-v" "/var/lib/crater-agent-workspace/builds/worker-2-tc1/source:/opt/rustwide/workdir:ro,Z" "-v" "/var/lib/crater-agent-workspace/cargo-home:/opt/rustwide/cargo-home:ro,Z" "-v" "/var/lib/crater-agent-workspace/rustup-home:/opt/rustwide/rustup-home:ro,Z" "-e" "SOURCE_DIR=/opt/rustwide/workdir" "-e" "CARGO_TARGET_DIR=/opt/rustwide/target" "-e" "CARGO_HOME=/opt/rustwide/cargo-home" "-e" "RUSTUP_HOME=/opt/rustwide/rustup-home" "-w" "/opt/rustwide/workdir" "-m" "1610612736" "--user" "0:0" "--network" "none" "ghcr.io/rust-lang/crates-build-env/linux@sha256:4a844ea9eb2546a2d2c7022eacef16ef2e8229c7fbb2c7d4d55a9ceca922f72d" "/opt/rustwide/cargo-home/bin/cargo" "+nightly-2024-10-28" "metadata" "--no-deps" "--format-version=1", kill_on_drop: false }`
[INFO] [stdout] 49e840fede3a697d1e708104fa2460b6c744d01646c6f51bfdf82e376ed16dea
[INFO] running `Command { std: "docker" "start" "-a" "49e840fede3a697d1e708104fa2460b6c744d01646c6f51bfdf82e376ed16dea", kill_on_drop: false }`
[INFO] running `Command { std: "docker" "inspect" "49e840fede3a697d1e708104fa2460b6c744d01646c6f51bfdf82e376ed16dea", kill_on_drop: false }`
[INFO] running `Command { std: "docker" "rm" "-f" "49e840fede3a697d1e708104fa2460b6c744d01646c6f51bfdf82e376ed16dea", kill_on_drop: false }`
[INFO] [stdout] 49e840fede3a697d1e708104fa2460b6c744d01646c6f51bfdf82e376ed16dea
[INFO] running `Command { std: "docker" "create" "-v" "/var/lib/crater-agent-workspace/builds/worker-2-tc1/target:/opt/rustwide/target:rw,Z" "-v" "/var/lib/crater-agent-workspace/builds/worker-2-tc1/source:/opt/rustwide/workdir:ro,Z" "-v" "/var/lib/crater-agent-workspace/cargo-home:/opt/rustwide/cargo-home:ro,Z" "-v" "/var/lib/crater-agent-workspace/rustup-home:/opt/rustwide/rustup-home:ro,Z" "-e" "SOURCE_DIR=/opt/rustwide/workdir" "-e" "CARGO_TARGET_DIR=/opt/rustwide/target" "-e" "CARGO_INCREMENTAL=0" "-e" "RUST_BACKTRACE=full" "-e" "RUSTFLAGS=--cap-lints=forbid" "-e" "RUSTDOCFLAGS=--cap-lints=forbid" "-e" "CARGO_HOME=/opt/rustwide/cargo-home" "-e" "RUSTUP_HOME=/opt/rustwide/rustup-home" "-w" "/opt/rustwide/workdir" "-m" "1610612736" "--user" "0:0" "--network" "none" "ghcr.io/rust-lang/crates-build-env/linux@sha256:4a844ea9eb2546a2d2c7022eacef16ef2e8229c7fbb2c7d4d55a9ceca922f72d" "/opt/rustwide/cargo-home/bin/cargo" "+nightly-2024-10-28" "build" "--frozen" "--message-format=json", kill_on_drop: false }`
[INFO] [stdout] dde4241b43fa3346f0e3e978dd3e0e4020c84eac17fbeb62a4754c737df7b561
[INFO] running `Command { std: "docker" "start" "-a" "dde4241b43fa3346f0e3e978dd3e0e4020c84eac17fbeb62a4754c737df7b561", kill_on_drop: false }`
[INFO] [stderr]    Compiling num-traits v0.2.19
[INFO] [stderr]    Compiling num-complex v0.4.6
[INFO] [stderr]    Compiling accelerate-general v0.1.0 (/opt/rustwide/workdir)
[INFO] [stdout] error[E0455]: link kind `framework` is only supported on Apple targets
[INFO] [stdout]  --> src/givens.rs:4:36
[INFO] [stdout]   |
[INFO] [stdout] 4 | #[link(name = "Accelerate", kind = "framework")]
[INFO] [stdout]   |                                    ^^^^^^^^^^^
[INFO] [stdout] 
[INFO] [stdout] 
[INFO] [stdout] error[E0455]: link kind `framework` is only supported on Apple targets
[INFO] [stdout]  --> src/matrix_c32.rs:5:36
[INFO] [stdout]   |
[INFO] [stdout] 5 | #[link(name = "Accelerate", kind = "framework")]
[INFO] [stdout]   |                                    ^^^^^^^^^^^
[INFO] [stdout] 
[INFO] [stdout] 
[INFO] [stdout] error[E0455]: link kind `framework` is only supported on Apple targets
[INFO] [stdout]  --> src/matrix_c64.rs:5:36
[INFO] [stdout]   |
[INFO] [stdout] 5 | #[link(name = "Accelerate", kind = "framework")]
[INFO] [stdout]   |                                    ^^^^^^^^^^^
[INFO] [stdout] 
[INFO] [stdout] 
[INFO] [stdout] error[E0455]: link kind `framework` is only supported on Apple targets
[INFO] [stdout]  --> src/matrix_f32.rs:4:36
[INFO] [stdout]   |
[INFO] [stdout] 4 | #[link(name = "Accelerate", kind = "framework")]
[INFO] [stdout]   |                                    ^^^^^^^^^^^
[INFO] [stdout] 
[INFO] [stdout] 
[INFO] [stdout] error[E0455]: link kind `framework` is only supported on Apple targets
[INFO] [stdout]  --> src/matrix_f64.rs:4:36
[INFO] [stdout]   |
[INFO] [stdout] 4 | #[link(name = "Accelerate", kind = "framework")]
[INFO] [stdout]   |                                    ^^^^^^^^^^^
[INFO] [stdout] 
[INFO] [stdout] 
[INFO] [stdout] error[E0455]: link kind `framework` is only supported on Apple targets
[INFO] [stdout]  --> src/vector_c32.rs:4:36
[INFO] [stdout]   |
[INFO] [stdout] 4 | #[link(name = "Accelerate", kind = "framework")]
[INFO] [stdout]   |                                    ^^^^^^^^^^^
[INFO] [stdout] 
[INFO] [stdout] 
[INFO] [stdout] error[E0455]: link kind `framework` is only supported on Apple targets
[INFO] [stdout]  --> src/vector_c64.rs:4:36
[INFO] [stdout]   |
[INFO] [stdout] 4 | #[link(name = "Accelerate", kind = "framework")]
[INFO] [stdout]   |                                    ^^^^^^^^^^^
[INFO] [stdout] 
[INFO] [stdout] 
[INFO] [stdout] error[E0455]: link kind `framework` is only supported on Apple targets
[INFO] [stdout]  --> src/vector_f32.rs:3:36
[INFO] [stdout]   |
[INFO] [stdout] 3 | #[link(name = "Accelerate", kind = "framework")]
[INFO] [stdout]   |                                    ^^^^^^^^^^^
[INFO] [stdout] 
[INFO] [stdout] 
[INFO] [stdout] error[E0455]: link kind `framework` is only supported on Apple targets
[INFO] [stdout]  --> src/vector_f64.rs:3:36
[INFO] [stdout]   |
[INFO] [stdout] 3 | #[link(name = "Accelerate", kind = "framework")]
[INFO] [stdout]   |                                    ^^^^^^^^^^^
[INFO] [stdout] 
[INFO] [stdout] 
[INFO] [stdout] For more information about this error, try `rustc --explain E0455`.
[INFO] [stdout] 
[INFO] [stderr] error: could not compile `accelerate-general` (lib) due to 9 previous errors
[INFO] running `Command { std: "docker" "inspect" "dde4241b43fa3346f0e3e978dd3e0e4020c84eac17fbeb62a4754c737df7b561", kill_on_drop: false }`
[INFO] running `Command { std: "docker" "rm" "-f" "dde4241b43fa3346f0e3e978dd3e0e4020c84eac17fbeb62a4754c737df7b561", kill_on_drop: false }`
[INFO] [stdout] dde4241b43fa3346f0e3e978dd3e0e4020c84eac17fbeb62a4754c737df7b561
