[INFO] fetching crate abstract-ibc-host 0.24.1...
[INFO] testing abstract-ibc-host-0.24.1 against nightly-2024-10-28 for randomize-layout
[INFO] extracting crate abstract-ibc-host 0.24.1 into /workspace/builds/worker-4-tc1/source
[INFO] validating manifest of crates.io crate abstract-ibc-host 0.24.1 on toolchain nightly-2024-10-28
[INFO] running `Command { std: CARGO_HOME="/workspace/cargo-home" RUSTUP_HOME="/workspace/rustup-home" "/workspace/cargo-home/bin/cargo" "+nightly-2024-10-28" "metadata" "--manifest-path" "Cargo.toml" "--no-deps", kill_on_drop: false }`
[INFO] started tweaking crates.io crate abstract-ibc-host 0.24.1
[INFO] removed 0 missing examples
[INFO] removed 0 missing tests
[INFO] finished tweaking crates.io crate abstract-ibc-host 0.24.1
[INFO] tweaked toml for crates.io crate abstract-ibc-host 0.24.1 written to /workspace/builds/worker-4-tc1/source/Cargo.toml
[INFO] crate crates.io crate abstract-ibc-host 0.24.1 already has a lockfile, it will not be regenerated
[INFO] running `Command { std: CARGO_HOME="/workspace/cargo-home" RUSTUP_HOME="/workspace/rustup-home" "/workspace/cargo-home/bin/cargo" "+nightly-2024-10-28" "fetch" "--manifest-path" "Cargo.toml", kill_on_drop: false }`
[INFO] [stderr]  Downloading crates ...
[INFO] [stderr]   Downloaded thiserror v1.0.65
[INFO] [stderr]   Downloaded thiserror-impl v1.0.65
[INFO] [stderr]   Downloaded serde_derive v1.0.213
[INFO] [stderr]   Downloaded serde v1.0.213
[INFO] [stderr]   Downloaded abstract-cw-multi-test v2.1.2
[INFO] [stderr]   Downloaded syn v2.0.85
[INFO] running `Command { std: "docker" "create" "-v" "/var/lib/crater-agent-workspace/builds/worker-4-tc1/target:/opt/rustwide/target:rw,Z" "-v" "/var/lib/crater-agent-workspace/builds/worker-4-tc1/source:/opt/rustwide/workdir:ro,Z" "-v" "/var/lib/crater-agent-workspace/cargo-home:/opt/rustwide/cargo-home:ro,Z" "-v" "/var/lib/crater-agent-workspace/rustup-home:/opt/rustwide/rustup-home:ro,Z" "-e" "SOURCE_DIR=/opt/rustwide/workdir" "-e" "CARGO_TARGET_DIR=/opt/rustwide/target" "-e" "CARGO_HOME=/opt/rustwide/cargo-home" "-e" "RUSTUP_HOME=/opt/rustwide/rustup-home" "-w" "/opt/rustwide/workdir" "-m" "1610612736" "--user" "0:0" "--network" "none" "ghcr.io/rust-lang/crates-build-env/linux@sha256:4a844ea9eb2546a2d2c7022eacef16ef2e8229c7fbb2c7d4d55a9ceca922f72d" "/opt/rustwide/cargo-home/bin/cargo" "+nightly-2024-10-28" "metadata" "--no-deps" "--format-version=1", kill_on_drop: false }`
[INFO] [stdout] 7087c88eb7280f575f05b448577480a13e75483c5348a78483557d8e96d75688
[INFO] running `Command { std: "docker" "start" "-a" "7087c88eb7280f575f05b448577480a13e75483c5348a78483557d8e96d75688", kill_on_drop: false }`
[INFO] running `Command { std: "docker" "inspect" "7087c88eb7280f575f05b448577480a13e75483c5348a78483557d8e96d75688", kill_on_drop: false }`
[INFO] running `Command { std: "docker" "rm" "-f" "7087c88eb7280f575f05b448577480a13e75483c5348a78483557d8e96d75688", kill_on_drop: false }`
[INFO] [stdout] 7087c88eb7280f575f05b448577480a13e75483c5348a78483557d8e96d75688
[INFO] running `Command { std: "docker" "create" "-v" "/var/lib/crater-agent-workspace/builds/worker-4-tc1/target:/opt/rustwide/target:rw,Z" "-v" "/var/lib/crater-agent-workspace/builds/worker-4-tc1/source:/opt/rustwide/workdir:ro,Z" "-v" "/var/lib/crater-agent-workspace/cargo-home:/opt/rustwide/cargo-home:ro,Z" "-v" "/var/lib/crater-agent-workspace/rustup-home:/opt/rustwide/rustup-home:ro,Z" "-e" "SOURCE_DIR=/opt/rustwide/workdir" "-e" "CARGO_TARGET_DIR=/opt/rustwide/target" "-e" "CARGO_INCREMENTAL=0" "-e" "RUST_BACKTRACE=full" "-e" "RUSTFLAGS=--cap-lints=forbid" "-e" "RUSTDOCFLAGS=--cap-lints=forbid" "-e" "CARGO_HOME=/opt/rustwide/cargo-home" "-e" "RUSTUP_HOME=/opt/rustwide/rustup-home" "-w" "/opt/rustwide/workdir" "-m" "1610612736" "--user" "0:0" "--network" "none" "ghcr.io/rust-lang/crates-build-env/linux@sha256:4a844ea9eb2546a2d2c7022eacef16ef2e8229c7fbb2c7d4d55a9ceca922f72d" "/opt/rustwide/cargo-home/bin/cargo" "+nightly-2024-10-28" "build" "--frozen" "--message-format=json", kill_on_drop: false }`
[INFO] [stdout] 74749a23591570cf1d2dba86a4ea2961cacc1fbcf1097ba06c1dffbc97a24b5b
[INFO] running `Command { std: "docker" "start" "-a" "74749a23591570cf1d2dba86a4ea2961cacc1fbcf1097ba06c1dffbc97a24b5b", kill_on_drop: false }`
[INFO] [stderr]    Compiling subtle v2.6.1
[INFO] [stderr]    Compiling const-oid v0.9.6
[INFO] [stderr]    Compiling byteorder v1.5.0
[INFO] [stderr]    Compiling either v1.13.0
[INFO] [stderr]    Compiling serde v1.0.213
[INFO] [stderr]    Compiling syn v1.0.109
[INFO] [stderr]    Compiling generic-array v0.14.7
[INFO] [stderr]    Compiling num-traits v0.2.19
[INFO] [stderr]    Compiling base16ct v0.2.0
[INFO] [stderr]    Compiling syn v2.0.85
[INFO] [stderr]    Compiling getrandom v0.2.15
[INFO] [stderr]    Compiling serde_json v1.0.132
[INFO] [stderr]    Compiling num-integer v0.1.46
[INFO] [stderr]    Compiling thiserror v1.0.65
[INFO] [stderr]    Compiling curve25519-dalek v4.1.3
[INFO] [stderr]    Compiling allocator-api2 v0.2.18
[INFO] [stderr]    Compiling schemars v0.8.21
[INFO] [stderr]    Compiling dyn-clone v1.0.17
[INFO] [stderr]    Compiling rayon v1.10.0
[INFO] [stderr]    Compiling itertools v0.10.5
[INFO] [stderr]    Compiling rand_core v0.6.4
[INFO] [stderr]    Compiling unicode-xid v0.2.6
[INFO] [stderr]    Compiling cosmwasm-core v2.1.4
[INFO] [stderr]    Compiling base64 v0.22.1
[INFO] [stderr]    Compiling bech32 v0.11.0
[INFO] [stderr]    Compiling bnum v0.11.0
[INFO] [stderr]    Compiling itertools v0.13.0
[INFO] [stderr]    Compiling time-macros v0.2.18
[INFO] [stderr]    Compiling deranged v0.3.11
[INFO] [stderr]    Compiling flex-error v0.4.4
[INFO] [stderr]    Compiling ff v0.13.0
[INFO] [stderr]    Compiling num-bigint v0.4.6
[INFO] [stderr]    Compiling semver v1.0.23
[INFO] [stderr]    Compiling option-ext v0.2.0
[INFO] [stderr]    Compiling group v0.13.0
[INFO] [stderr]    Compiling dirs-sys v0.4.1
[INFO] [stderr]    Compiling log v0.4.22
[INFO] [stderr]    Compiling dirs v5.0.1
[INFO] [stderr]    Compiling futures-sink v0.3.31
[INFO] [stderr]    Compiling futures-core v0.3.31
[INFO] [stderr]    Compiling convert_case v0.6.0
[INFO] [stderr]    Compiling subtle-ng v2.5.0
[INFO] [stderr]    Compiling futures-task v0.3.31
[INFO] [stderr]    Compiling pin-project-lite v0.2.15
[INFO] [stderr]    Compiling futures-channel v0.3.31
[INFO] [stderr]    Compiling eyre v0.6.12
[INFO] [stderr]    Compiling futures-io v0.3.31
[INFO] [stderr]    Compiling futures-util v0.3.31
[INFO] [stderr]    Compiling indenter v0.3.3
[INFO] [stderr]    Compiling function_name-proc-macro v0.3.0
[INFO] [stderr]    Compiling workspace-hack v0.1.0
[INFO] [stderr]    Compiling function_name v0.3.0
[INFO] [stderr]    Compiling time v0.3.36
[INFO] [stderr]    Compiling futures v0.3.31
[INFO] [stderr]    Compiling serde_derive_internals v0.29.1
[INFO] [stderr]    Compiling ark-serialize-derive v0.4.2
[INFO] [stderr]    Compiling ark-ff-macros v0.4.2
[INFO] [stderr]    Compiling derivative v2.2.0
[INFO] [stderr]    Compiling ark-ff-asm v0.4.2
[INFO] [stderr]    Compiling cw-ownable-derive v0.6.0
[INFO] [stderr]    Compiling abstract-macros v0.24.1
[INFO] [stderr]    Compiling zeroize_derive v1.4.2
[INFO] [stderr]    Compiling serde_derive v1.0.213
[INFO] [stderr]    Compiling zerocopy-derive v0.7.35
[INFO] [stderr]    Compiling thiserror-impl v1.0.65
[INFO] [stderr]    Compiling curve25519-dalek-derive v0.1.1
[INFO] [stderr]    Compiling schemars_derive v0.8.21
[INFO] [stderr]    Compiling derive_more-impl v1.0.0
[INFO] [stderr]    Compiling cosmwasm-derive v2.1.4
[INFO] [stderr]    Compiling cosmwasm-schema-derive v2.1.4
[INFO] [stderr]    Compiling prost-derive v0.13.3
[INFO] [stderr]    Compiling cw-orch-contract-derive v0.21.1
[INFO] [stderr]    Compiling serde_repr v0.1.19
[INFO] [stderr]    Compiling cw-orch-fns-derive v0.23.1
[INFO] [stderr]    Compiling zeroize v1.8.1
[INFO] [stderr]    Compiling der v0.7.9
[INFO] [stderr]    Compiling subtle-encoding v0.5.1
[INFO] [stderr]    Compiling zerocopy v0.7.35
[INFO] [stderr]    Compiling block-buffer v0.10.4
[INFO] [stderr]    Compiling crypto-common v0.1.6
[INFO] [stderr]    Compiling crypto-bigint v0.5.5
[INFO] [stderr]    Compiling digest v0.9.0
[INFO] [stderr]    Compiling block-buffer v0.9.0
[INFO] [stderr]    Compiling derive_more v1.0.0
[INFO] [stderr]    Compiling curve25519-dalek-ng v4.1.1
[INFO] [stderr]    Compiling sha2 v0.9.9
[INFO] [stderr]    Compiling digest v0.10.7
[INFO] [stderr]    Compiling ppv-lite86 v0.2.20
[INFO] [stderr]    Compiling ahash v0.8.11
[INFO] [stderr]    Compiling signature v2.2.0
[INFO] [stderr]    Compiling hmac v0.12.1
[INFO] [stderr]    Compiling sha2 v0.10.8
[INFO] [stderr]    Compiling ripemd v0.1.3
[INFO] [stderr]    Compiling rfc6979 v0.4.0
[INFO] [stderr]    Compiling ed25519 v2.2.3
[INFO] [stderr]    Compiling hashbrown v0.13.2
[INFO] [stderr]    Compiling hashbrown v0.14.5
[INFO] [stderr]    Compiling sec1 v0.7.3
[INFO] [stderr]    Compiling spki v0.7.3
[INFO] [stderr]    Compiling bs58 v0.5.1
[INFO] [stderr]    Compiling rand_chacha v0.3.1
[INFO] [stderr]    Compiling ed25519-consensus v2.1.0
[INFO] [stderr]    Compiling rand v0.8.5
[INFO] [stderr]    Compiling ark-std v0.4.0
[INFO] [stderr]    Compiling ark-serialize v0.4.2
[INFO] [stderr]    Compiling ed25519-zebra v4.0.3
[INFO] [stderr]    Compiling ark-ff v0.4.2
[INFO] [stderr]    Compiling elliptic-curve v0.13.8
[INFO] [stderr]    Compiling ecdsa v0.16.9
[INFO] [stderr]    Compiling primeorder v0.13.6
[INFO] [stderr]    Compiling k256 v0.13.4
[INFO] [stderr]    Compiling p256 v0.13.2
[INFO] [stderr]    Compiling bip32 v0.5.2
[INFO] [stderr]    Compiling serde-json-wasm v1.0.1
[INFO] [stderr]    Compiling bytes v1.8.0
[INFO] [stderr]    Compiling serde_bytes v0.11.15
[INFO] [stderr]    Compiling serde-cw-value v0.7.0
[INFO] [stderr]    Compiling prost v0.13.3
[INFO] [stderr]    Compiling tendermint-proto v0.39.1
[INFO] [stderr]    Compiling prost-types v0.13.3
[INFO] [stderr]    Compiling cosmwasm-schema v2.1.4
[INFO] [stderr]    Compiling ark-poly v0.4.2
[INFO] [stderr]    Compiling ark-ec v0.4.2
[INFO] [stderr]    Compiling ark-bls12-381 v0.4.0
[INFO] [stderr]    Compiling cosmwasm-crypto v2.1.4
[INFO] [stderr]    Compiling cosmwasm-std v2.1.4
[INFO] [stderr]    Compiling cw-storage-plus v2.0.0
[INFO] [stderr]    Compiling cw-utils v2.0.0
[INFO] [stderr]    Compiling cw-address-like v2.0.0
[INFO] [stderr]    Compiling cw-clearable v0.2.0
[INFO] [stderr]    Compiling cosmos-sdk-proto v0.24.0
[INFO] [stderr]    Compiling cosmos-sdk-proto v0.25.0
[INFO] [stderr]    Compiling tendermint v0.39.1
[INFO] [stderr]    Compiling cw20 v2.0.0
[INFO] [stderr]    Compiling cw2 v2.0.0
[INFO] [stderr]    Compiling cw-controllers v2.0.0
[INFO] [stderr]    Compiling cw-ownable v2.1.0
[INFO] [stderr]    Compiling cw-paginate v2.0.0
[INFO] [stderr]    Compiling cw-asset v4.0.0
[INFO] [stderr]    Compiling cw20-ics20 v2.0.0
[INFO] [stderr]    Compiling abstract-cw-multi-test v2.1.2
[INFO] [stderr]    Compiling cosmrs v0.20.0
[INFO] [stderr]    Compiling cw-orch-core v2.1.3
[INFO] [stderr]    Compiling cw-orch-mock v0.24.2
[INFO] [stderr]    Compiling cw-orch-traits v0.24.1
[INFO] [stderr]    Compiling cw-orch-traits v0.25.0
[INFO] [stderr]    Compiling cw-orch v0.25.1
[INFO] [stderr]    Compiling cw-orch v0.27.0
[INFO] [stderr]    Compiling cw-blob v0.2.0
[INFO] [stderr]    Compiling abstract-std v0.24.1
[INFO] [stderr]    Compiling abstract-sdk v0.24.1
[INFO] [stderr]    Compiling abstract-ibc-host v0.24.1 (/opt/rustwide/workdir)
[INFO] [stderr]     Finished `dev` profile [unoptimized + debuginfo] target(s) in 36.83s
[INFO] running `Command { std: "docker" "inspect" "74749a23591570cf1d2dba86a4ea2961cacc1fbcf1097ba06c1dffbc97a24b5b", kill_on_drop: false }`
[INFO] running `Command { std: "docker" "rm" "-f" "74749a23591570cf1d2dba86a4ea2961cacc1fbcf1097ba06c1dffbc97a24b5b", kill_on_drop: false }`
[INFO] [stdout] 74749a23591570cf1d2dba86a4ea2961cacc1fbcf1097ba06c1dffbc97a24b5b
[INFO] running `Command { std: "docker" "create" "-v" "/var/lib/crater-agent-workspace/builds/worker-4-tc1/target:/opt/rustwide/target:rw,Z" "-v" "/var/lib/crater-agent-workspace/builds/worker-4-tc1/source:/opt/rustwide/workdir:ro,Z" "-v" "/var/lib/crater-agent-workspace/cargo-home:/opt/rustwide/cargo-home:ro,Z" "-v" "/var/lib/crater-agent-workspace/rustup-home:/opt/rustwide/rustup-home:ro,Z" "-e" "SOURCE_DIR=/opt/rustwide/workdir" "-e" "CARGO_TARGET_DIR=/opt/rustwide/target" "-e" "CARGO_INCREMENTAL=0" "-e" "RUST_BACKTRACE=full" "-e" "RUSTFLAGS=--cap-lints=forbid" "-e" "RUSTDOCFLAGS=--cap-lints=forbid" "-e" "CARGO_HOME=/opt/rustwide/cargo-home" "-e" "RUSTUP_HOME=/opt/rustwide/rustup-home" "-w" "/opt/rustwide/workdir" "-m" "1610612736" "--user" "0:0" "--network" "none" "ghcr.io/rust-lang/crates-build-env/linux@sha256:4a844ea9eb2546a2d2c7022eacef16ef2e8229c7fbb2c7d4d55a9ceca922f72d" "/opt/rustwide/cargo-home/bin/cargo" "+nightly-2024-10-28" "test" "--frozen" "--no-run" "--message-format=json", kill_on_drop: false }`
[INFO] [stdout] fbbd9b617a0e5f7f75d88b051403a29ea43d33c996286c6d1aeaac2687cab9b8
[INFO] running `Command { std: "docker" "start" "-a" "fbbd9b617a0e5f7f75d88b051403a29ea43d33c996286c6d1aeaac2687cab9b8", kill_on_drop: false }`
[INFO] [stderr]    Compiling strsim v0.10.0
[INFO] [stderr]    Compiling coverage-helper v0.2.2
[INFO] [stderr]    Compiling darling_core v0.14.4
[INFO] [stderr]    Compiling darling_macro v0.14.4
[INFO] [stderr]    Compiling darling v0.14.4
[INFO] [stderr]    Compiling derive_builder_core v0.12.0
[INFO] [stderr]    Compiling derive_builder_macro v0.12.0
[INFO] [stderr]    Compiling derive_builder v0.12.0
[INFO] [stderr]    Compiling abstract-testing v0.24.1
[INFO] [stderr]    Compiling abstract-ibc-host v0.24.1 (/opt/rustwide/workdir)
[INFO] [stdout] error[E0433]: failed to resolve: use of undeclared crate or module `abstract_adapter`
[INFO] [stdout]  --> tests/integration.rs:1:5
[INFO] [stdout]   |
[INFO] [stdout] 1 | use abstract_adapter::mock::MockInitMsg;
[INFO] [stdout]   |     ^^^^^^^^^^^^^^^^ use of undeclared crate or module `abstract_adapter`
[INFO] [stdout] 
[INFO] [stdout] 
[INFO] [stdout] error[E0432]: unresolved import `abstract_interface`
[INFO] [stdout]  --> tests/integration.rs:3:5
[INFO] [stdout]   |
[INFO] [stdout] 3 | use abstract_interface::{
[INFO] [stdout]   |     ^^^^^^^^^^^^^^^^^^ use of undeclared crate or module `abstract_interface`
[INFO] [stdout] 
[INFO] [stdout] 
[INFO] [stdout] error[E0432]: unresolved import `crate::mock_adapter::MockAdapter`
[INFO] [stdout]   --> tests/integration.rs:22:27
[INFO] [stdout]    |
[INFO] [stdout] 22 | use crate::mock_adapter::{MockAdapter, MOCK_ADAPTER_ID};
[INFO] [stdout]    |                           ^^^^^^^^^^^
[INFO] [stdout]    |                           |
[INFO] [stdout]    |                           no `MockAdapter` in `mock_adapter`
[INFO] [stdout]    |                           help: a similar name exists in the module: `mock_adapter`
[INFO] [stdout] 
[INFO] [stdout] 
[INFO] [stdout] error[E0432]: unresolved import `abstract_adapter`
[INFO] [stdout]   --> tests/integration.rs:25:9
[INFO] [stdout]    |
[INFO] [stdout] 25 |     use abstract_adapter::gen_adapter_mock;
[INFO] [stdout]    |         ^^^^^^^^^^^^^^^^ use of undeclared crate or module `abstract_adapter`
[INFO] [stdout] 
[INFO] [stdout] 
[INFO] [stdout] warning: unused import: `super::*`
[INFO] [stdout]   --> tests/integration.rs:27:9
[INFO] [stdout]    |
[INFO] [stdout] 27 |     use super::*;
[INFO] [stdout]    |         ^^^^^^^^
[INFO] [stdout]    |
[INFO] [stdout]    = note: `#[warn(unused_imports)]` on by default
[INFO] [stdout] 
[INFO] [stdout] 
[INFO] [stdout] Some errors have detailed explanations: E0432, E0433.
[INFO] [stdout] 
[INFO] [stdout] For more information about an error, try `rustc --explain E0432`.
[INFO] [stdout] 
[INFO] [stderr] error: could not compile `abstract-ibc-host` (test "integration") due to 4 previous errors; 1 warning emitted
[INFO] [stderr] warning: build failed, waiting for other jobs to finish...
[INFO] running `Command { std: "docker" "inspect" "fbbd9b617a0e5f7f75d88b051403a29ea43d33c996286c6d1aeaac2687cab9b8", kill_on_drop: false }`
[INFO] running `Command { std: "docker" "rm" "-f" "fbbd9b617a0e5f7f75d88b051403a29ea43d33c996286c6d1aeaac2687cab9b8", kill_on_drop: false }`
[INFO] [stdout] fbbd9b617a0e5f7f75d88b051403a29ea43d33c996286c6d1aeaac2687cab9b8
