[INFO] fetching crate abstract-account 0.24.1...
[INFO] testing abstract-account-0.24.1 against nightly-2024-10-28 for randomize-layout
[INFO] extracting crate abstract-account 0.24.1 into /workspace/builds/worker-3-tc1/source
[INFO] validating manifest of crates.io crate abstract-account 0.24.1 on toolchain nightly-2024-10-28
[INFO] running `Command { std: CARGO_HOME="/workspace/cargo-home" RUSTUP_HOME="/workspace/rustup-home" "/workspace/cargo-home/bin/cargo" "+nightly-2024-10-28" "metadata" "--manifest-path" "Cargo.toml" "--no-deps", kill_on_drop: false }`
[INFO] removed /workspace/builds/worker-3-tc1/source/.cargo/config.toml
[INFO] started tweaking crates.io crate abstract-account 0.24.1
[INFO] removed 0 missing examples
[INFO] removed 0 missing tests
[INFO] finished tweaking crates.io crate abstract-account 0.24.1
[INFO] tweaked toml for crates.io crate abstract-account 0.24.1 written to /workspace/builds/worker-3-tc1/source/Cargo.toml
[INFO] crate crates.io crate abstract-account 0.24.1 already has a lockfile, it will not be regenerated
[INFO] running `Command { std: CARGO_HOME="/workspace/cargo-home" RUSTUP_HOME="/workspace/rustup-home" "/workspace/cargo-home/bin/cargo" "+nightly-2024-10-28" "fetch" "--manifest-path" "Cargo.toml", kill_on_drop: false }`
[INFO] [stderr]     Updating crates.io index
[INFO] [stderr]     Blocking waiting for file lock on package cache
[INFO] [stderr]  Downloading crates ...
[INFO] [stderr]   Downloaded schemars_derive v0.8.21
[INFO] [stderr]   Downloaded rstest v0.17.0
[INFO] [stderr]   Downloaded serde_derive_internals v0.29.1
[INFO] [stderr]   Downloaded schemars v0.8.21
[INFO] [stderr]   Downloaded indenter v0.3.3
[INFO] [stderr]   Downloaded darling v0.14.4
[INFO] [stderr]   Downloaded abstract-ica v0.24.1
[INFO] [stderr]   Downloaded darling_macro v0.14.4
[INFO] [stderr]   Downloaded bech32 v0.9.1
[INFO] [stderr]   Downloaded tiny-keccak v2.0.2
[INFO] [stderr]   Downloaded derive_builder v0.12.0
[INFO] [stderr]   Downloaded dunce v1.0.5
[INFO] [stderr]   Downloaded unarray v0.1.4
[INFO] [stderr]   Downloaded ecdsa v0.16.9
[INFO] [stderr]   Downloaded alloy-core v0.7.7
[INFO] [stderr]   Downloaded cw-orch-traits v0.25.0
[INFO] [stderr]   Downloaded derive_more-impl v1.0.0
[INFO] [stderr]   Downloaded abstract-macros v0.24.1
[INFO] [stderr]   Downloaded map-macro v0.3.0
[INFO] [stderr]   Downloaded const-hex v1.13.1
[INFO] [stderr]   Downloaded abstract-sdk v0.24.1
[INFO] [stderr]   Downloaded alloy-sol-types v0.7.7
[INFO] [stderr]   Downloaded alloy-primitives v0.7.7
[INFO] [stderr]   Downloaded darling_core v0.14.4
[INFO] [stderr]   Downloaded proptest v1.5.0
[INFO] [stderr]   Downloaded num-bigint-dig v0.8.4
[INFO] [stderr]   Downloaded polytone-evm v0.1.0
[INFO] [stderr]   Downloaded abstract-cw-multi-test v2.1.2
[INFO] [stderr]   Downloaded ruint v1.12.3
[INFO] [stderr]   Downloaded abstract-std v0.24.1
[INFO] [stderr]   Downloaded tendermint-proto v0.39.1
[INFO] [stderr]   Downloaded curve25519-dalek v4.1.3
[INFO] [stderr]   Downloaded cw-blob v0.2.0
[INFO] [stderr]   Downloaded rsa v0.9.6
[INFO] [stderr]   Downloaded ark-bls12-381 v0.4.0
[INFO] [stderr]   Downloaded fiat-crypto v0.2.9
[INFO] [stderr]   Downloaded derive_more v0.99.18
[INFO] [stderr]   Downloaded bip32 v0.5.2
[INFO] [stderr]   Downloaded cosmrs v0.20.0
[INFO] [stderr]   Downloaded pkcs1 v0.7.5
[INFO] [stderr]   Downloaded syn-solidity v0.7.7
[INFO] [stderr]   Downloaded cosmos-sdk-proto v0.25.0
[INFO] [stderr]   Downloaded ripemd v0.1.3
[INFO] [stderr]   Downloaded abstract-xion v0.24.1
[INFO] [stderr]   Downloaded serde-cw-value v0.7.0
[INFO] [stderr]   Downloaded cosmos-sdk-proto v0.24.0
[INFO] [stderr]   Downloaded alloy-sol-macro-expander v0.7.7
[INFO] [stderr]   Downloaded derive_builder_core v0.12.0
[INFO] [stderr]   Downloaded abstract-testing v0.24.1
[INFO] [stderr]   Downloaded eyre v0.6.12
[INFO] [stderr]   Downloaded subtle-ng v2.5.0
[INFO] [stderr]   Downloaded ed25519-consensus v2.1.0
[INFO] [stderr]   Downloaded cosmwasm-crypto v2.1.4
[INFO] [stderr]   Downloaded serde_repr v0.1.19
[INFO] [stderr]   Downloaded cw-orch-traits v0.24.1
[INFO] [stderr]   Downloaded cw-clearable v0.2.0
[INFO] [stderr]   Downloaded cw-ownable v2.1.0
[INFO] [stderr]   Downloaded coverage-helper v0.2.2
[INFO] [stderr]   Downloaded cw-asset v4.0.0
[INFO] [stderr]   Downloaded cw-orch-contract-derive v0.21.1
[INFO] [stderr]   Downloaded cw-orch-fns-derive v0.23.1
[INFO] [stderr]   Downloaded cw-orch-mock v0.24.2
[INFO] [stderr]   Downloaded cw20-ics20 v2.0.0
[INFO] [stderr]   Downloaded subtle-encoding v0.5.1
[INFO] [stderr]   Downloaded prost-derive v0.13.3
[INFO] [stderr]   Downloaded insta v1.40.0
[INFO] [stderr]   Downloaded cosmwasm-std v2.1.4
[INFO] [stderr]   Downloaded alloy v0.2.1
[INFO] [stderr]   Downloaded hex-literal v0.4.1
[INFO] [stderr]   Downloaded alloy-sol-macro-input v0.7.7
[INFO] [stderr]   Downloaded alloy-sol-macro v0.7.7
[INFO] [stderr]   Downloaded derive_builder_macro v0.12.0
[INFO] [stderr]   Downloaded curve25519-dalek-ng v4.1.1
[INFO] [stderr]   Downloaded function_name-proc-macro v0.3.0
[INFO] [stderr]   Downloaded prost-types v0.13.3
[INFO] [stderr]   Downloaded cw-orch v0.27.0
[INFO] [stderr]   Downloaded cw-storage-plus v2.0.0
[INFO] [stderr]   Downloaded k256 v0.13.4
[INFO] [stderr]   Downloaded ff v0.13.0
[INFO] [stderr]   Downloaded p256 v0.13.2
[INFO] [stderr]   Downloaded ruint-macro v1.2.1
[INFO] [stderr]   Downloaded cosmwasm-schema v2.1.4
[INFO] [stderr]   Downloaded cosmwasm-schema-derive v2.1.4
[INFO] [stderr]   Downloaded bech32 v0.11.0
[INFO] [stderr]   Downloaded cosmwasm-core v2.1.4
[INFO] [stderr]   Downloaded ed25519-zebra v4.0.3
[INFO] [stderr]   Downloaded signature v2.2.0
[INFO] [stderr]   Downloaded group v0.13.0
[INFO] [stderr]   Downloaded pem-rfc7468 v0.7.0
[INFO] [stderr]   Downloaded elliptic-curve v0.13.8
[INFO] [stderr]   Downloaded derive_more v1.0.0
[INFO] [stderr]   Downloaded const-oid v0.9.6
[INFO] [stderr]   Downloaded der v0.7.9
[INFO] [stderr]   Downloaded pkcs8 v0.10.2
[INFO] [stderr]   Downloaded primeorder v0.13.6
[INFO] [stderr]   Downloaded tendermint v0.39.1
[INFO] [stderr]   Downloaded cw-orch v0.25.1
[INFO] [stderr]   Downloaded bnum v0.11.0
[INFO] [stderr]   Downloaded crypto-bigint v0.5.5
[INFO] [stderr]   Downloaded serde-json-wasm v1.0.1
[INFO] [stderr]   Downloaded rstest_macros v0.17.0
[INFO] [stderr]   Downloaded bs58 v0.5.1
[INFO] [stderr]   Downloaded convert_case v0.6.0
[INFO] [stderr]   Downloaded time-macros v0.2.18
[INFO] [stderr]   Downloaded cw-orch-core v2.1.3
[INFO] [stderr]   Downloaded prost v0.13.3
[INFO] [stderr]   Downloaded similar v2.6.0
[INFO] [stderr]   Downloaded base64ct v1.6.0
[INFO] [stderr]   Downloaded serdect v0.2.0
[INFO] [stderr]   Downloaded cw-utils v2.0.0
[INFO] [stderr]   Downloaded cw-address-like v2.0.0
[INFO] [stderr]   Downloaded flex-error v0.4.4
[INFO] [stderr]   Downloaded curve25519-dalek-derive v0.1.1
[INFO] [stderr]   Downloaded sec1 v0.7.3
[INFO] [stderr]   Downloaded cw20 v2.0.0
[INFO] [stderr]   Downloaded cw-ownable-derive v0.6.0
[INFO] [stderr]   Downloaded function_name v0.3.0
[INFO] [stderr]   Downloaded cw-controllers v2.0.0
[INFO] [stderr]   Downloaded sanitize-filename v0.5.0
[INFO] [stderr]   Downloaded cw2 v2.0.0
[INFO] [stderr]   Downloaded ed25519 v2.2.3
[INFO] [stderr]   Downloaded rfc6979 v0.4.0
[INFO] [stderr]   Downloaded spki v0.7.3
[INFO] [stderr]   Downloaded cosmwasm-derive v2.1.4
[INFO] [stderr]   Downloaded workspace-hack v0.1.0
[INFO] running `Command { std: "docker" "create" "-v" "/var/lib/crater-agent-workspace/builds/worker-3-tc1/target:/opt/rustwide/target:rw,Z" "-v" "/var/lib/crater-agent-workspace/builds/worker-3-tc1/source:/opt/rustwide/workdir:ro,Z" "-v" "/var/lib/crater-agent-workspace/cargo-home:/opt/rustwide/cargo-home:ro,Z" "-v" "/var/lib/crater-agent-workspace/rustup-home:/opt/rustwide/rustup-home:ro,Z" "-e" "SOURCE_DIR=/opt/rustwide/workdir" "-e" "CARGO_TARGET_DIR=/opt/rustwide/target" "-e" "CARGO_HOME=/opt/rustwide/cargo-home" "-e" "RUSTUP_HOME=/opt/rustwide/rustup-home" "-w" "/opt/rustwide/workdir" "-m" "1610612736" "--user" "0:0" "--network" "none" "ghcr.io/rust-lang/crates-build-env/linux@sha256:4a844ea9eb2546a2d2c7022eacef16ef2e8229c7fbb2c7d4d55a9ceca922f72d" "/opt/rustwide/cargo-home/bin/cargo" "+nightly-2024-10-28" "metadata" "--no-deps" "--format-version=1", kill_on_drop: false }`
[INFO] [stdout] d138387418a82927dca889ab387a9ae416a687520e7ba77d27ee512aa8d8a91e
[INFO] running `Command { std: "docker" "start" "-a" "d138387418a82927dca889ab387a9ae416a687520e7ba77d27ee512aa8d8a91e", kill_on_drop: false }`
[INFO] running `Command { std: "docker" "inspect" "d138387418a82927dca889ab387a9ae416a687520e7ba77d27ee512aa8d8a91e", kill_on_drop: false }`
[INFO] running `Command { std: "docker" "rm" "-f" "d138387418a82927dca889ab387a9ae416a687520e7ba77d27ee512aa8d8a91e", kill_on_drop: false }`
[INFO] [stdout] d138387418a82927dca889ab387a9ae416a687520e7ba77d27ee512aa8d8a91e
[INFO] running `Command { std: "docker" "create" "-v" "/var/lib/crater-agent-workspace/builds/worker-3-tc1/target:/opt/rustwide/target:rw,Z" "-v" "/var/lib/crater-agent-workspace/builds/worker-3-tc1/source:/opt/rustwide/workdir:ro,Z" "-v" "/var/lib/crater-agent-workspace/cargo-home:/opt/rustwide/cargo-home:ro,Z" "-v" "/var/lib/crater-agent-workspace/rustup-home:/opt/rustwide/rustup-home:ro,Z" "-e" "SOURCE_DIR=/opt/rustwide/workdir" "-e" "CARGO_TARGET_DIR=/opt/rustwide/target" "-e" "CARGO_INCREMENTAL=0" "-e" "RUST_BACKTRACE=full" "-e" "RUSTFLAGS=--cap-lints=forbid" "-e" "RUSTDOCFLAGS=--cap-lints=forbid" "-e" "CARGO_HOME=/opt/rustwide/cargo-home" "-e" "RUSTUP_HOME=/opt/rustwide/rustup-home" "-w" "/opt/rustwide/workdir" "-m" "1610612736" "--user" "0:0" "--network" "none" "ghcr.io/rust-lang/crates-build-env/linux@sha256:4a844ea9eb2546a2d2c7022eacef16ef2e8229c7fbb2c7d4d55a9ceca922f72d" "/opt/rustwide/cargo-home/bin/cargo" "+nightly-2024-10-28" "build" "--frozen" "--message-format=json", kill_on_drop: false }`
[INFO] [stdout] ac1c78b09f9b27afcc8d9b58e01c8ce2044d789bc8d74789c37c3ae5535ba787
[INFO] running `Command { std: "docker" "start" "-a" "ac1c78b09f9b27afcc8d9b58e01c8ce2044d789bc8d74789c37c3ae5535ba787", kill_on_drop: false }`
[INFO] [stderr]    Compiling typenum v1.17.0
[INFO] [stderr]    Compiling subtle v2.6.1
[INFO] [stderr]    Compiling const-oid v0.9.6
[INFO] [stderr]    Compiling serde v1.0.213
[INFO] [stderr]    Compiling paste v1.0.15
[INFO] [stderr]    Compiling syn v1.0.109
[INFO] [stderr]    Compiling cpufeatures v0.2.14
[INFO] [stderr]    Compiling byteorder v1.5.0
[INFO] [stderr]    Compiling either v1.13.0
[INFO] [stderr]    Compiling generic-array v0.14.7
[INFO] [stderr]    Compiling num-traits v0.2.19
[INFO] [stderr]    Compiling base16ct v0.2.0
[INFO] [stderr]    Compiling syn v2.0.85
[INFO] [stderr]    Compiling num-integer v0.1.46
[INFO] [stderr]    Compiling serde_json v1.0.132
[INFO] [stderr]    Compiling thiserror v1.0.65
[INFO] [stderr]    Compiling curve25519-dalek v4.1.3
[INFO] [stderr]    Compiling ff v0.13.0
[INFO] [stderr]    Compiling group v0.13.0
[INFO] [stderr]    Compiling schemars v0.8.21
[INFO] [stderr]    Compiling allocator-api2 v0.2.18
[INFO] [stderr]    Compiling rayon v1.10.0
[INFO] [stderr]    Compiling itertools v0.10.5
[INFO] [stderr]    Compiling unicode-xid v0.2.6
[INFO] [stderr]    Compiling dyn-clone v1.0.17
[INFO] [stderr]    Compiling cosmwasm-core v2.1.4
[INFO] [stderr]    Compiling static_assertions v1.1.0
[INFO] [stderr]    Compiling bech32 v0.11.0
[INFO] [stderr]    Compiling bnum v0.11.0
[INFO] [stderr]    Compiling itertools v0.13.0
[INFO] [stderr]    Compiling time-macros v0.2.18
[INFO] [stderr]    Compiling num-bigint v0.4.6
[INFO] [stderr]    Compiling semver v1.0.23
[INFO] [stderr]    Compiling option-ext v0.2.0
[INFO] [stderr]    Compiling dirs-sys v0.4.1
[INFO] [stderr]    Compiling crunchy v0.2.2
[INFO] [stderr]    Compiling dirs v5.0.1
[INFO] [stderr]    Compiling proc-macro-error-attr v1.0.4
[INFO] [stderr]    Compiling tiny-keccak v2.0.2
[INFO] [stderr]    Compiling const-hex v1.13.1
[INFO] [stderr]    Compiling proc-macro-error v1.0.4
[INFO] [stderr]    Compiling flex-error v0.4.4
[INFO] [stderr]    Compiling futures-core v0.3.31
[INFO] [stderr]    Compiling unicode-segmentation v1.12.0
[INFO] [stderr]    Compiling futures-sink v0.3.31
[INFO] [stderr]    Compiling subtle-ng v2.5.0
[INFO] [stderr]    Compiling opaque-debug v0.3.1
[INFO] [stderr]    Compiling hashbrown v0.15.0
[INFO] [stderr]    Compiling equivalent v1.0.1
[INFO] [stderr]    Compiling convert_case v0.6.0
[INFO] [stderr]    Compiling dunce v1.0.5
[INFO] [stderr]    Compiling futures-util v0.3.31
[INFO] [stderr]    Compiling futures-channel v0.3.31
[INFO] [stderr]    Compiling futures-io v0.3.31
[INFO] [stderr]    Compiling convert_case v0.4.0
[INFO] [stderr]    Compiling eyre v0.6.12
[INFO] [stderr]    Compiling ruint-macro v1.2.1
[INFO] [stderr]    Compiling indenter v0.3.3
[INFO] [stderr]    Compiling hex-literal v0.4.1
[INFO] [stderr]    Compiling function_name-proc-macro v0.3.0
[INFO] [stderr]    Compiling workspace-hack v0.1.0
[INFO] [stderr]    Compiling map-macro v0.3.0
[INFO] [stderr]    Compiling ruint v1.12.3
[INFO] [stderr]    Compiling indexmap v2.6.0
[INFO] [stderr]    Compiling function_name v0.3.0
[INFO] [stderr]    Compiling time v0.3.36
[INFO] [stderr]    Compiling futures v0.3.31
[INFO] [stderr]    Compiling serde_derive_internals v0.29.1
[INFO] [stderr]    Compiling syn-solidity v0.7.7
[INFO] [stderr]    Compiling zeroize_derive v1.4.2
[INFO] [stderr]    Compiling serde_derive v1.0.213
[INFO] [stderr]    Compiling zerocopy-derive v0.7.35
[INFO] [stderr]    Compiling thiserror-impl v1.0.65
[INFO] [stderr]    Compiling curve25519-dalek-derive v0.1.1
[INFO] [stderr]    Compiling derive_more-impl v1.0.0
[INFO] [stderr]    Compiling cosmwasm-derive v2.1.4
[INFO] [stderr]    Compiling cosmwasm-schema-derive v2.1.4
[INFO] [stderr]    Compiling prost-derive v0.13.3
[INFO] [stderr]    Compiling cw-orch-contract-derive v0.21.1
[INFO] [stderr]    Compiling derive_more v0.99.18
[INFO] [stderr]    Compiling serde_repr v0.1.19
[INFO] [stderr]    Compiling cw-orch-fns-derive v0.23.1
[INFO] [stderr]    Compiling schemars_derive v0.8.21
[INFO] [stderr]    Compiling zeroize v1.8.1
[INFO] [stderr]    Compiling der v0.7.9
[INFO] [stderr]    Compiling subtle-encoding v0.5.1
[INFO] [stderr]    Compiling zerocopy v0.7.35
[INFO] [stderr]    Compiling crypto-common v0.1.6
[INFO] [stderr]    Compiling block-buffer v0.10.4
[INFO] [stderr]    Compiling crypto-bigint v0.5.5
[INFO] [stderr]    Compiling digest v0.9.0
[INFO] [stderr]    Compiling block-buffer v0.9.0
[INFO] [stderr]    Compiling derive_more v1.0.0
[INFO] [stderr]    Compiling ppv-lite86 v0.2.20
[INFO] [stderr]    Compiling ahash v0.8.11
[INFO] [stderr]    Compiling curve25519-dalek-ng v4.1.1
[INFO] [stderr]    Compiling digest v0.10.7
[INFO] [stderr]    Compiling sha2 v0.9.9
[INFO] [stderr]    Compiling sec1 v0.7.3
[INFO] [stderr]    Compiling spki v0.7.3
[INFO] [stderr]    Compiling signature v2.2.0
[INFO] [stderr]    Compiling sha2 v0.10.8
[INFO] [stderr]    Compiling hmac v0.12.1
[INFO] [stderr]    Compiling ark-serialize-derive v0.4.2
[INFO] [stderr]    Compiling ark-ff-asm v0.4.2
[INFO] [stderr]    Compiling ark-ff-macros v0.4.2
[INFO] [stderr]    Compiling rand_chacha v0.3.1
[INFO] [stderr]    Compiling rfc6979 v0.4.0
[INFO] [stderr]    Compiling derivative v2.2.0
[INFO] [stderr]    Compiling ed25519 v2.2.3
[INFO] [stderr]    Compiling hashbrown v0.13.2
[INFO] [stderr]    Compiling rand v0.8.5
[INFO] [stderr]    Compiling hashbrown v0.14.5
[INFO] [stderr]    Compiling alloy-sol-macro-input v0.7.7
[INFO] [stderr]    Compiling ripemd v0.1.3
[INFO] [stderr]    Compiling bs58 v0.5.1
[INFO] [stderr]    Compiling ed25519-consensus v2.1.0
[INFO] [stderr]    Compiling cw-ownable-derive v0.6.0
[INFO] [stderr]    Compiling abstract-macros v0.24.1
[INFO] [stderr]    Compiling alloy-sol-macro-expander v0.7.7
[INFO] [stderr]    Compiling ark-std v0.4.0
[INFO] [stderr]    Compiling ark-serialize v0.4.2
[INFO] [stderr]    Compiling elliptic-curve v0.13.8
[INFO] [stderr]    Compiling ark-ff v0.4.2
[INFO] [stderr]    Compiling ecdsa v0.16.9
[INFO] [stderr]    Compiling primeorder v0.13.6
[INFO] [stderr]    Compiling ed25519-zebra v4.0.3
[INFO] [stderr]    Compiling k256 v0.13.4
[INFO] [stderr]    Compiling p256 v0.13.2
[INFO] [stderr]    Compiling bip32 v0.5.2
[INFO] [stderr]    Compiling alloy-sol-macro v0.7.7
[INFO] [stderr]    Compiling serde-json-wasm v1.0.1
[INFO] [stderr]    Compiling bytes v1.8.0
[INFO] [stderr]    Compiling serde_bytes v0.11.15
[INFO] [stderr]    Compiling serde-cw-value v0.7.0
[INFO] [stderr]    Compiling prost v0.13.3
[INFO] [stderr]    Compiling alloy-primitives v0.7.7
[INFO] [stderr]    Compiling tendermint-proto v0.39.1
[INFO] [stderr]    Compiling prost-types v0.13.3
[INFO] [stderr]    Compiling alloy-sol-types v0.7.7
[INFO] [stderr]    Compiling cosmwasm-schema v2.1.4
[INFO] [stderr]    Compiling alloy-core v0.7.7
[INFO] [stderr]    Compiling alloy v0.2.1
[INFO] [stderr]    Compiling ark-poly v0.4.2
[INFO] [stderr]    Compiling ark-ec v0.4.2
[INFO] [stderr]    Compiling ark-bls12-381 v0.4.0
[INFO] [stderr]    Compiling cosmwasm-crypto v2.1.4
[INFO] [stderr]    Compiling cosmwasm-std v2.1.4
[INFO] [stderr]    Compiling cosmos-sdk-proto v0.24.0
[INFO] [stderr]    Compiling cosmos-sdk-proto v0.25.0
[INFO] [stderr]    Compiling tendermint v0.39.1
[INFO] [stderr]    Compiling cw-storage-plus v2.0.0
[INFO] [stderr]    Compiling cw-utils v2.0.0
[INFO] [stderr]    Compiling cw-address-like v2.0.0
[INFO] [stderr]    Compiling cw-clearable v0.2.0
[INFO] [stderr]    Compiling cw20 v2.0.0
[INFO] [stderr]    Compiling cw2 v2.0.0
[INFO] [stderr]    Compiling cw-controllers v2.0.0
[INFO] [stderr]    Compiling cw-ownable v2.1.0
[INFO] [stderr]    Compiling cw-asset v4.0.0
[INFO] [stderr]    Compiling polytone-evm v0.1.0
[INFO] [stderr]    Compiling cw20-ics20 v2.0.0
[INFO] [stderr]    Compiling abstract-cw-multi-test v2.1.2
[INFO] [stderr]    Compiling cosmrs v0.20.0
[INFO] [stderr]    Compiling cw-orch-core v2.1.3
[INFO] [stderr]    Compiling cw-orch-mock v0.24.2
[INFO] [stderr]    Compiling cw-orch-traits v0.24.1
[INFO] [stderr]    Compiling cw-orch-traits v0.25.0
[INFO] [stderr]    Compiling cw-orch v0.25.1
[INFO] [stderr]    Compiling cw-orch v0.27.0
[INFO] [stderr]    Compiling cw-blob v0.2.0
[INFO] [stderr]    Compiling abstract-std v0.24.1
[INFO] [stderr]    Compiling abstract-sdk v0.24.1
[INFO] [stderr]    Compiling abstract-ica v0.24.1
[INFO] [stderr]    Compiling abstract-account v0.24.1 (/opt/rustwide/workdir)
[INFO] [stderr]     Finished `dev` profile [unoptimized + debuginfo] target(s) in 43.44s
[INFO] running `Command { std: "docker" "inspect" "ac1c78b09f9b27afcc8d9b58e01c8ce2044d789bc8d74789c37c3ae5535ba787", kill_on_drop: false }`
[INFO] running `Command { std: "docker" "rm" "-f" "ac1c78b09f9b27afcc8d9b58e01c8ce2044d789bc8d74789c37c3ae5535ba787", kill_on_drop: false }`
[INFO] [stdout] ac1c78b09f9b27afcc8d9b58e01c8ce2044d789bc8d74789c37c3ae5535ba787
[INFO] running `Command { std: "docker" "create" "-v" "/var/lib/crater-agent-workspace/builds/worker-3-tc1/target:/opt/rustwide/target:rw,Z" "-v" "/var/lib/crater-agent-workspace/builds/worker-3-tc1/source:/opt/rustwide/workdir:ro,Z" "-v" "/var/lib/crater-agent-workspace/cargo-home:/opt/rustwide/cargo-home:ro,Z" "-v" "/var/lib/crater-agent-workspace/rustup-home:/opt/rustwide/rustup-home:ro,Z" "-e" "SOURCE_DIR=/opt/rustwide/workdir" "-e" "CARGO_TARGET_DIR=/opt/rustwide/target" "-e" "CARGO_INCREMENTAL=0" "-e" "RUST_BACKTRACE=full" "-e" "RUSTFLAGS=--cap-lints=forbid" "-e" "RUSTDOCFLAGS=--cap-lints=forbid" "-e" "CARGO_HOME=/opt/rustwide/cargo-home" "-e" "RUSTUP_HOME=/opt/rustwide/rustup-home" "-w" "/opt/rustwide/workdir" "-m" "1610612736" "--user" "0:0" "--network" "none" "ghcr.io/rust-lang/crates-build-env/linux@sha256:4a844ea9eb2546a2d2c7022eacef16ef2e8229c7fbb2c7d4d55a9ceca922f72d" "/opt/rustwide/cargo-home/bin/cargo" "+nightly-2024-10-28" "test" "--frozen" "--no-run" "--message-format=json", kill_on_drop: false }`
[INFO] [stdout] 0a707b4afe44faaf2c09f6ea4ca4c3375f7fa80abe82ef619780da2700928320
[INFO] running `Command { std: "docker" "start" "-a" "0a707b4afe44faaf2c09f6ea4ca4c3375f7fa80abe82ef619780da2700928320", kill_on_drop: false }`
[INFO] [stderr]    Compiling ark-serialize-derive v0.4.2
[INFO] [stderr]    Compiling ark-ff-asm v0.4.2
[INFO] [stderr]    Compiling derivative v2.2.0
[INFO] [stderr]    Compiling ark-ff-macros v0.4.2
[INFO] [stderr]    Compiling serde_json v1.0.132
[INFO] [stderr]    Compiling futures-macro v0.3.31
[INFO] [stderr]    Compiling ident_case v1.0.1
[INFO] [stderr]    Compiling fnv v1.0.7
[INFO] [stderr]    Compiling strsim v0.10.0
[INFO] [stderr]    Compiling regex-syntax v0.8.5
[INFO] [stderr]    Compiling proc-macro-error v1.0.4
[INFO] [stderr]    Compiling console v0.15.8
[INFO] [stderr]    Compiling similar v2.6.0
[INFO] [stderr]    Compiling cw-ownable-derive v0.6.0
[INFO] [stderr]    Compiling rstest_macros v0.17.0
[INFO] [stderr]    Compiling abstract-macros v0.24.1
[INFO] [stderr]    Compiling coverage-helper v0.2.2
[INFO] [stderr]    Compiling darling_core v0.14.4
[INFO] [stderr]    Compiling alloy-sol-macro-expander v0.7.7
[INFO] [stderr]    Compiling ark-serialize v0.4.2
[INFO] [stderr]    Compiling insta v1.40.0
[INFO] [stderr]    Compiling futures-util v0.3.31
[INFO] [stderr]    Compiling schemars v0.8.21
[INFO] [stderr]    Compiling ark-ff v0.4.2
[INFO] [stderr]    Compiling regex-automata v0.4.8
[INFO] [stderr]    Compiling darling_macro v0.14.4
[INFO] [stderr]    Compiling cosmwasm-schema v2.1.4
[INFO] [stderr]    Compiling darling v0.14.4
[INFO] [stderr]    Compiling derive_builder_core v0.12.0
[INFO] [stderr]    Compiling alloy-sol-macro v0.7.7
[INFO] [stderr]    Compiling derive_builder_macro v0.12.0
[INFO] [stderr]    Compiling alloy-sol-types v0.7.7
[INFO] [stderr]    Compiling regex v1.11.1
[INFO] [stderr]    Compiling derive_builder v0.12.0
[INFO] [stderr]    Compiling sanitize-filename v0.5.0
[INFO] [stderr]    Compiling futures-executor v0.3.31
[INFO] [stderr]    Compiling futures v0.3.31
[INFO] [stderr]    Compiling tendermint v0.39.1
[INFO] [stderr]    Compiling rstest v0.17.0
[INFO] [stderr]    Compiling alloy-core v0.7.7
[INFO] [stderr]    Compiling alloy v0.2.1
[INFO] [stderr]    Compiling cosmrs v0.20.0
[INFO] [stderr]    Compiling ark-poly v0.4.2
[INFO] [stderr]    Compiling ark-ec v0.4.2
[INFO] [stderr]    Compiling ark-bls12-381 v0.4.0
[INFO] [stderr]    Compiling cosmwasm-crypto v2.1.4
[INFO] [stderr]    Compiling cosmwasm-std v2.1.4
[INFO] [stderr]    Compiling cw-storage-plus v2.0.0
[INFO] [stderr]    Compiling cw-utils v2.0.0
[INFO] [stderr]    Compiling cw-address-like v2.0.0
[INFO] [stderr]    Compiling cw-clearable v0.2.0
[INFO] [stderr]    Compiling cw20 v2.0.0
[INFO] [stderr]    Compiling cw2 v2.0.0
[INFO] [stderr]    Compiling cw-controllers v2.0.0
[INFO] [stderr]    Compiling cw-ownable v2.1.0
[INFO] [stderr]    Compiling cw-asset v4.0.0
[INFO] [stderr]    Compiling cw20-ics20 v2.0.0
[INFO] [stderr]    Compiling polytone-evm v0.1.0
[INFO] [stderr]    Compiling abstract-cw-multi-test v2.1.2
[INFO] [stderr]    Compiling cw-orch-core v2.1.3
[INFO] [stderr]    Compiling cw-orch-mock v0.24.2
[INFO] [stderr]    Compiling cw-orch-traits v0.24.1
[INFO] [stderr]    Compiling cw-orch-traits v0.25.0
[INFO] [stderr]    Compiling cw-orch v0.25.1
[INFO] [stderr]    Compiling cw-orch v0.27.0
[INFO] [stderr]    Compiling cw-blob v0.2.0
[INFO] [stderr]    Compiling abstract-std v0.24.1
[INFO] [stderr]    Compiling abstract-testing v0.24.1
[INFO] [stderr]    Compiling abstract-sdk v0.24.1
[INFO] [stderr]    Compiling abstract-ica v0.24.1
[INFO] [stderr]    Compiling abstract-account v0.24.1 (/opt/rustwide/workdir)
[INFO] [stdout] error[E0433]: failed to resolve: use of undeclared crate or module `abstract_adapter`
[INFO] [stdout]  --> tests/proxy.rs:2:5
[INFO] [stdout]   |
[INFO] [stdout] 2 | use abstract_adapter::mock::{MockExecMsg, MockInitMsg};
[INFO] [stdout]   |     ^^^^^^^^^^^^^^^^ use of undeclared crate or module `abstract_adapter`
[INFO] [stdout] 
[INFO] [stdout] 
[INFO] [stdout] error[E0433]: failed to resolve: could not find `module_factory` in the list of imported crates
[INFO] [stdout]  --> tests/adapters.rs:1:7
[INFO] [stdout]   |
[INFO] [stdout] 1 | use ::module_factory::error::ModuleFactoryError;
[INFO] [stdout]   |       ^^^^^^^^^^^^^^ could not find `module_factory` in the list of imported crates
[INFO] [stdout] 
[INFO] [stdout] 
[INFO] [stdout] error[E0433]: failed to resolve: could not find `registry` in the list of imported crates
[INFO] [stdout]  --> tests/adapters.rs:2:7
[INFO] [stdout]   |
[INFO] [stdout] 2 | use ::registry::error::RegistryError;
[INFO] [stdout]   |       ^^^^^^^^ could not find `registry` in the list of imported crates
[INFO] [stdout] 
[INFO] [stdout] 
[INFO] [stdout] error[E0432]: unresolved import `abstract_interface`
[INFO] [stdout]  --> tests/subaccount.rs:3:5
[INFO] [stdout]   |
[INFO] [stdout] 3 | use abstract_interface::*;
[INFO] [stdout]   |     ^^^^^^^^^^^^^^^^^^ use of undeclared crate or module `abstract_interface`
[INFO] [stdout] 
[INFO] [stdout] 
[INFO] [stdout] error[E0432]: unresolved import `abstract_interface`
[INFO] [stdout]  --> tests/standalones.rs:3:5
[INFO] [stdout]   |
[INFO] [stdout] 3 | use abstract_interface::*;
[INFO] [stdout]   |     ^^^^^^^^^^^^^^^^^^ use of undeclared crate or module `abstract_interface`
[INFO] [stdout] 
[INFO] [stdout] 
[INFO] [stdout] error[E0432]: unresolved import `abstract_integration_tests`
[INFO] [stdout]  --> tests/subaccount.rs:2:5
[INFO] [stdout]   |
[INFO] [stdout] 2 | use abstract_integration_tests::{create_default_account, AResult};
[INFO] [stdout]   |     ^^^^^^^^^^^^^^^^^^^^^^^^^^ use of undeclared crate or module `abstract_integration_tests`
[INFO] [stdout] 
[INFO] [stdout] 
[INFO] [stdout] error[E0432]: unresolved import `abstract_integration_tests`
[INFO] [stdout]  --> tests/standalones.rs:2:5
[INFO] [stdout]   |
[INFO] [stdout] 2 | use abstract_integration_tests::{create_default_account, AResult};
[INFO] [stdout]   |     ^^^^^^^^^^^^^^^^^^^^^^^^^^ use of undeclared crate or module `abstract_integration_tests`
[INFO] [stdout] 
[INFO] [stdout] 
[INFO] [stdout] error[E0432]: unresolved import `abstract_interface`
[INFO] [stdout]  --> tests/apps.rs:6:5
[INFO] [stdout]   |
[INFO] [stdout] 6 | use abstract_interface::*;
[INFO] [stdout]   |     ^^^^^^^^^^^^^^^^^^ use of undeclared crate or module `abstract_interface`
[INFO] [stdout] 
[INFO] [stdout] 
[INFO] [stdout] error[E0433]: failed to resolve: use of undeclared crate or module `abstract_standalone`
[INFO] [stdout]  --> tests/standalones.rs:4:5
[INFO] [stdout]   |
[INFO] [stdout] 4 | use abstract_standalone::{
[INFO] [stdout]   |     ^^^^^^^^^^^^^^^^^^^ use of undeclared crate or module `abstract_standalone`
[INFO] [stdout] 
[INFO] [stdout] 
[INFO] [stdout] error[E0432]: unresolved import `abstract_standalone`
[INFO] [stdout]  --> tests/standalones.rs:4:5
[INFO] [stdout]   |
[INFO] [stdout] 4 | use abstract_standalone::{
[INFO] [stdout]   |     ^^^^^^^^^^^^^^^^^^^ use of undeclared crate or module `abstract_standalone`
[INFO] [stdout] 
[INFO] [stdout] 
[INFO] [stdout] error[E0433]: failed to resolve: use of undeclared crate or module `abstract_app`
[INFO] [stdout]  --> tests/apps.rs:4:5
[INFO] [stdout]   |
[INFO] [stdout] 4 | use abstract_app::{gen_app_mock, mock, mock::MockError};
[INFO] [stdout]   |     ^^^^^^^^^^^^ use of undeclared crate or module `abstract_app`
[INFO] [stdout]   |
[INFO] [stdout] help: there is a crate or module with a similar name
[INFO] [stdout]   |
[INFO] [stdout] 4 | use abstract_std::{gen_app_mock, mock, mock::MockError};
[INFO] [stdout]   |     ~~~~~~~~~~~~
[INFO] [stdout] 
[INFO] [stdout] 
[INFO] [stdout] error[E0432]: unresolved import `abstract_app`
[INFO] [stdout]  --> tests/apps.rs:4:5
[INFO] [stdout]   |
[INFO] [stdout] 4 | use abstract_app::{gen_app_mock, mock, mock::MockError};
[INFO] [stdout]   |     ^^^^^^^^^^^^ use of undeclared crate or module `abstract_app`
[INFO] [stdout]   |
[INFO] [stdout] help: there is a crate or module with a similar name
[INFO] [stdout]   |
[INFO] [stdout] 4 | use abstract_std::{gen_app_mock, mock, mock::MockError};
[INFO] [stdout]   |     ~~~~~~~~~~~~
[INFO] [stdout] 
[INFO] [stdout] 
[INFO] [stdout] error[E0432]: unresolved import `abstract_integration_tests`
[INFO] [stdout]  --> tests/apps.rs:5:5
[INFO] [stdout]   |
[INFO] [stdout] 5 | use abstract_integration_tests::{create_default_account, AResult};
[INFO] [stdout]   |     ^^^^^^^^^^^^^^^^^^^^^^^^^^ use of undeclared crate or module `abstract_integration_tests`
[INFO] [stdout] 
[INFO] [stdout] 
[INFO] [stdout] error[E0432]: unresolved import `abstract_integration_tests`
[INFO] [stdout]  --> tests/proxy.rs:3:5
[INFO] [stdout]   |
[INFO] [stdout] 3 | use abstract_integration_tests::*;
[INFO] [stdout]   |     ^^^^^^^^^^^^^^^^^^^^^^^^^^ use of undeclared crate or module `abstract_integration_tests`
[INFO] [stdout] 
[INFO] [stdout] 
[INFO] [stdout] error[E0432]: unresolved import `abstract_interface`
[INFO] [stdout]  --> tests/proxy.rs:4:5
[INFO] [stdout]   |
[INFO] [stdout] 4 | use abstract_interface::*;
[INFO] [stdout]   |     ^^^^^^^^^^^^^^^^^^ use of undeclared crate or module `abstract_interface`
[INFO] [stdout] 
[INFO] [stdout] 
[INFO] [stdout] error[E0432]: unresolved import `abstract_interface`
[INFO] [stdout]   --> tests/adapters.rs:13:5
[INFO] [stdout]    |
[INFO] [stdout] 13 | use abstract_interface::*;
[INFO] [stdout]    |     ^^^^^^^^^^^^^^^^^^ use of undeclared crate or module `abstract_interface`
[INFO] [stdout] 
[INFO] [stdout] 
[INFO] [stdout] error[E0433]: failed to resolve: use of undeclared crate or module `abstract_adapter`
[INFO] [stdout]  --> tests/adapters.rs:3:5
[INFO] [stdout]   |
[INFO] [stdout] 3 | use abstract_adapter::{
[INFO] [stdout]   |     ^^^^^^^^^^^^^^^^ use of undeclared crate or module `abstract_adapter`
[INFO] [stdout] 
[INFO] [stdout] 
[INFO] [stdout] error[E0432]: unresolved import `abstract_adapter`
[INFO] [stdout]  --> tests/adapters.rs:3:5
[INFO] [stdout]   |
[INFO] [stdout] 3 | use abstract_adapter::{
[INFO] [stdout]   |     ^^^^^^^^^^^^^^^^ use of undeclared crate or module `abstract_adapter`
[INFO] [stdout] 
[INFO] [stdout] 
[INFO] [stdout] error[E0433]: failed to resolve: use of undeclared crate or module `abstract_integration_tests`
[INFO] [stdout]  --> tests/adapters.rs:7:5
[INFO] [stdout]   |
[INFO] [stdout] 7 | use abstract_integration_tests::{
[INFO] [stdout]   |     ^^^^^^^^^^^^^^^^^^^^^^^^^^ use of undeclared crate or module `abstract_integration_tests`
[INFO] [stdout] 
[INFO] [stdout] 
[INFO] [stdout] error[E0432]: unresolved import `abstract_integration_tests`
[INFO] [stdout]  --> tests/adapters.rs:7:5
[INFO] [stdout]   |
[INFO] [stdout] 7 | use abstract_integration_tests::{
[INFO] [stdout]   |     ^^^^^^^^^^^^^^^^^^^^^^^^^^ use of undeclared crate or module `abstract_integration_tests`
[INFO] [stdout] 
[INFO] [stdout] 
[INFO] [stdout] error[E0432]: unresolved import `abstract_interface`
[INFO] [stdout]  --> tests/create.rs:1:5
[INFO] [stdout]   |
[INFO] [stdout] 1 | use abstract_interface::*;
[INFO] [stdout]   |     ^^^^^^^^^^^^^^^^^^ use of undeclared crate or module `abstract_interface`
[INFO] [stdout] 
[INFO] [stdout] 
[INFO] [stdout] error[E0432]: unresolved import `abstract_integration_tests`
[INFO] [stdout]  --> tests/ibc-client.rs:1:5
[INFO] [stdout]   |
[INFO] [stdout] 1 | use abstract_integration_tests::{create_default_account, AResult};
[INFO] [stdout]   |     ^^^^^^^^^^^^^^^^^^^^^^^^^^ use of undeclared crate or module `abstract_integration_tests`
[INFO] [stdout] 
[INFO] [stdout] 
[INFO] [stdout] error[E0432]: unresolved import `abstract_interface`
[INFO] [stdout]  --> tests/ibc-client.rs:2:5
[INFO] [stdout]   |
[INFO] [stdout] 2 | use abstract_interface::{Abstract, AccountI, AccountQueryFns};
[INFO] [stdout]   |     ^^^^^^^^^^^^^^^^^^ use of undeclared crate or module `abstract_interface`
[INFO] [stdout] 
[INFO] [stdout] 
[INFO] [stdout] error[E0432]: unresolved import `v1::MockAppV1`
[INFO] [stdout]    --> tests/upgrades.rs:968:17
[INFO] [stdout]     |
[INFO] [stdout] 968 |         pub use v1::MockAppV1;
[INFO] [stdout]     |                 ^^^^^^^^^^^^^ no `MockAppV1` in `module_with_deps::app_mock::v1`
[INFO] [stdout] 
[INFO] [stdout] 
[INFO] [stdout] error[E0432]: unresolved import `v2::MockAppV2`
[INFO] [stdout]    --> tests/upgrades.rs:969:17
[INFO] [stdout]     |
[INFO] [stdout] 969 |         pub use v2::MockAppV2;
[INFO] [stdout]     |                 ^^^^---------
[INFO] [stdout]     |                 |   |
[INFO] [stdout]     |                 |   help: a similar name exists in the module: `MockAppV1`
[INFO] [stdout]     |                 no `MockAppV2` in `module_with_deps::app_mock::v2`
[INFO] [stdout] 
[INFO] [stdout] 
[INFO] [stdout] error[E0432]: unresolved import `v1::MockAppDependencyV1`
[INFO] [stdout]    --> tests/upgrades.rs:994:17
[INFO] [stdout]     |
[INFO] [stdout] 994 |         pub use v1::MockAppDependencyV1;
[INFO] [stdout]     |                 ^^^^^^^^^^^^^^^^^^^^^^^ no `MockAppDependencyV1` in `module_with_deps::app_dependency_mock::v1`
[INFO] [stdout] 
[INFO] [stdout] 
[INFO] [stdout] error[E0432]: unresolved import `v2::MockAppDependencyV2`
[INFO] [stdout]    --> tests/upgrades.rs:995:17
[INFO] [stdout]     |
[INFO] [stdout] 995 |         pub use v2::MockAppDependencyV2;
[INFO] [stdout]     |                 ^^^^-------------------
[INFO] [stdout]     |                 |   |
[INFO] [stdout]     |                 |   help: a similar name exists in the module: `MockAppDependencyV1`
[INFO] [stdout]     |                 no `MockAppDependencyV2` in `module_with_deps::app_dependency_mock::v2`
[INFO] [stdout] 
[INFO] [stdout] 
[INFO] [stdout] error[E0432]: unresolved import `v1::MockAdapterV1`
[INFO] [stdout]     --> tests/upgrades.rs:1010:17
[INFO] [stdout]      |
[INFO] [stdout] 1010 |         pub use v1::MockAdapterV1;
[INFO] [stdout]      |                 ^^^^^^^^^^^^^^^^^ no `MockAdapterV1` in `module_with_deps::adapter_mock::v1`
[INFO] [stdout] 
[INFO] [stdout] 
[INFO] [stdout] error[E0432]: unresolved import `abstract_integration_tests`
[INFO] [stdout]  --> tests/install_modules.rs:2:5
[INFO] [stdout]   |
[INFO] [stdout] 2 | use abstract_integration_tests::{create_default_account, mock_modules, AResult};
[INFO] [stdout]   |     ^^^^^^^^^^^^^^^^^^^^^^^^^^ use of undeclared crate or module `abstract_integration_tests`
[INFO] [stdout] 
[INFO] [stdout] 
[INFO] [stdout] error[E0432]: unresolved import `v2::MockAdapterV2`
[INFO] [stdout]     --> tests/upgrades.rs:1011:17
[INFO] [stdout]      |
[INFO] [stdout] 1011 |         pub use v2::MockAdapterV2;
[INFO] [stdout]      |                 ^^^^-------------
[INFO] [stdout]      |                 |   |
[INFO] [stdout]      |                 |   help: a similar name exists in the module: `MockAdapterV1`
[INFO] [stdout]      |                 no `MockAdapterV2` in `module_with_deps::adapter_mock::v2`
[INFO] [stdout] 
[INFO] [stdout] 
[INFO] [stdout] For more information about this error, try `rustc --explain E0432`.
[INFO] [stdout] 
[INFO] [stdout] error[E0432]: unresolved import `abstract_interface`
[INFO] [stdout]  --> tests/install_modules.rs:3:5
[INFO] [stdout]   |
[INFO] [stdout] 3 | use abstract_interface::{Abstract, AccountQueryFns, RegistryExecFns};
[INFO] [stdout]   |     ^^^^^^^^^^^^^^^^^^ use of undeclared crate or module `abstract_interface`
[INFO] [stdout] 
[INFO] [stdout] 
[INFO] [stdout] error[E0432]: unresolved import `v1::MockAdapterDependencyV1`
[INFO] [stdout]     --> tests/upgrades.rs:1035:17
[INFO] [stdout]      |
[INFO] [stdout] 1035 |         pub use v1::MockAdapterDependencyV1;
[INFO] [stdout]      |                 ^^^^-----------------------
[INFO] [stdout]      |                 |   |
[INFO] [stdout]      |                 |   help: a similar name exists in the module: `MockAppDependencyV1`
[INFO] [stdout]      |                 no `MockAdapterDependencyV1` in `module_with_deps::adapter_dependency_mock::v1`
[INFO] [stdout] 
[INFO] [stdout] 
[INFO] [stdout] error[E0433]: failed to resolve: use of undeclared crate or module `abstract_app`
[INFO] [stdout]  --> tests/upgrades.rs:2:5
[INFO] [stdout]   |
[INFO] [stdout] 2 | use abstract_app::mock::{MockInitMsg, MockMigrateMsg};
[INFO] [stdout]   |     ^^^^^^^^^^^^ use of undeclared crate or module `abstract_app`
[INFO] [stdout]   |
[INFO] [stdout] help: there is a crate or module with a similar name
[INFO] [stdout]   |
[INFO] [stdout] 2 | use abstract_std::mock::{MockInitMsg, MockMigrateMsg};
[INFO] [stdout]   |     ~~~~~~~~~~~~
[INFO] [stdout] 
[INFO] [stdout] 
[INFO] [stdout] error[E0432]: unresolved import `v2::MockAdapterDependencyV2`
[INFO] [stdout]     --> tests/upgrades.rs:1036:17
[INFO] [stdout]      |
[INFO] [stdout] 1036 |         pub use v2::MockAdapterDependencyV2;
[INFO] [stdout]      |                 ^^^^-----------------------
[INFO] [stdout]      |                 |   |
[INFO] [stdout]      |                 |   help: a similar name exists in the module: `MockAdapterDependencyV1`
[INFO] [stdout]      |                 no `MockAdapterDependencyV2` in `module_with_deps::adapter_dependency_mock::v2`
[INFO] [stdout] 
[INFO] [stdout] 
[INFO] [stdout] error[E0433]: failed to resolve: use of undeclared crate or module `abstract_integration_tests`
[INFO] [stdout]  --> tests/upgrades.rs:3:5
[INFO] [stdout]   |
[INFO] [stdout] 3 | use abstract_integration_tests::{create_default_account, mock_modules::*, AResult, *};
[INFO] [stdout]   |     ^^^^^^^^^^^^^^^^^^^^^^^^^^ use of undeclared crate or module `abstract_integration_tests`
[INFO] [stdout] 
[INFO] [stdout] 
[INFO] [stdout] error[E0432]: unresolved import `abstract_integration_tests`
[INFO] [stdout]  --> tests/upgrades.rs:3:5
[INFO] [stdout]   |
[INFO] [stdout] 3 | use abstract_integration_tests::{create_default_account, mock_modules::*, AResult, *};
[INFO] [stdout]   |     ^^^^^^^^^^^^^^^^^^^^^^^^^^ use of undeclared crate or module `abstract_integration_tests`
[INFO] [stdout] 
[INFO] [stdout] 
[INFO] [stdout] error[E0432]: unresolved import `abstract_interface`
[INFO] [stdout]  --> tests/upgrades.rs:4:5
[INFO] [stdout]   |
[INFO] [stdout] 4 | use abstract_interface::{
[INFO] [stdout]   |     ^^^^^^^^^^^^^^^^^^ use of undeclared crate or module `abstract_interface`
[INFO] [stdout] 
[INFO] [stdout] 
[INFO] [stdout] error[E0432]: unresolved import `abstract_interface`
[INFO] [stdout]    --> tests/upgrades.rs:961:9
[INFO] [stdout]     |
[INFO] [stdout] 961 |     use abstract_interface::{AdapterDeployer, AppDeployer, DeployStrategy};
[INFO] [stdout]     |         ^^^^^^^^^^^^^^^^^^ use of undeclared crate or module `abstract_interface`
[INFO] [stdout] 
[INFO] [stdout] 
[INFO] [stderr] error: could not compile `abstract-account` (test "ibc-client") due to 2 previous errors
[INFO] [stderr] warning: build failed, waiting for other jobs to finish...
[INFO] [stdout] error[E0433]: failed to resolve: use of undeclared crate or module `abstract_app`
[INFO] [stdout]    --> tests/upgrades.rs:973:13
[INFO] [stdout]     |
[INFO] [stdout] 973 |             abstract_app::gen_app_mock!(
[INFO] [stdout]     |             ^^^^^^^^^^^^ use of undeclared crate or module `abstract_app`
[INFO] [stdout] 
[INFO] [stdout] 
[INFO] [stdout] error[E0433]: failed to resolve: use of undeclared crate or module `abstract_app`
[INFO] [stdout]    --> tests/upgrades.rs:982:13
[INFO] [stdout]     |
[INFO] [stdout] 982 |             abstract_app::gen_app_mock!(
[INFO] [stdout]     |             ^^^^^^^^^^^^ use of undeclared crate or module `abstract_app`
[INFO] [stdout] 
[INFO] [stdout] 
[INFO] [stdout] error[E0433]: failed to resolve: use of undeclared crate or module `abstract_app`
[INFO] [stdout]    --> tests/upgrades.rs:999:13
[INFO] [stdout]     |
[INFO] [stdout] 999 |             abstract_app::gen_app_mock!(MockAppDependencyV1, DEPENDENCY_MODULE_ID, V1, &[]);
[INFO] [stdout]     |             ^^^^^^^^^^^^ use of undeclared crate or module `abstract_app`
[INFO] [stdout] 
[INFO] [stdout] 
[INFO] [stdout] error[E0433]: failed to resolve: use of undeclared crate or module `abstract_app`
[INFO] [stdout]     --> tests/upgrades.rs:1003:13
[INFO] [stdout]      |
[INFO] [stdout] 1003 |             abstract_app::gen_app_mock!(MockAppDependencyV2, DEPENDENCY_MODULE_ID, V2, &[]);
[INFO] [stdout]      |             ^^^^^^^^^^^^ use of undeclared crate or module `abstract_app`
[INFO] [stdout] 
[INFO] [stdout] 
[INFO] [stdout] error[E0433]: failed to resolve: use of undeclared crate or module `abstract_adapter`
[INFO] [stdout]     --> tests/upgrades.rs:1015:13
[INFO] [stdout]      |
[INFO] [stdout] 1015 |             abstract_adapter::gen_adapter_mock!(
[INFO] [stdout]      |             ^^^^^^^^^^^^^^^^ use of undeclared crate or module `abstract_adapter`
[INFO] [stdout] 
[INFO] [stdout] 
[INFO] [stdout] error[E0433]: failed to resolve: use of undeclared crate or module `abstract_adapter`
[INFO] [stdout]     --> tests/upgrades.rs:1024:13
[INFO] [stdout]      |
[INFO] [stdout] 1024 |             abstract_adapter::gen_adapter_mock!(
[INFO] [stdout]      |             ^^^^^^^^^^^^^^^^ use of undeclared crate or module `abstract_adapter`
[INFO] [stdout] 
[INFO] [stdout] 
[INFO] [stdout] error[E0433]: failed to resolve: use of undeclared crate or module `abstract_adapter`
[INFO] [stdout]     --> tests/upgrades.rs:1039:13
[INFO] [stdout]      |
[INFO] [stdout] 1039 |             abstract_adapter::gen_adapter_mock!(
[INFO] [stdout]      |             ^^^^^^^^^^^^^^^^ use of undeclared crate or module `abstract_adapter`
[INFO] [stdout] 
[INFO] [stdout] 
[INFO] [stdout] error[E0433]: failed to resolve: use of undeclared crate or module `abstract_adapter`
[INFO] [stdout]     --> tests/upgrades.rs:1049:13
[INFO] [stdout]      |
[INFO] [stdout] 1049 |             abstract_adapter::gen_adapter_mock!(
[INFO] [stdout]      |             ^^^^^^^^^^^^^^^^ use of undeclared crate or module `abstract_adapter`
[INFO] [stdout] 
[INFO] [stdout] 
[INFO] [stdout] Some errors have detailed explanations: E0432, E0433.
[INFO] [stdout] 
[INFO] [stdout] For more information about an error, try `rustc --explain E0432`.
[INFO] [stdout] 
[INFO] [stderr] error: could not compile `abstract-account` (test "standalones") due to 4 previous errors
[INFO] [stdout] For more information about this error, try `rustc --explain E0432`.
[INFO] [stdout] 
[INFO] [stderr] error: could not compile `abstract-account` (test "subaccount") due to 2 previous errors
[INFO] [stdout] For more information about this error, try `rustc --explain E0432`.
[INFO] [stdout] 
[INFO] [stderr] error: could not compile `abstract-account` (test "create") due to 1 previous error
[INFO] [stdout] Some errors have detailed explanations: E0432, E0433.
[INFO] [stdout] 
[INFO] [stdout] For more information about an error, try `rustc --explain E0432`.
[INFO] [stdout] 
[INFO] [stderr] error: could not compile `abstract-account` (test "apps") due to 4 previous errors
[INFO] [stdout] Some errors have detailed explanations: E0432, E0433.
[INFO] [stdout] 
[INFO] [stdout] For more information about an error, try `rustc --explain E0432`.
[INFO] [stdout] 
[INFO] [stderr] error: could not compile `abstract-account` (test "proxy") due to 3 previous errors
[INFO] [stdout] For more information about this error, try `rustc --explain E0432`.
[INFO] [stdout] 
[INFO] [stderr] error: could not compile `abstract-account` (test "install_modules") due to 2 previous errors
[INFO] [stdout] Some errors have detailed explanations: E0432, E0433.
[INFO] [stdout] 
[INFO] [stdout] For more information about an error, try `rustc --explain E0432`.
[INFO] [stdout] 
[INFO] [stderr] error: could not compile `abstract-account` (test "adapters") due to 7 previous errors
[INFO] [stdout] warning: unused import: `abstract_std::objects::dependency::StaticDependency`
[INFO] [stdout]    --> tests/upgrades.rs:962:9
[INFO] [stdout]     |
[INFO] [stdout] 962 |     use abstract_std::objects::dependency::StaticDependency;
[INFO] [stdout]     |         ^^^^^^^^^^^^^^^^^^^^^^^^^^^^^^^^^^^^^^^^^^^^^^^^^^^
[INFO] [stdout]     |
[INFO] [stdout]     = note: `#[warn(unused_imports)]` on by default
[INFO] [stdout] 
[INFO] [stdout] 
[INFO] [stdout] warning: unused import: `super::*`
[INFO] [stdout]    --> tests/upgrades.rs:967:13
[INFO] [stdout]     |
[INFO] [stdout] 967 |         use super::*;
[INFO] [stdout]     |             ^^^^^^^^
[INFO] [stdout] 
[INFO] [stdout] 
[INFO] [stdout] warning: unused import: `super::*`
[INFO] [stdout]    --> tests/upgrades.rs:972:17
[INFO] [stdout]     |
[INFO] [stdout] 972 |             use super::*;
[INFO] [stdout]     |                 ^^^^^^^^
[INFO] [stdout] 
[INFO] [stdout] 
[INFO] [stdout] warning: unused import: `super::*`
[INFO] [stdout]    --> tests/upgrades.rs:981:17
[INFO] [stdout]     |
[INFO] [stdout] 981 |             use super::*;
[INFO] [stdout]     |                 ^^^^^^^^
[INFO] [stdout] 
[INFO] [stdout] 
[INFO] [stdout] warning: unused import: `super::*`
[INFO] [stdout]    --> tests/upgrades.rs:992:13
[INFO] [stdout]     |
[INFO] [stdout] 992 |         use super::*;
[INFO] [stdout]     |             ^^^^^^^^
[INFO] [stdout] 
[INFO] [stdout] 
[INFO] [stdout] warning: unused import: `super::*`
[INFO] [stdout]    --> tests/upgrades.rs:998:17
[INFO] [stdout]     |
[INFO] [stdout] 998 |             use super::*;
[INFO] [stdout]     |                 ^^^^^^^^
[INFO] [stdout] 
[INFO] [stdout] 
[INFO] [stdout] warning: unused import: `super::*`
[INFO] [stdout]     --> tests/upgrades.rs:1002:17
[INFO] [stdout]      |
[INFO] [stdout] 1002 |             use super::*;
[INFO] [stdout]      |                 ^^^^^^^^
[INFO] [stdout] 
[INFO] [stdout] 
[INFO] [stdout] warning: unused import: `super::*`
[INFO] [stdout]     --> tests/upgrades.rs:1008:13
[INFO] [stdout]      |
[INFO] [stdout] 1008 |         use super::*;
[INFO] [stdout]      |             ^^^^^^^^
[INFO] [stdout] 
[INFO] [stdout] 
[INFO] [stdout] warning: unused import: `super::*`
[INFO] [stdout]     --> tests/upgrades.rs:1014:17
[INFO] [stdout]      |
[INFO] [stdout] 1014 |             use super::*;
[INFO] [stdout]      |                 ^^^^^^^^
[INFO] [stdout] 
[INFO] [stdout] 
[INFO] [stdout] warning: unused import: `super::*`
[INFO] [stdout]     --> tests/upgrades.rs:1023:17
[INFO] [stdout]      |
[INFO] [stdout] 1023 |             use super::*;
[INFO] [stdout]      |                 ^^^^^^^^
[INFO] [stdout] 
[INFO] [stdout] 
[INFO] [stdout] warning: unused import: `super::*`
[INFO] [stdout]     --> tests/upgrades.rs:1034:13
[INFO] [stdout]      |
[INFO] [stdout] 1034 |         use super::*;
[INFO] [stdout]      |             ^^^^^^^^
[INFO] [stdout] 
[INFO] [stdout] 
[INFO] [stdout] warning: unused import: `super::*`
[INFO] [stdout]     --> tests/upgrades.rs:1038:17
[INFO] [stdout]      |
[INFO] [stdout] 1038 |             use super::*;
[INFO] [stdout]      |                 ^^^^^^^^
[INFO] [stdout] 
[INFO] [stdout] 
[INFO] [stdout] warning: unused import: `super::*`
[INFO] [stdout]     --> tests/upgrades.rs:1048:17
[INFO] [stdout]      |
[INFO] [stdout] 1048 |             use super::*;
[INFO] [stdout]      |                 ^^^^^^^^
[INFO] [stdout] 
[INFO] [stdout] 
[INFO] [stdout] Some errors have detailed explanations: E0432, E0433.
[INFO] [stdout] 
[INFO] [stdout] For more information about an error, try `rustc --explain E0432`.
[INFO] [stdout] 
[INFO] [stderr] error: could not compile `abstract-account` (test "upgrades") due to 21 previous errors; 13 warnings emitted
[INFO] running `Command { std: "docker" "inspect" "0a707b4afe44faaf2c09f6ea4ca4c3375f7fa80abe82ef619780da2700928320", kill_on_drop: false }`
[INFO] running `Command { std: "docker" "rm" "-f" "0a707b4afe44faaf2c09f6ea4ca4c3375f7fa80abe82ef619780da2700928320", kill_on_drop: false }`
[INFO] [stdout] 0a707b4afe44faaf2c09f6ea4ca4c3375f7fa80abe82ef619780da2700928320
