[INFO] fetching crate a11y 0.2.0...
[INFO] testing a11y-0.2.0 against nightly-2024-10-28+rustflags=-Zrandomize-layout for randomize-layout
[INFO] extracting crate a11y 0.2.0 into /workspace/builds/worker-7-tc2/source
[INFO] validating manifest of crates.io crate a11y 0.2.0 on toolchain nightly-2024-10-28
[INFO] running `Command { std: CARGO_HOME="/workspace/cargo-home" RUSTUP_HOME="/workspace/rustup-home" "/workspace/cargo-home/bin/cargo" "+nightly-2024-10-28" "metadata" "--manifest-path" "Cargo.toml" "--no-deps", kill_on_drop: false }`
[INFO] started tweaking crates.io crate a11y 0.2.0
[INFO] finished tweaking crates.io crate a11y 0.2.0
[INFO] tweaked toml for crates.io crate a11y 0.2.0 written to /workspace/builds/worker-7-tc2/source/Cargo.toml
[INFO] running `Command { std: CARGO_HOME="/workspace/cargo-home" RUSTUP_HOME="/workspace/rustup-home" "/workspace/cargo-home/bin/cargo" "+nightly-2024-10-28" "generate-lockfile" "--manifest-path" "Cargo.toml", kill_on_drop: false }`
[INFO] [stderr]     Updating crates.io index
[INFO] [stderr]      Locking 36 packages to latest compatible versions
[INFO] running `Command { std: CARGO_HOME="/workspace/cargo-home" RUSTUP_HOME="/workspace/rustup-home" "/workspace/cargo-home/bin/cargo" "+nightly-2024-10-28" "fetch" "--manifest-path" "Cargo.toml", kill_on_drop: false }`
[INFO] running `Command { std: "docker" "create" "-v" "/var/lib/crater-agent-workspace/builds/worker-7-tc2/target:/opt/rustwide/target:rw,Z" "-v" "/var/lib/crater-agent-workspace/builds/worker-7-tc2/source:/opt/rustwide/workdir:ro,Z" "-v" "/var/lib/crater-agent-workspace/cargo-home:/opt/rustwide/cargo-home:ro,Z" "-v" "/var/lib/crater-agent-workspace/rustup-home:/opt/rustwide/rustup-home:ro,Z" "-e" "SOURCE_DIR=/opt/rustwide/workdir" "-e" "CARGO_TARGET_DIR=/opt/rustwide/target" "-e" "CARGO_HOME=/opt/rustwide/cargo-home" "-e" "RUSTUP_HOME=/opt/rustwide/rustup-home" "-w" "/opt/rustwide/workdir" "-m" "1610612736" "--user" "0:0" "--network" "none" "ghcr.io/rust-lang/crates-build-env/linux@sha256:4a844ea9eb2546a2d2c7022eacef16ef2e8229c7fbb2c7d4d55a9ceca922f72d" "/opt/rustwide/cargo-home/bin/cargo" "+nightly-2024-10-28" "metadata" "--no-deps" "--format-version=1", kill_on_drop: false }`
[INFO] [stdout] a7bea47ce0061fd6b4b7b62fbc5564f3c93ca6c71b7711dd26cab943fa83d77a
[INFO] running `Command { std: "docker" "start" "-a" "a7bea47ce0061fd6b4b7b62fbc5564f3c93ca6c71b7711dd26cab943fa83d77a", kill_on_drop: false }`
[INFO] running `Command { std: "docker" "inspect" "a7bea47ce0061fd6b4b7b62fbc5564f3c93ca6c71b7711dd26cab943fa83d77a", kill_on_drop: false }`
[INFO] running `Command { std: "docker" "rm" "-f" "a7bea47ce0061fd6b4b7b62fbc5564f3c93ca6c71b7711dd26cab943fa83d77a", kill_on_drop: false }`
[INFO] [stdout] a7bea47ce0061fd6b4b7b62fbc5564f3c93ca6c71b7711dd26cab943fa83d77a
[INFO] running `Command { std: "docker" "create" "-v" "/var/lib/crater-agent-workspace/builds/worker-7-tc2/target:/opt/rustwide/target:rw,Z" "-v" "/var/lib/crater-agent-workspace/builds/worker-7-tc2/source:/opt/rustwide/workdir:ro,Z" "-v" "/var/lib/crater-agent-workspace/cargo-home:/opt/rustwide/cargo-home:ro,Z" "-v" "/var/lib/crater-agent-workspace/rustup-home:/opt/rustwide/rustup-home:ro,Z" "-e" "SOURCE_DIR=/opt/rustwide/workdir" "-e" "CARGO_TARGET_DIR=/opt/rustwide/target" "-e" "CARGO_INCREMENTAL=0" "-e" "RUST_BACKTRACE=full" "-e" "RUSTFLAGS=--cap-lints=forbid -Zrandomize-layout" "-e" "RUSTDOCFLAGS=--cap-lints=forbid" "-e" "CARGO_HOME=/opt/rustwide/cargo-home" "-e" "RUSTUP_HOME=/opt/rustwide/rustup-home" "-w" "/opt/rustwide/workdir" "-m" "1610612736" "--user" "0:0" "--network" "none" "ghcr.io/rust-lang/crates-build-env/linux@sha256:4a844ea9eb2546a2d2c7022eacef16ef2e8229c7fbb2c7d4d55a9ceca922f72d" "/opt/rustwide/cargo-home/bin/cargo" "+nightly-2024-10-28" "build" "--frozen" "--message-format=json", kill_on_drop: false }`
[INFO] [stdout] 64d08a29a40f397e332496de495a80dacea328c9a6b140625d0fda9875ff2e59
[INFO] running `Command { std: "docker" "start" "-a" "64d08a29a40f397e332496de495a80dacea328c9a6b140625d0fda9875ff2e59", kill_on_drop: false }`
[INFO] [stderr]    Compiling a11y v0.2.0 (/opt/rustwide/workdir)
[INFO] [stdout] error[E0412]: cannot find type `OnceLock` in this scope
[INFO] [stdout]   --> src/lib.rs:37:27
[INFO] [stdout]    |
[INFO] [stdout] 37 | static LIBRARY_DIRECTORY: OnceLock<PathBuf> = OnceLock::new();
[INFO] [stdout]    |                           ^^^^^^^^ not found in this scope
[INFO] [stdout]    |
[INFO] [stdout] help: consider importing this struct
[INFO] [stdout]    |
[INFO] [stdout] 16 + use std::sync::OnceLock;
[INFO] [stdout]    |
[INFO] [stdout] 
[INFO] [stdout] 
[INFO] [stdout] error[E0412]: cannot find type `PathBuf` in this scope
[INFO] [stdout]   --> src/lib.rs:37:36
[INFO] [stdout]    |
[INFO] [stdout] 37 | static LIBRARY_DIRECTORY: OnceLock<PathBuf> = OnceLock::new();
[INFO] [stdout]    |                                    ^^^^^^^ not found in this scope
[INFO] [stdout]    |
[INFO] [stdout] help: consider importing this struct
[INFO] [stdout]    |
[INFO] [stdout] 16 + use std::path::PathBuf;
[INFO] [stdout]    |
[INFO] [stdout] 
[INFO] [stdout] 
[INFO] [stdout] error[E0433]: failed to resolve: use of undeclared type `OnceLock`
[INFO] [stdout]   --> src/lib.rs:37:47
[INFO] [stdout]    |
[INFO] [stdout] 37 | static LIBRARY_DIRECTORY: OnceLock<PathBuf> = OnceLock::new();
[INFO] [stdout]    |                                               ^^^^^^^^ use of undeclared type `OnceLock`
[INFO] [stdout]    |
[INFO] [stdout] help: consider importing this struct
[INFO] [stdout]    |
[INFO] [stdout] 16 + use std::sync::OnceLock;
[INFO] [stdout]    |
[INFO] [stdout] 
[INFO] [stdout] 
[INFO] [stdout] error[E0412]: cannot find type `PathBuf` in this scope
[INFO] [stdout]   --> src/lib.rs:43:44
[INFO] [stdout]    |
[INFO] [stdout] 43 | pub fn get_library_path(lib_name: &str) -> PathBuf {
[INFO] [stdout]    |                                            ^^^^^^^ not found in this scope
[INFO] [stdout]    |
[INFO] [stdout] help: consider importing this struct
[INFO] [stdout]    |
[INFO] [stdout] 16 + use std::path::PathBuf;
[INFO] [stdout]    |
[INFO] [stdout] 
[INFO] [stdout] 
[INFO] [stdout] error[E0412]: cannot find type `PathBuf` in this scope
[INFO] [stdout]   --> src/lib.rs:59:21
[INFO] [stdout]    |
[INFO] [stdout] 59 | pub fn setup(path: &PathBuf) {
[INFO] [stdout]    |                     ^^^^^^^ not found in this scope
[INFO] [stdout]    |
[INFO] [stdout] help: consider importing this struct
[INFO] [stdout]    |
[INFO] [stdout] 16 + use std::path::PathBuf;
[INFO] [stdout]    |
[INFO] [stdout] 
[INFO] [stdout] 
[INFO] [stdout] error[E0425]: cannot find function `get_rigela_library_path` in this scope
[INFO] [stdout]   --> src/lib.rs:51:16
[INFO] [stdout]    |
[INFO] [stdout] 43 | pub fn get_library_path(lib_name: &str) -> PathBuf {
[INFO] [stdout]    | -------------------------------------------------- similarly named function `get_library_path` defined here
[INFO] [stdout] ...
[INFO] [stdout] 51 |     let path = get_rigela_library_path();
[INFO] [stdout]    |                ^^^^^^^^^^^^^^^^^^^^^^^ help: a function with a similar name exists: `get_library_path`
[INFO] [stdout] 
[INFO] [stdout] 
[INFO] [stdout] Some errors have detailed explanations: E0412, E0425, E0433.
[INFO] [stdout] 
[INFO] [stdout] For more information about an error, try `rustc --explain E0412`.
[INFO] [stdout] 
[INFO] [stderr] error: could not compile `a11y` (lib) due to 6 previous errors
[INFO] running `Command { std: "docker" "inspect" "64d08a29a40f397e332496de495a80dacea328c9a6b140625d0fda9875ff2e59", kill_on_drop: false }`
[INFO] running `Command { std: "docker" "rm" "-f" "64d08a29a40f397e332496de495a80dacea328c9a6b140625d0fda9875ff2e59", kill_on_drop: false }`
[INFO] [stdout] 64d08a29a40f397e332496de495a80dacea328c9a6b140625d0fda9875ff2e59
