[INFO] fetching crate Rustb 0.2.11...
[INFO] testing Rustb-0.2.11 against nightly-2024-10-28 for randomize-layout
[INFO] extracting crate Rustb 0.2.11 into /workspace/builds/worker-4-tc1/source
[INFO] validating manifest of crates.io crate Rustb 0.2.11 on toolchain nightly-2024-10-28
[INFO] running `Command { std: CARGO_HOME="/workspace/cargo-home" RUSTUP_HOME="/workspace/rustup-home" "/workspace/cargo-home/bin/cargo" "+nightly-2024-10-28" "metadata" "--manifest-path" "Cargo.toml" "--no-deps", kill_on_drop: false }`
[INFO] removed /workspace/builds/worker-4-tc1/source/.cargo/config.toml
[INFO] started tweaking crates.io crate Rustb 0.2.11
[INFO] finished tweaking crates.io crate Rustb 0.2.11
[INFO] tweaked toml for crates.io crate Rustb 0.2.11 written to /workspace/builds/worker-4-tc1/source/Cargo.toml
[INFO] crate crates.io crate Rustb 0.2.11 already has a lockfile, it will not be regenerated
[INFO] running `Command { std: CARGO_HOME="/workspace/cargo-home" RUSTUP_HOME="/workspace/rustup-home" "/workspace/cargo-home/bin/cargo" "+nightly-2024-10-28" "fetch" "--manifest-path" "Cargo.toml", kill_on_drop: false }`
[INFO] [stderr]     Updating crates.io index
[INFO] [stderr]     Blocking waiting for file lock on package cache
[INFO] [stderr]  Downloading crates ...
[INFO] [stderr]   Downloaded walkdir v2.5.0
[INFO] [stderr]   Downloaded openblas-src v0.10.9
[INFO] [stderr]   Downloaded strum v0.26.3
[INFO] [stderr]   Downloaded openblas-build v0.10.9
[INFO] [stderr]   Downloaded proc-macro-error-attr2 v2.0.0
[INFO] [stderr]   Downloaded intel-mkl-src v0.8.1
[INFO] [stderr]   Downloaded base16ct v0.2.0
[INFO] [stderr]   Downloaded serde_derive v1.0.213
[INFO] [stderr]   Downloaded directories v5.0.1
[INFO] [stderr]   Downloaded blas-sys v0.7.1
[INFO] [stderr]   Downloaded darling_macro v0.20.10
[INFO] [stderr]   Downloaded option-ext v0.2.0
[INFO] [stderr]   Downloaded cauchy v0.4.0
[INFO] [stderr]   Downloaded katexit v0.1.4
[INFO] [stderr]   Downloaded blas v0.22.0
[INFO] [stderr]   Downloaded lapack v0.19.0
[INFO] [stderr]   Downloaded derive_builder_macro v0.20.2
[INFO] [stderr]   Downloaded thiserror v1.0.65
[INFO] [stderr]   Downloaded intel-mkl-tool v0.8.1
[INFO] [stderr]   Downloaded darling_core v0.20.10
[INFO] [stderr]   Downloaded gnuplot v0.0.39
[INFO] [stderr]   Downloaded oci-spec v0.6.8
[INFO] [stderr]   Downloaded ureq v2.10.1
[INFO] [stderr]   Downloaded ndarray-linalg v0.16.0
[INFO] [stderr]   Downloaded proc-macro-error2 v2.0.1
[INFO] [stderr]   Downloaded webpki-roots v0.26.6
[INFO] [stderr]   Downloaded strum_macros v0.26.4
[INFO] [stderr]   Downloaded serde v1.0.213
[INFO] [stderr]   Downloaded syn v2.0.85
[INFO] [stderr]   Downloaded dirs-sys v0.4.1
[INFO] [stderr]   Downloaded regex v1.10.6
[INFO] [stderr]   Downloaded darling v0.20.10
[INFO] [stderr]   Downloaded derive_builder v0.20.2
[INFO] [stderr]   Downloaded heck v0.5.0
[INFO] [stderr]   Downloaded ocipkg v0.2.9
[INFO] [stderr]   Downloaded cmake v0.1.51
[INFO] [stderr]   Downloaded redox_users v0.4.6
[INFO] [stderr]   Downloaded dirs-sys v0.3.7
[INFO] [stderr]   Downloaded rustix v0.38.37
[INFO] [stderr]   Downloaded rustls v0.23.15
[INFO] [stderr]   Downloaded strsim v0.11.1
[INFO] [stderr]   Downloaded derive_builder_core v0.20.2
[INFO] [stderr]   Downloaded getset v0.1.3
[INFO] [stderr]   Downloaded rustls-native-certs v0.7.3
[INFO] [stderr]   Downloaded approx v0.4.0
[INFO] [stderr]   Downloaded libredox v0.1.3
[INFO] [stderr]   Downloaded once_cell v1.19.0
[INFO] [stderr]   Downloaded ident_case v1.0.1
[INFO] [stderr]   Downloaded cblas-sys v0.1.4
[INFO] [stderr]   Downloaded lax v0.16.0
[INFO] [stderr]   Downloaded dirs v3.0.2
[INFO] [stderr]   Downloaded thiserror-impl v1.0.65
[INFO] [stderr]   Downloaded lapack-sys v0.14.0
[INFO] [stderr]   Downloaded netlib-src v0.8.0
[INFO] running `Command { std: "docker" "create" "-v" "/var/lib/crater-agent-workspace/builds/worker-4-tc1/target:/opt/rustwide/target:rw,Z" "-v" "/var/lib/crater-agent-workspace/builds/worker-4-tc1/source:/opt/rustwide/workdir:ro,Z" "-v" "/var/lib/crater-agent-workspace/cargo-home:/opt/rustwide/cargo-home:ro,Z" "-v" "/var/lib/crater-agent-workspace/rustup-home:/opt/rustwide/rustup-home:ro,Z" "-e" "SOURCE_DIR=/opt/rustwide/workdir" "-e" "CARGO_TARGET_DIR=/opt/rustwide/target" "-e" "CARGO_HOME=/opt/rustwide/cargo-home" "-e" "RUSTUP_HOME=/opt/rustwide/rustup-home" "-w" "/opt/rustwide/workdir" "-m" "1610612736" "--user" "0:0" "--network" "none" "ghcr.io/rust-lang/crates-build-env/linux@sha256:4a844ea9eb2546a2d2c7022eacef16ef2e8229c7fbb2c7d4d55a9ceca922f72d" "/opt/rustwide/cargo-home/bin/cargo" "+nightly-2024-10-28" "metadata" "--no-deps" "--format-version=1", kill_on_drop: false }`
[INFO] [stdout] fa8262fe7848fa5441396e6723695a1ac403a5c90d978057d923f6943020d519
[INFO] running `Command { std: "docker" "start" "-a" "fa8262fe7848fa5441396e6723695a1ac403a5c90d978057d923f6943020d519", kill_on_drop: false }`
[INFO] running `Command { std: "docker" "inspect" "fa8262fe7848fa5441396e6723695a1ac403a5c90d978057d923f6943020d519", kill_on_drop: false }`
[INFO] running `Command { std: "docker" "rm" "-f" "fa8262fe7848fa5441396e6723695a1ac403a5c90d978057d923f6943020d519", kill_on_drop: false }`
[INFO] [stdout] fa8262fe7848fa5441396e6723695a1ac403a5c90d978057d923f6943020d519
[INFO] running `Command { std: "docker" "create" "-v" "/var/lib/crater-agent-workspace/builds/worker-4-tc1/target:/opt/rustwide/target:rw,Z" "-v" "/var/lib/crater-agent-workspace/builds/worker-4-tc1/source:/opt/rustwide/workdir:ro,Z" "-v" "/var/lib/crater-agent-workspace/cargo-home:/opt/rustwide/cargo-home:ro,Z" "-v" "/var/lib/crater-agent-workspace/rustup-home:/opt/rustwide/rustup-home:ro,Z" "-e" "SOURCE_DIR=/opt/rustwide/workdir" "-e" "CARGO_TARGET_DIR=/opt/rustwide/target" "-e" "CARGO_INCREMENTAL=0" "-e" "RUST_BACKTRACE=full" "-e" "RUSTFLAGS=--cap-lints=forbid" "-e" "RUSTDOCFLAGS=--cap-lints=forbid" "-e" "CARGO_HOME=/opt/rustwide/cargo-home" "-e" "RUSTUP_HOME=/opt/rustwide/rustup-home" "-w" "/opt/rustwide/workdir" "-m" "1610612736" "--user" "0:0" "--network" "none" "ghcr.io/rust-lang/crates-build-env/linux@sha256:4a844ea9eb2546a2d2c7022eacef16ef2e8229c7fbb2c7d4d55a9ceca922f72d" "/opt/rustwide/cargo-home/bin/cargo" "+nightly-2024-10-28" "build" "--frozen" "--message-format=json", kill_on_drop: false }`
[INFO] [stdout] babb8cd17a471a0630f2ddf086b5036769775289f5a47994d34e5c4a179701e2
[INFO] running `Command { std: "docker" "start" "-a" "babb8cd17a471a0630f2ddf086b5036769775289f5a47994d34e5c4a179701e2", kill_on_drop: false }`
[INFO] [stderr]    Compiling proc-macro2 v1.0.89
[INFO] [stderr]    Compiling unicode-ident v1.0.13
[INFO] [stderr]    Compiling libc v0.2.161
[INFO] [stderr]    Compiling autocfg v1.4.0
[INFO] [stderr]    Compiling byteorder v1.5.0
[INFO] [stderr]    Compiling serde v1.0.213
[INFO] [stderr]    Compiling crossbeam-utils v0.8.20
[INFO] [stderr]    Compiling syn v1.0.109
[INFO] [stderr]    Compiling rayon-core v1.12.1
[INFO] [stderr]    Compiling thiserror v1.0.65
[INFO] [stderr]    Compiling either v1.13.0
[INFO] [stderr]    Compiling rawpointer v0.2.1
[INFO] [stderr]    Compiling gnuplot v0.0.39
[INFO] [stderr]    Compiling num-traits v0.2.19
[INFO] [stderr]    Compiling matrixmultiply v0.3.9
[INFO] [stderr]    Compiling crossbeam-epoch v0.9.18
[INFO] [stderr]    Compiling quote v1.0.37
[INFO] [stderr]    Compiling crossbeam-deque v0.8.5
[INFO] [stderr]    Compiling syn v2.0.85
[INFO] [stderr]    Compiling getrandom v0.2.15
[INFO] [stderr]    Compiling lapack-sys v0.14.0
[INFO] [stderr]    Compiling cblas-sys v0.1.4
[INFO] [stderr]    Compiling blas-sys v0.7.1
[INFO] [stderr]    Compiling rand_core v0.6.4
[INFO] [stderr]    Compiling approx v0.4.0
[INFO] [stderr]    Compiling num-integer v0.1.46
[INFO] [stderr]    Compiling rayon v1.10.0
[INFO] [stderr]    Compiling zerocopy-derive v0.7.35
[INFO] [stderr]    Compiling thiserror-impl v1.0.65
[INFO] [stderr]    Compiling zerocopy v0.7.35
[INFO] [stderr]    Compiling ppv-lite86 v0.2.20
[INFO] [stderr]    Compiling rand_chacha v0.3.1
[INFO] [stderr]    Compiling katexit v0.1.4
[INFO] [stderr]    Compiling rand v0.8.5
[INFO] [stderr]    Compiling num-complex v0.4.6
[INFO] [stderr]    Compiling cauchy v0.4.0
[INFO] [stderr]    Compiling ndarray v0.15.6
[INFO] [stderr]    Compiling lapack v0.19.0
[INFO] [stderr]    Compiling blas v0.22.0
[INFO] [stderr]    Compiling lax v0.16.0
[INFO] [stderr]    Compiling ndarray-linalg v0.16.0
[INFO] [stderr]    Compiling Rustb v0.2.11 (/opt/rustwide/workdir)
[INFO] [stderr]     Finished `dev` profile [unoptimized + debuginfo] target(s) in 15.06s
[INFO] running `Command { std: "docker" "inspect" "babb8cd17a471a0630f2ddf086b5036769775289f5a47994d34e5c4a179701e2", kill_on_drop: false }`
[INFO] running `Command { std: "docker" "rm" "-f" "babb8cd17a471a0630f2ddf086b5036769775289f5a47994d34e5c4a179701e2", kill_on_drop: false }`
[INFO] [stdout] babb8cd17a471a0630f2ddf086b5036769775289f5a47994d34e5c4a179701e2
[INFO] running `Command { std: "docker" "create" "-v" "/var/lib/crater-agent-workspace/builds/worker-4-tc1/target:/opt/rustwide/target:rw,Z" "-v" "/var/lib/crater-agent-workspace/builds/worker-4-tc1/source:/opt/rustwide/workdir:ro,Z" "-v" "/var/lib/crater-agent-workspace/cargo-home:/opt/rustwide/cargo-home:ro,Z" "-v" "/var/lib/crater-agent-workspace/rustup-home:/opt/rustwide/rustup-home:ro,Z" "-e" "SOURCE_DIR=/opt/rustwide/workdir" "-e" "CARGO_TARGET_DIR=/opt/rustwide/target" "-e" "CARGO_INCREMENTAL=0" "-e" "RUST_BACKTRACE=full" "-e" "RUSTFLAGS=--cap-lints=forbid" "-e" "RUSTDOCFLAGS=--cap-lints=forbid" "-e" "CARGO_HOME=/opt/rustwide/cargo-home" "-e" "RUSTUP_HOME=/opt/rustwide/rustup-home" "-w" "/opt/rustwide/workdir" "-m" "1610612736" "--user" "0:0" "--network" "none" "ghcr.io/rust-lang/crates-build-env/linux@sha256:4a844ea9eb2546a2d2c7022eacef16ef2e8229c7fbb2c7d4d55a9ceca922f72d" "/opt/rustwide/cargo-home/bin/cargo" "+nightly-2024-10-28" "test" "--frozen" "--no-run" "--message-format=json", kill_on_drop: false }`
[INFO] [stdout] 756f9cd4bc5c59d8a88020798347251f7bddf02e051a24eec71fe4e53e13c5ea
[INFO] running `Command { std: "docker" "start" "-a" "756f9cd4bc5c59d8a88020798347251f7bddf02e051a24eec71fe4e53e13c5ea", kill_on_drop: false }`
[INFO] [stderr]    Compiling Rustb v0.2.11 (/opt/rustwide/workdir)
[INFO] [stdout] error: linking with `cc` failed: exit status: 1
[INFO] [stdout]   |
[INFO] [stdout]   = note: LC_ALL="C" PATH="/opt/rustwide/rustup-home/toolchains/nightly-2024-10-28-x86_64-unknown-linux-gnu/lib/rustlib/x86_64-unknown-linux-gnu/bin:/opt/rustwide/rustup-home/toolchains/nightly-2024-10-28-x86_64-unknown-linux-gnu/lib/rustlib/x86_64-unknown-linux-gnu/bin/self-contained:/opt/rustwide/cargo-home/bin:/usr/local/sbin:/usr/local/bin:/usr/sbin:/usr/bin:/sbin:/bin" VSLANG="1033" "cc" "-m64" "/tmp/rustcDypG4G/symbols.o" "/opt/rustwide/target/debug/deps/Rustb-fdff0df68a9b3798.Rustb.6373f3b12f5518ec-cgu.00.rcgu.o" "/opt/rustwide/target/debug/deps/Rustb-fdff0df68a9b3798.Rustb.6373f3b12f5518ec-cgu.01.rcgu.o" "/opt/rustwide/target/debug/deps/Rustb-fdff0df68a9b3798.Rustb.6373f3b12f5518ec-cgu.02.rcgu.o" "/opt/rustwide/target/debug/deps/Rustb-fdff0df68a9b3798.Rustb.6373f3b12f5518ec-cgu.03.rcgu.o" "/opt/rustwide/target/debug/deps/Rustb-fdff0df68a9b3798.Rustb.6373f3b12f5518ec-cgu.04.rcgu.o" "/opt/rustwide/target/debug/deps/Rustb-fdff0df68a9b3798.Rustb.6373f3b12f5518ec-cgu.05.rcgu.o" "/opt/rustwide/target/debug/deps/Rustb-fdff0df68a9b3798.Rustb.6373f3b12f5518ec-cgu.06.rcgu.o" "/opt/rustwide/target/debug/deps/Rustb-fdff0df68a9b3798.Rustb.6373f3b12f5518ec-cgu.07.rcgu.o" "/opt/rustwide/target/debug/deps/Rustb-fdff0df68a9b3798.Rustb.6373f3b12f5518ec-cgu.08.rcgu.o" "/opt/rustwide/target/debug/deps/Rustb-fdff0df68a9b3798.Rustb.6373f3b12f5518ec-cgu.09.rcgu.o" "/opt/rustwide/target/debug/deps/Rustb-fdff0df68a9b3798.Rustb.6373f3b12f5518ec-cgu.10.rcgu.o" "/opt/rustwide/target/debug/deps/Rustb-fdff0df68a9b3798.Rustb.6373f3b12f5518ec-cgu.11.rcgu.o" "/opt/rustwide/target/debug/deps/Rustb-fdff0df68a9b3798.Rustb.6373f3b12f5518ec-cgu.12.rcgu.o" "/opt/rustwide/target/debug/deps/Rustb-fdff0df68a9b3798.Rustb.6373f3b12f5518ec-cgu.13.rcgu.o" "/opt/rustwide/target/debug/deps/Rustb-fdff0df68a9b3798.Rustb.6373f3b12f5518ec-cgu.14.rcgu.o" "/opt/rustwide/target/debug/deps/Rustb-fdff0df68a9b3798.Rustb.6373f3b12f5518ec-cgu.15.rcgu.o" "/opt/rustwide/target/debug/deps/Rustb-fdff0df68a9b3798.8d890v7uxm944l5fnf1siv0fk.rcgu.o" "-Wl,--as-needed" "-Wl,-Bstatic" "/opt/rustwide/rustup-home/toolchains/nightly-2024-10-28-x86_64-unknown-linux-gnu/lib/rustlib/x86_64-unknown-linux-gnu/lib/libtest-a09fad3b5321e7d6.rlib" "/opt/rustwide/rustup-home/toolchains/nightly-2024-10-28-x86_64-unknown-linux-gnu/lib/rustlib/x86_64-unknown-linux-gnu/lib/libgetopts-f9c3dff41ad42661.rlib" "/opt/rustwide/rustup-home/toolchains/nightly-2024-10-28-x86_64-unknown-linux-gnu/lib/rustlib/x86_64-unknown-linux-gnu/lib/libunicode_width-ad2aef31af6addd3.rlib" "/opt/rustwide/rustup-home/toolchains/nightly-2024-10-28-x86_64-unknown-linux-gnu/lib/rustlib/x86_64-unknown-linux-gnu/lib/librustc_std_workspace_std-e3f907dc03deb913.rlib" "/opt/rustwide/target/debug/deps/liblapack-3fd9406efd71faee.rlib" "/opt/rustwide/target/debug/deps/libgnuplot-b306db93ae2fd2d9.rlib" "/opt/rustwide/target/debug/deps/libndarray_linalg-c0716dd95ea1d778.rlib" "/opt/rustwide/target/debug/deps/liblax-b8f141abbddfd236.rlib" "/opt/rustwide/target/debug/deps/liblapack_sys-fccef51a90832a67.rlib" "/opt/rustwide/target/debug/deps/libthiserror-d284e683f2c9705d.rlib" "/opt/rustwide/target/debug/deps/libcauchy-720d9258cbeb49a7.rlib" "/opt/rustwide/target/debug/deps/libndarray-8ef40b188006c53d.rlib" "/opt/rustwide/target/debug/deps/libmatrixmultiply-24d2e6dc4e19cd54.rlib" "/opt/rustwide/target/debug/deps/libapprox-2990c8bc8f3e8759.rlib" "/opt/rustwide/target/debug/deps/libnum_integer-6302718d4eb2f562.rlib" "/opt/rustwide/target/debug/deps/librawpointer-9a82b3d0237eca24.rlib" "/opt/rustwide/target/debug/deps/librayon-24d315e6d51bcddb.rlib" "/opt/rustwide/target/debug/deps/librayon_core-a58a5f58eb9ad7db.rlib" "/opt/rustwide/target/debug/deps/libcrossbeam_deque-858959b96805030a.rlib" "/opt/rustwide/target/debug/deps/libcrossbeam_epoch-b5a33f884d5450b9.rlib" "/opt/rustwide/target/debug/deps/libcrossbeam_utils-fd980c92aed8cdbe.rlib" "/opt/rustwide/target/debug/deps/libeither-18f06598a4be80b6.rlib" "/opt/rustwide/target/debug/deps/libcblas_sys-4473046e221cbd7e.rlib" "/opt/rustwide/target/debug/deps/libnum_complex-36d4dd7575163abe.rlib" "/opt/rustwide/target/debug/deps/libserde-e6506660b1d7027e.rlib" "/opt/rustwide/target/debug/deps/librand-cf7619a40db5fc25.rlib" "/opt/rustwide/target/debug/deps/librand_chacha-3c47d5f932a76119.rlib" "/opt/rustwide/target/debug/deps/libppv_lite86-00fa3cbadf7e5319.rlib" "/opt/rustwide/target/debug/deps/libzerocopy-02e13a1e645bdaf3.rlib" "/opt/rustwide/target/debug/deps/libbyteorder-921e9eb05e03d6ac.rlib" "/opt/rustwide/target/debug/deps/librand_core-0300dee92e55e3b5.rlib" "/opt/rustwide/target/debug/deps/libgetrandom-54cd17dd5507d029.rlib" "/opt/rustwide/target/debug/deps/liblibc-663f09ba3db1840e.rlib" "/opt/rustwide/target/debug/deps/libcfg_if-57bf25c23e31efdb.rlib" "/opt/rustwide/target/debug/deps/libnum_traits-f4156d1e802a5c62.rlib" "/opt/rustwide/rustup-home/toolchains/nightly-2024-10-28-x86_64-unknown-linux-gnu/lib/rustlib/x86_64-unknown-linux-gnu/lib/libstd-fb8c387236db3c10.rlib" "/opt/rustwide/rustup-home/toolchains/nightly-2024-10-28-x86_64-unknown-linux-gnu/lib/rustlib/x86_64-unknown-linux-gnu/lib/libpanic_unwind-b251837809b2f64b.rlib" "/opt/rustwide/rustup-home/toolchains/nightly-2024-10-28-x86_64-unknown-linux-gnu/lib/rustlib/x86_64-unknown-linux-gnu/lib/libobject-cbef83eaa4e01f04.rlib" "/opt/rustwide/rustup-home/toolchains/nightly-2024-10-28-x86_64-unknown-linux-gnu/lib/rustlib/x86_64-unknown-linux-gnu/lib/libmemchr-12a772286de2fca7.rlib" "/opt/rustwide/rustup-home/toolchains/nightly-2024-10-28-x86_64-unknown-linux-gnu/lib/rustlib/x86_64-unknown-linux-gnu/lib/libaddr2line-023bbe5ada7abfc3.rlib" "/opt/rustwide/rustup-home/toolchains/nightly-2024-10-28-x86_64-unknown-linux-gnu/lib/rustlib/x86_64-unknown-linux-gnu/lib/libgimli-de2bcdf10ec69c2b.rlib" "/opt/rustwide/rustup-home/toolchains/nightly-2024-10-28-x86_64-unknown-linux-gnu/lib/rustlib/x86_64-unknown-linux-gnu/lib/librustc_demangle-8e1754df350800fd.rlib" "/opt/rustwide/rustup-home/toolchains/nightly-2024-10-28-x86_64-unknown-linux-gnu/lib/rustlib/x86_64-unknown-linux-gnu/lib/libstd_detect-06c2ab7b9c32e037.rlib" "/opt/rustwide/rustup-home/toolchains/nightly-2024-10-28-x86_64-unknown-linux-gnu/lib/rustlib/x86_64-unknown-linux-gnu/lib/libhashbrown-51d2621fc57a281b.rlib" "/opt/rustwide/rustup-home/toolchains/nightly-2024-10-28-x86_64-unknown-linux-gnu/lib/rustlib/x86_64-unknown-linux-gnu/lib/librustc_std_workspace_alloc-54a930408793772f.rlib" "/opt/rustwide/rustup-home/toolchains/nightly-2024-10-28-x86_64-unknown-linux-gnu/lib/rustlib/x86_64-unknown-linux-gnu/lib/libminiz_oxide-0c7d01cba400dcb2.rlib" "/opt/rustwide/rustup-home/toolchains/nightly-2024-10-28-x86_64-unknown-linux-gnu/lib/rustlib/x86_64-unknown-linux-gnu/lib/libadler-b9f84d69e331b75b.rlib" "/opt/rustwide/rustup-home/toolchains/nightly-2024-10-28-x86_64-unknown-linux-gnu/lib/rustlib/x86_64-unknown-linux-gnu/lib/libunwind-eec95493246aae39.rlib" "/opt/rustwide/rustup-home/toolchains/nightly-2024-10-28-x86_64-unknown-linux-gnu/lib/rustlib/x86_64-unknown-linux-gnu/lib/libcfg_if-6f6676c475e08ab0.rlib" "/opt/rustwide/rustup-home/toolchains/nightly-2024-10-28-x86_64-unknown-linux-gnu/lib/rustlib/x86_64-unknown-linux-gnu/lib/liblibc-799d520624f8b2e0.rlib" "/opt/rustwide/rustup-home/toolchains/nightly-2024-10-28-x86_64-unknown-linux-gnu/lib/rustlib/x86_64-unknown-linux-gnu/lib/liballoc-fcf93d4842acd9a9.rlib" "/opt/rustwide/rustup-home/toolchains/nightly-2024-10-28-x86_64-unknown-linux-gnu/lib/rustlib/x86_64-unknown-linux-gnu/lib/librustc_std_workspace_core-395a38b8e0851c9b.rlib" "/opt/rustwide/rustup-home/toolchains/nightly-2024-10-28-x86_64-unknown-linux-gnu/lib/rustlib/x86_64-unknown-linux-gnu/lib/libcore-d453bab70303062c.rlib" "/opt/rustwide/rustup-home/toolchains/nightly-2024-10-28-x86_64-unknown-linux-gnu/lib/rustlib/x86_64-unknown-linux-gnu/lib/libcompiler_builtins-0e6386368b0a24e8.rlib" "-Wl,-Bdynamic" "-lgcc_s" "-lutil" "-lrt" "-lpthread" "-lm" "-ldl" "-lc" "-B/opt/rustwide/rustup-home/toolchains/nightly-2024-10-28-x86_64-unknown-linux-gnu/lib/rustlib/x86_64-unknown-linux-gnu/bin/gcc-ld" "-fuse-ld=lld" "-Wl,--eh-frame-hdr" "-Wl,-z,noexecstack" "-L" "/opt/rustwide/rustup-home/toolchains/nightly-2024-10-28-x86_64-unknown-linux-gnu/lib/rustlib/x86_64-unknown-linux-gnu/lib" "-o" "/opt/rustwide/target/debug/deps/Rustb-fdff0df68a9b3798" "-Wl,--gc-sections" "-pie" "-Wl,-z,relro,-z,now" "-nodefaultlibs"
[INFO] [stdout]   = note: rust-lld: error: undefined symbol: zgetrf_
[INFO] [stdout]           >>> referenced by solve.rs:34 (src/solve.rs:34)
[INFO] [stdout]           >>>               lax-b8f141abbddfd236.lax.fd375ef359cc977d-cgu.08.rcgu.o:(_$LT$num_complex..Complex$LT$f64$GT$$u20$as$u20$lax..solve..LuImpl$GT$::lu::h71255fdb2ea03bbe) in archive /opt/rustwide/target/debug/deps/liblax-b8f141abbddfd236.rlib
[INFO] [stdout]           
[INFO] [stdout]           rust-lld: error: undefined symbol: zheev_
[INFO] [stdout]           >>> referenced by eigh.rs:49 (src/eigh.rs:49)
[INFO] [stdout]           >>>               lax-b8f141abbddfd236.lax.fd375ef359cc977d-cgu.05.rcgu.o:(_$LT$lax..eigh..EighWork$LT$num_complex..Complex$LT$f64$GT$$GT$$u20$as$u20$lax..eigh..EighWorkImpl$GT$::new::h831808ebb4b0a74b) in archive /opt/rustwide/target/debug/deps/liblax-b8f141abbddfd236.rlib
[INFO] [stdout]           >>> referenced by eigh.rs:82 (src/eigh.rs:82)
[INFO] [stdout]           >>>               lax-b8f141abbddfd236.lax.fd375ef359cc977d-cgu.05.rcgu.o:(_$LT$lax..eigh..EighWork$LT$num_complex..Complex$LT$f64$GT$$GT$$u20$as$u20$lax..eigh..EighWorkImpl$GT$::calc::h129fa3dda0d9d010) in archive /opt/rustwide/target/debug/deps/liblax-b8f141abbddfd236.rlib
[INFO] [stdout]           >>> referenced by lapack-sys.rs:13759 (/opt/rustwide/cargo-home/registry/src/index.crates.io-6f17d22bba15001f/lapack-0.19.0/src/lapack-sys.rs:13759)
[INFO] [stdout]           >>>               /opt/rustwide/target/debug/deps/Rustb-fdff0df68a9b3798.Rustb.6373f3b12f5518ec-cgu.15.rcgu.o:(lapack::zheev::he52e99925ca58b55)
[INFO] [stdout]           
[INFO] [stdout]           rust-lld: error: undefined symbol: zgesvd_
[INFO] [stdout]           >>> referenced by svd.rs:84 (src/svd.rs:84)
[INFO] [stdout]           >>>               lax-b8f141abbddfd236.lax.fd375ef359cc977d-cgu.05.rcgu.o:(_$LT$lax..svd..SvdWork$LT$num_complex..Complex$LT$f64$GT$$GT$$u20$as$u20$lax..svd..SvdWorkImpl$GT$::new::h635c2f0c71dbb05c) in archive /opt/rustwide/target/debug/deps/liblax-b8f141abbddfd236.rlib
[INFO] [stdout]           >>> referenced by svd.rs:124 (src/svd.rs:124)
[INFO] [stdout]           >>>               lax-b8f141abbddfd236.lax.fd375ef359cc977d-cgu.05.rcgu.o:(_$LT$lax..svd..SvdWork$LT$num_complex..Complex$LT$f64$GT$$GT$$u20$as$u20$lax..svd..SvdWorkImpl$GT$::calc::h0f2a27dd76bc93b0) in archive /opt/rustwide/target/debug/deps/liblax-b8f141abbddfd236.rlib
[INFO] [stdout]           
[INFO] [stdout]           rust-lld: error: undefined symbol: zgeev_
[INFO] [stdout]           >>> referenced by eig.rs:158 (src/eig.rs:158)
[INFO] [stdout]           >>>               lax-b8f141abbddfd236.lax.fd375ef359cc977d-cgu.00.rcgu.o:(_$LT$lax..eig..EigWork$LT$num_complex..Complex$LT$f64$GT$$GT$$u20$as$u20$lax..eig..EigWorkImpl$GT$::new::h07451bcb881f96ca) in archive /opt/rustwide/target/debug/deps/liblax-b8f141abbddfd236.rlib
[INFO] [stdout]           >>> referenced by eig.rs:202 (src/eig.rs:202)
[INFO] [stdout]           >>>               lax-b8f141abbddfd236.lax.fd375ef359cc977d-cgu.00.rcgu.o:(_$LT$lax..eig..EigWork$LT$num_complex..Complex$LT$f64$GT$$GT$$u20$as$u20$lax..eig..EigWorkImpl$GT$::calc::h90ef15f9f8b7c5d7) in archive /opt/rustwide/target/debug/deps/liblax-b8f141abbddfd236.rlib
[INFO] [stdout]           
[INFO] [stdout]           rust-lld: error: undefined symbol: dgetrf_
[INFO] [stdout]           >>> referenced by solve.rs:34 (src/solve.rs:34)
[INFO] [stdout]           >>>               lax-b8f141abbddfd236.lax.fd375ef359cc977d-cgu.04.rcgu.o:(_$LT$f64$u20$as$u20$lax..solve..LuImpl$GT$::lu::h7f2e0cb988d282fc) in archive /opt/rustwide/target/debug/deps/liblax-b8f141abbddfd236.rlib
[INFO] [stdout]           
[INFO] [stdout]           rust-lld: error: undefined symbol: zgetri_
[INFO] [stdout]           >>> referenced by solve.rs:181 (src/solve.rs:181)
[INFO] [stdout]           >>>               lax-b8f141abbddfd236.lax.fd375ef359cc977d-cgu.04.rcgu.o:(_$LT$lax..solve..InvWork$LT$num_complex..Complex$LT$f64$GT$$GT$$u20$as$u20$lax..solve..InvWorkImpl$GT$::new::hdb89d1e1657962e0) in archive /opt/rustwide/target/debug/deps/liblax-b8f141abbddfd236.rlib
[INFO] [stdout]           >>> referenced by solve.rs:204 (src/solve.rs:204)
[INFO] [stdout]           >>>               lax-b8f141abbddfd236.lax.fd375ef359cc977d-cgu.04.rcgu.o:(_$LT$lax..solve..InvWork$LT$num_complex..Complex$LT$f64$GT$$GT$$u20$as$u20$lax..solve..InvWorkImpl$GT$::calc::haf78119361f6f525) in archive /opt/rustwide/target/debug/deps/liblax-b8f141abbddfd236.rlib
[INFO] [stdout]           
[INFO] [stdout]           rust-lld: error: undefined symbol: dgetri_
[INFO] [stdout]           >>> referenced by solve.rs:181 (src/solve.rs:181)
[INFO] [stdout]           >>>               lax-b8f141abbddfd236.lax.fd375ef359cc977d-cgu.04.rcgu.o:(_$LT$lax..solve..InvWork$LT$f64$GT$$u20$as$u20$lax..solve..InvWorkImpl$GT$::new::h4a0552d2cb3da1e3) in archive /opt/rustwide/target/debug/deps/liblax-b8f141abbddfd236.rlib
[INFO] [stdout]           >>> referenced by solve.rs:204 (src/solve.rs:204)
[INFO] [stdout]           >>>               lax-b8f141abbddfd236.lax.fd375ef359cc977d-cgu.04.rcgu.o:(_$LT$lax..solve..InvWork$LT$f64$GT$$u20$as$u20$lax..solve..InvWorkImpl$GT$::calc::hc73c5fd972418dd0) in archive /opt/rustwide/target/debug/deps/liblax-b8f141abbddfd236.rlib
[INFO] [stdout]           
[INFO] [stdout]           rust-lld: error: undefined symbol: zheevr_
[INFO] [stdout]           >>> referenced by lapack-sys.rs:14038 (/opt/rustwide/cargo-home/registry/src/index.crates.io-6f17d22bba15001f/lapack-0.19.0/src/lapack-sys.rs:14038)
[INFO] [stdout]           >>>               /opt/rustwide/target/debug/deps/Rustb-fdff0df68a9b3798.Rustb.6373f3b12f5518ec-cgu.15.rcgu.o:(lapack::zheevr::h4ac6ab9b8343b6b5)
[INFO] [stdout]           
[INFO] [stdout]           rust-lld: error: undefined symbol: cblas_zgemm
[INFO] [stdout]           >>> referenced by impl_linalg.rs:459 (/opt/rustwide/cargo-home/registry/src/index.crates.io-6f17d22bba15001f/ndarray-0.15.6/src/linalg/impl_linalg.rs:459)
[INFO] [stdout]           >>>               /opt/rustwide/target/debug/deps/Rustb-fdff0df68a9b3798.Rustb.6373f3b12f5518ec-cgu.07.rcgu.o:(ndarray::linalg::impl_linalg::mat_mul_impl::h7622297d7260c4c6)
[INFO] [stdout]           >>> referenced by impl_linalg.rs:459 (/opt/rustwide/cargo-home/registry/src/index.crates.io-6f17d22bba15001f/ndarray-0.15.6/src/linalg/impl_linalg.rs:459)
[INFO] [stdout]           >>>               /opt/rustwide/target/debug/deps/Rustb-fdff0df68a9b3798.Rustb.6373f3b12f5518ec-cgu.07.rcgu.o:(ndarray::linalg::impl_linalg::mat_mul_impl::hc41f4f647816a425)
[INFO] [stdout]           
[INFO] [stdout]           rust-lld: error: undefined symbol: cblas_cgemm
[INFO] [stdout]           >>> referenced by impl_linalg.rs:459 (/opt/rustwide/cargo-home/registry/src/index.crates.io-6f17d22bba15001f/ndarray-0.15.6/src/linalg/impl_linalg.rs:459)
[INFO] [stdout]           >>>               /opt/rustwide/target/debug/deps/Rustb-fdff0df68a9b3798.Rustb.6373f3b12f5518ec-cgu.07.rcgu.o:(ndarray::linalg::impl_linalg::mat_mul_impl::h7622297d7260c4c6)
[INFO] [stdout]           >>> referenced by impl_linalg.rs:459 (/opt/rustwide/cargo-home/registry/src/index.crates.io-6f17d22bba15001f/ndarray-0.15.6/src/linalg/impl_linalg.rs:459)
[INFO] [stdout]           >>>               /opt/rustwide/target/debug/deps/Rustb-fdff0df68a9b3798.Rustb.6373f3b12f5518ec-cgu.07.rcgu.o:(ndarray::linalg::impl_linalg::mat_mul_impl::hc41f4f647816a425)
[INFO] [stdout]           
[INFO] [stdout]           rust-lld: error: undefined symbol: cblas_dgemm
[INFO] [stdout]           >>> referenced by impl_linalg.rs:459 (/opt/rustwide/cargo-home/registry/src/index.crates.io-6f17d22bba15001f/ndarray-0.15.6/src/linalg/impl_linalg.rs:459)
[INFO] [stdout]           >>>               /opt/rustwide/target/debug/deps/Rustb-fdff0df68a9b3798.Rustb.6373f3b12f5518ec-cgu.07.rcgu.o:(ndarray::linalg::impl_linalg::mat_mul_impl::h7622297d7260c4c6)
[INFO] [stdout]           >>> referenced by impl_linalg.rs:459 (/opt/rustwide/cargo-home/registry/src/index.crates.io-6f17d22bba15001f/ndarray-0.15.6/src/linalg/impl_linalg.rs:459)
[INFO] [stdout]           >>>               /opt/rustwide/target/debug/deps/Rustb-fdff0df68a9b3798.Rustb.6373f3b12f5518ec-cgu.07.rcgu.o:(ndarray::linalg::impl_linalg::mat_mul_impl::hc41f4f647816a425)
[INFO] [stdout]           
[INFO] [stdout]           rust-lld: error: undefined symbol: cblas_sgemm
[INFO] [stdout]           >>> referenced by impl_linalg.rs:459 (/opt/rustwide/cargo-home/registry/src/index.crates.io-6f17d22bba15001f/ndarray-0.15.6/src/linalg/impl_linalg.rs:459)
[INFO] [stdout]           >>>               /opt/rustwide/target/debug/deps/Rustb-fdff0df68a9b3798.Rustb.6373f3b12f5518ec-cgu.07.rcgu.o:(ndarray::linalg::impl_linalg::mat_mul_impl::h7622297d7260c4c6)
[INFO] [stdout]           >>> referenced by impl_linalg.rs:459 (/opt/rustwide/cargo-home/registry/src/index.crates.io-6f17d22bba15001f/ndarray-0.15.6/src/linalg/impl_linalg.rs:459)
[INFO] [stdout]           >>>               /opt/rustwide/target/debug/deps/Rustb-fdff0df68a9b3798.Rustb.6373f3b12f5518ec-cgu.07.rcgu.o:(ndarray::linalg::impl_linalg::mat_mul_impl::hc41f4f647816a425)
[INFO] [stdout]           
[INFO] [stdout]           rust-lld: error: undefined symbol: cblas_sgemv
[INFO] [stdout]           >>> referenced by impl_linalg.rs:731 (/opt/rustwide/cargo-home/registry/src/index.crates.io-6f17d22bba15001f/ndarray-0.15.6/src/linalg/impl_linalg.rs:731)
[INFO] [stdout]           >>>               /opt/rustwide/target/debug/deps/Rustb-fdff0df68a9b3798.Rustb.6373f3b12f5518ec-cgu.07.rcgu.o:(ndarray::linalg::impl_linalg::general_mat_vec_mul_impl::h39104ba4e770ea7a)
[INFO] [stdout]           >>> referenced by impl_linalg.rs:731 (/opt/rustwide/cargo-home/registry/src/index.crates.io-6f17d22bba15001f/ndarray-0.15.6/src/linalg/impl_linalg.rs:731)
[INFO] [stdout]           >>>               /opt/rustwide/target/debug/deps/Rustb-fdff0df68a9b3798.Rustb.6373f3b12f5518ec-cgu.07.rcgu.o:(ndarray::linalg::impl_linalg::general_mat_vec_mul_impl::h456dccb9c82c448d)
[INFO] [stdout]           >>> referenced by impl_linalg.rs:731 (/opt/rustwide/cargo-home/registry/src/index.crates.io-6f17d22bba15001f/ndarray-0.15.6/src/linalg/impl_linalg.rs:731)
[INFO] [stdout]           >>>               /opt/rustwide/target/debug/deps/Rustb-fdff0df68a9b3798.Rustb.6373f3b12f5518ec-cgu.07.rcgu.o:(ndarray::linalg::impl_linalg::general_mat_vec_mul_impl::hff1e40999962cfbc)
[INFO] [stdout]           
[INFO] [stdout]           rust-lld: error: undefined symbol: cblas_dgemv
[INFO] [stdout]           >>> referenced by impl_linalg.rs:731 (/opt/rustwide/cargo-home/registry/src/index.crates.io-6f17d22bba15001f/ndarray-0.15.6/src/linalg/impl_linalg.rs:731)
[INFO] [stdout]           >>>               /opt/rustwide/target/debug/deps/Rustb-fdff0df68a9b3798.Rustb.6373f3b12f5518ec-cgu.07.rcgu.o:(ndarray::linalg::impl_linalg::general_mat_vec_mul_impl::h39104ba4e770ea7a)
[INFO] [stdout]           >>> referenced by impl_linalg.rs:731 (/opt/rustwide/cargo-home/registry/src/index.crates.io-6f17d22bba15001f/ndarray-0.15.6/src/linalg/impl_linalg.rs:731)
[INFO] [stdout]           >>>               /opt/rustwide/target/debug/deps/Rustb-fdff0df68a9b3798.Rustb.6373f3b12f5518ec-cgu.07.rcgu.o:(ndarray::linalg::impl_linalg::general_mat_vec_mul_impl::h456dccb9c82c448d)
[INFO] [stdout]           >>> referenced by impl_linalg.rs:731 (/opt/rustwide/cargo-home/registry/src/index.crates.io-6f17d22bba15001f/ndarray-0.15.6/src/linalg/impl_linalg.rs:731)
[INFO] [stdout]           >>>               /opt/rustwide/target/debug/deps/Rustb-fdff0df68a9b3798.Rustb.6373f3b12f5518ec-cgu.07.rcgu.o:(ndarray::linalg::impl_linalg::general_mat_vec_mul_impl::hff1e40999962cfbc)
[INFO] [stdout]           
[INFO] [stdout]           rust-lld: error: undefined symbol: cblas_ddot
[INFO] [stdout]           >>> referenced by impl_linalg.rs:122 (/opt/rustwide/cargo-home/registry/src/index.crates.io-6f17d22bba15001f/ndarray-0.15.6/src/linalg/impl_linalg.rs:122)
[INFO] [stdout]           >>>               /opt/rustwide/target/debug/deps/Rustb-fdff0df68a9b3798.Rustb.6373f3b12f5518ec-cgu.01.rcgu.o:(ndarray::linalg::impl_linalg::_$LT$impl$u20$ndarray..ArrayBase$LT$S$C$ndarray..dimension..dim..Dim$LT$$u5b$usize$u3b$$u20$1$u5d$$GT$$GT$$GT$::dot_impl::h423076942b331e5b)
[INFO] [stdout]           >>> referenced by impl_linalg.rs:122 (/opt/rustwide/cargo-home/registry/src/index.crates.io-6f17d22bba15001f/ndarray-0.15.6/src/linalg/impl_linalg.rs:122)
[INFO] [stdout]           >>>               /opt/rustwide/target/debug/deps/Rustb-fdff0df68a9b3798.Rustb.6373f3b12f5518ec-cgu.01.rcgu.o:(ndarray::linalg::impl_linalg::_$LT$impl$u20$ndarray..ArrayBase$LT$S$C$ndarray..dimension..dim..Dim$LT$$u5b$usize$u3b$$u20$1$u5d$$GT$$GT$$GT$::dot_impl::h986a75b625a4d77e)
[INFO] [stdout]           >>> referenced by impl_linalg.rs:122 (/opt/rustwide/cargo-home/registry/src/index.crates.io-6f17d22bba15001f/ndarray-0.15.6/src/linalg/impl_linalg.rs:122)
[INFO] [stdout]           >>>               /opt/rustwide/target/debug/deps/Rustb-fdff0df68a9b3798.Rustb.6373f3b12f5518ec-cgu.01.rcgu.o:(ndarray::linalg::impl_linalg::_$LT$impl$u20$ndarray..ArrayBase$LT$S$C$ndarray..dimension..dim..Dim$LT$$u5b$usize$u3b$$u20$1$u5d$$GT$$GT$$GT$::dot_impl::hbbf1b619c6767889)
[INFO] [stdout]           >>> referenced 1 more times
[INFO] [stdout]           
[INFO] [stdout]           rust-lld: error: undefined symbol: cblas_sdot
[INFO] [stdout]           >>> referenced by impl_linalg.rs:122 (/opt/rustwide/cargo-home/registry/src/index.crates.io-6f17d22bba15001f/ndarray-0.15.6/src/linalg/impl_linalg.rs:122)
[INFO] [stdout]           >>>               /opt/rustwide/target/debug/deps/Rustb-fdff0df68a9b3798.Rustb.6373f3b12f5518ec-cgu.01.rcgu.o:(ndarray::linalg::impl_linalg::_$LT$impl$u20$ndarray..ArrayBase$LT$S$C$ndarray..dimension..dim..Dim$LT$$u5b$usize$u3b$$u20$1$u5d$$GT$$GT$$GT$::dot_impl::h423076942b331e5b)
[INFO] [stdout]           >>> referenced by impl_linalg.rs:122 (/opt/rustwide/cargo-home/registry/src/index.crates.io-6f17d22bba15001f/ndarray-0.15.6/src/linalg/impl_linalg.rs:122)
[INFO] [stdout]           >>>               /opt/rustwide/target/debug/deps/Rustb-fdff0df68a9b3798.Rustb.6373f3b12f5518ec-cgu.01.rcgu.o:(ndarray::linalg::impl_linalg::_$LT$impl$u20$ndarray..ArrayBase$LT$S$C$ndarray..dimension..dim..Dim$LT$$u5b$usize$u3b$$u20$1$u5d$$GT$$GT$$GT$::dot_impl::h986a75b625a4d77e)
[INFO] [stdout]           >>> referenced by impl_linalg.rs:122 (/opt/rustwide/cargo-home/registry/src/index.crates.io-6f17d22bba15001f/ndarray-0.15.6/src/linalg/impl_linalg.rs:122)
[INFO] [stdout]           >>>               /opt/rustwide/target/debug/deps/Rustb-fdff0df68a9b3798.Rustb.6373f3b12f5518ec-cgu.01.rcgu.o:(ndarray::linalg::impl_linalg::_$LT$impl$u20$ndarray..ArrayBase$LT$S$C$ndarray..dimension..dim..Dim$LT$$u5b$usize$u3b$$u20$1$u5d$$GT$$GT$$GT$::dot_impl::hbbf1b619c6767889)
[INFO] [stdout]           >>> referenced 1 more times
[INFO] [stdout]           collect2: error: ld returned 1 exit status
[INFO] [stdout]           
[INFO] [stdout] 
[INFO] [stdout] 
[INFO] [stderr] error: could not compile `Rustb` (lib test) due to 1 previous error
[INFO] running `Command { std: "docker" "inspect" "756f9cd4bc5c59d8a88020798347251f7bddf02e051a24eec71fe4e53e13c5ea", kill_on_drop: false }`
[INFO] running `Command { std: "docker" "rm" "-f" "756f9cd4bc5c59d8a88020798347251f7bddf02e051a24eec71fe4e53e13c5ea", kill_on_drop: false }`
[INFO] [stdout] 756f9cd4bc5c59d8a88020798347251f7bddf02e051a24eec71fe4e53e13c5ea
