[INFO] fetching crate HPGO 0.9.2...
[INFO] testing HPGO-0.9.2 against nightly-2024-10-28+rustflags=-Zrandomize-layout for randomize-layout
[INFO] extracting crate HPGO 0.9.2 into /workspace/builds/worker-2-tc2/source
[INFO] validating manifest of crates.io crate HPGO 0.9.2 on toolchain nightly-2024-10-28
[INFO] running `Command { std: CARGO_HOME="/workspace/cargo-home" RUSTUP_HOME="/workspace/rustup-home" "/workspace/cargo-home/bin/cargo" "+nightly-2024-10-28" "metadata" "--manifest-path" "Cargo.toml" "--no-deps", kill_on_drop: false }`
[INFO] started tweaking crates.io crate HPGO 0.9.2
[INFO] finished tweaking crates.io crate HPGO 0.9.2
[INFO] tweaked toml for crates.io crate HPGO 0.9.2 written to /workspace/builds/worker-2-tc2/source/Cargo.toml
[INFO] crate crates.io crate HPGO 0.9.2 already has a lockfile, it will not be regenerated
[INFO] running `Command { std: CARGO_HOME="/workspace/cargo-home" RUSTUP_HOME="/workspace/rustup-home" "/workspace/cargo-home/bin/cargo" "+nightly-2024-10-28" "fetch" "--manifest-path" "Cargo.toml", kill_on_drop: false }`
[INFO] [stderr] warning: no edition set: defaulting to the 2015 edition while the latest is 2021
[INFO] running `Command { std: "docker" "create" "-v" "/var/lib/crater-agent-workspace/builds/worker-2-tc2/target:/opt/rustwide/target:rw,Z" "-v" "/var/lib/crater-agent-workspace/builds/worker-2-tc2/source:/opt/rustwide/workdir:ro,Z" "-v" "/var/lib/crater-agent-workspace/cargo-home:/opt/rustwide/cargo-home:ro,Z" "-v" "/var/lib/crater-agent-workspace/rustup-home:/opt/rustwide/rustup-home:ro,Z" "-e" "SOURCE_DIR=/opt/rustwide/workdir" "-e" "CARGO_TARGET_DIR=/opt/rustwide/target" "-e" "CARGO_HOME=/opt/rustwide/cargo-home" "-e" "RUSTUP_HOME=/opt/rustwide/rustup-home" "-w" "/opt/rustwide/workdir" "-m" "1610612736" "--user" "0:0" "--network" "none" "ghcr.io/rust-lang/crates-build-env/linux@sha256:4a844ea9eb2546a2d2c7022eacef16ef2e8229c7fbb2c7d4d55a9ceca922f72d" "/opt/rustwide/cargo-home/bin/cargo" "+nightly-2024-10-28" "metadata" "--no-deps" "--format-version=1", kill_on_drop: false }`
[INFO] [stdout] 68cd0ac46db0548ac662a183521a813ac06b414e78eb638da819f1d07c2c42a1
[INFO] running `Command { std: "docker" "start" "-a" "68cd0ac46db0548ac662a183521a813ac06b414e78eb638da819f1d07c2c42a1", kill_on_drop: false }`
[INFO] running `Command { std: "docker" "inspect" "68cd0ac46db0548ac662a183521a813ac06b414e78eb638da819f1d07c2c42a1", kill_on_drop: false }`
[INFO] running `Command { std: "docker" "rm" "-f" "68cd0ac46db0548ac662a183521a813ac06b414e78eb638da819f1d07c2c42a1", kill_on_drop: false }`
[INFO] [stdout] 68cd0ac46db0548ac662a183521a813ac06b414e78eb638da819f1d07c2c42a1
[INFO] running `Command { std: "docker" "create" "-v" "/var/lib/crater-agent-workspace/builds/worker-2-tc2/target:/opt/rustwide/target:rw,Z" "-v" "/var/lib/crater-agent-workspace/builds/worker-2-tc2/source:/opt/rustwide/workdir:ro,Z" "-v" "/var/lib/crater-agent-workspace/cargo-home:/opt/rustwide/cargo-home:ro,Z" "-v" "/var/lib/crater-agent-workspace/rustup-home:/opt/rustwide/rustup-home:ro,Z" "-e" "SOURCE_DIR=/opt/rustwide/workdir" "-e" "CARGO_TARGET_DIR=/opt/rustwide/target" "-e" "CARGO_INCREMENTAL=0" "-e" "RUST_BACKTRACE=full" "-e" "RUSTFLAGS=--cap-lints=forbid -Zrandomize-layout" "-e" "RUSTDOCFLAGS=--cap-lints=forbid" "-e" "CARGO_HOME=/opt/rustwide/cargo-home" "-e" "RUSTUP_HOME=/opt/rustwide/rustup-home" "-w" "/opt/rustwide/workdir" "-m" "1610612736" "--user" "0:0" "--network" "none" "ghcr.io/rust-lang/crates-build-env/linux@sha256:4a844ea9eb2546a2d2c7022eacef16ef2e8229c7fbb2c7d4d55a9ceca922f72d" "/opt/rustwide/cargo-home/bin/cargo" "+nightly-2024-10-28" "build" "--frozen" "--message-format=json", kill_on_drop: false }`
[INFO] [stdout] 8005ada4b6ee128d7af8fe4ed15036f9695651410d3492042e677cda84c61769
[INFO] running `Command { std: "docker" "start" "-a" "8005ada4b6ee128d7af8fe4ed15036f9695651410d3492042e677cda84c61769", kill_on_drop: false }`
[INFO] [stderr] warning: no edition set: defaulting to the 2015 edition while the latest is 2021
[INFO] [stderr]    Compiling proc-macro2 v1.0.7
[INFO] [stderr]    Compiling unicode-xid v0.2.0
[INFO] [stderr]    Compiling syn v1.0.13
[INFO] [stderr]    Compiling libc v0.2.66
[INFO] [stderr]    Compiling autocfg v0.1.7
[INFO] [stderr]    Compiling lazy_static v1.4.0
[INFO] [stderr]    Compiling memchr v2.2.1
[INFO] [stderr]    Compiling semver-parser v0.7.0
[INFO] [stderr]    Compiling serde v1.0.104
[INFO] [stderr]    Compiling ryu v1.0.2
[INFO] [stderr]    Compiling byteorder v1.3.2
[INFO] [stderr]    Compiling itoa v0.4.4
[INFO] [stderr]    Compiling cfg-if v0.1.10
[INFO] [stderr]    Compiling unicode-width v0.1.7
[INFO] [stderr]    Compiling bitflags v1.2.1
[INFO] [stderr]    Compiling regex-syntax v0.6.12
[INFO] [stderr]    Compiling thread_local v0.3.6
[INFO] [stderr]    Compiling scopeguard v1.0.0
[INFO] [stderr]    Compiling unicode-segmentation v1.6.0
[INFO] [stderr]    Compiling rayon-core v1.7.0
[INFO] [stderr]    Compiling version_check v0.9.1
[INFO] [stderr]    Compiling unindent v0.1.5
[INFO] [stderr]    Compiling semver v0.9.0
[INFO] [stderr]    Compiling textwrap v0.11.0
[INFO] [stderr]    Compiling ansi_term v0.11.0
[INFO] [stderr]    Compiling vec_map v0.8.1
[INFO] [stderr]    Compiling either v1.5.3
[INFO] [stderr]    Compiling crossbeam-utils v0.7.0
[INFO] [stderr]    Compiling crossbeam-epoch v0.8.0
[INFO] [stderr]    Compiling num-traits v0.2.10
[INFO] [stderr]    Compiling strsim v0.8.0
[INFO] [stderr]    Compiling spin v0.5.2
[INFO] [stderr]    Compiling rustc_version v0.2.3
[INFO] [stderr]    Compiling encode_unicode v0.3.6
[INFO] [stderr]    Compiling heck v0.3.1
[INFO] [stderr]    Compiling itertools v0.7.11
[INFO] [stderr]    Compiling ansi_term v0.12.1
[INFO] [stderr]    Compiling regex-automata v0.1.8
[INFO] [stderr]    Compiling memoffset v0.5.3
[INFO] [stderr]    Compiling atty v0.2.13
[INFO] [stderr]    Compiling dirs v1.0.5
[INFO] [stderr]    Compiling num_cpus v1.11.1
[INFO] [stderr]    Compiling clap v2.33.0
[INFO] [stderr]    Compiling term v0.5.2
[INFO] [stderr]    Compiling quote v1.0.2
[INFO] [stderr]    Compiling crossbeam-queue v0.2.1
[INFO] [stderr]    Compiling aho-corasick v0.7.6
[INFO] [stderr]    Compiling csv-core v0.1.6
[INFO] [stderr]    Compiling crossbeam-deque v0.7.2
[INFO] [stderr]    Compiling ordered-float v1.0.2
[INFO] [stderr]    Compiling rayon v1.3.0
[INFO] [stderr]    Compiling regex v1.3.1
[INFO] [stderr]    Compiling syn-mid v0.4.0
[INFO] [stderr]    Compiling pyo3-derive-backend v0.8.4
[INFO] [stderr]    Compiling serde_derive v1.0.104
[INFO] [stderr]    Compiling rustversion v1.0.1
[INFO] [stderr]    Compiling proc-macro-hack v0.5.11
[INFO] [stderr]    Compiling inventory-impl v0.1.5
[INFO] [stderr]    Compiling ctor v0.1.12
[INFO] [stderr]    Compiling ghost v0.1.1
[INFO] [stderr]    Compiling inventory v0.1.5
[INFO] [stderr]    Compiling proc-macro-error v0.4.4
[INFO] [stderr]    Compiling proc-macro-error-attr v0.4.3
[INFO] [stderr]    Compiling indoc-impl v0.3.4
[INFO] [stderr]    Compiling paste-impl v0.1.6
[INFO] [stderr]    Compiling indoc v0.3.4
[INFO] [stderr]    Compiling paste v0.1.6
[INFO] [stderr]    Compiling pyo3cls v0.8.4
[INFO] [stderr]    Compiling structopt-derive v0.4.0
[INFO] [stderr]    Compiling structopt v0.3.7
[INFO] [stderr]    Compiling serde_json v1.0.44
[INFO] [stderr]    Compiling bstr v0.2.8
[INFO] [stderr]    Compiling csv v1.1.1
[INFO] [stderr]    Compiling pyo3 v0.8.4
[INFO] [stderr]    Compiling prettytable-rs v0.8.0
[INFO] [stderr]    Compiling HPGO v0.9.2 (/opt/rustwide/workdir)
[INFO] [stdout] warning: unused import: `std::collections::BTreeSet`
[INFO] [stdout]  --> src/analysis/cc_overlap.rs:5:5
[INFO] [stdout]   |
[INFO] [stdout] 5 | use std::collections::BTreeSet;
[INFO] [stdout]   |     ^^^^^^^^^^^^^^^^^^^^^^^^^^
[INFO] [stdout]   |
[INFO] [stdout]   = note: `#[warn(unused_imports)]` on by default
[INFO] [stdout] 
[INFO] [stdout] 
[INFO] [stdout] warning: unused import: `parallelism::*`
[INFO] [stdout]  --> src/analysis/gpu_memory.rs:3:5
[INFO] [stdout]   |
[INFO] [stdout] 3 | use parallelism::*;
[INFO] [stdout]   |     ^^^^^^^^^^^^^^
[INFO] [stdout] 
[INFO] [stdout] 
[INFO] [stdout] warning: unused import: `std::collections::BTreeSet`
[INFO] [stdout]  --> src/analysis/gpu_memory.rs:5:5
[INFO] [stdout]   |
[INFO] [stdout] 5 | use std::collections::BTreeSet;
[INFO] [stdout]   |     ^^^^^^^^^^^^^^^^^^^^^^^^^^
[INFO] [stdout] 
[INFO] [stdout] 
[INFO] [stdout] warning: unused import: `itertools::sorted`
[INFO] [stdout]  --> src/orchestration/orchestrate_async.rs:3:5
[INFO] [stdout]   |
[INFO] [stdout] 3 | use itertools::sorted;
[INFO] [stdout]   |     ^^^^^^^^^^^^^^^^^
[INFO] [stdout] 
[INFO] [stdout] 
[INFO] [stdout] warning: type `bitset` should have an upper camel case name
[INFO] [stdout]   --> src/orchestration/orchestrate_async.rs:15:10
[INFO] [stdout]    |
[INFO] [stdout] 15 | pub type bitset = Vec<bool>;
[INFO] [stdout]    |          ^^^^^^ help: convert the identifier to upper camel case: `Bitset`
[INFO] [stdout]    |
[INFO] [stdout]    = note: `#[warn(non_camel_case_types)]` on by default
[INFO] [stdout] 
[INFO] [stdout] 
[INFO] [stdout] warning: unused import: `environment::device`
[INFO] [stdout]  --> src/orchestration/orchestrate_hierarchical.rs:1:5
[INFO] [stdout]   |
[INFO] [stdout] 1 | use environment::device;
[INFO] [stdout]   |     ^^^^^^^^^^^^^^^^^^^
[INFO] [stdout] 
[INFO] [stdout] 
[INFO] [stdout] warning: unused import: `itertools::sorted`
[INFO] [stdout]  --> src/orchestration/orchestrate_sync.rs:3:5
[INFO] [stdout]   |
[INFO] [stdout] 3 | use itertools::sorted;
[INFO] [stdout]   |     ^^^^^^^^^^^^^^^^^
[INFO] [stdout] 
[INFO] [stdout] 
[INFO] [stdout] warning: type `bitset` should have an upper camel case name
[INFO] [stdout]   --> src/orchestration/orchestrate_sync.rs:14:10
[INFO] [stdout]    |
[INFO] [stdout] 14 | pub type bitset = Vec<bool>;
[INFO] [stdout]    |          ^^^^^^ help: convert the identifier to upper camel case: `Bitset`
[INFO] [stdout] 
[INFO] [stdout] 
[INFO] [stdout] warning: unused import: `parallelism::*`
[INFO] [stdout]  --> src/parallelism/gpipe.rs:3:5
[INFO] [stdout]   |
[INFO] [stdout] 3 | use parallelism::*;
[INFO] [stdout]   |     ^^^^^^^^^^^^^^
[INFO] [stdout] 
[INFO] [stdout] 
[INFO] [stdout] warning: unused import: `std::collections::BTreeSet`
[INFO] [stdout]  --> src/parallelism/gradient_accumulation.rs:5:5
[INFO] [stdout]   |
[INFO] [stdout] 5 | use std::collections::BTreeSet;
[INFO] [stdout]   |     ^^^^^^^^^^^^^^^^^^^^^^^^^^
[INFO] [stdout] 
[INFO] [stdout] 
[INFO] [stdout] warning: unused import: `rayon::prelude`
[INFO] [stdout]  --> src/orchestration/orchestrate_hierarchical.rs:6:5
[INFO] [stdout]   |
[INFO] [stdout] 6 | use rayon::prelude::*;
[INFO] [stdout]   |     ^^^^^^^^^^^^^^
[INFO] [stdout] 
[INFO] [stdout] 
[INFO] [stdout] warning: unused variable: `filename`
[INFO] [stdout]   --> src/input/tensorflow_timeline.rs:12:9
[INFO] [stdout]    |
[INFO] [stdout] 12 |         filename: &str,
[INFO] [stdout]    |         ^^^^^^^^ help: if this is intentional, prefix it with an underscore: `_filename`
[INFO] [stdout]    |
[INFO] [stdout]    = note: `#[warn(unused_variables)]` on by default
[INFO] [stdout] 
[INFO] [stdout] 
[INFO] [stdout] warning: unused variable: `cur_activation_size`
[INFO] [stdout]    --> src/orchestration/orchestrate_async.rs:115:17
[INFO] [stdout]     |
[INFO] [stdout] 115 |             let cur_activation_size = activation_sizes[0][j];
[INFO] [stdout]     |                 ^^^^^^^^^^^^^^^^^^^ help: if this is intentional, prefix it with an underscore: `_cur_activation_size`
[INFO] [stdout] 
[INFO] [stdout] 
[INFO] [stdout] warning: unused variable: `cur_parameter_size`
[INFO] [stdout]    --> src/orchestration/orchestrate_async.rs:116:17
[INFO] [stdout]     |
[INFO] [stdout] 116 |             let cur_parameter_size = parameter_sizes[0][j];
[INFO] [stdout]     |                 ^^^^^^^^^^^^^^^^^^ help: if this is intentional, prefix it with an underscore: `_cur_parameter_size`
[INFO] [stdout] 
[INFO] [stdout] 
[INFO] [stdout] warning: unused variable: `all_predecessor_ids`
[INFO] [stdout]    --> src/orchestration/orchestrate_async.rs:433:13
[INFO] [stdout]     |
[INFO] [stdout] 433 |         let all_predecessor_ids = &self.m.perf.all_predecessor_ids;
[INFO] [stdout]     |             ^^^^^^^^^^^^^^^^^^^ help: if this is intentional, prefix it with an underscore: `_all_predecessor_ids`
[INFO] [stdout] 
[INFO] [stdout] 
[INFO] [stdout] warning: unused variable: `empty`
[INFO] [stdout]    --> src/orchestration/orchestrate_async.rs:437:13
[INFO] [stdout]     |
[INFO] [stdout] 437 |         let empty: bitset = vec![false; d.num_gpus as usize];
[INFO] [stdout]     |             ^^^^^ help: if this is intentional, prefix it with an underscore: `_empty`
[INFO] [stdout] 
[INFO] [stdout] 
[INFO] [stdout] warning: unused variable: `cur_activation_size`
[INFO] [stdout]   --> src/orchestration/orchestrate_hierarchical.rs:67:21
[INFO] [stdout]    |
[INFO] [stdout] 67 |                 let cur_activation_size = activation_sizes[i][j];
[INFO] [stdout]    |                     ^^^^^^^^^^^^^^^^^^^ help: if this is intentional, prefix it with an underscore: `_cur_activation_size`
[INFO] [stdout] 
[INFO] [stdout] 
[INFO] [stdout] warning: unused variable: `activation_sizes`
[INFO] [stdout]   --> src/orchestration/orchestrate_sync.rs:81:13
[INFO] [stdout]    |
[INFO] [stdout] 81 |         let activation_sizes = &self.m.perf.activation_sizes;
[INFO] [stdout]    |             ^^^^^^^^^^^^^^^^ help: if this is intentional, prefix it with an underscore: `_activation_sizes`
[INFO] [stdout] 
[INFO] [stdout] 
[INFO] [stdout] warning: unused variable: `output_activation_sizes`
[INFO] [stdout]   --> src/orchestration/orchestrate_sync.rs:82:13
[INFO] [stdout]    |
[INFO] [stdout] 82 |         let output_activation_sizes = &self.m.perf.output_activation_sizes;
[INFO] [stdout]    |             ^^^^^^^^^^^^^^^^^^^^^^^ help: if this is intentional, prefix it with an underscore: `_output_activation_sizes`
[INFO] [stdout] 
[INFO] [stdout] 
[INFO] [stdout] warning: unused variable: `all_predecessor_ids`
[INFO] [stdout]   --> src/orchestration/orchestrate_sync.rs:84:13
[INFO] [stdout]    |
[INFO] [stdout] 84 |         let all_predecessor_ids = &self.m.perf.all_predecessor_ids;
[INFO] [stdout]    |             ^^^^^^^^^^^^^^^^^^^ help: if this is intentional, prefix it with an underscore: `_all_predecessor_ids`
[INFO] [stdout] 
[INFO] [stdout] 
[INFO] [stdout] warning: unused variable: `d`
[INFO] [stdout]  --> src/parallelism/gpipe.rs:8:5
[INFO] [stdout]   |
[INFO] [stdout] 8 |     d: &device::Devices,
[INFO] [stdout]   |     ^ help: if this is intentional, prefix it with an underscore: `_d`
[INFO] [stdout] 
[INFO] [stdout] 
[INFO] [stdout] warning: unused variable: `m`
[INFO] [stdout]  --> src/parallelism/gpipe.rs:9:5
[INFO] [stdout]   |
[INFO] [stdout] 9 |     m: &model::Model,
[INFO] [stdout]   |     ^ help: if this is intentional, prefix it with an underscore: `_m`
[INFO] [stdout] 
[INFO] [stdout] 
[INFO] [stdout] warning: unused variable: `rp`
[INFO] [stdout]   --> src/parallelism/gpipe.rs:10:5
[INFO] [stdout]    |
[INFO] [stdout] 10 |     rp: u32,
[INFO] [stdout]    |     ^^ help: if this is intentional, prefix it with an underscore: `_rp`
[INFO] [stdout] 
[INFO] [stdout] 
[INFO] [stdout] warning: unused variable: `pipeline_time`
[INFO] [stdout]   --> src/parallelism/gpipe.rs:11:5
[INFO] [stdout]    |
[INFO] [stdout] 11 |     pipeline_time: f64,
[INFO] [stdout]    |     ^^^^^^^^^^^^^ help: if this is intentional, prefix it with an underscore: `_pipeline_time`
[INFO] [stdout] 
[INFO] [stdout] 
[INFO] [stdout] warning: unused variable: `p`
[INFO] [stdout]   --> src/parallelism/gpipe.rs:12:5
[INFO] [stdout]    |
[INFO] [stdout] 12 |     p: Vec<(u32, u32, u32, BTreeSet<u32>)>,
[INFO] [stdout]    |     ^ help: if this is intentional, prefix it with an underscore: `_p`
[INFO] [stdout] 
[INFO] [stdout] 
[INFO] [stdout] warning: unused variable: `d`
[INFO] [stdout]   --> src/parallelism/split_concat.rs:42:5
[INFO] [stdout]    |
[INFO] [stdout] 42 |     d: &device::Devices,
[INFO] [stdout]    |     ^ help: if this is intentional, prefix it with an underscore: `_d`
[INFO] [stdout] 
[INFO] [stdout] 
[INFO] [stdout] warning: unused variable: `from`
[INFO] [stdout]   --> src/parallelism/split_concat.rs:43:5
[INFO] [stdout]    |
[INFO] [stdout] 43 |     from: &BTreeSet<u32>,
[INFO] [stdout]    |     ^^^^ help: if this is intentional, prefix it with an underscore: `_from`
[INFO] [stdout] 
[INFO] [stdout] 
[INFO] [stdout] warning: unused variable: `to`
[INFO] [stdout]   --> src/parallelism/split_concat.rs:44:5
[INFO] [stdout]    |
[INFO] [stdout] 44 |     to: &BTreeSet<u32>,
[INFO] [stdout]    |     ^^ help: if this is intentional, prefix it with an underscore: `_to`
[INFO] [stdout] 
[INFO] [stdout] 
[INFO] [stdout] warning: unused variable: `size`
[INFO] [stdout]   --> src/parallelism/split_concat.rs:45:5
[INFO] [stdout]    |
[INFO] [stdout] 45 |     size: f64,
[INFO] [stdout]    |     ^^^^ help: if this is intentional, prefix it with an underscore: `_size`
[INFO] [stdout] 
[INFO] [stdout] 
[INFO] [stdout] warning: unused variable: `activation_sizes`
[INFO] [stdout]   --> src/parallelism/sync_pipeline.rs:35:9
[INFO] [stdout]    |
[INFO] [stdout] 35 |     let activation_sizes = &m.perf.activation_sizes;
[INFO] [stdout]    |         ^^^^^^^^^^^^^^^^ help: if this is intentional, prefix it with an underscore: `_activation_sizes`
[INFO] [stdout] 
[INFO] [stdout] 
[INFO] [stdout] warning: unused variable: `activation_sizes`
[INFO] [stdout]    --> src/parallelism/sync_pipeline.rs:146:9
[INFO] [stdout]     |
[INFO] [stdout] 146 |     let activation_sizes = &m.perf.activation_sizes;
[INFO] [stdout]     |         ^^^^^^^^^^^^^^^^ help: if this is intentional, prefix it with an underscore: `_activation_sizes`
[INFO] [stdout] 
[INFO] [stdout] 
[INFO] [stdout] warning: fields `size`, `actual_start`, and `actual_end` are never read
[INFO] [stdout]   --> src/analysis/cc_overlap.rs:11:5
[INFO] [stdout]    |
[INFO] [stdout] 8  | struct DataBlock {
[INFO] [stdout]    |        --------- fields in this struct
[INFO] [stdout] ...
[INFO] [stdout] 11 |     size: f64,
[INFO] [stdout]    |     ^^^^
[INFO] [stdout] ...
[INFO] [stdout] 15 |     actual_start: f64,
[INFO] [stdout]    |     ^^^^^^^^^^^^
[INFO] [stdout] 16 |     actual_end: f64,
[INFO] [stdout]    |     ^^^^^^^^^^
[INFO] [stdout]    |
[INFO] [stdout]    = note: `DataBlock` has a derived impl for the trait `Debug`, but this is intentionally ignored during dead code analysis
[INFO] [stdout]    = note: `#[warn(dead_code)]` on by default
[INFO] [stdout] 
[INFO] [stdout] 
[INFO] [stdout] warning: multiple fields are never read
[INFO] [stdout]   --> src/main.rs:18:5
[INFO] [stdout]    |
[INFO] [stdout] 12 | struct Opt {
[INFO] [stdout]    |        --- fields in this struct
[INFO] [stdout] ...
[INFO] [stdout] 18 |     debug: bool,
[INFO] [stdout]    |     ^^^^^
[INFO] [stdout] ...
[INFO] [stdout] 23 |     verbose: u8,
[INFO] [stdout]    |     ^^^^^^^
[INFO] [stdout] ...
[INFO] [stdout] 27 |     speed: f64,
[INFO] [stdout]    |     ^^^^^
[INFO] [stdout] ...
[INFO] [stdout] 31 |     output: PathBuf,
[INFO] [stdout]    |     ^^^^^^
[INFO] [stdout] ...
[INFO] [stdout] 37 |     nb_cars: Option<i32>,
[INFO] [stdout]    |     ^^^^^^^
[INFO] [stdout] ...
[INFO] [stdout] 41 |     level: Vec<String>,
[INFO] [stdout]    |     ^^^^^
[INFO] [stdout] ...
[INFO] [stdout] 45 |     files: Vec<PathBuf>,
[INFO] [stdout]    |     ^^^^^
[INFO] [stdout]    |
[INFO] [stdout]    = note: `Opt` has a derived impl for the trait `Debug`, but this is intentionally ignored during dead code analysis
[INFO] [stdout]    = note: `#[warn(dead_code)]` on by default
[INFO] [stdout] 
[INFO] [stdout] 
[INFO] [stdout] error: linking with `cc` failed: exit status: 1
[INFO] [stdout]   |
[INFO] [stdout]   = note: LC_ALL="C" PATH="/opt/rustwide/rustup-home/toolchains/nightly-2024-10-28-x86_64-unknown-linux-gnu/lib/rustlib/x86_64-unknown-linux-gnu/bin:/opt/rustwide/rustup-home/toolchains/nightly-2024-10-28-x86_64-unknown-linux-gnu/lib/rustlib/x86_64-unknown-linux-gnu/bin/self-contained:/opt/rustwide/cargo-home/bin:/usr/local/sbin:/usr/local/bin:/usr/sbin:/usr/bin:/sbin:/bin" VSLANG="1033" "cc" "-m64" "/tmp/rustc7XYmfI/symbols.o" "/opt/rustwide/target/debug/deps/HPGO_CMD-c7c8ad6718f4301d.HPGO_CMD.34176263f01c540b-cgu.0.rcgu.o" "/opt/rustwide/target/debug/deps/HPGO_CMD-c7c8ad6718f4301d.7yxcpnul4ah0w77ztcu1senbv.rcgu.o" "-Wl,--as-needed" "-Wl,-Bstatic" "/opt/rustwide/target/debug/deps/libstructopt-19718b530028dcac.rlib" "/opt/rustwide/target/debug/deps/libclap-93a889d6e8f26315.rlib" "/opt/rustwide/target/debug/deps/libvec_map-eac28ef77e7894f4.rlib" "/opt/rustwide/target/debug/deps/libtextwrap-ab9d89c92579b240.rlib" "/opt/rustwide/target/debug/deps/libunicode_width-05bc0ad9827af980.rlib" "/opt/rustwide/target/debug/deps/libstrsim-c58ca68092cf803b.rlib" "/opt/rustwide/target/debug/deps/libbitflags-b8f2fcfec265dfb2.rlib" "/opt/rustwide/target/debug/deps/libatty-74dd43b9ca3dbb79.rlib" "/opt/rustwide/target/debug/deps/libansi_term-c5d639f3e545ec5b.rlib" "/opt/rustwide/target/debug/deps/libHPGO.rlib" "/opt/rustwide/target/debug/deps/librayon-54eb504ca51b0e2b.rlib" "/opt/rustwide/target/debug/deps/librayon_core-c82c22f73b9ddd24.rlib" "/opt/rustwide/target/debug/deps/libnum_cpus-068408b201350a34.rlib" "/opt/rustwide/target/debug/deps/libcrossbeam_queue-7017ce91cc5b6492.rlib" "/opt/rustwide/target/debug/deps/libcrossbeam_deque-3c484afd579d2d95.rlib" "/opt/rustwide/target/debug/deps/libcrossbeam_epoch-438daaa792a1296a.rlib" "/opt/rustwide/target/debug/deps/libscopeguard-f9d12082f011eedc.rlib" "/opt/rustwide/target/debug/deps/libmemoffset-25dfd9c1d5299df2.rlib" "/opt/rustwide/target/debug/deps/libcrossbeam_utils-3220ef66d42ef04e.rlib" "/opt/rustwide/target/debug/deps/liblazy_static-b82c15677deef9e2.rlib" "/opt/rustwide/target/debug/deps/libcfg_if-6065b8815e149626.rlib" "/opt/rustwide/target/debug/deps/libpyo3-7c7de0cdc1cc9492.rlib" "/opt/rustwide/target/debug/deps/libspin-aba4c1570e9c644e.rlib" "/opt/rustwide/target/debug/deps/libunindent-dac1b462cad8eae5.rlib" "/opt/rustwide/target/debug/deps/liblibc-e5f6488e1d187f7b.rlib" "/opt/rustwide/target/debug/deps/libinventory-9c2e3a9006069f1c.rlib" "/opt/rustwide/target/debug/deps/libindoc-e6bd484669edb92e.rlib" "/opt/rustwide/target/debug/deps/libpaste-ce56b159bd27c48c.rlib" "/opt/rustwide/target/debug/deps/libordered_float-89618a5f0151bc39.rlib" "/opt/rustwide/target/debug/deps/libnum_traits-3707fafe2e4c3f62.rlib" "/opt/rustwide/target/debug/deps/libitertools-66462b405b00272b.rlib" "/opt/rustwide/target/debug/deps/libeither-5cfaeae07c065988.rlib" "/opt/rustwide/rustup-home/toolchains/nightly-2024-10-28-x86_64-unknown-linux-gnu/lib/rustlib/x86_64-unknown-linux-gnu/lib/libstd-fb8c387236db3c10.rlib" "/opt/rustwide/rustup-home/toolchains/nightly-2024-10-28-x86_64-unknown-linux-gnu/lib/rustlib/x86_64-unknown-linux-gnu/lib/libpanic_unwind-b251837809b2f64b.rlib" "/opt/rustwide/rustup-home/toolchains/nightly-2024-10-28-x86_64-unknown-linux-gnu/lib/rustlib/x86_64-unknown-linux-gnu/lib/libobject-cbef83eaa4e01f04.rlib" "/opt/rustwide/rustup-home/toolchains/nightly-2024-10-28-x86_64-unknown-linux-gnu/lib/rustlib/x86_64-unknown-linux-gnu/lib/libmemchr-12a772286de2fca7.rlib" "/opt/rustwide/rustup-home/toolchains/nightly-2024-10-28-x86_64-unknown-linux-gnu/lib/rustlib/x86_64-unknown-linux-gnu/lib/libaddr2line-023bbe5ada7abfc3.rlib" "/opt/rustwide/rustup-home/toolchains/nightly-2024-10-28-x86_64-unknown-linux-gnu/lib/rustlib/x86_64-unknown-linux-gnu/lib/libgimli-de2bcdf10ec69c2b.rlib" "/opt/rustwide/rustup-home/toolchains/nightly-2024-10-28-x86_64-unknown-linux-gnu/lib/rustlib/x86_64-unknown-linux-gnu/lib/librustc_demangle-8e1754df350800fd.rlib" "/opt/rustwide/rustup-home/toolchains/nightly-2024-10-28-x86_64-unknown-linux-gnu/lib/rustlib/x86_64-unknown-linux-gnu/lib/libstd_detect-06c2ab7b9c32e037.rlib" "/opt/rustwide/rustup-home/toolchains/nightly-2024-10-28-x86_64-unknown-linux-gnu/lib/rustlib/x86_64-unknown-linux-gnu/lib/libhashbrown-51d2621fc57a281b.rlib" "/opt/rustwide/rustup-home/toolchains/nightly-2024-10-28-x86_64-unknown-linux-gnu/lib/rustlib/x86_64-unknown-linux-gnu/lib/librustc_std_workspace_alloc-54a930408793772f.rlib" "/opt/rustwide/rustup-home/toolchains/nightly-2024-10-28-x86_64-unknown-linux-gnu/lib/rustlib/x86_64-unknown-linux-gnu/lib/libminiz_oxide-0c7d01cba400dcb2.rlib" "/opt/rustwide/rustup-home/toolchains/nightly-2024-10-28-x86_64-unknown-linux-gnu/lib/rustlib/x86_64-unknown-linux-gnu/lib/libadler-b9f84d69e331b75b.rlib" "/opt/rustwide/rustup-home/toolchains/nightly-2024-10-28-x86_64-unknown-linux-gnu/lib/rustlib/x86_64-unknown-linux-gnu/lib/libunwind-eec95493246aae39.rlib" "/opt/rustwide/rustup-home/toolchains/nightly-2024-10-28-x86_64-unknown-linux-gnu/lib/rustlib/x86_64-unknown-linux-gnu/lib/libcfg_if-6f6676c475e08ab0.rlib" "/opt/rustwide/rustup-home/toolchains/nightly-2024-10-28-x86_64-unknown-linux-gnu/lib/rustlib/x86_64-unknown-linux-gnu/lib/liblibc-799d520624f8b2e0.rlib" "/opt/rustwide/rustup-home/toolchains/nightly-2024-10-28-x86_64-unknown-linux-gnu/lib/rustlib/x86_64-unknown-linux-gnu/lib/liballoc-fcf93d4842acd9a9.rlib" "/opt/rustwide/rustup-home/toolchains/nightly-2024-10-28-x86_64-unknown-linux-gnu/lib/rustlib/x86_64-unknown-linux-gnu/lib/librustc_std_workspace_core-395a38b8e0851c9b.rlib" "/opt/rustwide/rustup-home/toolchains/nightly-2024-10-28-x86_64-unknown-linux-gnu/lib/rustlib/x86_64-unknown-linux-gnu/lib/libcore-d453bab70303062c.rlib" "/opt/rustwide/rustup-home/toolchains/nightly-2024-10-28-x86_64-unknown-linux-gnu/lib/rustlib/x86_64-unknown-linux-gnu/lib/libcompiler_builtins-0e6386368b0a24e8.rlib" "-Wl,-Bdynamic" "-lutil" "-lgcc_s" "-lutil" "-lrt" "-lpthread" "-lm" "-ldl" "-lc" "-B/opt/rustwide/rustup-home/toolchains/nightly-2024-10-28-x86_64-unknown-linux-gnu/lib/rustlib/x86_64-unknown-linux-gnu/bin/gcc-ld" "-fuse-ld=lld" "-Wl,--eh-frame-hdr" "-Wl,-z,noexecstack" "-L" "/opt/rustwide/rustup-home/toolchains/nightly-2024-10-28-x86_64-unknown-linux-gnu/lib/rustlib/x86_64-unknown-linux-gnu/lib" "-o" "/opt/rustwide/target/debug/deps/HPGO_CMD-c7c8ad6718f4301d" "-Wl,--gc-sections" "-pie" "-Wl,-z,relro,-z,now" "-nodefaultlibs"
[INFO] [stdout]   = note: rust-lld: error: undefined symbol: _Py_Dealloc
[INFO] [stdout]           >>> referenced by object.rs:933 (src/ffi/object.rs:933)
[INFO] [stdout]           >>>               pyo3-7c7de0cdc1cc9492.pyo3.46551aed868ddbc0-cgu.6.rcgu.o:(pyo3::ffi::object::Py_DECREF::ha358252b9786e4ae) in archive /opt/rustwide/target/debug/deps/libpyo3-7c7de0cdc1cc9492.rlib
[INFO] [stdout]           >>> referenced by object.rs:933 (/opt/rustwide/cargo-home/registry/src/index.crates.io-6f17d22bba15001f/pyo3-0.8.4/src/ffi/object.rs:933)
[INFO] [stdout]           >>>               HPGO.HPGO.ee9948939f2e7e32-cgu.02.rcgu.o:(pyo3::ffi::object::Py_DECREF::h8c8566e94bda2958) in archive /opt/rustwide/target/debug/deps/libHPGO.rlib
[INFO] [stdout]           
[INFO] [stdout]           rust-lld: error: undefined symbol: _Py_NoneStruct
[INFO] [stdout]           >>> referenced by object.rs:977 (src/ffi/object.rs:977)
[INFO] [stdout]           >>>               pyo3-7c7de0cdc1cc9492.pyo3.46551aed868ddbc0-cgu.6.rcgu.o:(pyo3::ffi::object::Py_None::hfa30bb1861f2371e) in archive /opt/rustwide/target/debug/deps/libpyo3-7c7de0cdc1cc9492.rlib
[INFO] [stdout]           >>> referenced by object.rs:977 (/opt/rustwide/cargo-home/registry/src/index.crates.io-6f17d22bba15001f/pyo3-0.8.4/src/ffi/object.rs:977)
[INFO] [stdout]           >>>               HPGO.HPGO.ee9948939f2e7e32-cgu.02.rcgu.o:(pyo3::ffi::object::Py_None::h3e4b2bfdfab539b0) in archive /opt/rustwide/target/debug/deps/libHPGO.rlib
[INFO] [stdout]           
[INFO] [stdout]           rust-lld: error: undefined symbol: PyObject_Str
[INFO] [stdout]           >>> referenced by objectprotocol.rs:318 (src/objectprotocol.rs:318)
[INFO] [stdout]           >>>               pyo3-7c7de0cdc1cc9492.pyo3.46551aed868ddbc0-cgu.6.rcgu.o:(_$LT$T$u20$as$u20$pyo3..objectprotocol..ObjectProtocol$GT$::str::ha662c8a0cc67fd0e) in archive /opt/rustwide/target/debug/deps/libpyo3-7c7de0cdc1cc9492.rlib
[INFO] [stdout]           
[INFO] [stdout]           rust-lld: error: undefined symbol: PyExc_OverflowError
[INFO] [stdout]           >>> referenced by exceptions.rs:226 (src/exceptions.rs:226)
[INFO] [stdout]           >>>               pyo3-7c7de0cdc1cc9492.pyo3.46551aed868ddbc0-cgu.7.rcgu.o:(_$LT$pyo3..exceptions..OverflowError$u20$as$u20$pyo3..type_object..PyTypeObject$GT$::init_type::h53dccc4fa9b045cc) in archive /opt/rustwide/target/debug/deps/libpyo3-7c7de0cdc1cc9492.rlib
[INFO] [stdout]           
[INFO] [stdout]           rust-lld: error: undefined symbol: PyExc_SystemError
[INFO] [stdout]           >>> referenced by exceptions.rs:226 (src/exceptions.rs:226)
[INFO] [stdout]           >>>               pyo3-7c7de0cdc1cc9492.pyo3.46551aed868ddbc0-cgu.7.rcgu.o:(_$LT$pyo3..exceptions..SystemError$u20$as$u20$pyo3..type_object..PyTypeObject$GT$::init_type::h67b60b03b755b09d) in archive /opt/rustwide/target/debug/deps/libpyo3-7c7de0cdc1cc9492.rlib
[INFO] [stdout]           
[INFO] [stdout]           rust-lld: error: undefined symbol: PyExc_TypeError
[INFO] [stdout]           >>> referenced by exceptions.rs:226 (src/exceptions.rs:226)
[INFO] [stdout]           >>>               pyo3-7c7de0cdc1cc9492.pyo3.46551aed868ddbc0-cgu.7.rcgu.o:(_$LT$pyo3..exceptions..TypeError$u20$as$u20$pyo3..type_object..PyTypeObject$GT$::init_type::h0fcd71aa32404691) in archive /opt/rustwide/target/debug/deps/libpyo3-7c7de0cdc1cc9492.rlib
[INFO] [stdout]           
[INFO] [stdout]           rust-lld: error: undefined symbol: PyExc_UnicodeDecodeError
[INFO] [stdout]           >>> referenced by exceptions.rs:226 (src/exceptions.rs:226)
[INFO] [stdout]           >>>               pyo3-7c7de0cdc1cc9492.pyo3.46551aed868ddbc0-cgu.7.rcgu.o:(_$LT$pyo3..exceptions..UnicodeDecodeError$u20$as$u20$pyo3..type_object..PyTypeObject$GT$::init_type::h5c674f49197e4f13) in archive /opt/rustwide/target/debug/deps/libpyo3-7c7de0cdc1cc9492.rlib
[INFO] [stdout]           
[INFO] [stdout]           rust-lld: error: undefined symbol: PyFloat_FromDouble
[INFO] [stdout]           >>> referenced by floatob.rs:33 (src/types/floatob.rs:33)
[INFO] [stdout]           >>>               pyo3-7c7de0cdc1cc9492.pyo3.46551aed868ddbc0-cgu.5.rcgu.o:(pyo3::types::floatob::PyFloat::new::hf0eba1e12f87884e) in archive /opt/rustwide/target/debug/deps/libpyo3-7c7de0cdc1cc9492.rlib
[INFO] [stdout]           
[INFO] [stdout]           rust-lld: error: undefined symbol: PyFloat_AsDouble
[INFO] [stdout]           >>> referenced by floatob.rs:58 (src/types/floatob.rs:58)
[INFO] [stdout]           >>>               pyo3-7c7de0cdc1cc9492.pyo3.46551aed868ddbc0-cgu.5.rcgu.o:(pyo3::types::floatob::_$LT$impl$u20$pyo3..conversion..FromPyObject$u20$for$u20$f64$GT$::extract::he9f789d0efa78442) in archive /opt/rustwide/target/debug/deps/libpyo3-7c7de0cdc1cc9492.rlib
[INFO] [stdout]           
[INFO] [stdout]           rust-lld: error: undefined symbol: PyUnicode_FromStringAndSize
[INFO] [stdout]           >>> referenced by string.rs:36 (src/types/string.rs:36)
[INFO] [stdout]           >>>               pyo3-7c7de0cdc1cc9492.pyo3.46551aed868ddbc0-cgu.4.rcgu.o:(pyo3::types::string::PyString::new::h150f1f4cba725d94) in archive /opt/rustwide/target/debug/deps/libpyo3-7c7de0cdc1cc9492.rlib
[INFO] [stdout]           
[INFO] [stdout]           rust-lld: error: undefined symbol: PyUnicode_AsUTF8AndSize
[INFO] [stdout]           >>> referenced by string.rs:58 (src/types/string.rs:58)
[INFO] [stdout]           >>>               pyo3-7c7de0cdc1cc9492.pyo3.46551aed868ddbc0-cgu.4.rcgu.o:(pyo3::types::string::PyString::as_bytes::hb7dbd916de6423b1) in archive /opt/rustwide/target/debug/deps/libpyo3-7c7de0cdc1cc9492.rlib
[INFO] [stdout]           
[INFO] [stdout]           rust-lld: error: undefined symbol: PyUnicode_AsEncodedString
[INFO] [stdout]           >>> referenced by string.rs:83 (src/types/string.rs:83)
[INFO] [stdout]           >>>               pyo3-7c7de0cdc1cc9492.pyo3.46551aed868ddbc0-cgu.4.rcgu.o:(pyo3::types::string::PyString::to_string_lossy::h0ff217d9584994f5) in archive /opt/rustwide/target/debug/deps/libpyo3-7c7de0cdc1cc9492.rlib
[INFO] [stdout]           
[INFO] [stdout]           rust-lld: error: undefined symbol: PyBytes_AsString
[INFO] [stdout]           >>> referenced by string.rs:94 (src/types/string.rs:94)
[INFO] [stdout]           >>>               pyo3-7c7de0cdc1cc9492.pyo3.46551aed868ddbc0-cgu.4.rcgu.o:(pyo3::types::string::PyString::to_string_lossy::h0ff217d9584994f5) in archive /opt/rustwide/target/debug/deps/libpyo3-7c7de0cdc1cc9492.rlib
[INFO] [stdout]           
[INFO] [stdout]           rust-lld: error: undefined symbol: PyBytes_Size
[INFO] [stdout]           >>> referenced by string.rs:96 (src/types/string.rs:96)
[INFO] [stdout]           >>>               pyo3-7c7de0cdc1cc9492.pyo3.46551aed868ddbc0-cgu.4.rcgu.o:(pyo3::types::string::PyString::to_string_lossy::h0ff217d9584994f5) in archive /opt/rustwide/target/debug/deps/libpyo3-7c7de0cdc1cc9492.rlib
[INFO] [stdout]           
[INFO] [stdout]           rust-lld: error: undefined symbol: PyTuple_GetSlice
[INFO] [stdout]           >>> referenced by tuple.rs:61 (src/types/tuple.rs:61)
[INFO] [stdout]           >>>               pyo3-7c7de0cdc1cc9492.pyo3.46551aed868ddbc0-cgu.3.rcgu.o:(pyo3::types::tuple::PyTuple::slice::h5c9e7b51d0670059) in archive /opt/rustwide/target/debug/deps/libpyo3-7c7de0cdc1cc9492.rlib
[INFO] [stdout]           
[INFO] [stdout]           rust-lld: error: undefined symbol: Py_IsInitialized
[INFO] [stdout]           >>> referenced by gil.rs:43 (src/gil.rs:43)
[INFO] [stdout]           >>>               pyo3-7c7de0cdc1cc9492.pyo3.46551aed868ddbc0-cgu.2.rcgu.o:(pyo3::gil::prepare_freethreaded_python::_$u7b$$u7b$closure$u7d$$u7d$::h7ba75976f9a73efe) in archive /opt/rustwide/target/debug/deps/libpyo3-7c7de0cdc1cc9492.rlib
[INFO] [stdout]           
[INFO] [stdout]           rust-lld: error: undefined symbol: Py_InitializeEx
[INFO] [stdout]           >>> referenced by gil.rs:61 (src/gil.rs:61)
[INFO] [stdout]           >>>               pyo3-7c7de0cdc1cc9492.pyo3.46551aed868ddbc0-cgu.2.rcgu.o:(pyo3::gil::prepare_freethreaded_python::_$u7b$$u7b$closure$u7d$$u7d$::h7ba75976f9a73efe) in archive /opt/rustwide/target/debug/deps/libpyo3-7c7de0cdc1cc9492.rlib
[INFO] [stdout]           
[INFO] [stdout]           rust-lld: error: undefined symbol: PyEval_SaveThread
[INFO] [stdout]           >>> referenced by gil.rs:72 (src/gil.rs:72)
[INFO] [stdout]           >>>               pyo3-7c7de0cdc1cc9492.pyo3.46551aed868ddbc0-cgu.2.rcgu.o:(pyo3::gil::prepare_freethreaded_python::_$u7b$$u7b$closure$u7d$$u7d$::h7ba75976f9a73efe) in archive /opt/rustwide/target/debug/deps/libpyo3-7c7de0cdc1cc9492.rlib
[INFO] [stdout]           
[INFO] [stdout]           rust-lld: error: undefined symbol: PyGILState_Release
[INFO] [stdout]           >>> referenced by gil.rs:116 (src/gil.rs:116)
[INFO] [stdout]           >>>               pyo3-7c7de0cdc1cc9492.pyo3.46551aed868ddbc0-cgu.2.rcgu.o:(_$LT$pyo3..gil..GILGuard$u20$as$u20$core..ops..drop..Drop$GT$::drop::h480d2435b27ce4c8) in archive /opt/rustwide/target/debug/deps/libpyo3-7c7de0cdc1cc9492.rlib
[INFO] [stdout]           
[INFO] [stdout]           rust-lld: error: undefined symbol: PyErr_Occurred
[INFO] [stdout]           >>> referenced by err.rs:156 (src/err.rs:156)
[INFO] [stdout]           >>>               pyo3-7c7de0cdc1cc9492.pyo3.46551aed868ddbc0-cgu.0.rcgu.o:(pyo3::err::PyErr::occurred::haee0eb1e69f74361) in archive /opt/rustwide/target/debug/deps/libpyo3-7c7de0cdc1cc9492.rlib
[INFO] [stdout]           
[INFO] [stdout]           rust-lld: error: too many errors emitted, stopping now (use --error-limit=0 to see all errors)
[INFO] [stdout]           collect2: error: ld returned 1 exit status
[INFO] [stdout]           
[INFO] [stdout] 
[INFO] [stdout] 
[INFO] [stderr] error: could not compile `HPGO` (bin "HPGO-CMD") due to 1 previous error; 1 warning emitted
[INFO] running `Command { std: "docker" "inspect" "8005ada4b6ee128d7af8fe4ed15036f9695651410d3492042e677cda84c61769", kill_on_drop: false }`
[INFO] running `Command { std: "docker" "rm" "-f" "8005ada4b6ee128d7af8fe4ed15036f9695651410d3492042e677cda84c61769", kill_on_drop: false }`
[INFO] [stdout] 8005ada4b6ee128d7af8fe4ed15036f9695651410d3492042e677cda84c61769
