[INFO] fetching crate zellij_widgets 0.1.3...
[INFO] testing zellij_widgets-0.1.3 against nightly-2025-01-18+rustflags=-Zrandomize-layout for randomize-layout-2
[INFO] extracting crate zellij_widgets 0.1.3 into /workspace/builds/worker-0-tc2/source
[INFO] validating manifest of crates.io crate zellij_widgets 0.1.3 on toolchain nightly-2025-01-18
[INFO] running `Command { std: CARGO_HOME="/workspace/cargo-home" RUSTUP_HOME="/workspace/rustup-home" "/workspace/cargo-home/bin/cargo" "+nightly-2025-01-18" "metadata" "--manifest-path" "Cargo.toml" "--no-deps", kill_on_drop: false }`
[INFO] started tweaking crates.io crate zellij_widgets 0.1.3
[INFO] finished tweaking crates.io crate zellij_widgets 0.1.3
[INFO] tweaked toml for crates.io crate zellij_widgets 0.1.3 written to /workspace/builds/worker-0-tc2/source/Cargo.toml
[INFO] running `Command { std: CARGO_HOME="/workspace/cargo-home" RUSTUP_HOME="/workspace/rustup-home" "/workspace/cargo-home/bin/cargo" "+nightly-2025-01-18" "generate-lockfile" "--manifest-path" "Cargo.toml", kill_on_drop: false }`
[INFO] [stderr]     Updating crates.io index
[INFO] [stderr]      Locking 39 packages to latest compatible versions
[INFO] [stderr]       Adding itertools v0.12.1 (available: v0.14.0)
[INFO] [stderr]       Adding strum v0.25.0 (available: v0.26.3)
[INFO] [stderr]       Adding unicode-width v0.1.14 (available: v0.2.0)
[INFO] running `Command { std: CARGO_HOME="/workspace/cargo-home" RUSTUP_HOME="/workspace/rustup-home" "/workspace/cargo-home/bin/cargo" "+nightly-2025-01-18" "fetch" "--manifest-path" "Cargo.toml", kill_on_drop: false }`
[INFO] running `Command { std: "docker" "create" "-v" "/var/lib/crater-agent-workspace/builds/worker-0-tc2/target:/opt/rustwide/target:rw,Z" "-v" "/var/lib/crater-agent-workspace/builds/worker-0-tc2/source:/opt/rustwide/workdir:ro,Z" "-v" "/var/lib/crater-agent-workspace/cargo-home:/opt/rustwide/cargo-home:ro,Z" "-v" "/var/lib/crater-agent-workspace/rustup-home:/opt/rustwide/rustup-home:ro,Z" "-e" "SOURCE_DIR=/opt/rustwide/workdir" "-e" "CARGO_TARGET_DIR=/opt/rustwide/target" "-e" "CARGO_HOME=/opt/rustwide/cargo-home" "-e" "RUSTUP_HOME=/opt/rustwide/rustup-home" "-w" "/opt/rustwide/workdir" "-m" "1610612736" "--user" "0:0" "--network" "none" "ghcr.io/rust-lang/crates-build-env/linux@sha256:819108c5571ea2e421544af4d832f968d213c87fbe3707a016657f43d2f853bc" "/opt/rustwide/cargo-home/bin/cargo" "+nightly-2025-01-18" "metadata" "--no-deps" "--format-version=1", kill_on_drop: false }`
[INFO] [stdout] 340b9ec1619e59fde413a7a8a019a0ec4b32e58ef96c2692336961c5c8e748f9
[INFO] running `Command { std: "docker" "start" "-a" "340b9ec1619e59fde413a7a8a019a0ec4b32e58ef96c2692336961c5c8e748f9", kill_on_drop: false }`
[INFO] running `Command { std: "docker" "inspect" "340b9ec1619e59fde413a7a8a019a0ec4b32e58ef96c2692336961c5c8e748f9", kill_on_drop: false }`
[INFO] running `Command { std: "docker" "rm" "-f" "340b9ec1619e59fde413a7a8a019a0ec4b32e58ef96c2692336961c5c8e748f9", kill_on_drop: false }`
[INFO] [stdout] 340b9ec1619e59fde413a7a8a019a0ec4b32e58ef96c2692336961c5c8e748f9
[INFO] running `Command { std: "docker" "create" "-v" "/var/lib/crater-agent-workspace/builds/worker-0-tc2/target:/opt/rustwide/target:rw,Z" "-v" "/var/lib/crater-agent-workspace/builds/worker-0-tc2/source:/opt/rustwide/workdir:ro,Z" "-v" "/var/lib/crater-agent-workspace/cargo-home:/opt/rustwide/cargo-home:ro,Z" "-v" "/var/lib/crater-agent-workspace/rustup-home:/opt/rustwide/rustup-home:ro,Z" "-e" "SOURCE_DIR=/opt/rustwide/workdir" "-e" "CARGO_TARGET_DIR=/opt/rustwide/target" "-e" "CARGO_INCREMENTAL=0" "-e" "RUST_BACKTRACE=full" "-e" "RUSTFLAGS=--cap-lints=forbid -Zrandomize-layout" "-e" "RUSTDOCFLAGS=--cap-lints=forbid" "-e" "CARGO_HOME=/opt/rustwide/cargo-home" "-e" "RUSTUP_HOME=/opt/rustwide/rustup-home" "-w" "/opt/rustwide/workdir" "-m" "1610612736" "--user" "0:0" "--network" "none" "ghcr.io/rust-lang/crates-build-env/linux@sha256:819108c5571ea2e421544af4d832f968d213c87fbe3707a016657f43d2f853bc" "/opt/rustwide/cargo-home/bin/cargo" "+nightly-2025-01-18" "build" "--frozen" "--message-format=json", kill_on_drop: false }`
[INFO] [stdout] 69f8ca7cbed16587568c1bd11db8bd93a23a1bb7f040ed771e35a08b9639dd17
[INFO] running `Command { std: "docker" "start" "-a" "69f8ca7cbed16587568c1bd11db8bd93a23a1bb7f040ed771e35a08b9639dd17", kill_on_drop: false }`
[INFO] [stderr]    Compiling rustversion v1.0.19
[INFO] [stderr]    Compiling parking_lot_core v0.9.10
[INFO] [stderr]    Compiling paste v1.0.15
[INFO] [stderr]    Compiling scopeguard v1.2.0
[INFO] [stderr]    Compiling lock_api v0.4.12
[INFO] [stderr]    Compiling smallvec v1.13.2
[INFO] [stderr]    Compiling syn v2.0.96
[INFO] [stderr]    Compiling heck v0.4.1
[INFO] [stderr]    Compiling itertools v0.12.1
[INFO] [stderr]    Compiling lru v0.12.5
[INFO] [stderr]    Compiling indoc v2.0.5
[INFO] [stderr]    Compiling unicode-segmentation v1.12.0
[INFO] [stderr]    Compiling bitflags v2.8.0
[INFO] [stderr]    Compiling parking_lot v0.12.3
[INFO] [stderr]    Compiling cassowary v0.3.0
[INFO] [stderr]    Compiling strum_macros v0.25.3
[INFO] [stderr]    Compiling strum v0.25.0
[INFO] [stderr]    Compiling zellij_widgets v0.1.3 (/opt/rustwide/workdir)
[INFO] [stderr]     Finished `dev` profile [unoptimized + debuginfo] target(s) in 11.73s
[INFO] running `Command { std: "docker" "inspect" "69f8ca7cbed16587568c1bd11db8bd93a23a1bb7f040ed771e35a08b9639dd17", kill_on_drop: false }`
[INFO] running `Command { std: "docker" "rm" "-f" "69f8ca7cbed16587568c1bd11db8bd93a23a1bb7f040ed771e35a08b9639dd17", kill_on_drop: false }`
[INFO] [stdout] 69f8ca7cbed16587568c1bd11db8bd93a23a1bb7f040ed771e35a08b9639dd17
[INFO] running `Command { std: "docker" "create" "-v" "/var/lib/crater-agent-workspace/builds/worker-0-tc2/target:/opt/rustwide/target:rw,Z" "-v" "/var/lib/crater-agent-workspace/builds/worker-0-tc2/source:/opt/rustwide/workdir:ro,Z" "-v" "/var/lib/crater-agent-workspace/cargo-home:/opt/rustwide/cargo-home:ro,Z" "-v" "/var/lib/crater-agent-workspace/rustup-home:/opt/rustwide/rustup-home:ro,Z" "-e" "SOURCE_DIR=/opt/rustwide/workdir" "-e" "CARGO_TARGET_DIR=/opt/rustwide/target" "-e" "CARGO_INCREMENTAL=0" "-e" "RUST_BACKTRACE=full" "-e" "RUSTFLAGS=--cap-lints=forbid -Zrandomize-layout" "-e" "RUSTDOCFLAGS=--cap-lints=forbid" "-e" "CARGO_HOME=/opt/rustwide/cargo-home" "-e" "RUSTUP_HOME=/opt/rustwide/rustup-home" "-w" "/opt/rustwide/workdir" "-m" "1610612736" "--user" "0:0" "--network" "none" "ghcr.io/rust-lang/crates-build-env/linux@sha256:819108c5571ea2e421544af4d832f968d213c87fbe3707a016657f43d2f853bc" "/opt/rustwide/cargo-home/bin/cargo" "+nightly-2025-01-18" "test" "--frozen" "--no-run" "--message-format=json", kill_on_drop: false }`
[INFO] [stdout] c29e26b2ccaaaf273d634b4e58cad676fbb2a18188dc0745940c004a792edf24
[INFO] running `Command { std: "docker" "start" "-a" "c29e26b2ccaaaf273d634b4e58cad676fbb2a18188dc0745940c004a792edf24", kill_on_drop: false }`
[INFO] [stderr]    Compiling zellij_widgets v0.1.3 (/opt/rustwide/workdir)
[INFO] [stderr]     Finished `test` profile [unoptimized + debuginfo] target(s) in 3.24s
[INFO] running `Command { std: "docker" "inspect" "c29e26b2ccaaaf273d634b4e58cad676fbb2a18188dc0745940c004a792edf24", kill_on_drop: false }`
[INFO] running `Command { std: "docker" "rm" "-f" "c29e26b2ccaaaf273d634b4e58cad676fbb2a18188dc0745940c004a792edf24", kill_on_drop: false }`
[INFO] [stdout] c29e26b2ccaaaf273d634b4e58cad676fbb2a18188dc0745940c004a792edf24
[INFO] running `Command { std: "docker" "create" "-v" "/var/lib/crater-agent-workspace/builds/worker-0-tc2/target:/opt/rustwide/target:rw,Z" "-v" "/var/lib/crater-agent-workspace/builds/worker-0-tc2/source:/opt/rustwide/workdir:ro,Z" "-v" "/var/lib/crater-agent-workspace/cargo-home:/opt/rustwide/cargo-home:ro,Z" "-v" "/var/lib/crater-agent-workspace/rustup-home:/opt/rustwide/rustup-home:ro,Z" "-e" "SOURCE_DIR=/opt/rustwide/workdir" "-e" "CARGO_TARGET_DIR=/opt/rustwide/target" "-e" "CARGO_INCREMENTAL=0" "-e" "RUST_BACKTRACE=full" "-e" "RUSTFLAGS=--cap-lints=forbid -Zrandomize-layout" "-e" "RUSTDOCFLAGS=--cap-lints=forbid" "-e" "CARGO_HOME=/opt/rustwide/cargo-home" "-e" "RUSTUP_HOME=/opt/rustwide/rustup-home" "-w" "/opt/rustwide/workdir" "-m" "1610612736" "--user" "0:0" "--network" "none" "ghcr.io/rust-lang/crates-build-env/linux@sha256:819108c5571ea2e421544af4d832f968d213c87fbe3707a016657f43d2f853bc" "/opt/rustwide/cargo-home/bin/cargo" "+nightly-2025-01-18" "test" "--frozen", kill_on_drop: false }`
[INFO] [stdout] eff7a2f7b6957038630ba9a0c8ce2f2e25a980258c918d3445bc4d8db0e98bf4
[INFO] running `Command { std: "docker" "start" "-a" "eff7a2f7b6957038630ba9a0c8ce2f2e25a980258c918d3445bc4d8db0e98bf4", kill_on_drop: false }`
[INFO] [stderr]     Finished `test` profile [unoptimized + debuginfo] target(s) in 0.05s
[INFO] [stderr]      Running unittests src/lib.rs (/opt/rustwide/target/debug/deps/zellij_widgets-2b73e2d9e7dc28ea)
[INFO] [stdout] 
[INFO] [stdout] running 215 tests
[INFO] [stdout] test buffer::tests::buffer_set_string_multi_width_overwrite ... ok
[INFO] [stdout] test buffer::tests::buffer_set_string_double_width ... ok
[INFO] [stdout] test buffer::tests::buffer_with_lines ... ok
[INFO] [stdout] test buffer::tests::cell_symbol_field ... ok
[INFO] [stdout] test core::command::tests::test_failing_command ... ok
[INFO] [stdout] test core::command::tests::test_queueable_command ... ok
[INFO] [stdout] test buffer::tests::it_implements_debug ... ok
[INFO] [stdout] test buffer::tests::with_lines_accepts_into_lines ... ok
[INFO] [stdout] test core::command::tests::test_execute_fmt ... ok
[INFO] [stdout] test core::cursor::tests::test_move_down ... ok
[INFO] [stdout] test buffer::tests::it_translates_to_and_from_coordinates ... ok
[INFO] [stdout] test core::cursor::tests::test_move_left ... ok
[INFO] [stdout] test core::cursor::tests::test_move_right ... ok
[INFO] [stdout] test core::cursor::tests::test_move_to_column ... ok
[INFO] [stdout] test core::cursor::tests::test_move_to ... ok
[INFO] [stdout] test core::cursor::tests::test_move_to_next_line ... ok
[INFO] [stdout] test core::cursor::tests::test_move_up ... ok
[INFO] [stdout] test core::cursor::tests::test_move_to_previous_line ... ok
[INFO] [stdout] test core::cursor::tests::test_save_position ... ok
[INFO] [stdout] test core::cursor::tests::test_restore_position ... ok
[INFO] [stdout] test core::cursor::tests::test_move_to_row ... ok
[INFO] [stdout] test layout::gemo::tests::test_bottom ... ok
[INFO] [stdout] test layout::gemo::tests::test_inner ... ok
[INFO] [stdout] test layout::gemo::tests::test_is_empty ... ok
[INFO] [stdout] test layout::gemo::tests::test_left ... ok
[INFO] [stdout] test layout::gemo::tests::test_new ... ok
[INFO] [stdout] test layout::gemo::tests::test_top ... ok
[INFO] [stdout] test layout::tests::test_constraint_length ... ok
[INFO] [stdout] test layout::tests::test_constraint_min ... ok
[INFO] [stdout] test layout::gemo::tests::test_right ... ok
[INFO] [stdout] test layout::tests::test_constraint_ratio ... ok
[INFO] [stdout] test layout::tests::test_layout ... ok
[INFO] [stdout] test layout::gemo::tests::test_area ... ok
[INFO] [stdout] test layout::tests::test_layout_horizontal_margin ... ok
[INFO] [stdout] test layout::tests::test_layout_direction ... ok
[INFO] [stdout] test layout::tests::test_layout_split ... ok
[INFO] [stdout] test layout::tests::test_constraint_percentage ... ok
[INFO] [stdout] test layout::tests::test_margin ... ok
[INFO] [stdout] test layout::tests::test_try_split ... ok
[INFO] [stdout] test plugin_pane::tests::test_current_buffer_mut ... ok
[INFO] [stdout] test layout::tests::test_layout_constraints ... ok
[INFO] [stdout] test plugin_pane::tests::test_get_frame ... ok
[INFO] [stdout] test layout::tests::test_layout_margin ... ok
[INFO] [stdout] test plugin_pane::tests::test_modifier_diff_queue ... ok
[INFO] [stdout] [1;1H-> Hello World      [2;1H                    [3;1H                    [4;1H                    [5;1H                    [6;1H                    [7;1H                    [8;1H                    [9;1H                    [10;1H                    [11;1H                    [12;1H                    [13;1H                    [14;1H                    [15;1H                    [16;1H                    [17;1H                    [18;1H                    [19;1H                    [20;1H                    [1;1HHello Wor[39m[49m[59m[0mld         [2;1H                    [3;1H                    [4;1H                    [5;1H                    [6;1H                    [7;1H                    [8;1H                    [9;1H                    [10;1H                    [11;1H                    [12;1H                    [13;1H                    [14;1H                    [15;1H                    [16;1H                    [17;1H                    [18;1H                    [19;1H                    [20;1H                    [39m[49m[59m[0mtest plugin_pane::tests::test_plugin_pane_state_render ... ok
[INFO] [stdout] test plugin_pane::tests::test_plugin_pane_stateless_render ... ok
[INFO] [stdout] test style::ansi::tests::test_reset_color ... ok
[INFO] [stdout] test layout::tests::test_constraint_max ... ok
[INFO] [stdout] test style::ansi::tests::test_set_attribute ... ok
[INFO] [stdout] test style::ansi::tests::test_print ... ok
[INFO] [stdout] test style::ansi::tests::test_set_background_color ... ok
[INFO] [stdout] test layout::tests::test_layout_vertical_margin ... ok
[INFO] [stdout] test buffer::tests::buffer_set_string_zero_width ... FAILED
[INFO] [stdout] test style::ansi::tests::test_set_foreground_color ... ok
[INFO] [stdout] test style::attributes::tests::test_attributes ... ok
[INFO] [stdout] test style::attributes::tests::test_attributes_const ... ok
[INFO] [stdout] test style::symbols::tests::marker_from_str ... ok
[INFO] [stdout] test buffer::tests::pos_of_panics_on_out_of_bounds - should panic ... ok
[INFO] [stdout] test style::ansi::tests::test_set_underline_color ... ok
[INFO] [stdout] test style::tests::modifier_debug ... ok
[INFO] [stdout] test style::tests::style_can_be_const ... ok
[INFO] [stdout] test style::symbols::tests::marker_tostring ... ok
[INFO] [stdout] test buffer::tests::index_of_panics_on_out_of_bounds - should panic ... ok
[INFO] [stdout] test style::types::color::tests::test_know_rgb_color_conversion ... ok
[INFO] [stdout] test style::types::color::tests::test_known_color_conversion ... ok
[INFO] [stdout] test style::types::colored::tests::test_format_bg_color ... ok
[INFO] [stdout] test style::types::colored::tests::test_format_fg_ansi_color ... ok
[INFO] [stdout] test style::types::colored::tests::test_format_fg_color ... ok
[INFO] [stdout] test style::types::colored::tests::test_format_fg_rgb_color ... ok
[INFO] [stdout] test style::types::colored::tests::test_format_reset_bg_color ... ok
[INFO] [stdout] test style::types::colored::tests::test_format_reset_fg_color ... ok
[INFO] [stdout] test style::types::colored::tests::test_no_color ... ok
[INFO] [stdout] test style::tests::combine_individual_modifiers ... ok
[INFO] [stdout] test style::tests::style_can_be_stylized ... ok
[INFO] [stdout] test style::types::color::tests::test_unknown_color_conversion_yields_white ... ok
[INFO] [stdout] test style::types::colored::tests::test_parse_invalid_ansi_color ... ok
[INFO] [stdout] test text::line::tests::raw_str ... ok
[INFO] [stdout] test text::line::tests::test_from_str ... ok
[INFO] [stdout] test text::line::tests::test_from_string_ref ... ok
[INFO] [stdout] test text::line::tests::test_from_vec ... ok
[INFO] [stdout] test text::line::tests::test_into_string ... ok
[INFO] [stdout] test text::line::tests::test_patch_style ... ok
[INFO] [stdout] test text::line::tests::test_reset_style ... ok
[INFO] [stdout] test text::line::tests::test_width ... ok
[INFO] [stdout] test text::masked::tests::debug ... ok
[INFO] [stdout] test text::line::tests::test_alignment ... ok
[INFO] [stdout] test text::line::tests::test_from_span ... ok
[INFO] [stdout] test text::line::tests::styled_graphemes ... ok
[INFO] [stdout] test style::tests::combined_patch_gives_same_result_as_individual_patch ... ok
[INFO] [stdout] test text::masked::tests::display ... ok
[INFO] [stdout] test text::masked::tests::into_cow ... ok
[INFO] [stdout] test text::masked::tests::into_text ... ok
[INFO] [stdout] test text::line::tests::test_from_string ... ok
[INFO] [stdout] test text::masked::tests::new ... ok
[INFO] [stdout] test text::span::tests::from_ref_str_borrowed_cow ... ok
[INFO] [stdout] test text::span::tests::from_ref_string_borrowed_cow ... ok
[INFO] [stdout] test text::masked::tests::value ... ok
[INFO] [stdout] test text::span::tests::from_string_ref_str_borrowed_cow ... ok
[INFO] [stdout] test text::span::tests::raw_str ... ok
[INFO] [stdout] test text::span::tests::raw_string ... ok
[INFO] [stdout] test text::span::tests::reset_style ... ok
[INFO] [stdout] test text::span::tests::styled_str ... ok
[INFO] [stdout] test text::span::tests::stylize ... ok
[INFO] [stdout] test text::span::tests::styled_string ... ok
[INFO] [stdout] test text::span::tests::width ... ok
[INFO] [stdout] test text::tests::extend ... ok
[INFO] [stdout] test text::tests::extend_from_iter ... ok
[INFO] [stdout] test text::tests::extend_from_iter_str ... ok
[INFO] [stdout] test text::tests::from_cow ... ok
[INFO] [stdout] test text::tests::from_line ... ok
[INFO] [stdout] test text::tests::from_span ... ok
[INFO] [stdout] test text::tests::from_str ... ok
[INFO] [stdout] test text::tests::from_string ... ok
[INFO] [stdout] test text::tests::from_vec_line ... ok
[INFO] [stdout] test text::tests::height ... ok
[INFO] [stdout] test text::tests::into_iter ... ok
[INFO] [stdout] test text::tests::patch_style ... ok
[INFO] [stdout] test text::span::tests::patch_style ... ok
[INFO] [stdout] test text::span::tests::from_string_owned_cow ... ok
[INFO] [stdout] test text::tests::raw ... ok
[INFO] [stdout] test text::masked::tests::mask_char ... ok
[INFO] [stdout] test title::tests::position_from_str ... ok
[INFO] [stdout] test text::tests::reset_style ... ok
[INFO] [stdout] test text::tests::width ... ok
[INFO] [stdout] test text::tests::styled ... ok
[INFO] [stdout] test title::tests::position_tostring ... ok
[INFO] [stdout] test uis::block::border_option::tests::test_border_options_new ... ok
[INFO] [stdout] test uis::block::border_option::tests::test_border_options_default ... ok
[INFO] [stdout] test uis::block::border_option::tests::test_border_options_set_border_set ... ok
[INFO] [stdout] test text::span::tests::default ... ok
[INFO] [stdout] test uis::block::border_type::tests::test_border_type ... ok
[INFO] [stdout] test uis::block::borders::tests::test_combinations ... ok
[INFO] [stdout] test uis::block::borders::tests::test_individual_flags ... ok
[INFO] [stdout] test uis::block::borders::tests::test_all ... ok
[INFO] [stdout] test uis::block::tests::block_border_type ... ok
[INFO] [stdout] test uis::block::tests::block_new ... ok
[INFO] [stdout] test uis::block::tests::block_borders ... ok
[INFO] [stdout] test uis::block::borders::tests::test_none ... ok
[INFO] [stdout] test uis::block::tests::block_padding ... ok
[INFO] [stdout] test uis::block::border_option::tests::test_border_options_set_border_style ... ok
[INFO] [stdout] test uis::block::tests::border_type_can_be_const ... ok
[INFO] [stdout] test uis::block::border_option::tests::test_border_options_set_borders ... ok
[INFO] [stdout] test uis::block::tests::can_be_stylized ... ok
[INFO] [stdout] test uis::block::tests::inner_takes_into_account_the_borders ... ok
[INFO] [stdout] test uis::block::tests::inner_takes_into_account_the_title ... ok
[INFO] [stdout] test uis::block::tests::padding_constructors ... ok
[INFO] [stdout] test uis::block::tests::padding_new ... ok
[INFO] [stdout] test uis::block::tests::title ... ok
[INFO] [stdout] test uis::block::tests::title_alignment ... ok
[INFO] [stdout] test uis::block::tests::title_style ... ok
[INFO] [stdout] test uis::gauge::tests::gauge_new ... ok
[INFO] [stdout] test uis::gauge::tests::gauge_ratio ... ok
[INFO] [stdout] test uis::erase::tests::render ... ok
[INFO] [stdout] test uis::gauge::tests::gauge_label ... ok
[INFO] [stdout] test uis::block::tests::block_style ... ok
[INFO] [stdout] test uis::gauge::tests::gauge_ratio_out_of_bounds - should panic ... ok
[INFO] [stdout] test uis::gauge::tests::gauge_style ... ok
[INFO] [stdout] test uis::list::list_item::tests::list_item ... ok
[INFO] [stdout] test uis::list::highlight_style::tests::test_highlight_item ... ok
[INFO] [stdout] test uis::list::list_item::tests::list_item_styled ... ok
[INFO] [stdout] test uis::list::highlight_style::tests::test_highlight_symbol ... ok
[INFO] [stdout] test uis::list::highlight_style::tests::test_highlight_symbol_len ... ok
[INFO] [stdout] test uis::block::tests::padding_can_be_const ... ok
[INFO] [stdout] test uis::reflow::test::line_composer_double_width_chars ... ok
[INFO] [stdout] test uis::reflow::test::line_composer_long_sentence ... ok
[INFO] [stdout] test uis::reflow::test::line_composer_char_plus_lots_of_spaces ... ok
[INFO] [stdout] test uis::reflow::test::line_composer_leading_whitespace_removal ... ok
[INFO] [stdout] test uis::reflow::test::line_composer_long_word ... ok
[INFO] [stdout] test uis::reflow::test::line_composer_lots_of_spaces ... ok
[INFO] [stdout] test uis::reflow::test::line_composer_max_line_width_of_1 ... ok
[INFO] [stdout] test uis::reflow::test::line_composer_preserves_line_alignment ... ok
[INFO] [stdout] test uis::reflow::test::line_composer_max_line_width_of_1_double_width_characters ... ok
[INFO] [stdout] test uis::reflow::test::line_composer_short_lines ... ok
[INFO] [stdout] test uis::reflow::test::line_composer_word_wrapper_double_width_chars_mixed_with_spaces ... ok
[INFO] [stdout] test uis::reflow::test::line_composer_word_wrapper_mixed_length ... ok
[INFO] [stdout] test uis::reflow::test::line_composer_word_wrapper_preserve_indentation ... ok
[INFO] [stdout] test uis::reflow::test::line_composer_word_wrapper_preserve_indentation_lots_of_whitespace ... ok
[INFO] [stdout] test uis::reflow::test::line_composer_one_line ... ok
[INFO] [stdout] test uis::reflow::test::line_composer_word_wrapper_preserve_indentation_with_wrap ... ok
[INFO] [stdout] test uis::reflow::test::line_composer_zero_width ... ok
[INFO] [stdout] test uis::reflow::test::line_composer_zero_width_at_end ... FAILED
[INFO] [stdout] test uis::scrollbar::tests::scrollbar_orientation_from_str ... ok
[INFO] [stdout] test uis::scrollbar::tests::scroll_direction_to_string ... ok
[INFO] [stdout] test uis::scrollbar::tests::scroll_direction_from_str ... ok
[INFO] [stdout] test uis::reflow::test::line_composer_word_wrapper_nbsp ... ok
[INFO] [stdout] test uis::scrollbar::tests::test_no_render_when_area_zero ... ok
[INFO] [stdout] test uis::scrollbar::tests::test_no_render_when_content_length_zero ... ok
[INFO] [stdout] test uis::scrollbar::tests::test_no_render_when_height_too_small_for_arrows ... ok
[INFO] [stdout] test uis::scrollbar::tests::test_no_render_when_height_zero_with_without_arrows ... ok
[INFO] [stdout] test uis::scrollbar::tests::scrollbar_orientation_to_string ... ok
[INFO] [stdout] test uis::scrollbar::tests::test_renders_all_thumbs_at_minimum_height_and_minimum_width_without_arrows ... ok
[INFO] [stdout] test uis::scrollbar::tests::test_renders_all_thumbs_at_minimum_height_without_arrows ... ok
[INFO] [stdout] test uis::scrollbar::tests::test_renders_all_thumbs_when_height_equals_content_length ... ok
[INFO] [stdout] test uis::scrollbar::tests::test_renders_empty_with_content_length_is_zero ... ok
[INFO] [stdout] test uis::scrollbar::tests::test_renders_one_thumb_for_large_content_relative_to_height ... ok
[INFO] [stdout] test uis::scrollbar::tests::test_rendering_begin_end_arrows_horizontal_top ... ok
[INFO] [stdout] test uis::scrollbar::tests::test_renders_single_horizontal_thumb_when_content_length_square_of_width ... ok
[INFO] [stdout] test uis::scrollbar::tests::test_rendering_without_track_horizontal_bottom ... ok
[INFO] [stdout] test uis::scrollbar::tests::test_renders_two_thumb_custom_symbols_for_content_double_height ... ok
[INFO] [stdout] test uis::scrollbar::tests::test_renders_two_arrows_one_thumb_at_minimum_height_with_arrows ... ok
[INFO] [stdout] test uis::scrollbar::tests::test_rendering_only_begin_arrow_horizontal_bottom ... ok
[INFO] [stdout] test uis::scrollbar::tests::test_renders_single_vertical_thumb_when_content_length_square_of_height ... ok
[INFO] [stdout] test uis::scrollbar::tests::test_rendering_begin_end_arrows_horizontal_bottom ... ok
[INFO] [stdout] test uis::scrollbar::tests::test_renders_two_thumb_default_symbols_for_content_double_height ... ok
[INFO] [stdout] test uis::tab::tests::tab_set_divider ... ok
[INFO] [stdout] test uis::scrollbar::tests::test_renders_two_thumb_custom_symbols_for_content_double_width ... ok
[INFO] [stdout] test uis::tab::tests::tab_new_with_str ... ok
[INFO] [stdout] test uis::tab::tests::tab_set_block ... ok
[INFO] [stdout] test uis::tab::tests::tab_set_highlight_style ... ok
[INFO] [stdout] test uis::tab::tests::tab_state_widget ... ok
[INFO] [stdout] test uis::scrollbar::tests::test_renders_two_thumb_default_symbols_for_content_double_width ... ok
[INFO] [stdout] test style::types::colored::tests::test_parse_ansi_fg ... ok
[INFO] [stdout] test uis::tab::tests::tab_new_with_vec ... ok
[INFO] [stdout] test style::types::colored::tests::test_parse_ansi_bg ... ok
[INFO] [stdout] test uis::tab::tests::tab_set_style ... ok
[INFO] [stdout] 
[INFO] [stdout] failures:
[INFO] [stdout] 
[INFO] [stdout] ---- buffer::tests::buffer_set_string_zero_width stdout ----
[INFO] [stdout] 
[INFO] [stdout] thread 'buffer::tests::buffer_set_string_zero_width' panicked at src/buffer.rs:602:9:
[INFO] [stdout] assertion `left == right` failed: buffers not equal
[INFO] [stdout]   left: Buffer {
[INFO] [stdout]     area: Geometry { x: 0, y: 0, rows: 1, cols: 1 },
[INFO] [stdout]     content: [
[INFO] [stdout]         "",
[INFO] [stdout]     ],
[INFO] [stdout]     styles: [
[INFO] [stdout]         x: 0, y: 0, fg: Reset, bg: Reset, modifier: NONE,
[INFO] [stdout]     ]
[INFO] [stdout] }
[INFO] [stdout]  right: Buffer {
[INFO] [stdout]     area: Geometry { x: 0, y: 0, rows: 1, cols: 1 },
[INFO] [stdout]     content: [
[INFO] [stdout]         "a",
[INFO] [stdout]     ],
[INFO] [stdout]     styles: [
[INFO] [stdout]         x: 0, y: 0, fg: Reset, bg: Reset, modifier: NONE,
[INFO] [stdout]     ]
[INFO] [stdout] }
[INFO] [stdout] stack backtrace:
[INFO] [stdout]    0:     0x5648b6e3625a - std::backtrace_rs::backtrace::libunwind::trace::hb059275cfc8d6126
[INFO] [stdout]                                at /rustc/6067b36314ab5eb2eb47cecc464545ba58e1ad24/library/std/src/../../backtrace/src/backtrace/libunwind.rs:116:5
[INFO] [stdout]    1:     0x5648b6e3625a - std::backtrace_rs::backtrace::trace_unsynchronized::h2da071e4327ce3ee
[INFO] [stdout]                                at /rustc/6067b36314ab5eb2eb47cecc464545ba58e1ad24/library/std/src/../../backtrace/src/backtrace/mod.rs:66:5
[INFO] [stdout]    2:     0x5648b6e3625a - std::sys::backtrace::_print_fmt::h842a1474e6f8d23f
[INFO] [stdout]                                at /rustc/6067b36314ab5eb2eb47cecc464545ba58e1ad24/library/std/src/sys/backtrace.rs:66:9
[INFO] [stdout]    3:     0x5648b6e3625a - <std::sys::backtrace::BacktraceLock::print::DisplayBacktrace as core::fmt::Display>::fmt::h71a62eb3b9696b12
[INFO] [stdout]                                at /rustc/6067b36314ab5eb2eb47cecc464545ba58e1ad24/library/std/src/sys/backtrace.rs:39:26
[INFO] [stdout]    4:     0x5648b6e5f053 - core::fmt::rt::Argument::fmt::hdb6b616786b41dc1
[INFO] [stdout]                                at /rustc/6067b36314ab5eb2eb47cecc464545ba58e1ad24/library/core/src/fmt/rt.rs:177:76
[INFO] [stdout]    5:     0x5648b6e5f053 - core::fmt::write::h2cc1698af7e2d686
[INFO] [stdout]                                at /rustc/6067b36314ab5eb2eb47cecc464545ba58e1ad24/library/core/src/fmt/mod.rs:1440:21
[INFO] [stdout]    6:     0x5648b6e32d03 - std::io::Write::write_fmt::hab1b4cd059a79022
[INFO] [stdout]                                at /rustc/6067b36314ab5eb2eb47cecc464545ba58e1ad24/library/std/src/io/mod.rs:1887:15
[INFO] [stdout]    7:     0x5648b6e360a2 - std::sys::backtrace::BacktraceLock::print::h147fe35b4ea13b08
[INFO] [stdout]                                at /rustc/6067b36314ab5eb2eb47cecc464545ba58e1ad24/library/std/src/sys/backtrace.rs:42:9
[INFO] [stdout]    8:     0x5648b6e3767f - std::panicking::default_hook::{{closure}}::hbd44223dbdc0d208
[INFO] [stdout]                                at /rustc/6067b36314ab5eb2eb47cecc464545ba58e1ad24/library/std/src/panicking.rs:298:22
[INFO] [stdout]    9:     0x5648b6e37498 - std::panicking::default_hook::h20f81eb0576efcec
[INFO] [stdout]                                at /rustc/6067b36314ab5eb2eb47cecc464545ba58e1ad24/library/std/src/panicking.rs:322:9
[INFO] [stdout]   10:     0x5648b6dd3403 - <alloc::boxed::Box<F,A> as core::ops::function::Fn<Args>>::call::hdb53814c496a4d34
[INFO] [stdout]                                at /rustc/6067b36314ab5eb2eb47cecc464545ba58e1ad24/library/alloc/src/boxed.rs:2027:9
[INFO] [stdout]   11:     0x5648b6dd3403 - test::test_main::{{closure}}::hc0a4963c59427c24
[INFO] [stdout]                                at /rustc/6067b36314ab5eb2eb47cecc464545ba58e1ad24/library/test/src/lib.rs:134:21
[INFO] [stdout]   12:     0x5648b6e38173 - <alloc::boxed::Box<F,A> as core::ops::function::Fn<Args>>::call::h591b2225413a77e9
[INFO] [stdout]                                at /rustc/6067b36314ab5eb2eb47cecc464545ba58e1ad24/library/alloc/src/boxed.rs:2027:9
[INFO] [stdout]   13:     0x5648b6e38173 - std::panicking::rust_panic_with_hook::h625eea43051b2edc
[INFO] [stdout]                                at /rustc/6067b36314ab5eb2eb47cecc464545ba58e1ad24/library/std/src/panicking.rs:839:13
[INFO] [stdout]   14:     0x5648b6e37e2a - std::panicking::begin_panic_handler::{{closure}}::h4f9159cfbc3f6bd3
[INFO] [stdout]                                at /rustc/6067b36314ab5eb2eb47cecc464545ba58e1ad24/library/std/src/panicking.rs:704:13
[INFO] [stdout]   15:     0x5648b6e36759 - std::sys::backtrace::__rust_end_short_backtrace::h0390abce48353151
[INFO] [stdout]                                at /rustc/6067b36314ab5eb2eb47cecc464545ba58e1ad24/library/std/src/sys/backtrace.rs:168:18
[INFO] [stdout]   16:     0x5648b6e37abd - rust_begin_unwind
[INFO] [stdout]                                at /rustc/6067b36314ab5eb2eb47cecc464545ba58e1ad24/library/std/src/panicking.rs:695:5
[INFO] [stdout]   17:     0x5648b6e5d680 - core::panicking::panic_fmt::h9e7c637e9e5f29c9
[INFO] [stdout]                                at /rustc/6067b36314ab5eb2eb47cecc464545ba58e1ad24/library/core/src/panicking.rs:75:14
[INFO] [stdout]   18:     0x5648b6e5da72 - core::panicking::assert_failed_inner::h538bec7c1374cd9c
[INFO] [stdout]   19:     0x5648b6d3a6bb - core::panicking::assert_failed::hbd26765c3b14d1ae
[INFO] [stdout]                                at /rustc/6067b36314ab5eb2eb47cecc464545ba58e1ad24/library/core/src/panicking.rs:364:5
[INFO] [stdout]   20:     0x5648b6d58e8f - zellij_widgets::buffer::tests::buffer_set_string_zero_width::h3c4eafa4082f5f7a
[INFO] [stdout]                                at /opt/rustwide/workdir/src/test/utils.rs:24:17
[INFO] [stdout]   21:     0x5648b6d58bc7 - zellij_widgets::buffer::tests::buffer_set_string_zero_width::{{closure}}::h8636546df1fa05c6
[INFO] [stdout]                                at /opt/rustwide/workdir/src/buffer.rs:595:38
[INFO] [stdout]   22:     0x5648b6d60546 - core::ops::function::FnOnce::call_once::h1016ac331bed0803
[INFO] [stdout]                                at /rustc/6067b36314ab5eb2eb47cecc464545ba58e1ad24/library/core/src/ops/function.rs:250:5
[INFO] [stdout]   23:     0x5648b6dd8b5b - core::ops::function::FnOnce::call_once::he27718dfdd183f43
[INFO] [stdout]                                at /rustc/6067b36314ab5eb2eb47cecc464545ba58e1ad24/library/core/src/ops/function.rs:250:5
[INFO] [stdout]   24:     0x5648b6dd8b5b - test::__rust_begin_short_backtrace::h4e84902998457a5d
[INFO] [stdout]                                at /rustc/6067b36314ab5eb2eb47cecc464545ba58e1ad24/library/test/src/lib.rs:632:18
[INFO] [stdout]   25:     0x5648b6dd7a93 - test::run_test_in_process::{{closure}}::h7176fd18fc1feca0
[INFO] [stdout]                                at /rustc/6067b36314ab5eb2eb47cecc464545ba58e1ad24/library/test/src/lib.rs:655:60
[INFO] [stdout]   26:     0x5648b6dd7a93 - <core::panic::unwind_safe::AssertUnwindSafe<F> as core::ops::function::FnOnce<()>>::call_once::hf79cff2a624d8cf7
[INFO] [stdout]                                at /rustc/6067b36314ab5eb2eb47cecc464545ba58e1ad24/library/core/src/panic/unwind_safe.rs:272:9
[INFO] [stdout]   27:     0x5648b6dd7a93 - std::panicking::try::do_call::h3da0561d9ab99c25
[INFO] [stdout]                                at /rustc/6067b36314ab5eb2eb47cecc464545ba58e1ad24/library/std/src/panicking.rs:587:40
[INFO] [stdout]   28:     0x5648b6dd7a93 - std::panicking::try::h41c9fa508bc61df6
[INFO] [stdout]                                at /rustc/6067b36314ab5eb2eb47cecc464545ba58e1ad24/library/std/src/panicking.rs:550:19
[INFO] [stdout]   29:     0x5648b6dd7a93 - std::panic::catch_unwind::h6b3ff07bb5afad93
[INFO] [stdout]                                at /rustc/6067b36314ab5eb2eb47cecc464545ba58e1ad24/library/std/src/panic.rs:358:14
[INFO] [stdout]   30:     0x5648b6dd7a93 - test::run_test_in_process::hc7253dd11b39b9f4
[INFO] [stdout]                                at /rustc/6067b36314ab5eb2eb47cecc464545ba58e1ad24/library/test/src/lib.rs:655:27
[INFO] [stdout]   31:     0x5648b6dd7a93 - test::run_test::{{closure}}::hfb2007f8649c30bb
[INFO] [stdout]                                at /rustc/6067b36314ab5eb2eb47cecc464545ba58e1ad24/library/test/src/lib.rs:576:43
[INFO] [stdout]   32:     0x5648b6d9ab75 - test::run_test::{{closure}}::h56a17aa7a282a9f4
[INFO] [stdout]                                at /rustc/6067b36314ab5eb2eb47cecc464545ba58e1ad24/library/test/src/lib.rs:606:41
[INFO] [stdout]   33:     0x5648b6d9ab75 - std::sys::backtrace::__rust_begin_short_backtrace::hd2d2d2fb8e8c6aac
[INFO] [stdout]                                at /rustc/6067b36314ab5eb2eb47cecc464545ba58e1ad24/library/std/src/sys/backtrace.rs:152:18
[INFO] [stdout]   34:     0x5648b6d9e45a - std::thread::Builder::spawn_unchecked_::{{closure}}::{{closure}}::h4faa3f9db6133423
[INFO] [stdout]                                at /rustc/6067b36314ab5eb2eb47cecc464545ba58e1ad24/library/std/src/thread/mod.rs:559:17
[INFO] [stdout]   35:     0x5648b6d9e45a - <core::panic::unwind_safe::AssertUnwindSafe<F> as core::ops::function::FnOnce<()>>::call_once::hf2e855a36a4ea846
[INFO] [stdout]                                at /rustc/6067b36314ab5eb2eb47cecc464545ba58e1ad24/library/core/src/panic/unwind_safe.rs:272:9
[INFO] [stdout]   36:     0x5648b6d9e45a - std::panicking::try::do_call::h2f73af3616c35465
[INFO] [stdout]                                at /rustc/6067b36314ab5eb2eb47cecc464545ba58e1ad24/library/std/src/panicking.rs:587:40
[INFO] [stdout]   37:     0x5648b6d9e45a - std::panicking::try::hd1660ce9efadef5a
[INFO] [stdout]                                at /rustc/6067b36314ab5eb2eb47cecc464545ba58e1ad24/library/std/src/panicking.rs:550:19
[INFO] [stdout]   38:     0x5648b6d9e45a - std::panic::catch_unwind::h5ee8d7823b8ca744
[INFO] [stdout]                                at /rustc/6067b36314ab5eb2eb47cecc464545ba58e1ad24/library/std/src/panic.rs:358:14
[INFO] [stdout]   39:     0x5648b6d9e45a - std::thread::Builder::spawn_unchecked_::{{closure}}::h53c3a1894dce8407
[INFO] [stdout]                                at /rustc/6067b36314ab5eb2eb47cecc464545ba58e1ad24/library/std/src/thread/mod.rs:557:30
[INFO] [stdout]   40:     0x5648b6d9e45a - core::ops::function::FnOnce::call_once{{vtable.shim}}::h048ce291ad4f62bf
[INFO] [stdout]                                at /rustc/6067b36314ab5eb2eb47cecc464545ba58e1ad24/library/core/src/ops/function.rs:250:5
[INFO] [stdout]   41:     0x5648b6e3c54b - <alloc::boxed::Box<F,A> as core::ops::function::FnOnce<Args>>::call_once::ha52bedf99a3b4981
[INFO] [stdout]                                at /rustc/6067b36314ab5eb2eb47cecc464545ba58e1ad24/library/alloc/src/boxed.rs:2013:9
[INFO] [stdout]   42:     0x5648b6e3c54b - <alloc::boxed::Box<F,A> as core::ops::function::FnOnce<Args>>::call_once::h567748934d80ccf8
[INFO] [stdout]                                at /rustc/6067b36314ab5eb2eb47cecc464545ba58e1ad24/library/alloc/src/boxed.rs:2013:9
[INFO] [stdout]   43:     0x5648b6e3c54b - std::sys::pal::unix::thread::Thread::new::thread_start::h2d970728ae887adc
[INFO] [stdout]                                at /rustc/6067b36314ab5eb2eb47cecc464545ba58e1ad24/library/std/src/sys/pal/unix/thread.rs:106:17
[INFO] [stdout]   44:     0x7fb98c773ac3 - <unknown>
[INFO] [stdout]   45:     0x7fb98c804a04 - clone
[INFO] [stdout]   46:                0x0 - <unknown>
[INFO] [stdout] 
[INFO] [stdout] ---- uis::reflow::test::line_composer_zero_width_at_end stdout ----
[INFO] [stdout] 
[INFO] [stdout] thread 'uis::reflow::test::line_composer_zero_width_at_end' panicked at src/uis/reflow.rs:660:9:
[INFO] [stdout] assertion `left == right` failed
[INFO] [stdout]   left: ["foo", "\0"]
[INFO] [stdout]  right: ["foo\0"]
[INFO] [stdout] stack backtrace:
[INFO] [stdout]    0:     0x5648b6e3625a - std::backtrace_rs::backtrace::libunwind::trace::hb059275cfc8d6126
[INFO] [stdout]                                at /rustc/6067b36314ab5eb2eb47cecc464545ba58e1ad24/library/std/src/../../backtrace/src/backtrace/libunwind.rs:116:5
[INFO] [stdout]    1:     0x5648b6e3625a - std::backtrace_rs::backtrace::trace_unsynchronized::h2da071e4327ce3ee
[INFO] [stdout]                                at /rustc/6067b36314ab5eb2eb47cecc464545ba58e1ad24/library/std/src/../../backtrace/src/backtrace/mod.rs:66:5
[INFO] [stdout]    2:     0x5648b6e3625a - std::sys::backtrace::_print_fmt::h842a1474e6f8d23f
[INFO] [stdout]                                at /rustc/6067b36314ab5eb2eb47cecc464545ba58e1ad24/library/std/src/sys/backtrace.rs:66:9
[INFO] [stdout]    3:     0x5648b6e3625a - <std::sys::backtrace::BacktraceLock::print::DisplayBacktrace as core::fmt::Display>::fmt::h71a62eb3b9696b12
[INFO] [stdout]                                at /rustc/6067b36314ab5eb2eb47cecc464545ba58e1ad24/library/std/src/sys/backtrace.rs:39:26
[INFO] [stdout]    4:     0x5648b6e5f053 - core::fmt::rt::Argument::fmt::hdb6b616786b41dc1
[INFO] [stdout]                                at /rustc/6067b36314ab5eb2eb47cecc464545ba58e1ad24/library/core/src/fmt/rt.rs:177:76
[INFO] [stdout]    5:     0x5648b6e5f053 - core::fmt::write::h2cc1698af7e2d686
[INFO] [stdout]                                at /rustc/6067b36314ab5eb2eb47cecc464545ba58e1ad24/library/core/src/fmt/mod.rs:1440:21
[INFO] [stdout]    6:     0x5648b6e32d03 - std::io::Write::write_fmt::hab1b4cd059a79022
[INFO] [stdout]                                at /rustc/6067b36314ab5eb2eb47cecc464545ba58e1ad24/library/std/src/io/mod.rs:1887:15
[INFO] [stdout]    7:     0x5648b6e360a2 - std::sys::backtrace::BacktraceLock::print::h147fe35b4ea13b08
[INFO] [stdout]                                at /rustc/6067b36314ab5eb2eb47cecc464545ba58e1ad24/library/std/src/sys/backtrace.rs:42:9
[INFO] [stdout]    8:     0x5648b6e3767f - std::panicking::default_hook::{{closure}}::hbd44223dbdc0d208
[INFO] [stdout]                                at /rustc/6067b36314ab5eb2eb47cecc464545ba58e1ad24/library/std/src/panicking.rs:298:22
[INFO] [stdout]    9:     0x5648b6e37498 - std::panicking::default_hook::h20f81eb0576efcec
[INFO] [stdout]                                at /rustc/6067b36314ab5eb2eb47cecc464545ba58e1ad24/library/std/src/panicking.rs:322:9
[INFO] [stdout]   10:     0x5648b6dd3403 - <alloc::boxed::Box<F,A> as core::ops::function::Fn<Args>>::call::hdb53814c496a4d34
[INFO] [stdout]                                at /rustc/6067b36314ab5eb2eb47cecc464545ba58e1ad24/library/alloc/src/boxed.rs:2027:9
[INFO] [stdout]   11:     0x5648b6dd3403 - test::test_main::{{closure}}::hc0a4963c59427c24
[INFO] [stdout]                                at /rustc/6067b36314ab5eb2eb47cecc464545ba58e1ad24/library/test/src/lib.rs:134:21
[INFO] [stdout]   12:     0x5648b6e38173 - <alloc::boxed::Box<F,A> as core::ops::function::Fn<Args>>::call::h591b2225413a77e9
[INFO] [stdout]                                at /rustc/6067b36314ab5eb2eb47cecc464545ba58e1ad24/library/alloc/src/boxed.rs:2027:9
[INFO] [stdout]   13:     0x5648b6e38173 - std::panicking::rust_panic_with_hook::h625eea43051b2edc
[INFO] [stdout]                                at /rustc/6067b36314ab5eb2eb47cecc464545ba58e1ad24/library/std/src/panicking.rs:839:13
[INFO] [stdout]   14:     0x5648b6e37e2a - std::panicking::begin_panic_handler::{{closure}}::h4f9159cfbc3f6bd3
[INFO] [stdout]                                at /rustc/6067b36314ab5eb2eb47cecc464545ba58e1ad24/library/std/src/panicking.rs:704:13
[INFO] [stdout]   15:     0x5648b6e36759 - std::sys::backtrace::__rust_end_short_backtrace::h0390abce48353151
[INFO] [stdout]                                at /rustc/6067b36314ab5eb2eb47cecc464545ba58e1ad24/library/std/src/sys/backtrace.rs:168:18
[INFO] [stdout]   16:     0x5648b6e37abd - rust_begin_unwind
[INFO] [stdout]                                at /rustc/6067b36314ab5eb2eb47cecc464545ba58e1ad24/library/std/src/panicking.rs:695:5
[INFO] [stdout]   17:     0x5648b6e5d680 - core::panicking::panic_fmt::h9e7c637e9e5f29c9
[INFO] [stdout]                                at /rustc/6067b36314ab5eb2eb47cecc464545ba58e1ad24/library/core/src/panicking.rs:75:14
[INFO] [stdout]   18:     0x5648b6e5da72 - core::panicking::assert_failed_inner::h538bec7c1374cd9c
[INFO] [stdout]   19:     0x5648b6d3a241 - core::panicking::assert_failed::h4d4a15a973adb3c7
[INFO] [stdout]                                at /rustc/6067b36314ab5eb2eb47cecc464545ba58e1ad24/library/core/src/panicking.rs:364:5
[INFO] [stdout]   20:     0x5648b6d18ea1 - zellij_widgets::uis::reflow::test::line_composer_zero_width_at_end::h99776b08fc926295
[INFO] [stdout]                                at /opt/rustwide/workdir/src/uis/reflow.rs:660:9
[INFO] [stdout]   21:     0x5648b6d18c07 - zellij_widgets::uis::reflow::test::line_composer_zero_width_at_end::{{closure}}::ha6dae965c20d8e93
[INFO] [stdout]                                at /opt/rustwide/workdir/src/uis/reflow.rs:655:41
[INFO] [stdout]   22:     0x5648b6d63a16 - core::ops::function::FnOnce::call_once::hfb47a051d723c1e7
[INFO] [stdout]                                at /rustc/6067b36314ab5eb2eb47cecc464545ba58e1ad24/library/core/src/ops/function.rs:250:5
[INFO] [stdout]   23:     0x5648b6dd8b5b - core::ops::function::FnOnce::call_once::he27718dfdd183f43
[INFO] [stdout]                                at /rustc/6067b36314ab5eb2eb47cecc464545ba58e1ad24/library/core/src/ops/function.rs:250:5
[INFO] [stdout]   24:     0x5648b6dd8b5b - test::__rust_begin_short_backtrace::h4e84902998457a5d
[INFO] [stdout]                                at /rustc/6067b36314ab5eb2eb47cecc464545ba58e1ad24/library/test/src/lib.rs:632:18
[INFO] [stdout]   25:     0x5648b6dd7a93 - test::run_test_in_process::{{closure}}::h7176fd18fc1feca0
[INFO] [stdout]                                at /rustc/6067b36314ab5eb2eb47cecc464545ba58e1ad24/library/test/src/lib.rs:655:60
[INFO] [stdout]   26:     0x5648b6dd7a93 - <core::panic::unwind_safe::AssertUnwindSafe<F> as core::ops::function::FnOnce<()>>::call_once::hf79cff2a624d8cf7
[INFO] [stdout]                                at /rustc/6067b36314ab5eb2eb47cecc464545ba58e1ad24/library/core/src/panic/unwind_safe.rs:272:9
[INFO] [stdout]   27:     0x5648b6dd7a93 - std::panicking::try::do_call::h3da0561d9ab99c25
[INFO] [stdout]                                at /rustc/6067b36314ab5eb2eb47cecc464545ba58e1ad24/library/std/src/panicking.rs:587:40
[INFO] [stdout]   28:     0x5648b6dd7a93 - std::panicking::try::h41c9fa508bc61df6
[INFO] [stdout]                                at /rustc/6067b36314ab5eb2eb47cecc464545ba58e1ad24/library/std/src/panicking.rs:550:19
[INFO] [stdout]   29:     0x5648b6dd7a93 - std::panic::catch_unwind::h6b3ff07bb5afad93
[INFO] [stdout]                                at /rustc/6067b36314ab5eb2eb47cecc464545ba58e1ad24/library/std/src/panic.rs:358:14
[INFO] [stdout]   30:     0x5648b6dd7a93 - test::run_test_in_process::hc7253dd11b39b9f4
[INFO] [stdout]                                at /rustc/6067b36314ab5eb2eb47cecc464545ba58e1ad24/library/test/src/lib.rs:655:27
[INFO] [stdout]   31:     0x5648b6dd7a93 - test::run_test::{{closure}}::hfb2007f8649c30bb
[INFO] [stdout]                                at /rustc/6067b36314ab5eb2eb47cecc464545ba58e1ad24/library/test/src/lib.rs:576:43
[INFO] [stdout]   32:     0x5648b6d9ab75 - test::run_test::{{closure}}::h56a17aa7a282a9f4
[INFO] [stdout]                                at /rustc/6067b36314ab5eb2eb47cecc464545ba58e1ad24/library/test/src/lib.rs:606:41
[INFO] [stdout]   33:     0x5648b6d9ab75 - std::sys::backtrace::__rust_begin_short_backtrace::hd2d2d2fb8e8c6aac
[INFO] [stdout]                                at /rustc/6067b36314ab5eb2eb47cecc464545ba58e1ad24/library/std/src/sys/backtrace.rs:152:18
[INFO] [stdout]   34:     0x5648b6d9e45a - std::thread::Builder::spawn_unchecked_::{{closure}}::{{closure}}::h4faa3f9db6133423
[INFO] [stdout]                                at /rustc/6067b36314ab5eb2eb47cecc464545ba58e1ad24/library/std/src/thread/mod.rs:559:17
[INFO] [stdout]   35:     0x5648b6d9e45a - <core::panic::unwind_safe::AssertUnwindSafe<F> as core::ops::function::FnOnce<()>>::call_once::hf2e855a36a4ea846
[INFO] [stdout]                                at /rustc/6067b36314ab5eb2eb47cecc464545ba58e1ad24/library/core/src/panic/unwind_safe.rs:272:9
[INFO] [stdout]   36:     0x5648b6d9e45a - std::panicking::try::do_call::h2f73af3616c35465
[INFO] [stdout]                                at /rustc/6067b36314ab5eb2eb47cecc464545ba58e1ad24/library/std/src/panicking.rs:587:40
[INFO] [stdout]   37:     0x5648b6d9e45a - std::panicking::try::hd1660ce9efadef5a
[INFO] [stdout]                                at /rustc/6067b36314ab5eb2eb47cecc464545ba58e1ad24/library/std/src/panicking.rs:550:19
[INFO] [stdout]   38:     0x5648b6d9e45a - std::panic::catch_unwind::h5ee8d7823b8ca744
[INFO] [stdout]                                at /rustc/6067b36314ab5eb2eb47cecc464545ba58e1ad24/library/std/src/panic.rs:358:14
[INFO] [stdout]   39:     0x5648b6d9e45a - std::thread::Builder::spawn_unchecked_::{{closure}}::h53c3a1894dce8407
[INFO] [stdout]                                at /rustc/6067b36314ab5eb2eb47cecc464545ba58e1ad24/library/std/src/thread/mod.rs:557:30
[INFO] [stdout]   40:     0x5648b6d9e45a - core::ops::function::FnOnce::call_once{{vtable.shim}}::h048ce291ad4f62bf
[INFO] [stdout]                                at /rustc/6067b36314ab5eb2eb47cecc464545ba58e1ad24/library/core/src/ops/function.rs:250:5
[INFO] [stdout]   41:     0x5648b6e3c54b - <alloc::boxed::Box<F,A> as core::ops::function::FnOnce<Args>>::call_once::ha52bedf99a3b4981
[INFO] [stdout]                                at /rustc/6067b36314ab5eb2eb47cecc464545ba58e1ad24/library/alloc/src/boxed.rs:2013:9
[INFO] [stdout]   42:     0x5648b6e3c54b - <alloc::boxed::Box<F,A> as core::ops::function::FnOnce<Args>>::call_once::h567748934d80ccf8
[INFO] [stdout]                                at /rustc/6067b36314ab5eb2eb47cecc464545ba58e1ad24/library/alloc/src/boxed.rs:2013:9
[INFO] [stdout]   43:     0x5648b6e3c54b - std::sys::pal::unix::thread::Thread::new::thread_start::h2d970728ae887adc
[INFO] [stdout]                                at /rustc/6067b36314ab5eb2eb47cecc464545ba58e1ad24/library/std/src/sys/pal/unix/thread.rs:106:17
[INFO] [stdout]   44:     0x7fb98c773ac3 - <unknown>
[INFO] [stdout]   45:     0x7fb98c804a04 - clone
[INFO] [stdout]   46:                0x0 - <unknown>
[INFO] [stdout] 
[INFO] [stdout] 
[INFO] [stdout] failures:
[INFO] [stdout]     buffer::tests::buffer_set_string_zero_width
[INFO] [stdout]     uis::reflow::test::line_composer_zero_width_at_end
[INFO] [stdout] 
[INFO] [stdout] test result: FAILED. 213 passed; 2 failed; 0 ignored; 0 measured; 0 filtered out; finished in 0.19s
[INFO] [stdout] 
[INFO] [stderr] error: test failed, to rerun pass `--lib`
[INFO] running `Command { std: "docker" "inspect" "eff7a2f7b6957038630ba9a0c8ce2f2e25a980258c918d3445bc4d8db0e98bf4", kill_on_drop: false }`
[INFO] running `Command { std: "docker" "rm" "-f" "eff7a2f7b6957038630ba9a0c8ce2f2e25a980258c918d3445bc4d8db0e98bf4", kill_on_drop: false }`
[INFO] [stdout] eff7a2f7b6957038630ba9a0c8ce2f2e25a980258c918d3445bc4d8db0e98bf4
