[INFO] fetching crate zarinpal 0.1.2...
[INFO] testing zarinpal-0.1.2 against nightly-2025-01-18+rustflags=-Zrandomize-layout for randomize-layout-2
[INFO] extracting crate zarinpal 0.1.2 into /workspace/builds/worker-2-tc2/source
[INFO] validating manifest of crates.io crate zarinpal 0.1.2 on toolchain nightly-2025-01-18
[INFO] running `Command { std: CARGO_HOME="/workspace/cargo-home" RUSTUP_HOME="/workspace/rustup-home" "/workspace/cargo-home/bin/cargo" "+nightly-2025-01-18" "metadata" "--manifest-path" "Cargo.toml" "--no-deps", kill_on_drop: false }`
[INFO] started tweaking crates.io crate zarinpal 0.1.2
[INFO] finished tweaking crates.io crate zarinpal 0.1.2
[INFO] tweaked toml for crates.io crate zarinpal 0.1.2 written to /workspace/builds/worker-2-tc2/source/Cargo.toml
[INFO] running `Command { std: CARGO_HOME="/workspace/cargo-home" RUSTUP_HOME="/workspace/rustup-home" "/workspace/cargo-home/bin/cargo" "+nightly-2025-01-18" "generate-lockfile" "--manifest-path" "Cargo.toml", kill_on_drop: false }`
[INFO] [stderr]     Updating crates.io index
[INFO] [stderr]      Locking 156 packages to latest compatible versions
[INFO] [stderr]       Adding reqwest v0.11.27 (available: v0.12.12)
[INFO] [stderr]       Adding thiserror v1.0.69 (available: v2.0.11)
[INFO] [stderr]       Adding typed-builder v0.16.2 (available: v0.20.0)
[INFO] running `Command { std: CARGO_HOME="/workspace/cargo-home" RUSTUP_HOME="/workspace/rustup-home" "/workspace/cargo-home/bin/cargo" "+nightly-2025-01-18" "fetch" "--manifest-path" "Cargo.toml", kill_on_drop: false }`
[INFO] running `Command { std: "docker" "create" "-v" "/var/lib/crater-agent-workspace/builds/worker-2-tc2/target:/opt/rustwide/target:rw,Z" "-v" "/var/lib/crater-agent-workspace/builds/worker-2-tc2/source:/opt/rustwide/workdir:ro,Z" "-v" "/var/lib/crater-agent-workspace/cargo-home:/opt/rustwide/cargo-home:ro,Z" "-v" "/var/lib/crater-agent-workspace/rustup-home:/opt/rustwide/rustup-home:ro,Z" "-e" "SOURCE_DIR=/opt/rustwide/workdir" "-e" "CARGO_TARGET_DIR=/opt/rustwide/target" "-e" "CARGO_HOME=/opt/rustwide/cargo-home" "-e" "RUSTUP_HOME=/opt/rustwide/rustup-home" "-w" "/opt/rustwide/workdir" "-m" "1610612736" "--user" "0:0" "--network" "none" "ghcr.io/rust-lang/crates-build-env/linux@sha256:819108c5571ea2e421544af4d832f968d213c87fbe3707a016657f43d2f853bc" "/opt/rustwide/cargo-home/bin/cargo" "+nightly-2025-01-18" "metadata" "--no-deps" "--format-version=1", kill_on_drop: false }`
[INFO] [stdout] 513c3e3024a30479d652518722ea0b88a46972311398e44d9f7f6844aa064421
[INFO] running `Command { std: "docker" "start" "-a" "513c3e3024a30479d652518722ea0b88a46972311398e44d9f7f6844aa064421", kill_on_drop: false }`
[INFO] running `Command { std: "docker" "inspect" "513c3e3024a30479d652518722ea0b88a46972311398e44d9f7f6844aa064421", kill_on_drop: false }`
[INFO] running `Command { std: "docker" "rm" "-f" "513c3e3024a30479d652518722ea0b88a46972311398e44d9f7f6844aa064421", kill_on_drop: false }`
[INFO] [stdout] 513c3e3024a30479d652518722ea0b88a46972311398e44d9f7f6844aa064421
[INFO] running `Command { std: "docker" "create" "-v" "/var/lib/crater-agent-workspace/builds/worker-2-tc2/target:/opt/rustwide/target:rw,Z" "-v" "/var/lib/crater-agent-workspace/builds/worker-2-tc2/source:/opt/rustwide/workdir:ro,Z" "-v" "/var/lib/crater-agent-workspace/cargo-home:/opt/rustwide/cargo-home:ro,Z" "-v" "/var/lib/crater-agent-workspace/rustup-home:/opt/rustwide/rustup-home:ro,Z" "-e" "SOURCE_DIR=/opt/rustwide/workdir" "-e" "CARGO_TARGET_DIR=/opt/rustwide/target" "-e" "CARGO_INCREMENTAL=0" "-e" "RUST_BACKTRACE=full" "-e" "RUSTFLAGS=--cap-lints=forbid -Zrandomize-layout" "-e" "RUSTDOCFLAGS=--cap-lints=forbid" "-e" "CARGO_HOME=/opt/rustwide/cargo-home" "-e" "RUSTUP_HOME=/opt/rustwide/rustup-home" "-w" "/opt/rustwide/workdir" "-m" "1610612736" "--user" "0:0" "--network" "none" "ghcr.io/rust-lang/crates-build-env/linux@sha256:819108c5571ea2e421544af4d832f968d213c87fbe3707a016657f43d2f853bc" "/opt/rustwide/cargo-home/bin/cargo" "+nightly-2025-01-18" "build" "--frozen" "--message-format=json", kill_on_drop: false }`
[INFO] [stdout] 9af93d557044b051516e584a673ebc682bb53d737541b8781a3a82bc9072a43a
[INFO] running `Command { std: "docker" "start" "-a" "9af93d557044b051516e584a673ebc682bb53d737541b8781a3a82bc9072a43a", kill_on_drop: false }`
[INFO] [stderr]    Compiling proc-macro2 v1.0.93
[INFO] [stderr]    Compiling unicode-ident v1.0.14
[INFO] [stderr]    Compiling libc v0.2.169
[INFO] [stderr]    Compiling stable_deref_trait v1.2.0
[INFO] [stderr]    Compiling shlex v1.3.0
[INFO] [stderr]    Compiling vcpkg v0.2.15
[INFO] [stderr]    Compiling pin-project-lite v0.2.16
[INFO] [stderr]    Compiling pkg-config v0.3.31
[INFO] [stderr]    Compiling writeable v0.5.5
[INFO] [stderr]    Compiling litemap v0.7.4
[INFO] [stderr]    Compiling once_cell v1.20.2
[INFO] [stderr]    Compiling bytes v1.9.0
[INFO] [stderr]    Compiling itoa v1.0.14
[INFO] [stderr]    Compiling futures-core v0.3.31
[INFO] [stderr]    Compiling autocfg v1.4.0
[INFO] [stderr]    Compiling icu_locid_transform_data v1.5.0
[INFO] [stderr]    Compiling foreign-types-shared v0.1.1
[INFO] [stderr]    Compiling icu_properties_data v1.5.0
[INFO] [stderr]    Compiling cfg-if v1.0.0
[INFO] [stderr]    Compiling fnv v1.0.7
[INFO] [stderr]    Compiling openssl v0.10.68
[INFO] [stderr]    Compiling foreign-types v0.3.2
[INFO] [stderr]    Compiling icu_normalizer_data v1.5.0
[INFO] [stderr]    Compiling native-tls v0.2.12
[INFO] [stderr]    Compiling smallvec v1.13.2
[INFO] [stderr]    Compiling equivalent v1.0.1
[INFO] [stderr]    Compiling futures-sink v0.3.31
[INFO] [stderr]    Compiling cc v1.2.10
[INFO] [stderr]    Compiling hashbrown v0.15.2
[INFO] [stderr]    Compiling httparse v1.9.5
[INFO] [stderr]    Compiling write16 v1.0.0
[INFO] [stderr]    Compiling bitflags v2.8.0
[INFO] [stderr]    Compiling utf8_iter v1.0.4
[INFO] [stderr]    Compiling tracing-core v0.1.33
[INFO] [stderr]    Compiling serde v1.0.217
[INFO] [stderr]    Compiling utf16_iter v1.0.5
[INFO] [stderr]    Compiling futures-task v0.3.31
[INFO] [stderr]    Compiling pin-utils v0.1.0
[INFO] [stderr]    Compiling futures-util v0.3.31
[INFO] [stderr]    Compiling try-lock v0.2.5
[INFO] [stderr]    Compiling log v0.4.25
[INFO] [stderr]    Compiling percent-encoding v2.3.1
[INFO] [stderr]    Compiling openssl-probe v0.1.5
[INFO] [stderr]    Compiling want v0.3.1
[INFO] [stderr]    Compiling slab v0.4.9
[INFO] [stderr]    Compiling futures-channel v0.3.31
[INFO] [stderr]    Compiling form_urlencoded v1.2.1
[INFO] [stderr]    Compiling http v0.2.12
[INFO] [stderr]    Compiling serde_json v1.0.137
[INFO] [stderr]    Compiling ryu v1.0.18
[INFO] [stderr]    Compiling tower-service v0.3.3
[INFO] [stderr]    Compiling httpdate v1.0.3
[INFO] [stderr]    Compiling memchr v2.7.4
[INFO] [stderr]    Compiling base64 v0.21.7
[INFO] [stderr]    Compiling thiserror v1.0.69
[INFO] [stderr]    Compiling encoding_rs v0.8.35
[INFO] [stderr]    Compiling ipnet v2.11.0
[INFO] [stderr]    Compiling sync_wrapper v0.1.2
[INFO] [stderr]    Compiling tracing v0.1.41
[INFO] [stderr]    Compiling quote v1.0.38
[INFO] [stderr]    Compiling indexmap v2.7.1
[INFO] [stderr]    Compiling mime v0.3.17
[INFO] [stderr]    Compiling mio v1.0.3
[INFO] [stderr]    Compiling socket2 v0.5.8
[INFO] [stderr]    Compiling uuid v1.12.0
[INFO] [stderr]    Compiling rustls-pemfile v1.0.4
[INFO] [stderr]    Compiling syn v2.0.96
[INFO] [stderr]    Compiling openssl-sys v0.9.104
[INFO] [stderr]    Compiling tokio v1.43.0
[INFO] [stderr]    Compiling http-body v0.4.6
[INFO] [stderr]    Compiling synstructure v0.13.1
[INFO] [stderr]    Compiling zerofrom-derive v0.1.5
[INFO] [stderr]    Compiling yoke-derive v0.7.5
[INFO] [stderr]    Compiling zerovec-derive v0.10.3
[INFO] [stderr]    Compiling displaydoc v0.2.5
[INFO] [stderr]    Compiling icu_provider_macros v1.5.0
[INFO] [stderr]    Compiling openssl-macros v0.1.1
[INFO] [stderr]    Compiling serde_derive v1.0.217
[INFO] [stderr]    Compiling thiserror-impl v1.0.69
[INFO] [stderr]    Compiling typed-builder-macro v0.16.2
[INFO] [stderr]    Compiling async-trait v0.1.85
[INFO] [stderr]    Compiling tokio-util v0.7.13
[INFO] [stderr]    Compiling h2 v0.3.26
[INFO] [stderr]    Compiling typed-builder v0.16.2
[INFO] [stderr]    Compiling zerofrom v0.1.5
[INFO] [stderr]    Compiling yoke v0.7.5
[INFO] [stderr]    Compiling zerovec v0.10.4
[INFO] [stderr]    Compiling tinystr v0.7.6
[INFO] [stderr]    Compiling icu_collections v1.5.0
[INFO] [stderr]    Compiling icu_locid v1.5.0
[INFO] [stderr]    Compiling icu_provider v1.5.0
[INFO] [stderr]    Compiling hyper v0.14.32
[INFO] [stderr]    Compiling icu_locid_transform v1.5.0
[INFO] [stderr]    Compiling tokio-native-tls v0.3.1
[INFO] [stderr]    Compiling icu_properties v1.5.1
[INFO] [stderr]    Compiling hyper-tls v0.5.0
[INFO] [stderr]    Compiling serde_urlencoded v0.7.1
[INFO] [stderr]    Compiling icu_normalizer v1.5.0
[INFO] [stderr]    Compiling idna_adapter v1.2.0
[INFO] [stderr]    Compiling idna v1.0.3
[INFO] [stderr]    Compiling url v2.5.4
[INFO] [stderr]    Compiling reqwest v0.11.27
[INFO] [stderr]    Compiling zarinpal v0.1.2 (/opt/rustwide/workdir)
[INFO] [stdout] warning: elided lifetime has a name
[INFO] [stdout]   --> src/extensions.rs:16:9
[INFO] [stdout]    |
[INFO] [stdout] 10 |     fn request_payment<'z>(
[INFO] [stdout]    |                        -- lifetime `'z` declared here
[INFO] [stdout] ...
[INFO] [stdout] 16 |         '_,
[INFO] [stdout]    |         ^^ this elided lifetime gets resolved as `'z`
[INFO] [stdout]    |
[INFO] [stdout]    = note: `#[warn(elided_named_lifetimes)]` on by default
[INFO] [stdout] 
[INFO] [stdout] 
[INFO] [stdout] warning: elided lifetime has a name
[INFO] [stdout]   --> src/extensions.rs:26:21
[INFO] [stdout]    |
[INFO] [stdout] 10 |     fn request_payment<'z>(
[INFO] [stdout]    |                        -- lifetime `'z` declared here
[INFO] [stdout] ...
[INFO] [stdout] 26 |             (Option<&Self>,),
[INFO] [stdout]    |                     ^ this elided lifetime gets resolved as `'z`
[INFO] [stdout] 
[INFO] [stdout] 
[INFO] [stdout] warning: elided lifetime has a name
[INFO] [stdout]   --> src/extensions.rs:42:9
[INFO] [stdout]    |
[INFO] [stdout] 37 |     fn verify_payment<'z>(
[INFO] [stdout]    |                       -- lifetime `'z` declared here
[INFO] [stdout] ...
[INFO] [stdout] 42 |         '_,
[INFO] [stdout]    |         ^^ this elided lifetime gets resolved as `'z`
[INFO] [stdout] 
[INFO] [stdout] 
[INFO] [stdout] warning: elided lifetime has a name
[INFO] [stdout]   --> src/extensions.rs:44:41
[INFO] [stdout]    |
[INFO] [stdout] 37 |     fn verify_payment<'z>(
[INFO] [stdout]    |                       -- lifetime `'z` declared here
[INFO] [stdout] ...
[INFO] [stdout] 44 |         ((), (u64,), (String,), (Option<&Self>,)),
[INFO] [stdout]    |                                         ^ this elided lifetime gets resolved as `'z`
[INFO] [stdout] 
[INFO] [stdout] 
[INFO] [stdout] warning: elided lifetime has a name
[INFO] [stdout]   --> src/extensions.rs:55:64
[INFO] [stdout]    |
[INFO] [stdout] 53 |     fn unverified_requests<'z>(
[INFO] [stdout]    |                            -- lifetime `'z` declared here
[INFO] [stdout] 54 |         &'z self,
[INFO] [stdout] 55 |     ) -> crate::methods::unverified::UnverifiedRequestsBuilder<'_, Self, ((), (Option<&Self>,))>
[INFO] [stdout]    |                                                                ^^ this elided lifetime gets resolved as `'z`
[INFO] [stdout] 
[INFO] [stdout] 
[INFO] [stdout] warning: elided lifetime has a name
[INFO] [stdout]   --> src/extensions.rs:55:87
[INFO] [stdout]    |
[INFO] [stdout] 53 |     fn unverified_requests<'z>(
[INFO] [stdout]    |                            -- lifetime `'z` declared here
[INFO] [stdout] 54 |         &'z self,
[INFO] [stdout] 55 |     ) -> crate::methods::unverified::UnverifiedRequestsBuilder<'_, Self, ((), (Option<&Self>,))>
[INFO] [stdout]    |                                                                                       ^ this elided lifetime gets resolved as `'z`
[INFO] [stdout] 
[INFO] [stdout] 
[INFO] [stdout] warning: call to `.clone()` on a reference in this situation does nothing
[INFO] [stdout]   --> src/lib.rs:40:60
[INFO] [stdout]    |
[INFO] [stdout] 40 |         method.set_merchant_id_if_needed(self.merchant_id().clone());
[INFO] [stdout]    |                                                            ^^^^^^^^ help: remove this redundant call
[INFO] [stdout]    |
[INFO] [stdout]    = note: the type `str` does not implement `Clone`, so calling `clone` on `&str` copies the reference, which does not do anything and can be removed
[INFO] [stdout]    = note: `#[warn(noop_method_call)]` on by default
[INFO] [stdout] 
[INFO] [stdout] 
[INFO] [stderr]     Finished `dev` profile [unoptimized + debuginfo] target(s) in 20.08s
[INFO] running `Command { std: "docker" "inspect" "9af93d557044b051516e584a673ebc682bb53d737541b8781a3a82bc9072a43a", kill_on_drop: false }`
[INFO] running `Command { std: "docker" "rm" "-f" "9af93d557044b051516e584a673ebc682bb53d737541b8781a3a82bc9072a43a", kill_on_drop: false }`
[INFO] [stdout] 9af93d557044b051516e584a673ebc682bb53d737541b8781a3a82bc9072a43a
[INFO] running `Command { std: "docker" "create" "-v" "/var/lib/crater-agent-workspace/builds/worker-2-tc2/target:/opt/rustwide/target:rw,Z" "-v" "/var/lib/crater-agent-workspace/builds/worker-2-tc2/source:/opt/rustwide/workdir:ro,Z" "-v" "/var/lib/crater-agent-workspace/cargo-home:/opt/rustwide/cargo-home:ro,Z" "-v" "/var/lib/crater-agent-workspace/rustup-home:/opt/rustwide/rustup-home:ro,Z" "-e" "SOURCE_DIR=/opt/rustwide/workdir" "-e" "CARGO_TARGET_DIR=/opt/rustwide/target" "-e" "CARGO_INCREMENTAL=0" "-e" "RUST_BACKTRACE=full" "-e" "RUSTFLAGS=--cap-lints=forbid -Zrandomize-layout" "-e" "RUSTDOCFLAGS=--cap-lints=forbid" "-e" "CARGO_HOME=/opt/rustwide/cargo-home" "-e" "RUSTUP_HOME=/opt/rustwide/rustup-home" "-w" "/opt/rustwide/workdir" "-m" "1610612736" "--user" "0:0" "--network" "none" "ghcr.io/rust-lang/crates-build-env/linux@sha256:819108c5571ea2e421544af4d832f968d213c87fbe3707a016657f43d2f853bc" "/opt/rustwide/cargo-home/bin/cargo" "+nightly-2025-01-18" "test" "--frozen" "--no-run" "--message-format=json", kill_on_drop: false }`
[INFO] [stdout] 62014a67efdc83ef4bba2e07dc24b25444813b2d4a421298707c25db29d8f442
[INFO] running `Command { std: "docker" "start" "-a" "62014a67efdc83ef4bba2e07dc24b25444813b2d4a421298707c25db29d8f442", kill_on_drop: false }`
[INFO] [stderr]    Compiling tokio-macros v2.5.0
[INFO] [stderr]    Compiling tokio v1.43.0
[INFO] [stderr]    Compiling tokio-util v0.7.13
[INFO] [stderr]    Compiling tokio-native-tls v0.3.1
[INFO] [stderr]    Compiling h2 v0.3.26
[INFO] [stderr]    Compiling hyper v0.14.32
[INFO] [stderr]    Compiling hyper-tls v0.5.0
[INFO] [stderr]    Compiling reqwest v0.11.27
[INFO] [stderr]    Compiling zarinpal v0.1.2 (/opt/rustwide/workdir)
[INFO] [stdout] warning: elided lifetime has a name
[INFO] [stdout]   --> src/extensions.rs:16:9
[INFO] [stdout]    |
[INFO] [stdout] 10 |     fn request_payment<'z>(
[INFO] [stdout]    |                        -- lifetime `'z` declared here
[INFO] [stdout] ...
[INFO] [stdout] 16 |         '_,
[INFO] [stdout]    |         ^^ this elided lifetime gets resolved as `'z`
[INFO] [stdout]    |
[INFO] [stdout]    = note: `#[warn(elided_named_lifetimes)]` on by default
[INFO] [stdout] 
[INFO] [stdout] 
[INFO] [stdout] warning: elided lifetime has a name
[INFO] [stdout]   --> src/extensions.rs:26:21
[INFO] [stdout]    |
[INFO] [stdout] 10 |     fn request_payment<'z>(
[INFO] [stdout]    |                        -- lifetime `'z` declared here
[INFO] [stdout] ...
[INFO] [stdout] 26 |             (Option<&Self>,),
[INFO] [stdout]    |                     ^ this elided lifetime gets resolved as `'z`
[INFO] [stdout] 
[INFO] [stdout] 
[INFO] [stdout] warning: elided lifetime has a name
[INFO] [stdout]   --> src/extensions.rs:42:9
[INFO] [stdout]    |
[INFO] [stdout] 37 |     fn verify_payment<'z>(
[INFO] [stdout]    |                       -- lifetime `'z` declared here
[INFO] [stdout] ...
[INFO] [stdout] 42 |         '_,
[INFO] [stdout]    |         ^^ this elided lifetime gets resolved as `'z`
[INFO] [stdout] 
[INFO] [stdout] 
[INFO] [stdout] warning: elided lifetime has a name
[INFO] [stdout]   --> src/extensions.rs:44:41
[INFO] [stdout]    |
[INFO] [stdout] 37 |     fn verify_payment<'z>(
[INFO] [stdout]    |                       -- lifetime `'z` declared here
[INFO] [stdout] ...
[INFO] [stdout] 44 |         ((), (u64,), (String,), (Option<&Self>,)),
[INFO] [stdout]    |                                         ^ this elided lifetime gets resolved as `'z`
[INFO] [stdout] 
[INFO] [stdout] 
[INFO] [stdout] warning: elided lifetime has a name
[INFO] [stdout]   --> src/extensions.rs:55:64
[INFO] [stdout]    |
[INFO] [stdout] 53 |     fn unverified_requests<'z>(
[INFO] [stdout]    |                            -- lifetime `'z` declared here
[INFO] [stdout] 54 |         &'z self,
[INFO] [stdout] 55 |     ) -> crate::methods::unverified::UnverifiedRequestsBuilder<'_, Self, ((), (Option<&Self>,))>
[INFO] [stdout]    |                                                                ^^ this elided lifetime gets resolved as `'z`
[INFO] [stdout] 
[INFO] [stdout] 
[INFO] [stdout] warning: elided lifetime has a name
[INFO] [stdout]   --> src/extensions.rs:55:87
[INFO] [stdout]    |
[INFO] [stdout] 53 |     fn unverified_requests<'z>(
[INFO] [stdout]    |                            -- lifetime `'z` declared here
[INFO] [stdout] 54 |         &'z self,
[INFO] [stdout] 55 |     ) -> crate::methods::unverified::UnverifiedRequestsBuilder<'_, Self, ((), (Option<&Self>,))>
[INFO] [stdout]    |                                                                                       ^ this elided lifetime gets resolved as `'z`
[INFO] [stdout] 
[INFO] [stdout] 
[INFO] [stdout] warning: call to `.clone()` on a reference in this situation does nothing
[INFO] [stdout]   --> src/lib.rs:40:60
[INFO] [stdout]    |
[INFO] [stdout] 40 |         method.set_merchant_id_if_needed(self.merchant_id().clone());
[INFO] [stdout]    |                                                            ^^^^^^^^ help: remove this redundant call
[INFO] [stdout]    |
[INFO] [stdout]    = note: the type `str` does not implement `Clone`, so calling `clone` on `&str` copies the reference, which does not do anything and can be removed
[INFO] [stdout]    = note: `#[warn(noop_method_call)]` on by default
[INFO] [stdout] 
[INFO] [stdout] 
[INFO] [stdout] warning: elided lifetime has a name
[INFO] [stdout]   --> src/extensions.rs:16:9
[INFO] [stdout]    |
[INFO] [stdout] 10 |     fn request_payment<'z>(
[INFO] [stdout]    |                        -- lifetime `'z` declared here
[INFO] [stdout] ...
[INFO] [stdout] 16 |         '_,
[INFO] [stdout]    |         ^^ this elided lifetime gets resolved as `'z`
[INFO] [stdout]    |
[INFO] [stdout]    = note: `#[warn(elided_named_lifetimes)]` on by default
[INFO] [stdout] 
[INFO] [stdout] 
[INFO] [stdout] warning: elided lifetime has a name
[INFO] [stdout]   --> src/extensions.rs:26:21
[INFO] [stdout]    |
[INFO] [stdout] 10 |     fn request_payment<'z>(
[INFO] [stdout]    |                        -- lifetime `'z` declared here
[INFO] [stdout] ...
[INFO] [stdout] 26 |             (Option<&Self>,),
[INFO] [stdout]    |                     ^ this elided lifetime gets resolved as `'z`
[INFO] [stdout] 
[INFO] [stdout] 
[INFO] [stdout] warning: elided lifetime has a name
[INFO] [stdout]   --> src/extensions.rs:42:9
[INFO] [stdout]    |
[INFO] [stdout] 37 |     fn verify_payment<'z>(
[INFO] [stdout]    |                       -- lifetime `'z` declared here
[INFO] [stdout] ...
[INFO] [stdout] 42 |         '_,
[INFO] [stdout]    |         ^^ this elided lifetime gets resolved as `'z`
[INFO] [stdout] 
[INFO] [stdout] 
[INFO] [stdout] warning: elided lifetime has a name
[INFO] [stdout]   --> src/extensions.rs:44:41
[INFO] [stdout]    |
[INFO] [stdout] 37 |     fn verify_payment<'z>(
[INFO] [stdout]    |                       -- lifetime `'z` declared here
[INFO] [stdout] ...
[INFO] [stdout] 44 |         ((), (u64,), (String,), (Option<&Self>,)),
[INFO] [stdout]    |                                         ^ this elided lifetime gets resolved as `'z`
[INFO] [stdout] 
[INFO] [stdout] 
[INFO] [stdout] warning: elided lifetime has a name
[INFO] [stdout]   --> src/extensions.rs:55:64
[INFO] [stdout]    |
[INFO] [stdout] 53 |     fn unverified_requests<'z>(
[INFO] [stdout]    |                            -- lifetime `'z` declared here
[INFO] [stdout] 54 |         &'z self,
[INFO] [stdout] 55 |     ) -> crate::methods::unverified::UnverifiedRequestsBuilder<'_, Self, ((), (Option<&Self>,))>
[INFO] [stdout]    |                                                                ^^ this elided lifetime gets resolved as `'z`
[INFO] [stdout] 
[INFO] [stdout] 
[INFO] [stdout] warning: elided lifetime has a name
[INFO] [stdout]   --> src/extensions.rs:55:87
[INFO] [stdout]    |
[INFO] [stdout] 53 |     fn unverified_requests<'z>(
[INFO] [stdout]    |                            -- lifetime `'z` declared here
[INFO] [stdout] 54 |         &'z self,
[INFO] [stdout] 55 |     ) -> crate::methods::unverified::UnverifiedRequestsBuilder<'_, Self, ((), (Option<&Self>,))>
[INFO] [stdout]    |                                                                                       ^ this elided lifetime gets resolved as `'z`
[INFO] [stdout] 
[INFO] [stdout] 
[INFO] [stdout] warning: call to `.clone()` on a reference in this situation does nothing
[INFO] [stdout]   --> src/lib.rs:40:60
[INFO] [stdout]    |
[INFO] [stdout] 40 |         method.set_merchant_id_if_needed(self.merchant_id().clone());
[INFO] [stdout]    |                                                            ^^^^^^^^ help: remove this redundant call
[INFO] [stdout]    |
[INFO] [stdout]    = note: the type `str` does not implement `Clone`, so calling `clone` on `&str` copies the reference, which does not do anything and can be removed
[INFO] [stdout]    = note: `#[warn(noop_method_call)]` on by default
[INFO] [stdout] 
[INFO] [stdout] 
[INFO] [stderr]     Finished `test` profile [unoptimized + debuginfo] target(s) in 17.79s
[INFO] running `Command { std: "docker" "inspect" "62014a67efdc83ef4bba2e07dc24b25444813b2d4a421298707c25db29d8f442", kill_on_drop: false }`
[INFO] running `Command { std: "docker" "rm" "-f" "62014a67efdc83ef4bba2e07dc24b25444813b2d4a421298707c25db29d8f442", kill_on_drop: false }`
[INFO] [stdout] 62014a67efdc83ef4bba2e07dc24b25444813b2d4a421298707c25db29d8f442
[INFO] running `Command { std: "docker" "create" "-v" "/var/lib/crater-agent-workspace/builds/worker-2-tc2/target:/opt/rustwide/target:rw,Z" "-v" "/var/lib/crater-agent-workspace/builds/worker-2-tc2/source:/opt/rustwide/workdir:ro,Z" "-v" "/var/lib/crater-agent-workspace/cargo-home:/opt/rustwide/cargo-home:ro,Z" "-v" "/var/lib/crater-agent-workspace/rustup-home:/opt/rustwide/rustup-home:ro,Z" "-e" "SOURCE_DIR=/opt/rustwide/workdir" "-e" "CARGO_TARGET_DIR=/opt/rustwide/target" "-e" "CARGO_INCREMENTAL=0" "-e" "RUST_BACKTRACE=full" "-e" "RUSTFLAGS=--cap-lints=forbid -Zrandomize-layout" "-e" "RUSTDOCFLAGS=--cap-lints=forbid" "-e" "CARGO_HOME=/opt/rustwide/cargo-home" "-e" "RUSTUP_HOME=/opt/rustwide/rustup-home" "-w" "/opt/rustwide/workdir" "-m" "1610612736" "--user" "0:0" "--network" "none" "ghcr.io/rust-lang/crates-build-env/linux@sha256:819108c5571ea2e421544af4d832f968d213c87fbe3707a016657f43d2f853bc" "/opt/rustwide/cargo-home/bin/cargo" "+nightly-2025-01-18" "test" "--frozen", kill_on_drop: false }`
[INFO] [stdout] c047c62f49e1d132b59aa9e55359ff8064a33cafcb1cf59007c66980f9a70c1c
[INFO] running `Command { std: "docker" "start" "-a" "c047c62f49e1d132b59aa9e55359ff8064a33cafcb1cf59007c66980f9a70c1c", kill_on_drop: false }`
[INFO] [stderr] warning: elided lifetime has a name
[INFO] [stderr]   --> src/extensions.rs:16:9
[INFO] [stderr]    |
[INFO] [stderr] 10 |     fn request_payment<'z>(
[INFO] [stderr]    |                        -- lifetime `'z` declared here
[INFO] [stderr] ...
[INFO] [stderr] 16 |         '_,
[INFO] [stderr]    |         ^^ this elided lifetime gets resolved as `'z`
[INFO] [stderr]    |
[INFO] [stderr]    = note: `#[warn(elided_named_lifetimes)]` on by default
[INFO] [stderr] 
[INFO] [stderr] warning: elided lifetime has a name
[INFO] [stderr]   --> src/extensions.rs:26:21
[INFO] [stderr]    |
[INFO] [stderr] 10 |     fn request_payment<'z>(
[INFO] [stderr]    |                        -- lifetime `'z` declared here
[INFO] [stderr] ...
[INFO] [stderr] 26 |             (Option<&Self>,),
[INFO] [stderr]    |                     ^ this elided lifetime gets resolved as `'z`
[INFO] [stderr] 
[INFO] [stderr] warning: elided lifetime has a name
[INFO] [stderr]   --> src/extensions.rs:42:9
[INFO] [stderr]    |
[INFO] [stderr] 37 |     fn verify_payment<'z>(
[INFO] [stderr]    |                       -- lifetime `'z` declared here
[INFO] [stderr] ...
[INFO] [stderr] 42 |         '_,
[INFO] [stderr]    |         ^^ this elided lifetime gets resolved as `'z`
[INFO] [stderr] 
[INFO] [stderr] warning: elided lifetime has a name
[INFO] [stderr]   --> src/extensions.rs:44:41
[INFO] [stderr]    |
[INFO] [stderr] 37 |     fn verify_payment<'z>(
[INFO] [stderr]    |                       -- lifetime `'z` declared here
[INFO] [stderr] ...
[INFO] [stderr] 44 |         ((), (u64,), (String,), (Option<&Self>,)),
[INFO] [stderr]    |                                         ^ this elided lifetime gets resolved as `'z`
[INFO] [stderr] 
[INFO] [stderr] warning: elided lifetime has a name
[INFO] [stderr]   --> src/extensions.rs:55:64
[INFO] [stderr]    |
[INFO] [stderr] 53 |     fn unverified_requests<'z>(
[INFO] [stderr]    |                            -- lifetime `'z` declared here
[INFO] [stderr] 54 |         &'z self,
[INFO] [stderr] 55 |     ) -> crate::methods::unverified::UnverifiedRequestsBuilder<'_, Self, ((), (Option<&Self>,))>
[INFO] [stderr]    |                                                                ^^ this elided lifetime gets resolved as `'z`
[INFO] [stderr] 
[INFO] [stderr] warning: elided lifetime has a name
[INFO] [stderr]   --> src/extensions.rs:55:87
[INFO] [stderr]    |
[INFO] [stderr] 53 |     fn unverified_requests<'z>(
[INFO] [stderr]    |                            -- lifetime `'z` declared here
[INFO] [stderr] 54 |         &'z self,
[INFO] [stderr] 55 |     ) -> crate::methods::unverified::UnverifiedRequestsBuilder<'_, Self, ((), (Option<&Self>,))>
[INFO] [stderr]    |                                                                                       ^ this elided lifetime gets resolved as `'z`
[INFO] [stderr] 
[INFO] [stderr] warning: call to `.clone()` on a reference in this situation does nothing
[INFO] [stderr]   --> src/lib.rs:40:60
[INFO] [stderr]    |
[INFO] [stderr] 40 |         method.set_merchant_id_if_needed(self.merchant_id().clone());
[INFO] [stderr]    |                                                            ^^^^^^^^ help: remove this redundant call
[INFO] [stderr]    |
[INFO] [stderr]    = note: the type `str` does not implement `Clone`, so calling `clone` on `&str` copies the reference, which does not do anything and can be removed
[INFO] [stderr]    = note: `#[warn(noop_method_call)]` on by default
[INFO] [stderr] 
[INFO] [stderr] warning: `zarinpal` (lib) generated 7 warnings (run `cargo fix --lib -p zarinpal` to apply 1 suggestion)
[INFO] [stderr] warning: `zarinpal` (lib test) generated 7 warnings (7 duplicates)
[INFO] [stderr]     Finished `test` profile [unoptimized + debuginfo] target(s) in 0.15s
[INFO] [stderr]      Running unittests src/lib.rs (/opt/rustwide/target/debug/deps/zarinpal-08a56998d709fada)
[INFO] [stdout] 
[INFO] [stdout] running 14 tests
[INFO] [stdout] test results::verify::tests::test_deserialization ... ok
[INFO] [stdout] test results::request::tests::test_deserialization ... ok
[INFO] [stdout] test results::unverified::tests::test_deserialization ... ok
[INFO] [stdout] test results::__private::tests::test_1 ... ok
[INFO] [stdout] test results::__private::tests::test_2 ... ok
[INFO] [stdout] test results::verify::tests::test_deserialization_with_wages ... ok
[INFO] [stdout] test methods::request::tests::test_serialization_with_card_pan ... ok
[INFO] [stdout] test methods::verify::tests::test_serialization ... ok
[INFO] [stdout] test methods::request::tests::test_serialization_with_currency ... ok
[INFO] [stdout] test extensions::tests::test_2 ... ok
[INFO] [stdout] test methods::request::tests::test_serialization ... ok
[INFO] [stdout] test extensions::tests::test_1 ... ok
[INFO] [stdout] test extensions::tests::test_3 ... ok
[INFO] [stdout] test methods::request::tests::test_serialization_with_wages ... ok
[INFO] [stdout] 
[INFO] [stdout] test result: ok. 14 passed; 0 failed; 0 ignored; 0 measured; 0 filtered out; finished in 0.20s
[INFO] [stdout] 
[INFO] [stderr]    Doc-tests zarinpal
[INFO] [stdout] 
[INFO] [stdout] running 9 tests
[INFO] [stdout] test src/prelude.rs - prelude (line 4) ... ok
[INFO] [stdout] test src/lib.rs - Zarinpal (line 62) ... FAILED
[INFO] [stdout] test src/methods/unverified.rs - methods::unverified::UnverifiedRequests (line 15) ... FAILED
[INFO] [stdout] test src/methods/request.rs - methods::request::RequestPayment (line 61) ... FAILED
[INFO] [stdout] test src/methods/verify.rs - methods::verify::VerifyPayment (line 15) ... FAILED
[INFO] [stdout] test src/methods/unverified.rs - methods::unverified::UnverifiedRequests (line 36) ... FAILED
[INFO] [stdout] test src/lib.rs - Zarinpal (line 83) ... FAILED
[INFO] [stdout] test src/methods/request.rs - methods::request::RequestPayment (line 85) ... FAILED
[INFO] [stdout] test src/methods/verify.rs - methods::verify::VerifyPayment (line 38) ... FAILED
[INFO] [stdout] 
[INFO] [stdout] failures:
[INFO] [stdout] 
[INFO] [stdout] ---- src/lib.rs - Zarinpal (line 62) stdout ----
[INFO] [stdout] Test executable failed (exit status: 1).
[INFO] [stdout] 
[INFO] [stdout] stderr:
[INFO] [stdout] Error: Error(Char { character: 'x', index: 1 })
[INFO] [stdout] 
[INFO] [stdout] 
[INFO] [stdout] ---- src/methods/unverified.rs - methods::unverified::UnverifiedRequests (line 15) stdout ----
[INFO] [stdout] Test executable failed (exit status: 1).
[INFO] [stdout] 
[INFO] [stdout] stderr:
[INFO] [stdout] Error: Error(Char { character: '.', index: 1 })
[INFO] [stdout] 
[INFO] [stdout] 
[INFO] [stdout] ---- src/methods/request.rs - methods::request::RequestPayment (line 61) stdout ----
[INFO] [stdout] Test executable failed (exit status: 1).
[INFO] [stdout] 
[INFO] [stdout] stderr:
[INFO] [stdout] Error: Error(Char { character: '.', index: 1 })
[INFO] [stdout] 
[INFO] [stdout] 
[INFO] [stdout] ---- src/methods/verify.rs - methods::verify::VerifyPayment (line 15) stdout ----
[INFO] [stdout] Test executable failed (exit status: 1).
[INFO] [stdout] 
[INFO] [stdout] stderr:
[INFO] [stdout] Error: Error(Char { character: '.', index: 1 })
[INFO] [stdout] 
[INFO] [stdout] 
[INFO] [stdout] ---- src/methods/unverified.rs - methods::unverified::UnverifiedRequests (line 36) stdout ----
[INFO] [stdout] Test executable failed (exit status: 1).
[INFO] [stdout] 
[INFO] [stdout] stderr:
[INFO] [stdout] Error: Error(Char { character: '.', index: 1 })
[INFO] [stdout] 
[INFO] [stdout] 
[INFO] [stdout] ---- src/lib.rs - Zarinpal (line 83) stdout ----
[INFO] [stdout] Test executable failed (exit status: 1).
[INFO] [stdout] 
[INFO] [stdout] stderr:
[INFO] [stdout] Error: Error(Char { character: 'x', index: 1 })
[INFO] [stdout] 
[INFO] [stdout] 
[INFO] [stdout] ---- src/methods/request.rs - methods::request::RequestPayment (line 85) stdout ----
[INFO] [stdout] Test executable failed (exit status: 1).
[INFO] [stdout] 
[INFO] [stdout] stderr:
[INFO] [stdout] Error: Error(Char { character: '.', index: 1 })
[INFO] [stdout] 
[INFO] [stdout] 
[INFO] [stdout] ---- src/methods/verify.rs - methods::verify::VerifyPayment (line 38) stdout ----
[INFO] [stdout] Test executable failed (exit status: 1).
[INFO] [stdout] 
[INFO] [stdout] stderr:
[INFO] [stdout] Error: Error(Char { character: '.', index: 1 })
[INFO] [stdout] 
[INFO] [stdout] 
[INFO] [stdout] 
[INFO] [stdout] failures:
[INFO] [stdout]     src/lib.rs - Zarinpal (line 62)
[INFO] [stdout]     src/lib.rs - Zarinpal (line 83)
[INFO] [stdout]     src/methods/request.rs - methods::request::RequestPayment (line 61)
[INFO] [stdout]     src/methods/request.rs - methods::request::RequestPayment (line 85)
[INFO] [stdout]     src/methods/unverified.rs - methods::unverified::UnverifiedRequests (line 15)
[INFO] [stdout]     src/methods/unverified.rs - methods::unverified::UnverifiedRequests (line 36)
[INFO] [stdout]     src/methods/verify.rs - methods::verify::VerifyPayment (line 15)
[INFO] [stdout]     src/methods/verify.rs - methods::verify::VerifyPayment (line 38)
[INFO] [stdout] 
[INFO] [stdout] test result: FAILED. 1 passed; 8 failed; 0 ignored; 0 measured; 0 filtered out; finished in 3.68s
[INFO] [stdout] 
[INFO] [stderr] error: doctest failed, to rerun pass `--doc`
[INFO] running `Command { std: "docker" "inspect" "c047c62f49e1d132b59aa9e55359ff8064a33cafcb1cf59007c66980f9a70c1c", kill_on_drop: false }`
[INFO] running `Command { std: "docker" "rm" "-f" "c047c62f49e1d132b59aa9e55359ff8064a33cafcb1cf59007c66980f9a70c1c", kill_on_drop: false }`
[INFO] [stdout] c047c62f49e1d132b59aa9e55359ff8064a33cafcb1cf59007c66980f9a70c1c
