[INFO] fetching crate xor-str-encode 0.1.1...
[INFO] testing xor-str-encode-0.1.1 against nightly-2025-01-18 for randomize-layout-2
[INFO] extracting crate xor-str-encode 0.1.1 into /workspace/builds/worker-3-tc1/source
[INFO] validating manifest of crates.io crate xor-str-encode 0.1.1 on toolchain nightly-2025-01-18
[INFO] running `Command { std: CARGO_HOME="/workspace/cargo-home" RUSTUP_HOME="/workspace/rustup-home" "/workspace/cargo-home/bin/cargo" "+nightly-2025-01-18" "metadata" "--manifest-path" "Cargo.toml" "--no-deps", kill_on_drop: false }`
[INFO] started tweaking crates.io crate xor-str-encode 0.1.1
[INFO] finished tweaking crates.io crate xor-str-encode 0.1.1
[INFO] tweaked toml for crates.io crate xor-str-encode 0.1.1 written to /workspace/builds/worker-3-tc1/source/Cargo.toml
[INFO] running `Command { std: CARGO_HOME="/workspace/cargo-home" RUSTUP_HOME="/workspace/rustup-home" "/workspace/cargo-home/bin/cargo" "+nightly-2025-01-18" "generate-lockfile" "--manifest-path" "Cargo.toml", kill_on_drop: false }`
[INFO] [stderr]     Updating crates.io index
[INFO] [stderr]      Locking 4 packages to latest compatible versions
[INFO] running `Command { std: CARGO_HOME="/workspace/cargo-home" RUSTUP_HOME="/workspace/rustup-home" "/workspace/cargo-home/bin/cargo" "+nightly-2025-01-18" "fetch" "--manifest-path" "Cargo.toml", kill_on_drop: false }`
[INFO] running `Command { std: "docker" "create" "-v" "/var/lib/crater-agent-workspace/builds/worker-3-tc1/target:/opt/rustwide/target:rw,Z" "-v" "/var/lib/crater-agent-workspace/builds/worker-3-tc1/source:/opt/rustwide/workdir:ro,Z" "-v" "/var/lib/crater-agent-workspace/cargo-home:/opt/rustwide/cargo-home:ro,Z" "-v" "/var/lib/crater-agent-workspace/rustup-home:/opt/rustwide/rustup-home:ro,Z" "-e" "SOURCE_DIR=/opt/rustwide/workdir" "-e" "CARGO_TARGET_DIR=/opt/rustwide/target" "-e" "CARGO_HOME=/opt/rustwide/cargo-home" "-e" "RUSTUP_HOME=/opt/rustwide/rustup-home" "-w" "/opt/rustwide/workdir" "-m" "1610612736" "--user" "0:0" "--network" "none" "ghcr.io/rust-lang/crates-build-env/linux@sha256:819108c5571ea2e421544af4d832f968d213c87fbe3707a016657f43d2f853bc" "/opt/rustwide/cargo-home/bin/cargo" "+nightly-2025-01-18" "metadata" "--no-deps" "--format-version=1", kill_on_drop: false }`
[INFO] [stdout] 05501fe83b0d316aedb642a0110951b0625331782d897eeec070f195ae6de7b4
[INFO] running `Command { std: "docker" "start" "-a" "05501fe83b0d316aedb642a0110951b0625331782d897eeec070f195ae6de7b4", kill_on_drop: false }`
[INFO] running `Command { std: "docker" "inspect" "05501fe83b0d316aedb642a0110951b0625331782d897eeec070f195ae6de7b4", kill_on_drop: false }`
[INFO] running `Command { std: "docker" "rm" "-f" "05501fe83b0d316aedb642a0110951b0625331782d897eeec070f195ae6de7b4", kill_on_drop: false }`
[INFO] [stdout] 05501fe83b0d316aedb642a0110951b0625331782d897eeec070f195ae6de7b4
[INFO] running `Command { std: "docker" "create" "-v" "/var/lib/crater-agent-workspace/builds/worker-3-tc1/target:/opt/rustwide/target:rw,Z" "-v" "/var/lib/crater-agent-workspace/builds/worker-3-tc1/source:/opt/rustwide/workdir:ro,Z" "-v" "/var/lib/crater-agent-workspace/cargo-home:/opt/rustwide/cargo-home:ro,Z" "-v" "/var/lib/crater-agent-workspace/rustup-home:/opt/rustwide/rustup-home:ro,Z" "-e" "SOURCE_DIR=/opt/rustwide/workdir" "-e" "CARGO_TARGET_DIR=/opt/rustwide/target" "-e" "CARGO_INCREMENTAL=0" "-e" "RUST_BACKTRACE=full" "-e" "RUSTFLAGS=--cap-lints=forbid" "-e" "RUSTDOCFLAGS=--cap-lints=forbid" "-e" "CARGO_HOME=/opt/rustwide/cargo-home" "-e" "RUSTUP_HOME=/opt/rustwide/rustup-home" "-w" "/opt/rustwide/workdir" "-m" "1610612736" "--user" "0:0" "--network" "none" "ghcr.io/rust-lang/crates-build-env/linux@sha256:819108c5571ea2e421544af4d832f968d213c87fbe3707a016657f43d2f853bc" "/opt/rustwide/cargo-home/bin/cargo" "+nightly-2025-01-18" "build" "--frozen" "--message-format=json", kill_on_drop: false }`
[INFO] [stdout] ff8c4c50714b2d60f76c9cd163a25a9ed01c59dab71ed8346e6aa60b2a1790e3
[INFO] running `Command { std: "docker" "start" "-a" "ff8c4c50714b2d60f76c9cd163a25a9ed01c59dab71ed8346e6aa60b2a1790e3", kill_on_drop: false }`
[INFO] [stderr]    Compiling proc-macro2 v1.0.93
[INFO] [stderr]    Compiling unicode-ident v1.0.14
[INFO] [stderr]    Compiling quote v1.0.38
[INFO] [stderr]    Compiling syn v2.0.96
[INFO] [stderr]    Compiling xor-str-encode v0.1.1 (/opt/rustwide/workdir)
[INFO] [stderr]     Finished `dev` profile [unoptimized + debuginfo] target(s) in 3.41s
[INFO] running `Command { std: "docker" "inspect" "ff8c4c50714b2d60f76c9cd163a25a9ed01c59dab71ed8346e6aa60b2a1790e3", kill_on_drop: false }`
[INFO] running `Command { std: "docker" "rm" "-f" "ff8c4c50714b2d60f76c9cd163a25a9ed01c59dab71ed8346e6aa60b2a1790e3", kill_on_drop: false }`
[INFO] [stdout] ff8c4c50714b2d60f76c9cd163a25a9ed01c59dab71ed8346e6aa60b2a1790e3
[INFO] running `Command { std: "docker" "create" "-v" "/var/lib/crater-agent-workspace/builds/worker-3-tc1/target:/opt/rustwide/target:rw,Z" "-v" "/var/lib/crater-agent-workspace/builds/worker-3-tc1/source:/opt/rustwide/workdir:ro,Z" "-v" "/var/lib/crater-agent-workspace/cargo-home:/opt/rustwide/cargo-home:ro,Z" "-v" "/var/lib/crater-agent-workspace/rustup-home:/opt/rustwide/rustup-home:ro,Z" "-e" "SOURCE_DIR=/opt/rustwide/workdir" "-e" "CARGO_TARGET_DIR=/opt/rustwide/target" "-e" "CARGO_INCREMENTAL=0" "-e" "RUST_BACKTRACE=full" "-e" "RUSTFLAGS=--cap-lints=forbid" "-e" "RUSTDOCFLAGS=--cap-lints=forbid" "-e" "CARGO_HOME=/opt/rustwide/cargo-home" "-e" "RUSTUP_HOME=/opt/rustwide/rustup-home" "-w" "/opt/rustwide/workdir" "-m" "1610612736" "--user" "0:0" "--network" "none" "ghcr.io/rust-lang/crates-build-env/linux@sha256:819108c5571ea2e421544af4d832f968d213c87fbe3707a016657f43d2f853bc" "/opt/rustwide/cargo-home/bin/cargo" "+nightly-2025-01-18" "test" "--frozen" "--no-run" "--message-format=json", kill_on_drop: false }`
[INFO] [stdout] 4304e3496f2383b56ae3f040fa37b2ce1a28dbd8cc947fe987e3902d0d062d3b
[INFO] running `Command { std: "docker" "start" "-a" "4304e3496f2383b56ae3f040fa37b2ce1a28dbd8cc947fe987e3902d0d062d3b", kill_on_drop: false }`
[INFO] [stderr]    Compiling xor-str-encode v0.1.1 (/opt/rustwide/workdir)
[INFO] [stderr]     Finished `test` profile [unoptimized + debuginfo] target(s) in 0.37s
[INFO] running `Command { std: "docker" "inspect" "4304e3496f2383b56ae3f040fa37b2ce1a28dbd8cc947fe987e3902d0d062d3b", kill_on_drop: false }`
[INFO] running `Command { std: "docker" "rm" "-f" "4304e3496f2383b56ae3f040fa37b2ce1a28dbd8cc947fe987e3902d0d062d3b", kill_on_drop: false }`
[INFO] [stdout] 4304e3496f2383b56ae3f040fa37b2ce1a28dbd8cc947fe987e3902d0d062d3b
[INFO] running `Command { std: "docker" "create" "-v" "/var/lib/crater-agent-workspace/builds/worker-3-tc1/target:/opt/rustwide/target:rw,Z" "-v" "/var/lib/crater-agent-workspace/builds/worker-3-tc1/source:/opt/rustwide/workdir:ro,Z" "-v" "/var/lib/crater-agent-workspace/cargo-home:/opt/rustwide/cargo-home:ro,Z" "-v" "/var/lib/crater-agent-workspace/rustup-home:/opt/rustwide/rustup-home:ro,Z" "-e" "SOURCE_DIR=/opt/rustwide/workdir" "-e" "CARGO_TARGET_DIR=/opt/rustwide/target" "-e" "CARGO_INCREMENTAL=0" "-e" "RUST_BACKTRACE=full" "-e" "RUSTFLAGS=--cap-lints=forbid" "-e" "RUSTDOCFLAGS=--cap-lints=forbid" "-e" "CARGO_HOME=/opt/rustwide/cargo-home" "-e" "RUSTUP_HOME=/opt/rustwide/rustup-home" "-w" "/opt/rustwide/workdir" "-m" "1610612736" "--user" "0:0" "--network" "none" "ghcr.io/rust-lang/crates-build-env/linux@sha256:819108c5571ea2e421544af4d832f968d213c87fbe3707a016657f43d2f853bc" "/opt/rustwide/cargo-home/bin/cargo" "+nightly-2025-01-18" "test" "--frozen", kill_on_drop: false }`
[INFO] [stdout] f89729983de81c896756a8d3e651314b0e948777e5ea531fe8326f3d02f99fa0
[INFO] running `Command { std: "docker" "start" "-a" "f89729983de81c896756a8d3e651314b0e948777e5ea531fe8326f3d02f99fa0", kill_on_drop: false }`
[INFO] [stderr]     Finished `test` profile [unoptimized + debuginfo] target(s) in 0.02s
[INFO] [stderr]      Running unittests src/lib.rs (/opt/rustwide/target/debug/deps/xor_str_encode-8711a1ec21feadc3)
[INFO] [stdout] 
[INFO] [stdout] running 1 test
[INFO] [stdout] test tests::it_works ... ok
[INFO] [stdout] 
[INFO] [stdout] test result: ok. 1 passed; 0 failed; 0 ignored; 0 measured; 0 filtered out; finished in 0.00s
[INFO] [stdout] 
[INFO] [stderr]    Doc-tests xor_str_encode
[INFO] [stdout] 
[INFO] [stdout] running 1 test
[INFO] [stdout] test src/lib.rs - (line 22) ... FAILED
[INFO] [stdout] 
[INFO] [stdout] failures:
[INFO] [stdout] 
[INFO] [stdout] ---- src/lib.rs - (line 22) stdout ----
[INFO] [stdout] error: expected `;`, found `xor`
[INFO] [stdout]  --> src/lib.rs:23:15
[INFO] [stdout]   |
[INFO] [stdout] 3 | [dependencies]
[INFO] [stdout]   |               ^ help: add `;` here
[INFO] [stdout] 4 |  xor-str = "*"
[INFO] [stdout]   |  --- unexpected token
[INFO] [stdout] 
[INFO] [stdout] error: expected `;`, found keyword `use`
[INFO] [stdout]  --> src/lib.rs:24:15
[INFO] [stdout]   |
[INFO] [stdout] 4 |  xor-str = "*"
[INFO] [stdout]   |               ^ help: add `;` here
[INFO] [stdout] 5 |
[INFO] [stdout] 6 | use xor_str::xor;
[INFO] [stdout]   | --- unexpected token
[INFO] [stdout] 
[INFO] [stdout] error[E0432]: unresolved import `xor_str`
[INFO] [stdout]  --> src/lib.rs:26:5
[INFO] [stdout]   |
[INFO] [stdout] 6 | use xor_str::xor;
[INFO] [stdout]   |     ^^^^^^^ use of undeclared crate or module `xor_str`
[INFO] [stdout] 
[INFO] [stdout] error[E0432]: unresolved import `xor_str`
[INFO] [stdout]  --> src/lib.rs:27:5
[INFO] [stdout]   |
[INFO] [stdout] 7 | use xor_str::encode;
[INFO] [stdout]   |     ^^^^^^^ use of undeclared crate or module `xor_str`
[INFO] [stdout] 
[INFO] [stdout] error[E0432]: unresolved import `xor_str`
[INFO] [stdout]  --> src/lib.rs:28:5
[INFO] [stdout]   |
[INFO] [stdout] 8 | use xor_str::decode;
[INFO] [stdout]   |     ^^^^^^^ use of undeclared crate or module `xor_str`
[INFO] [stdout] 
[INFO] [stdout] error: aborting due to 5 previous errors
[INFO] [stdout] 
[INFO] [stdout] For more information about this error, try `rustc --explain E0432`.
[INFO] [stdout] Couldn't compile the test.
[INFO] [stdout] 
[INFO] [stdout] failures:
[INFO] [stdout]     src/lib.rs - (line 22)
[INFO] [stdout] 
[INFO] [stdout] test result: FAILED. 0 passed; 1 failed; 0 ignored; 0 measured; 0 filtered out; finished in 0.10s
[INFO] [stdout] 
[INFO] [stderr] error: doctest failed, to rerun pass `--doc`
[INFO] running `Command { std: "docker" "inspect" "f89729983de81c896756a8d3e651314b0e948777e5ea531fe8326f3d02f99fa0", kill_on_drop: false }`
[INFO] running `Command { std: "docker" "rm" "-f" "f89729983de81c896756a8d3e651314b0e948777e5ea531fe8326f3d02f99fa0", kill_on_drop: false }`
[INFO] [stdout] f89729983de81c896756a8d3e651314b0e948777e5ea531fe8326f3d02f99fa0
