[INFO] fetching crate xml_viewer 0.1.1...
[INFO] testing xml_viewer-0.1.1 against nightly-2025-01-18 for randomize-layout-2
[INFO] extracting crate xml_viewer 0.1.1 into /workspace/builds/worker-1-tc1/source
[INFO] validating manifest of crates.io crate xml_viewer 0.1.1 on toolchain nightly-2025-01-18
[INFO] running `Command { std: CARGO_HOME="/workspace/cargo-home" RUSTUP_HOME="/workspace/rustup-home" "/workspace/cargo-home/bin/cargo" "+nightly-2025-01-18" "metadata" "--manifest-path" "Cargo.toml" "--no-deps", kill_on_drop: false }`
[INFO] started tweaking crates.io crate xml_viewer 0.1.1
[INFO] finished tweaking crates.io crate xml_viewer 0.1.1
[INFO] tweaked toml for crates.io crate xml_viewer 0.1.1 written to /workspace/builds/worker-1-tc1/source/Cargo.toml
[INFO] running `Command { std: CARGO_HOME="/workspace/cargo-home" RUSTUP_HOME="/workspace/rustup-home" "/workspace/cargo-home/bin/cargo" "+nightly-2025-01-18" "generate-lockfile" "--manifest-path" "Cargo.toml", kill_on_drop: false }`
[INFO] [stderr]     Updating crates.io index
[INFO] [stderr]      Locking 18 packages to latest compatible versions
[INFO] running `Command { std: CARGO_HOME="/workspace/cargo-home" RUSTUP_HOME="/workspace/rustup-home" "/workspace/cargo-home/bin/cargo" "+nightly-2025-01-18" "fetch" "--manifest-path" "Cargo.toml", kill_on_drop: false }`
[INFO] [stderr]  Downloading crates ...
[INFO] [stderr]   Downloaded rs_web_component v0.1.7
[INFO] running `Command { std: "docker" "create" "-v" "/var/lib/crater-agent-workspace/builds/worker-1-tc1/target:/opt/rustwide/target:rw,Z" "-v" "/var/lib/crater-agent-workspace/builds/worker-1-tc1/source:/opt/rustwide/workdir:ro,Z" "-v" "/var/lib/crater-agent-workspace/cargo-home:/opt/rustwide/cargo-home:ro,Z" "-v" "/var/lib/crater-agent-workspace/rustup-home:/opt/rustwide/rustup-home:ro,Z" "-e" "SOURCE_DIR=/opt/rustwide/workdir" "-e" "CARGO_TARGET_DIR=/opt/rustwide/target" "-e" "CARGO_HOME=/opt/rustwide/cargo-home" "-e" "RUSTUP_HOME=/opt/rustwide/rustup-home" "-w" "/opt/rustwide/workdir" "-m" "1610612736" "--user" "0:0" "--network" "none" "ghcr.io/rust-lang/crates-build-env/linux@sha256:819108c5571ea2e421544af4d832f968d213c87fbe3707a016657f43d2f853bc" "/opt/rustwide/cargo-home/bin/cargo" "+nightly-2025-01-18" "metadata" "--no-deps" "--format-version=1", kill_on_drop: false }`
[INFO] [stdout] f1e52df5f2d9f786efb5a18e885e9cd9ef83818d62f8208b911d817c2b91cb76
[INFO] running `Command { std: "docker" "start" "-a" "f1e52df5f2d9f786efb5a18e885e9cd9ef83818d62f8208b911d817c2b91cb76", kill_on_drop: false }`
[INFO] running `Command { std: "docker" "inspect" "f1e52df5f2d9f786efb5a18e885e9cd9ef83818d62f8208b911d817c2b91cb76", kill_on_drop: false }`
[INFO] running `Command { std: "docker" "rm" "-f" "f1e52df5f2d9f786efb5a18e885e9cd9ef83818d62f8208b911d817c2b91cb76", kill_on_drop: false }`
[INFO] [stdout] f1e52df5f2d9f786efb5a18e885e9cd9ef83818d62f8208b911d817c2b91cb76
[INFO] running `Command { std: "docker" "create" "-v" "/var/lib/crater-agent-workspace/builds/worker-1-tc1/target:/opt/rustwide/target:rw,Z" "-v" "/var/lib/crater-agent-workspace/builds/worker-1-tc1/source:/opt/rustwide/workdir:ro,Z" "-v" "/var/lib/crater-agent-workspace/cargo-home:/opt/rustwide/cargo-home:ro,Z" "-v" "/var/lib/crater-agent-workspace/rustup-home:/opt/rustwide/rustup-home:ro,Z" "-e" "SOURCE_DIR=/opt/rustwide/workdir" "-e" "CARGO_TARGET_DIR=/opt/rustwide/target" "-e" "CARGO_INCREMENTAL=0" "-e" "RUST_BACKTRACE=full" "-e" "RUSTFLAGS=--cap-lints=forbid" "-e" "RUSTDOCFLAGS=--cap-lints=forbid" "-e" "CARGO_HOME=/opt/rustwide/cargo-home" "-e" "RUSTUP_HOME=/opt/rustwide/rustup-home" "-w" "/opt/rustwide/workdir" "-m" "1610612736" "--user" "0:0" "--network" "none" "ghcr.io/rust-lang/crates-build-env/linux@sha256:819108c5571ea2e421544af4d832f968d213c87fbe3707a016657f43d2f853bc" "/opt/rustwide/cargo-home/bin/cargo" "+nightly-2025-01-18" "build" "--frozen" "--message-format=json", kill_on_drop: false }`
[INFO] [stdout] 6d6d43db6e77e2f6d7542ac9604a070e32d251a298798d955fbed4a1340361bf
[INFO] running `Command { std: "docker" "start" "-a" "6d6d43db6e77e2f6d7542ac9604a070e32d251a298798d955fbed4a1340361bf", kill_on_drop: false }`
[INFO] [stderr]    Compiling unicode-ident v1.0.14
[INFO] [stderr]    Compiling proc-macro2 v1.0.93
[INFO] [stderr]    Compiling wasm-bindgen-shared v0.2.100
[INFO] [stderr]    Compiling log v0.4.25
[INFO] [stderr]    Compiling bumpalo v3.16.0
[INFO] [stderr]    Compiling rustversion v1.0.19
[INFO] [stderr]    Compiling wasm-bindgen v0.2.100
[INFO] [stderr]    Compiling once_cell v1.20.2
[INFO] [stderr]    Compiling RustyXML v0.3.0
[INFO] [stderr]    Compiling quote v1.0.38
[INFO] [stderr]    Compiling syn v2.0.96
[INFO] [stderr]    Compiling wasm-bindgen-backend v0.2.100
[INFO] [stderr]    Compiling wasm-bindgen-macro-support v0.2.100
[INFO] [stderr]    Compiling wasm-bindgen-macro v0.2.100
[INFO] [stderr]    Compiling js-sys v0.3.77
[INFO] [stderr]    Compiling web-sys v0.3.77
[INFO] [stderr]    Compiling rs_web_component v0.1.7
[INFO] [stderr]    Compiling xml_viewer v0.1.1 (/opt/rustwide/workdir)
[INFO] [stderr]     Finished `dev` profile [unoptimized + debuginfo] target(s) in 20.82s
[INFO] running `Command { std: "docker" "inspect" "6d6d43db6e77e2f6d7542ac9604a070e32d251a298798d955fbed4a1340361bf", kill_on_drop: false }`
[INFO] running `Command { std: "docker" "rm" "-f" "6d6d43db6e77e2f6d7542ac9604a070e32d251a298798d955fbed4a1340361bf", kill_on_drop: false }`
[INFO] [stdout] 6d6d43db6e77e2f6d7542ac9604a070e32d251a298798d955fbed4a1340361bf
[INFO] running `Command { std: "docker" "create" "-v" "/var/lib/crater-agent-workspace/builds/worker-1-tc1/target:/opt/rustwide/target:rw,Z" "-v" "/var/lib/crater-agent-workspace/builds/worker-1-tc1/source:/opt/rustwide/workdir:ro,Z" "-v" "/var/lib/crater-agent-workspace/cargo-home:/opt/rustwide/cargo-home:ro,Z" "-v" "/var/lib/crater-agent-workspace/rustup-home:/opt/rustwide/rustup-home:ro,Z" "-e" "SOURCE_DIR=/opt/rustwide/workdir" "-e" "CARGO_TARGET_DIR=/opt/rustwide/target" "-e" "CARGO_INCREMENTAL=0" "-e" "RUST_BACKTRACE=full" "-e" "RUSTFLAGS=--cap-lints=forbid" "-e" "RUSTDOCFLAGS=--cap-lints=forbid" "-e" "CARGO_HOME=/opt/rustwide/cargo-home" "-e" "RUSTUP_HOME=/opt/rustwide/rustup-home" "-w" "/opt/rustwide/workdir" "-m" "1610612736" "--user" "0:0" "--network" "none" "ghcr.io/rust-lang/crates-build-env/linux@sha256:819108c5571ea2e421544af4d832f968d213c87fbe3707a016657f43d2f853bc" "/opt/rustwide/cargo-home/bin/cargo" "+nightly-2025-01-18" "test" "--frozen" "--no-run" "--message-format=json", kill_on_drop: false }`
[INFO] [stdout] a56ad00ba77bbb1692c7b37167ec60d319e8e40532ca88e00c1ec695b2323deb
[INFO] running `Command { std: "docker" "start" "-a" "a56ad00ba77bbb1692c7b37167ec60d319e8e40532ca88e00c1ec695b2323deb", kill_on_drop: false }`
[INFO] [stderr]    Compiling xml_viewer v0.1.1 (/opt/rustwide/workdir)
[INFO] [stderr]     Finished `test` profile [unoptimized + debuginfo] target(s) in 0.27s
[INFO] running `Command { std: "docker" "inspect" "a56ad00ba77bbb1692c7b37167ec60d319e8e40532ca88e00c1ec695b2323deb", kill_on_drop: false }`
[INFO] running `Command { std: "docker" "rm" "-f" "a56ad00ba77bbb1692c7b37167ec60d319e8e40532ca88e00c1ec695b2323deb", kill_on_drop: false }`
[INFO] [stdout] a56ad00ba77bbb1692c7b37167ec60d319e8e40532ca88e00c1ec695b2323deb
[INFO] running `Command { std: "docker" "create" "-v" "/var/lib/crater-agent-workspace/builds/worker-1-tc1/target:/opt/rustwide/target:rw,Z" "-v" "/var/lib/crater-agent-workspace/builds/worker-1-tc1/source:/opt/rustwide/workdir:ro,Z" "-v" "/var/lib/crater-agent-workspace/cargo-home:/opt/rustwide/cargo-home:ro,Z" "-v" "/var/lib/crater-agent-workspace/rustup-home:/opt/rustwide/rustup-home:ro,Z" "-e" "SOURCE_DIR=/opt/rustwide/workdir" "-e" "CARGO_TARGET_DIR=/opt/rustwide/target" "-e" "CARGO_INCREMENTAL=0" "-e" "RUST_BACKTRACE=full" "-e" "RUSTFLAGS=--cap-lints=forbid" "-e" "RUSTDOCFLAGS=--cap-lints=forbid" "-e" "CARGO_HOME=/opt/rustwide/cargo-home" "-e" "RUSTUP_HOME=/opt/rustwide/rustup-home" "-w" "/opt/rustwide/workdir" "-m" "1610612736" "--user" "0:0" "--network" "none" "ghcr.io/rust-lang/crates-build-env/linux@sha256:819108c5571ea2e421544af4d832f968d213c87fbe3707a016657f43d2f853bc" "/opt/rustwide/cargo-home/bin/cargo" "+nightly-2025-01-18" "test" "--frozen", kill_on_drop: false }`
[INFO] [stdout] dbbd652ae1b0b83439de0e6d6eda4cfd086bf1cbdf9c830ac5b3c239af2b1ebc
[INFO] running `Command { std: "docker" "start" "-a" "dbbd652ae1b0b83439de0e6d6eda4cfd086bf1cbdf9c830ac5b3c239af2b1ebc", kill_on_drop: false }`
[INFO] [stderr]     Finished `test` profile [unoptimized + debuginfo] target(s) in 0.04s
[INFO] [stderr]      Running unittests src/lib.rs (/opt/rustwide/target/debug/deps/xml_viewer-7bc79affe6c63e1b)
[INFO] [stdout] 
[INFO] [stdout] running 0 tests
[INFO] [stdout] 
[INFO] [stdout] test result: ok. 0 passed; 0 failed; 0 ignored; 0 measured; 0 filtered out; finished in 0.00s
[INFO] [stdout] 
[INFO] [stderr]    Doc-tests xml_viewer
[INFO] [stdout] 
[INFO] [stdout] running 2 tests
[INFO] [stdout] test src/converter.rs - converter::XmlConverter::with_style (line 84) ... FAILED
[INFO] [stdout] test src/converter.rs - converter::XmlConverter::new (line 37) ... FAILED
[INFO] [stdout] 
[INFO] [stdout] failures:
[INFO] [stdout] 
[INFO] [stdout] ---- src/converter.rs - converter::XmlConverter::with_style (line 84) stdout ----
[INFO] [stdout] error[E0603]: struct `XmlConverter` is private
[INFO] [stdout]  --> src/converter.rs:86:17
[INFO] [stdout]   |
[INFO] [stdout] 5 | use xml_viewer::XmlConverter;
[INFO] [stdout]   |                 ^^^^^^^^^^^^ private struct
[INFO] [stdout]   |
[INFO] [stdout] note: the struct `XmlConverter` is defined here
[INFO] [stdout]  --> /opt/rustwide/workdir/src/lib.rs:5:5
[INFO] [stdout]   |
[INFO] [stdout] 5 | use converter::XmlConverter;
[INFO] [stdout]   |     ^^^^^^^^^^^^^^^^^^^^^^^
[INFO] [stdout] help: import `XmlConverter` directly
[INFO] [stdout]   |
[INFO] [stdout] 5 | use xml_viewer::converter::XmlConverter;
[INFO] [stdout]   |     ~~~~~~~~~~~~~~~~~~~~~~~~~~~~~~~~~~~
[INFO] [stdout] 
[INFO] [stdout] error: aborting due to 1 previous error
[INFO] [stdout] 
[INFO] [stdout] For more information about this error, try `rustc --explain E0603`.
[INFO] [stdout] Couldn't compile the test.
[INFO] [stdout] ---- src/converter.rs - converter::XmlConverter::new (line 37) stdout ----
[INFO] [stdout] error[E0603]: struct `XmlConverter` is private
[INFO] [stdout]  --> src/converter.rs:39:17
[INFO] [stdout]   |
[INFO] [stdout] 5 | use xml_viewer::XmlConverter;
[INFO] [stdout]   |                 ^^^^^^^^^^^^ private struct
[INFO] [stdout]   |
[INFO] [stdout] note: the struct `XmlConverter` is defined here
[INFO] [stdout]  --> /opt/rustwide/workdir/src/lib.rs:5:5
[INFO] [stdout]   |
[INFO] [stdout] 5 | use converter::XmlConverter;
[INFO] [stdout]   |     ^^^^^^^^^^^^^^^^^^^^^^^
[INFO] [stdout] help: import `XmlConverter` directly
[INFO] [stdout]   |
[INFO] [stdout] 5 | use xml_viewer::converter::XmlConverter;
[INFO] [stdout]   |     ~~~~~~~~~~~~~~~~~~~~~~~~~~~~~~~~~~~
[INFO] [stdout] 
[INFO] [stdout] error: aborting due to 1 previous error
[INFO] [stdout] 
[INFO] [stdout] For more information about this error, try `rustc --explain E0603`.
[INFO] [stdout] Couldn't compile the test.
[INFO] [stdout] 
[INFO] [stdout] failures:
[INFO] [stdout]     src/converter.rs - converter::XmlConverter::new (line 37)
[INFO] [stdout]     src/converter.rs - converter::XmlConverter::with_style (line 84)
[INFO] [stdout] 
[INFO] [stdout] test result: FAILED. 0 passed; 2 failed; 0 ignored; 0 measured; 0 filtered out; finished in 0.05s
[INFO] [stdout] 
[INFO] [stderr] error: doctest failed, to rerun pass `--doc`
[INFO] running `Command { std: "docker" "inspect" "dbbd652ae1b0b83439de0e6d6eda4cfd086bf1cbdf9c830ac5b3c239af2b1ebc", kill_on_drop: false }`
[INFO] running `Command { std: "docker" "rm" "-f" "dbbd652ae1b0b83439de0e6d6eda4cfd086bf1cbdf9c830ac5b3c239af2b1ebc", kill_on_drop: false }`
[INFO] [stdout] dbbd652ae1b0b83439de0e6d6eda4cfd086bf1cbdf9c830ac5b3c239af2b1ebc
