[INFO] fetching crate xdgkit2 3.2.5...
[INFO] testing xdgkit2-3.2.5 against nightly-2025-01-18 for randomize-layout-2
[INFO] extracting crate xdgkit2 3.2.5 into /workspace/builds/worker-7-tc1/source
[INFO] validating manifest of crates.io crate xdgkit2 3.2.5 on toolchain nightly-2025-01-18
[INFO] running `Command { std: CARGO_HOME="/workspace/cargo-home" RUSTUP_HOME="/workspace/rustup-home" "/workspace/cargo-home/bin/cargo" "+nightly-2025-01-18" "metadata" "--manifest-path" "Cargo.toml" "--no-deps", kill_on_drop: false }`
[INFO] started tweaking crates.io crate xdgkit2 3.2.5
[INFO] finished tweaking crates.io crate xdgkit2 3.2.5
[INFO] tweaked toml for crates.io crate xdgkit2 3.2.5 written to /workspace/builds/worker-7-tc1/source/Cargo.toml
[INFO] running `Command { std: CARGO_HOME="/workspace/cargo-home" RUSTUP_HOME="/workspace/rustup-home" "/workspace/cargo-home/bin/cargo" "+nightly-2025-01-18" "generate-lockfile" "--manifest-path" "Cargo.toml", kill_on_drop: false }`
[INFO] [stderr]     Blocking waiting for file lock on package cache
[INFO] [stderr]     Updating crates.io index
[INFO] [stderr]     Blocking waiting for file lock on package cache
[INFO] [stderr]      Locking 38 packages to latest compatible versions
[INFO] [stderr]       Adding clap v3.2.25 (available: v4.5.27)
[INFO] [stderr]       Adding quick-xml v0.31.0 (available: v0.37.2)
[INFO] running `Command { std: CARGO_HOME="/workspace/cargo-home" RUSTUP_HOME="/workspace/rustup-home" "/workspace/cargo-home/bin/cargo" "+nightly-2025-01-18" "fetch" "--manifest-path" "Cargo.toml", kill_on_drop: false }`
[INFO] [stderr]     Blocking waiting for file lock on package cache
[INFO] [stderr]  Downloading crates ...
[INFO] [stderr]   Downloaded tini v1.3.0
[INFO] running `Command { std: "docker" "create" "-v" "/var/lib/crater-agent-workspace/builds/worker-7-tc1/target:/opt/rustwide/target:rw,Z" "-v" "/var/lib/crater-agent-workspace/builds/worker-7-tc1/source:/opt/rustwide/workdir:ro,Z" "-v" "/var/lib/crater-agent-workspace/cargo-home:/opt/rustwide/cargo-home:ro,Z" "-v" "/var/lib/crater-agent-workspace/rustup-home:/opt/rustwide/rustup-home:ro,Z" "-e" "SOURCE_DIR=/opt/rustwide/workdir" "-e" "CARGO_TARGET_DIR=/opt/rustwide/target" "-e" "CARGO_HOME=/opt/rustwide/cargo-home" "-e" "RUSTUP_HOME=/opt/rustwide/rustup-home" "-w" "/opt/rustwide/workdir" "-m" "1610612736" "--user" "0:0" "--network" "none" "ghcr.io/rust-lang/crates-build-env/linux@sha256:819108c5571ea2e421544af4d832f968d213c87fbe3707a016657f43d2f853bc" "/opt/rustwide/cargo-home/bin/cargo" "+nightly-2025-01-18" "metadata" "--no-deps" "--format-version=1", kill_on_drop: false }`
[INFO] [stdout] c2dc2a5eb404a9f91adc038d2114df01b592c4fa96e32b464bc829917529f3bf
[INFO] running `Command { std: "docker" "start" "-a" "c2dc2a5eb404a9f91adc038d2114df01b592c4fa96e32b464bc829917529f3bf", kill_on_drop: false }`
[INFO] running `Command { std: "docker" "inspect" "c2dc2a5eb404a9f91adc038d2114df01b592c4fa96e32b464bc829917529f3bf", kill_on_drop: false }`
[INFO] running `Command { std: "docker" "rm" "-f" "c2dc2a5eb404a9f91adc038d2114df01b592c4fa96e32b464bc829917529f3bf", kill_on_drop: false }`
[INFO] [stdout] c2dc2a5eb404a9f91adc038d2114df01b592c4fa96e32b464bc829917529f3bf
[INFO] running `Command { std: "docker" "create" "-v" "/var/lib/crater-agent-workspace/builds/worker-7-tc1/target:/opt/rustwide/target:rw,Z" "-v" "/var/lib/crater-agent-workspace/builds/worker-7-tc1/source:/opt/rustwide/workdir:ro,Z" "-v" "/var/lib/crater-agent-workspace/cargo-home:/opt/rustwide/cargo-home:ro,Z" "-v" "/var/lib/crater-agent-workspace/rustup-home:/opt/rustwide/rustup-home:ro,Z" "-e" "SOURCE_DIR=/opt/rustwide/workdir" "-e" "CARGO_TARGET_DIR=/opt/rustwide/target" "-e" "CARGO_INCREMENTAL=0" "-e" "RUST_BACKTRACE=full" "-e" "RUSTFLAGS=--cap-lints=forbid" "-e" "RUSTDOCFLAGS=--cap-lints=forbid" "-e" "CARGO_HOME=/opt/rustwide/cargo-home" "-e" "RUSTUP_HOME=/opt/rustwide/rustup-home" "-w" "/opt/rustwide/workdir" "-m" "1610612736" "--user" "0:0" "--network" "none" "ghcr.io/rust-lang/crates-build-env/linux@sha256:819108c5571ea2e421544af4d832f968d213c87fbe3707a016657f43d2f853bc" "/opt/rustwide/cargo-home/bin/cargo" "+nightly-2025-01-18" "build" "--frozen" "--message-format=json", kill_on_drop: false }`
[INFO] [stdout] 73a772b6b458717cf0b32fa4ceb00434843aa504063f1301b4de6c934e77093e
[INFO] running `Command { std: "docker" "start" "-a" "73a772b6b458717cf0b32fa4ceb00434843aa504063f1301b4de6c934e77093e", kill_on_drop: false }`
[INFO] [stderr]    Compiling proc-macro2 v1.0.93
[INFO] [stderr]    Compiling libc v0.2.169
[INFO] [stderr]    Compiling autocfg v1.4.0
[INFO] [stderr]    Compiling serde v1.0.217
[INFO] [stderr]    Compiling linked-hash-map v0.5.6
[INFO] [stderr]    Compiling os_str_bytes v6.6.1
[INFO] [stderr]    Compiling hashbrown v0.12.3
[INFO] [stderr]    Compiling textwrap v0.16.1
[INFO] [stderr]    Compiling strsim v0.10.0
[INFO] [stderr]    Compiling memchr v2.7.4
[INFO] [stderr]    Compiling termcolor v1.4.1
[INFO] [stderr]    Compiling bitflags v1.3.2
[INFO] [stderr]    Compiling tini v1.3.0
[INFO] [stderr]    Compiling yaml-rust v0.4.5
[INFO] [stderr]    Compiling clap_lex v0.2.4
[INFO] [stderr]    Compiling indexmap v1.9.3
[INFO] [stderr]    Compiling quote v1.0.38
[INFO] [stderr]    Compiling syn v2.0.96
[INFO] [stderr]    Compiling atty v0.2.14
[INFO] [stderr]    Compiling clap v3.2.25
[INFO] [stderr]    Compiling serde_derive v1.0.217
[INFO] [stderr]    Compiling quick-xml v0.31.0
[INFO] [stderr]    Compiling xdgkit2 v3.2.5 (/opt/rustwide/workdir)
[INFO] [stdout] warning: unreachable pattern
[INFO] [stdout]    --> src/desktop_menu.rs:158:22
[INFO] [stdout]     |
[INFO] [stdout] 155 |     #[serde(rename = "$value")]
[INFO] [stdout]     |                      -------- matches all the relevant values
[INFO] [stdout] ...
[INFO] [stdout] 158 |     #[serde(rename = "$value")]
[INFO] [stdout]     |                      ^^^^^^^^ no value can reach this
[INFO] [stdout]     |
[INFO] [stdout]     = note: `#[warn(unreachable_patterns)]` on by default
[INFO] [stdout] 
[INFO] [stdout] 
[INFO] [stdout] warning: unreachable pattern
[INFO] [stdout]    --> src/desktop_menu.rs:161:22
[INFO] [stdout]     |
[INFO] [stdout] 155 |     #[serde(rename = "$value")]
[INFO] [stdout]     |                      -------- matches all the relevant values
[INFO] [stdout] ...
[INFO] [stdout] 161 |     #[serde(rename = "$value")]
[INFO] [stdout]     |                      ^^^^^^^^ no value can reach this
[INFO] [stdout] 
[INFO] [stdout] 
[INFO] [stdout] warning: unreachable pattern
[INFO] [stdout]    --> src/desktop_menu.rs:164:22
[INFO] [stdout]     |
[INFO] [stdout] 155 |     #[serde(rename = "$value")]
[INFO] [stdout]     |                      -------- matches all the relevant values
[INFO] [stdout] ...
[INFO] [stdout] 164 |     #[serde(rename = "$value")]
[INFO] [stdout]     |                      ^^^^^^^^ no value can reach this
[INFO] [stdout] 
[INFO] [stdout] 
[INFO] [stdout] warning: unreachable pattern
[INFO] [stdout]    --> src/desktop_menu.rs:167:22
[INFO] [stdout]     |
[INFO] [stdout] 155 |     #[serde(rename = "$value")]
[INFO] [stdout]     |                      -------- matches all the relevant values
[INFO] [stdout] ...
[INFO] [stdout] 167 |     #[serde(rename = "$value")]
[INFO] [stdout]     |                      ^^^^^^^^ no value can reach this
[INFO] [stdout] 
[INFO] [stdout] 
[INFO] [stdout] warning: unreachable pattern
[INFO] [stdout]    --> src/desktop_menu.rs:170:22
[INFO] [stdout]     |
[INFO] [stdout] 155 |     #[serde(rename = "$value")]
[INFO] [stdout]     |                      -------- matches all the relevant values
[INFO] [stdout] ...
[INFO] [stdout] 170 |     #[serde(rename = "$value")]
[INFO] [stdout]     |                      ^^^^^^^^ no value can reach this
[INFO] [stdout] 
[INFO] [stdout] 
[INFO] [stdout] warning: unreachable pattern
[INFO] [stdout]    --> src/desktop_menu.rs:260:22
[INFO] [stdout]     |
[INFO] [stdout] 257 |     #[serde(rename = "$value")]
[INFO] [stdout]     |                      -------- matches all the relevant values
[INFO] [stdout] ...
[INFO] [stdout] 260 |     #[serde(rename = "$value")]
[INFO] [stdout]     |                      ^^^^^^^^ no value can reach this
[INFO] [stdout] 
[INFO] [stdout] 
[INFO] [stderr]     Finished `dev` profile [unoptimized + debuginfo] target(s) in 12.52s
[INFO] running `Command { std: "docker" "inspect" "73a772b6b458717cf0b32fa4ceb00434843aa504063f1301b4de6c934e77093e", kill_on_drop: false }`
[INFO] running `Command { std: "docker" "rm" "-f" "73a772b6b458717cf0b32fa4ceb00434843aa504063f1301b4de6c934e77093e", kill_on_drop: false }`
[INFO] [stdout] 73a772b6b458717cf0b32fa4ceb00434843aa504063f1301b4de6c934e77093e
[INFO] running `Command { std: "docker" "create" "-v" "/var/lib/crater-agent-workspace/builds/worker-7-tc1/target:/opt/rustwide/target:rw,Z" "-v" "/var/lib/crater-agent-workspace/builds/worker-7-tc1/source:/opt/rustwide/workdir:ro,Z" "-v" "/var/lib/crater-agent-workspace/cargo-home:/opt/rustwide/cargo-home:ro,Z" "-v" "/var/lib/crater-agent-workspace/rustup-home:/opt/rustwide/rustup-home:ro,Z" "-e" "SOURCE_DIR=/opt/rustwide/workdir" "-e" "CARGO_TARGET_DIR=/opt/rustwide/target" "-e" "CARGO_INCREMENTAL=0" "-e" "RUST_BACKTRACE=full" "-e" "RUSTFLAGS=--cap-lints=forbid" "-e" "RUSTDOCFLAGS=--cap-lints=forbid" "-e" "CARGO_HOME=/opt/rustwide/cargo-home" "-e" "RUSTUP_HOME=/opt/rustwide/rustup-home" "-w" "/opt/rustwide/workdir" "-m" "1610612736" "--user" "0:0" "--network" "none" "ghcr.io/rust-lang/crates-build-env/linux@sha256:819108c5571ea2e421544af4d832f968d213c87fbe3707a016657f43d2f853bc" "/opt/rustwide/cargo-home/bin/cargo" "+nightly-2025-01-18" "test" "--frozen" "--no-run" "--message-format=json", kill_on_drop: false }`
[INFO] [stdout] 80500c9b2eced2e751e40cc262df8115edeeff342cdf6d92cf9d060ba19904d0
[INFO] running `Command { std: "docker" "start" "-a" "80500c9b2eced2e751e40cc262df8115edeeff342cdf6d92cf9d060ba19904d0", kill_on_drop: false }`
[INFO] [stderr]    Compiling xdgkit2 v3.2.5 (/opt/rustwide/workdir)
[INFO] [stdout] warning: unreachable pattern
[INFO] [stdout]    --> src/desktop_menu.rs:158:22
[INFO] [stdout]     |
[INFO] [stdout] 155 |     #[serde(rename = "$value")]
[INFO] [stdout]     |                      -------- matches all the relevant values
[INFO] [stdout] ...
[INFO] [stdout] 158 |     #[serde(rename = "$value")]
[INFO] [stdout]     |                      ^^^^^^^^ no value can reach this
[INFO] [stdout]     |
[INFO] [stdout]     = note: `#[warn(unreachable_patterns)]` on by default
[INFO] [stdout] 
[INFO] [stdout] 
[INFO] [stdout] warning: unreachable pattern
[INFO] [stdout]    --> src/desktop_menu.rs:161:22
[INFO] [stdout]     |
[INFO] [stdout] 155 |     #[serde(rename = "$value")]
[INFO] [stdout]     |                      -------- matches all the relevant values
[INFO] [stdout] ...
[INFO] [stdout] 161 |     #[serde(rename = "$value")]
[INFO] [stdout]     |                      ^^^^^^^^ no value can reach this
[INFO] [stdout] 
[INFO] [stdout] 
[INFO] [stdout] warning: unreachable pattern
[INFO] [stdout]    --> src/desktop_menu.rs:164:22
[INFO] [stdout]     |
[INFO] [stdout] 155 |     #[serde(rename = "$value")]
[INFO] [stdout]     |                      -------- matches all the relevant values
[INFO] [stdout] ...
[INFO] [stdout] 164 |     #[serde(rename = "$value")]
[INFO] [stdout]     |                      ^^^^^^^^ no value can reach this
[INFO] [stdout] 
[INFO] [stdout] 
[INFO] [stdout] warning: unreachable pattern
[INFO] [stdout]    --> src/desktop_menu.rs:167:22
[INFO] [stdout]     |
[INFO] [stdout] 155 |     #[serde(rename = "$value")]
[INFO] [stdout]     |                      -------- matches all the relevant values
[INFO] [stdout] ...
[INFO] [stdout] 167 |     #[serde(rename = "$value")]
[INFO] [stdout]     |                      ^^^^^^^^ no value can reach this
[INFO] [stdout] 
[INFO] [stdout] 
[INFO] [stdout] warning: unreachable pattern
[INFO] [stdout]    --> src/desktop_menu.rs:170:22
[INFO] [stdout]     |
[INFO] [stdout] 155 |     #[serde(rename = "$value")]
[INFO] [stdout]     |                      -------- matches all the relevant values
[INFO] [stdout] ...
[INFO] [stdout] 170 |     #[serde(rename = "$value")]
[INFO] [stdout]     |                      ^^^^^^^^ no value can reach this
[INFO] [stdout] 
[INFO] [stdout] 
[INFO] [stdout] warning: unreachable pattern
[INFO] [stdout]    --> src/desktop_menu.rs:260:22
[INFO] [stdout]     |
[INFO] [stdout] 257 |     #[serde(rename = "$value")]
[INFO] [stdout]     |                      -------- matches all the relevant values
[INFO] [stdout] ...
[INFO] [stdout] 260 |     #[serde(rename = "$value")]
[INFO] [stdout]     |                      ^^^^^^^^ no value can reach this
[INFO] [stdout] 
[INFO] [stdout] 
[INFO] [stdout] warning: unreachable pattern
[INFO] [stdout]    --> src/desktop_menu.rs:158:22
[INFO] [stdout]     |
[INFO] [stdout] 155 |     #[serde(rename = "$value")]
[INFO] [stdout]     |                      -------- matches all the relevant values
[INFO] [stdout] ...
[INFO] [stdout] 158 |     #[serde(rename = "$value")]
[INFO] [stdout]     |                      ^^^^^^^^ no value can reach this
[INFO] [stdout]     |
[INFO] [stdout]     = note: `#[warn(unreachable_patterns)]` on by default
[INFO] [stdout] 
[INFO] [stdout] 
[INFO] [stdout] warning: unreachable pattern
[INFO] [stdout]    --> src/desktop_menu.rs:161:22
[INFO] [stdout]     |
[INFO] [stdout] 155 |     #[serde(rename = "$value")]
[INFO] [stdout]     |                      -------- matches all the relevant values
[INFO] [stdout] ...
[INFO] [stdout] 161 |     #[serde(rename = "$value")]
[INFO] [stdout]     |                      ^^^^^^^^ no value can reach this
[INFO] [stdout] 
[INFO] [stdout] 
[INFO] [stdout] warning: unreachable pattern
[INFO] [stdout]    --> src/desktop_menu.rs:164:22
[INFO] [stdout]     |
[INFO] [stdout] 155 |     #[serde(rename = "$value")]
[INFO] [stdout]     |                      -------- matches all the relevant values
[INFO] [stdout] ...
[INFO] [stdout] 164 |     #[serde(rename = "$value")]
[INFO] [stdout]     |                      ^^^^^^^^ no value can reach this
[INFO] [stdout] 
[INFO] [stdout] 
[INFO] [stdout] warning: unreachable pattern
[INFO] [stdout]    --> src/desktop_menu.rs:167:22
[INFO] [stdout]     |
[INFO] [stdout] 155 |     #[serde(rename = "$value")]
[INFO] [stdout]     |                      -------- matches all the relevant values
[INFO] [stdout] ...
[INFO] [stdout] 167 |     #[serde(rename = "$value")]
[INFO] [stdout]     |                      ^^^^^^^^ no value can reach this
[INFO] [stdout] 
[INFO] [stdout] 
[INFO] [stdout] warning: unreachable pattern
[INFO] [stdout]    --> src/desktop_menu.rs:170:22
[INFO] [stdout]     |
[INFO] [stdout] 155 |     #[serde(rename = "$value")]
[INFO] [stdout]     |                      -------- matches all the relevant values
[INFO] [stdout] ...
[INFO] [stdout] 170 |     #[serde(rename = "$value")]
[INFO] [stdout]     |                      ^^^^^^^^ no value can reach this
[INFO] [stdout] 
[INFO] [stdout] 
[INFO] [stdout] warning: unreachable pattern
[INFO] [stdout]    --> src/desktop_menu.rs:260:22
[INFO] [stdout]     |
[INFO] [stdout] 257 |     #[serde(rename = "$value")]
[INFO] [stdout]     |                      -------- matches all the relevant values
[INFO] [stdout] ...
[INFO] [stdout] 260 |     #[serde(rename = "$value")]
[INFO] [stdout]     |                      ^^^^^^^^ no value can reach this
[INFO] [stdout] 
[INFO] [stdout] 
[INFO] [stdout] warning: variable does not need to be mutable
[INFO] [stdout]    --> src/lib.rs:152:5
[INFO] [stdout]     |
[INFO] [stdout] 152 | let mut split = res.split(";");
[INFO] [stdout]     |     ----^^^^^
[INFO] [stdout]     |     |
[INFO] [stdout]     |     help: remove this `mut`
[INFO] [stdout]     |
[INFO] [stdout]     = note: `#[warn(unused_mut)]` on by default
[INFO] [stdout] 
[INFO] [stdout] 
[INFO] [stdout] warning: unused variable: `menu`
[INFO] [stdout]    --> src/lib.rs:208:13
[INFO] [stdout]     |
[INFO] [stdout] 208 |         let menu = DesktopMenu::read("/etc/xdg/menus/applications.menu");
[INFO] [stdout]     |             ^^^^ help: if this is intentional, prefix it with an underscore: `_menu`
[INFO] [stdout]     |
[INFO] [stdout]     = note: `#[warn(unused_variables)]` on by default
[INFO] [stdout] 
[INFO] [stdout] 
[INFO] [stdout] warning: constant `TEST_MENU_XML` is never used
[INFO] [stdout]    --> src/lib.rs:197:7
[INFO] [stdout]     |
[INFO] [stdout] 197 | const TEST_MENU_XML:&str = "<!DOCTYPE Menu PUBLIC \"-//freedesktop//DTD Menu 1.0//EN\"           \"http://www.freedesktop.org/standards/m...
[INFO] [stdout]     |       ^^^^^^^^^^^^^
[INFO] [stdout]     |
[INFO] [stdout]     = note: `#[warn(dead_code)]` on by default
[INFO] [stdout] 
[INFO] [stdout] 
[INFO] [stderr]     Finished `test` profile [unoptimized + debuginfo] target(s) in 1.06s
[INFO] running `Command { std: "docker" "inspect" "80500c9b2eced2e751e40cc262df8115edeeff342cdf6d92cf9d060ba19904d0", kill_on_drop: false }`
[INFO] running `Command { std: "docker" "rm" "-f" "80500c9b2eced2e751e40cc262df8115edeeff342cdf6d92cf9d060ba19904d0", kill_on_drop: false }`
[INFO] [stdout] 80500c9b2eced2e751e40cc262df8115edeeff342cdf6d92cf9d060ba19904d0
[INFO] running `Command { std: "docker" "create" "-v" "/var/lib/crater-agent-workspace/builds/worker-7-tc1/target:/opt/rustwide/target:rw,Z" "-v" "/var/lib/crater-agent-workspace/builds/worker-7-tc1/source:/opt/rustwide/workdir:ro,Z" "-v" "/var/lib/crater-agent-workspace/cargo-home:/opt/rustwide/cargo-home:ro,Z" "-v" "/var/lib/crater-agent-workspace/rustup-home:/opt/rustwide/rustup-home:ro,Z" "-e" "SOURCE_DIR=/opt/rustwide/workdir" "-e" "CARGO_TARGET_DIR=/opt/rustwide/target" "-e" "CARGO_INCREMENTAL=0" "-e" "RUST_BACKTRACE=full" "-e" "RUSTFLAGS=--cap-lints=forbid" "-e" "RUSTDOCFLAGS=--cap-lints=forbid" "-e" "CARGO_HOME=/opt/rustwide/cargo-home" "-e" "RUSTUP_HOME=/opt/rustwide/rustup-home" "-w" "/opt/rustwide/workdir" "-m" "1610612736" "--user" "0:0" "--network" "none" "ghcr.io/rust-lang/crates-build-env/linux@sha256:819108c5571ea2e421544af4d832f968d213c87fbe3707a016657f43d2f853bc" "/opt/rustwide/cargo-home/bin/cargo" "+nightly-2025-01-18" "test" "--frozen", kill_on_drop: false }`
[INFO] [stdout] d614a1c0305718ec420359a3878f33150a91407ff54ac04072fd24ff20aa66d4
[INFO] running `Command { std: "docker" "start" "-a" "d614a1c0305718ec420359a3878f33150a91407ff54ac04072fd24ff20aa66d4", kill_on_drop: false }`
[INFO] [stderr] warning: unreachable pattern
[INFO] [stderr]    --> src/desktop_menu.rs:158:22
[INFO] [stderr]     |
[INFO] [stderr] 155 |     #[serde(rename = "$value")]
[INFO] [stderr]     |                      -------- matches all the relevant values
[INFO] [stderr] ...
[INFO] [stderr] 158 |     #[serde(rename = "$value")]
[INFO] [stderr]     |                      ^^^^^^^^ no value can reach this
[INFO] [stderr]     |
[INFO] [stderr]     = note: `#[warn(unreachable_patterns)]` on by default
[INFO] [stderr] 
[INFO] [stderr] warning: unreachable pattern
[INFO] [stderr]    --> src/desktop_menu.rs:161:22
[INFO] [stderr]     |
[INFO] [stderr] 155 |     #[serde(rename = "$value")]
[INFO] [stderr]     |                      -------- matches all the relevant values
[INFO] [stderr] ...
[INFO] [stderr] 161 |     #[serde(rename = "$value")]
[INFO] [stderr]     |                      ^^^^^^^^ no value can reach this
[INFO] [stderr] 
[INFO] [stderr] warning: unreachable pattern
[INFO] [stderr]    --> src/desktop_menu.rs:164:22
[INFO] [stderr]     |
[INFO] [stderr] 155 |     #[serde(rename = "$value")]
[INFO] [stderr]     |                      -------- matches all the relevant values
[INFO] [stderr] ...
[INFO] [stderr] 164 |     #[serde(rename = "$value")]
[INFO] [stderr]     |                      ^^^^^^^^ no value can reach this
[INFO] [stderr] 
[INFO] [stderr] warning: unreachable pattern
[INFO] [stderr]    --> src/desktop_menu.rs:167:22
[INFO] [stderr]     |
[INFO] [stderr] 155 |     #[serde(rename = "$value")]
[INFO] [stderr]     |                      -------- matches all the relevant values
[INFO] [stderr] ...
[INFO] [stderr] 167 |     #[serde(rename = "$value")]
[INFO] [stderr]     |                      ^^^^^^^^ no value can reach this
[INFO] [stderr] 
[INFO] [stderr] warning: unreachable pattern
[INFO] [stderr]    --> src/desktop_menu.rs:170:22
[INFO] [stderr]     |
[INFO] [stderr] 155 |     #[serde(rename = "$value")]
[INFO] [stderr]     |                      -------- matches all the relevant values
[INFO] [stderr] ...
[INFO] [stderr] 170 |     #[serde(rename = "$value")]
[INFO] [stderr]     |                      ^^^^^^^^ no value can reach this
[INFO] [stderr] 
[INFO] [stderr] warning: unreachable pattern
[INFO] [stderr]    --> src/desktop_menu.rs:260:22
[INFO] [stderr]     |
[INFO] [stderr] 257 |     #[serde(rename = "$value")]
[INFO] [stderr]     |                      -------- matches all the relevant values
[INFO] [stderr] ...
[INFO] [stderr] 260 |     #[serde(rename = "$value")]
[INFO] [stderr]     |                      ^^^^^^^^ no value can reach this
[INFO] [stderr] 
[INFO] [stderr] warning: variable does not need to be mutable
[INFO] [stderr]    --> src/lib.rs:152:5
[INFO] [stderr]     |
[INFO] [stderr] 152 | let mut split = res.split(";");
[INFO] [stderr]     |     ----^^^^^
[INFO] [stderr]     |     |
[INFO] [stderr]     |     help: remove this `mut`
[INFO] [stderr]     |
[INFO] [stderr]     = note: `#[warn(unused_mut)]` on by default
[INFO] [stderr] 
[INFO] [stderr] warning: unused variable: `menu`
[INFO] [stderr]    --> src/lib.rs:208:13
[INFO] [stderr]     |
[INFO] [stderr] 208 |         let menu = DesktopMenu::read("/etc/xdg/menus/applications.menu");
[INFO] [stderr]     |             ^^^^ help: if this is intentional, prefix it with an underscore: `_menu`
[INFO] [stderr]     |
[INFO] [stderr]     = note: `#[warn(unused_variables)]` on by default
[INFO] [stderr] 
[INFO] [stderr] warning: constant `TEST_MENU_XML` is never used
[INFO] [stderr]    --> src/lib.rs:197:7
[INFO] [stderr]     |
[INFO] [stderr] 197 | const TEST_MENU_XML:&str = "<!DOCTYPE Menu PUBLIC \"-//freedesktop//DTD Menu 1.0//EN\"           \"http://www.freedesktop.org/standards/m...
[INFO] [stderr]     |       ^^^^^^^^^^^^^
[INFO] [stderr]     |
[INFO] [stderr]     = note: `#[warn(dead_code)]` on by default
[INFO] [stderr] 
[INFO] [stderr] warning: `xdgkit2` (lib) generated 6 warnings
[INFO] [stderr] warning: `xdgkit2` (lib test) generated 9 warnings (6 duplicates) (run `cargo fix --lib -p xdgkit2 --tests` to apply 1 suggestion)
[INFO] [stderr]     Finished `test` profile [unoptimized + debuginfo] target(s) in 0.05s
[INFO] [stderr]      Running unittests src/lib.rs (/opt/rustwide/target/debug/deps/xdgkit-193362f01c2ff05a)
[INFO] [stdout] 
[INFO] [stdout] running 6 tests
[INFO] [stdout] test tests::basedir_test ... ok
[INFO] [stdout] test tests::recent_test ... ok
[INFO] [stdout] test tests::desktop_entry_test_bad ... ok
[INFO] [stdout] test tests::menu_test ... ok
[INFO] [stdout] test tests::desktop_entry_test_good ... FAILED
[INFO] [stdout] test tests::utils_converter ... FAILED
[INFO] [stdout] 
[INFO] [stdout] failures:
[INFO] [stdout] 
[INFO] [stdout] ---- tests::desktop_entry_test_good stdout ----
[INFO] [stdout] 
[INFO] [stdout] thread 'tests::desktop_entry_test_good' panicked at src/lib.rs:155:1:
[INFO] [stdout] assertion `left == right` failed
[INFO] [stdout]   left: ["Utility"]
[INFO] [stdout]  right: ["Utility", "Core", "System"]
[INFO] [stdout] stack backtrace:
[INFO] [stdout]    0:     0x643499e2196a - std::backtrace_rs::backtrace::libunwind::trace::hb059275cfc8d6126
[INFO] [stdout]                                at /rustc/6067b36314ab5eb2eb47cecc464545ba58e1ad24/library/std/src/../../backtrace/src/backtrace/libunwind.rs:116:5
[INFO] [stdout]    1:     0x643499e2196a - std::backtrace_rs::backtrace::trace_unsynchronized::h2da071e4327ce3ee
[INFO] [stdout]                                at /rustc/6067b36314ab5eb2eb47cecc464545ba58e1ad24/library/std/src/../../backtrace/src/backtrace/mod.rs:66:5
[INFO] [stdout]    2:     0x643499e2196a - std::sys::backtrace::_print_fmt::h842a1474e6f8d23f
[INFO] [stdout]                                at /rustc/6067b36314ab5eb2eb47cecc464545ba58e1ad24/library/std/src/sys/backtrace.rs:66:9
[INFO] [stdout]    3:     0x643499e2196a - <std::sys::backtrace::BacktraceLock::print::DisplayBacktrace as core::fmt::Display>::fmt::h71a62eb3b9696b12
[INFO] [stdout]                                at /rustc/6067b36314ab5eb2eb47cecc464545ba58e1ad24/library/std/src/sys/backtrace.rs:39:26
[INFO] [stdout]    4:     0x643499e497c3 - core::fmt::rt::Argument::fmt::hdb6b616786b41dc1
[INFO] [stdout]                                at /rustc/6067b36314ab5eb2eb47cecc464545ba58e1ad24/library/core/src/fmt/rt.rs:177:76
[INFO] [stdout]    5:     0x643499e497c3 - core::fmt::write::h2cc1698af7e2d686
[INFO] [stdout]                                at /rustc/6067b36314ab5eb2eb47cecc464545ba58e1ad24/library/core/src/fmt/mod.rs:1440:21
[INFO] [stdout]    6:     0x643499e1e4c3 - std::io::Write::write_fmt::hab1b4cd059a79022
[INFO] [stdout]                                at /rustc/6067b36314ab5eb2eb47cecc464545ba58e1ad24/library/std/src/io/mod.rs:1887:15
[INFO] [stdout]    7:     0x643499e217b2 - std::sys::backtrace::BacktraceLock::print::h147fe35b4ea13b08
[INFO] [stdout]                                at /rustc/6067b36314ab5eb2eb47cecc464545ba58e1ad24/library/std/src/sys/backtrace.rs:42:9
[INFO] [stdout]    8:     0x643499e22d8f - std::panicking::default_hook::{{closure}}::hbd44223dbdc0d208
[INFO] [stdout]                                at /rustc/6067b36314ab5eb2eb47cecc464545ba58e1ad24/library/std/src/panicking.rs:298:22
[INFO] [stdout]    9:     0x643499e22ba8 - std::panicking::default_hook::h20f81eb0576efcec
[INFO] [stdout]                                at /rustc/6067b36314ab5eb2eb47cecc464545ba58e1ad24/library/std/src/panicking.rs:322:9
[INFO] [stdout]   10:     0x643499daa193 - <alloc::boxed::Box<F,A> as core::ops::function::Fn<Args>>::call::hdb53814c496a4d34
[INFO] [stdout]                                at /rustc/6067b36314ab5eb2eb47cecc464545ba58e1ad24/library/alloc/src/boxed.rs:2027:9
[INFO] [stdout]   11:     0x643499daa193 - test::test_main::{{closure}}::hc0a4963c59427c24
[INFO] [stdout]                                at /rustc/6067b36314ab5eb2eb47cecc464545ba58e1ad24/library/test/src/lib.rs:134:21
[INFO] [stdout]   12:     0x643499e23883 - <alloc::boxed::Box<F,A> as core::ops::function::Fn<Args>>::call::h591b2225413a77e9
[INFO] [stdout]                                at /rustc/6067b36314ab5eb2eb47cecc464545ba58e1ad24/library/alloc/src/boxed.rs:2027:9
[INFO] [stdout]   13:     0x643499e23883 - std::panicking::rust_panic_with_hook::h625eea43051b2edc
[INFO] [stdout]                                at /rustc/6067b36314ab5eb2eb47cecc464545ba58e1ad24/library/std/src/panicking.rs:839:13
[INFO] [stdout]   14:     0x643499e2353a - std::panicking::begin_panic_handler::{{closure}}::h4f9159cfbc3f6bd3
[INFO] [stdout]                                at /rustc/6067b36314ab5eb2eb47cecc464545ba58e1ad24/library/std/src/panicking.rs:704:13
[INFO] [stdout]   15:     0x643499e21e69 - std::sys::backtrace::__rust_end_short_backtrace::h0390abce48353151
[INFO] [stdout]                                at /rustc/6067b36314ab5eb2eb47cecc464545ba58e1ad24/library/std/src/sys/backtrace.rs:168:18
[INFO] [stdout]   16:     0x643499e231cd - rust_begin_unwind
[INFO] [stdout]                                at /rustc/6067b36314ab5eb2eb47cecc464545ba58e1ad24/library/std/src/panicking.rs:695:5
[INFO] [stdout]   17:     0x643499e481a0 - core::panicking::panic_fmt::h9e7c637e9e5f29c9
[INFO] [stdout]                                at /rustc/6067b36314ab5eb2eb47cecc464545ba58e1ad24/library/core/src/panicking.rs:75:14
[INFO] [stdout]   18:     0x643499e48592 - core::panicking::assert_failed_inner::h538bec7c1374cd9c
[INFO] [stdout]   19:     0x643499d5a160 - core::panicking::assert_failed::hc069e92614eaa913
[INFO] [stdout]                                at /rustc/6067b36314ab5eb2eb47cecc464545ba58e1ad24/library/core/src/panicking.rs:364:5
[INFO] [stdout]   20:     0x643499d6657c - xdgkit::tests::desktop_entry_test_good::hc0dfdf68ab2906d3
[INFO] [stdout]                                at /opt/rustwide/workdir/src/lib.rs:155:1
[INFO] [stdout]   21:     0x643499d661f7 - xdgkit::tests::desktop_entry_test_good::{{closure}}::h78a3f8d550ca8bfb
[INFO] [stdout]                                at /opt/rustwide/workdir/src/lib.rs:147:33
[INFO] [stdout]   22:     0x643499d60776 - core::ops::function::FnOnce::call_once::hb3a4b7aea320cd68
[INFO] [stdout]                                at /rustc/6067b36314ab5eb2eb47cecc464545ba58e1ad24/library/core/src/ops/function.rs:250:5
[INFO] [stdout]   23:     0x643499daf8eb - core::ops::function::FnOnce::call_once::he27718dfdd183f43
[INFO] [stdout]                                at /rustc/6067b36314ab5eb2eb47cecc464545ba58e1ad24/library/core/src/ops/function.rs:250:5
[INFO] [stdout]   24:     0x643499daf8eb - test::__rust_begin_short_backtrace::h4e84902998457a5d
[INFO] [stdout]                                at /rustc/6067b36314ab5eb2eb47cecc464545ba58e1ad24/library/test/src/lib.rs:632:18
[INFO] [stdout]   25:     0x643499dae823 - test::run_test_in_process::{{closure}}::h7176fd18fc1feca0
[INFO] [stdout]                                at /rustc/6067b36314ab5eb2eb47cecc464545ba58e1ad24/library/test/src/lib.rs:655:60
[INFO] [stdout]   26:     0x643499dae823 - <core::panic::unwind_safe::AssertUnwindSafe<F> as core::ops::function::FnOnce<()>>::call_once::hf79cff2a624d8cf7
[INFO] [stdout]                                at /rustc/6067b36314ab5eb2eb47cecc464545ba58e1ad24/library/core/src/panic/unwind_safe.rs:272:9
[INFO] [stdout]   27:     0x643499dae823 - std::panicking::try::do_call::h3da0561d9ab99c25
[INFO] [stdout]                                at /rustc/6067b36314ab5eb2eb47cecc464545ba58e1ad24/library/std/src/panicking.rs:587:40
[INFO] [stdout]   28:     0x643499dae823 - std::panicking::try::h41c9fa508bc61df6
[INFO] [stdout]                                at /rustc/6067b36314ab5eb2eb47cecc464545ba58e1ad24/library/std/src/panicking.rs:550:19
[INFO] [stdout]   29:     0x643499dae823 - std::panic::catch_unwind::h6b3ff07bb5afad93
[INFO] [stdout]                                at /rustc/6067b36314ab5eb2eb47cecc464545ba58e1ad24/library/std/src/panic.rs:358:14
[INFO] [stdout]   30:     0x643499dae823 - test::run_test_in_process::hc7253dd11b39b9f4
[INFO] [stdout]                                at /rustc/6067b36314ab5eb2eb47cecc464545ba58e1ad24/library/test/src/lib.rs:655:27
[INFO] [stdout]   31:     0x643499dae823 - test::run_test::{{closure}}::hfb2007f8649c30bb
[INFO] [stdout]                                at /rustc/6067b36314ab5eb2eb47cecc464545ba58e1ad24/library/test/src/lib.rs:576:43
[INFO] [stdout]   32:     0x643499d71905 - test::run_test::{{closure}}::h56a17aa7a282a9f4
[INFO] [stdout]                                at /rustc/6067b36314ab5eb2eb47cecc464545ba58e1ad24/library/test/src/lib.rs:606:41
[INFO] [stdout]   33:     0x643499d71905 - std::sys::backtrace::__rust_begin_short_backtrace::hd2d2d2fb8e8c6aac
[INFO] [stdout]                                at /rustc/6067b36314ab5eb2eb47cecc464545ba58e1ad24/library/std/src/sys/backtrace.rs:152:18
[INFO] [stdout]   34:     0x643499d751ea - std::thread::Builder::spawn_unchecked_::{{closure}}::{{closure}}::h4faa3f9db6133423
[INFO] [stdout]                                at /rustc/6067b36314ab5eb2eb47cecc464545ba58e1ad24/library/std/src/thread/mod.rs:559:17
[INFO] [stdout]   35:     0x643499d751ea - <core::panic::unwind_safe::AssertUnwindSafe<F> as core::ops::function::FnOnce<()>>::call_once::hf2e855a36a4ea846
[INFO] [stdout]                                at /rustc/6067b36314ab5eb2eb47cecc464545ba58e1ad24/library/core/src/panic/unwind_safe.rs:272:9
[INFO] [stdout]   36:     0x643499d751ea - std::panicking::try::do_call::h2f73af3616c35465
[INFO] [stdout]                                at /rustc/6067b36314ab5eb2eb47cecc464545ba58e1ad24/library/std/src/panicking.rs:587:40
[INFO] [stdout]   37:     0x643499d751ea - std::panicking::try::hd1660ce9efadef5a
[INFO] [stdout]                                at /rustc/6067b36314ab5eb2eb47cecc464545ba58e1ad24/library/std/src/panicking.rs:550:19
[INFO] [stdout]   38:     0x643499d751ea - std::panic::catch_unwind::h5ee8d7823b8ca744
[INFO] [stdout]                                at /rustc/6067b36314ab5eb2eb47cecc464545ba58e1ad24/library/std/src/panic.rs:358:14
[INFO] [stdout]   39:     0x643499d751ea - std::thread::Builder::spawn_unchecked_::{{closure}}::h53c3a1894dce8407
[INFO] [stdout]                                at /rustc/6067b36314ab5eb2eb47cecc464545ba58e1ad24/library/std/src/thread/mod.rs:557:30
[INFO] [stdout]   40:     0x643499d751ea - core::ops::function::FnOnce::call_once{{vtable.shim}}::h048ce291ad4f62bf
[INFO] [stdout]                                at /rustc/6067b36314ab5eb2eb47cecc464545ba58e1ad24/library/core/src/ops/function.rs:250:5
[INFO] [stdout]   41:     0x643499e277bb - <alloc::boxed::Box<F,A> as core::ops::function::FnOnce<Args>>::call_once::ha52bedf99a3b4981
[INFO] [stdout]                                at /rustc/6067b36314ab5eb2eb47cecc464545ba58e1ad24/library/alloc/src/boxed.rs:2013:9
[INFO] [stdout]   42:     0x643499e277bb - <alloc::boxed::Box<F,A> as core::ops::function::FnOnce<Args>>::call_once::h567748934d80ccf8
[INFO] [stdout]                                at /rustc/6067b36314ab5eb2eb47cecc464545ba58e1ad24/library/alloc/src/boxed.rs:2013:9
[INFO] [stdout]   43:     0x643499e277bb - std::sys::pal::unix::thread::Thread::new::thread_start::h2d970728ae887adc
[INFO] [stdout]                                at /rustc/6067b36314ab5eb2eb47cecc464545ba58e1ad24/library/std/src/sys/pal/unix/thread.rs:106:17
[INFO] [stdout]   44:     0x70a9bfaaeac3 - <unknown>
[INFO] [stdout]   45:     0x70a9bfb3fa04 - clone
[INFO] [stdout]   46:                0x0 - <unknown>
[INFO] [stdout] 
[INFO] [stdout] ---- tests::utils_converter stdout ----
[INFO] [stdout] 
[INFO] [stdout] thread 'tests::utils_converter' panicked at src/lib.rs:176:13:
[INFO] [stdout] assertion `left != right` failed
[INFO] [stdout]   left: None
[INFO] [stdout]  right: None
[INFO] [stdout] stack backtrace:
[INFO] [stdout]    0:     0x643499e2196a - std::backtrace_rs::backtrace::libunwind::trace::hb059275cfc8d6126
[INFO] [stdout]                                at /rustc/6067b36314ab5eb2eb47cecc464545ba58e1ad24/library/std/src/../../backtrace/src/backtrace/libunwind.rs:116:5
[INFO] [stdout]    1:     0x643499e2196a - std::backtrace_rs::backtrace::trace_unsynchronized::h2da071e4327ce3ee
[INFO] [stdout]                                at /rustc/6067b36314ab5eb2eb47cecc464545ba58e1ad24/library/std/src/../../backtrace/src/backtrace/mod.rs:66:5
[INFO] [stdout]    2:     0x643499e2196a - std::sys::backtrace::_print_fmt::h842a1474e6f8d23f
[INFO] [stdout]                                at /rustc/6067b36314ab5eb2eb47cecc464545ba58e1ad24/library/std/src/sys/backtrace.rs:66:9
[INFO] [stdout]    3:     0x643499e2196a - <std::sys::backtrace::BacktraceLock::print::DisplayBacktrace as core::fmt::Display>::fmt::h71a62eb3b9696b12
[INFO] [stdout]                                at /rustc/6067b36314ab5eb2eb47cecc464545ba58e1ad24/library/std/src/sys/backtrace.rs:39:26
[INFO] [stdout]    4:     0x643499e497c3 - core::fmt::rt::Argument::fmt::hdb6b616786b41dc1
[INFO] [stdout]                                at /rustc/6067b36314ab5eb2eb47cecc464545ba58e1ad24/library/core/src/fmt/rt.rs:177:76
[INFO] [stdout]    5:     0x643499e497c3 - core::fmt::write::h2cc1698af7e2d686
[INFO] [stdout]                                at /rustc/6067b36314ab5eb2eb47cecc464545ba58e1ad24/library/core/src/fmt/mod.rs:1440:21
[INFO] [stdout]    6:     0x643499e1e4c3 - std::io::Write::write_fmt::hab1b4cd059a79022
[INFO] [stdout]                                at /rustc/6067b36314ab5eb2eb47cecc464545ba58e1ad24/library/std/src/io/mod.rs:1887:15
[INFO] [stdout]    7:     0x643499e217b2 - std::sys::backtrace::BacktraceLock::print::h147fe35b4ea13b08
[INFO] [stdout]                                at /rustc/6067b36314ab5eb2eb47cecc464545ba58e1ad24/library/std/src/sys/backtrace.rs:42:9
[INFO] [stdout]    8:     0x643499e22d8f - std::panicking::default_hook::{{closure}}::hbd44223dbdc0d208
[INFO] [stdout]                                at /rustc/6067b36314ab5eb2eb47cecc464545ba58e1ad24/library/std/src/panicking.rs:298:22
[INFO] [stdout]    9:     0x643499e22ba8 - std::panicking::default_hook::h20f81eb0576efcec
[INFO] [stdout]                                at /rustc/6067b36314ab5eb2eb47cecc464545ba58e1ad24/library/std/src/panicking.rs:322:9
[INFO] [stdout]   10:     0x643499daa193 - <alloc::boxed::Box<F,A> as core::ops::function::Fn<Args>>::call::hdb53814c496a4d34
[INFO] [stdout]                                at /rustc/6067b36314ab5eb2eb47cecc464545ba58e1ad24/library/alloc/src/boxed.rs:2027:9
[INFO] [stdout]   11:     0x643499daa193 - test::test_main::{{closure}}::hc0a4963c59427c24
[INFO] [stdout]                                at /rustc/6067b36314ab5eb2eb47cecc464545ba58e1ad24/library/test/src/lib.rs:134:21
[INFO] [stdout]   12:     0x643499e23883 - <alloc::boxed::Box<F,A> as core::ops::function::Fn<Args>>::call::h591b2225413a77e9
[INFO] [stdout]                                at /rustc/6067b36314ab5eb2eb47cecc464545ba58e1ad24/library/alloc/src/boxed.rs:2027:9
[INFO] [stdout]   13:     0x643499e23883 - std::panicking::rust_panic_with_hook::h625eea43051b2edc
[INFO] [stdout]                                at /rustc/6067b36314ab5eb2eb47cecc464545ba58e1ad24/library/std/src/panicking.rs:839:13
[INFO] [stdout]   14:     0x643499e2353a - std::panicking::begin_panic_handler::{{closure}}::h4f9159cfbc3f6bd3
[INFO] [stdout]                                at /rustc/6067b36314ab5eb2eb47cecc464545ba58e1ad24/library/std/src/panicking.rs:704:13
[INFO] [stdout]   15:     0x643499e21e69 - std::sys::backtrace::__rust_end_short_backtrace::h0390abce48353151
[INFO] [stdout]                                at /rustc/6067b36314ab5eb2eb47cecc464545ba58e1ad24/library/std/src/sys/backtrace.rs:168:18
[INFO] [stdout]   16:     0x643499e231cd - rust_begin_unwind
[INFO] [stdout]                                at /rustc/6067b36314ab5eb2eb47cecc464545ba58e1ad24/library/std/src/panicking.rs:695:5
[INFO] [stdout]   17:     0x643499e481a0 - core::panicking::panic_fmt::h9e7c637e9e5f29c9
[INFO] [stdout]                                at /rustc/6067b36314ab5eb2eb47cecc464545ba58e1ad24/library/core/src/panicking.rs:75:14
[INFO] [stdout]   18:     0x643499e48592 - core::panicking::assert_failed_inner::h538bec7c1374cd9c
[INFO] [stdout]   19:     0x643499d5a19e - core::panicking::assert_failed::hf96c757f27611ddb
[INFO] [stdout]                                at /rustc/6067b36314ab5eb2eb47cecc464545ba58e1ad24/library/core/src/panicking.rs:364:5
[INFO] [stdout]   20:     0x643499d668aa - xdgkit::tests::utils_converter::h2e139fc84d4b8814
[INFO] [stdout]                                at /opt/rustwide/workdir/src/lib.rs:176:13
[INFO] [stdout]   21:     0x643499d66647 - xdgkit::tests::utils_converter::{{closure}}::h71db58b9dc890461
[INFO] [stdout]                                at /opt/rustwide/workdir/src/lib.rs:169:25
[INFO] [stdout]   22:     0x643499d60976 - core::ops::function::FnOnce::call_once::hd367fc9fac81c35f
[INFO] [stdout]                                at /rustc/6067b36314ab5eb2eb47cecc464545ba58e1ad24/library/core/src/ops/function.rs:250:5
[INFO] [stdout]   23:     0x643499daf8eb - core::ops::function::FnOnce::call_once::he27718dfdd183f43
[INFO] [stdout]                                at /rustc/6067b36314ab5eb2eb47cecc464545ba58e1ad24/library/core/src/ops/function.rs:250:5
[INFO] [stdout]   24:     0x643499daf8eb - test::__rust_begin_short_backtrace::h4e84902998457a5d
[INFO] [stdout]                                at /rustc/6067b36314ab5eb2eb47cecc464545ba58e1ad24/library/test/src/lib.rs:632:18
[INFO] [stdout]   25:     0x643499dae823 - test::run_test_in_process::{{closure}}::h7176fd18fc1feca0
[INFO] [stdout]                                at /rustc/6067b36314ab5eb2eb47cecc464545ba58e1ad24/library/test/src/lib.rs:655:60
[INFO] [stdout]   26:     0x643499dae823 - <core::panic::unwind_safe::AssertUnwindSafe<F> as core::ops::function::FnOnce<()>>::call_once::hf79cff2a624d8cf7
[INFO] [stdout]                                at /rustc/6067b36314ab5eb2eb47cecc464545ba58e1ad24/library/core/src/panic/unwind_safe.rs:272:9
[INFO] [stdout]   27:     0x643499dae823 - std::panicking::try::do_call::h3da0561d9ab99c25
[INFO] [stdout]                                at /rustc/6067b36314ab5eb2eb47cecc464545ba58e1ad24/library/std/src/panicking.rs:587:40
[INFO] [stdout]   28:     0x643499dae823 - std::panicking::try::h41c9fa508bc61df6
[INFO] [stdout]                                at /rustc/6067b36314ab5eb2eb47cecc464545ba58e1ad24/library/std/src/panicking.rs:550:19
[INFO] [stdout]   29:     0x643499dae823 - std::panic::catch_unwind::h6b3ff07bb5afad93
[INFO] [stdout]                                at /rustc/6067b36314ab5eb2eb47cecc464545ba58e1ad24/library/std/src/panic.rs:358:14
[INFO] [stdout]   30:     0x643499dae823 - test::run_test_in_process::hc7253dd11b39b9f4
[INFO] [stdout]                                at /rustc/6067b36314ab5eb2eb47cecc464545ba58e1ad24/library/test/src/lib.rs:655:27
[INFO] [stdout]   31:     0x643499dae823 - test::run_test::{{closure}}::hfb2007f8649c30bb
[INFO] [stdout]                                at /rustc/6067b36314ab5eb2eb47cecc464545ba58e1ad24/library/test/src/lib.rs:576:43
[INFO] [stdout]   32:     0x643499d71905 - test::run_test::{{closure}}::h56a17aa7a282a9f4
[INFO] [stdout]                                at /rustc/6067b36314ab5eb2eb47cecc464545ba58e1ad24/library/test/src/lib.rs:606:41
[INFO] [stdout]   33:     0x643499d71905 - std::sys::backtrace::__rust_begin_short_backtrace::hd2d2d2fb8e8c6aac
[INFO] [stdout]                                at /rustc/6067b36314ab5eb2eb47cecc464545ba58e1ad24/library/std/src/sys/backtrace.rs:152:18
[INFO] [stdout]   34:     0x643499d751ea - std::thread::Builder::spawn_unchecked_::{{closure}}::{{closure}}::h4faa3f9db6133423
[INFO] [stdout]                                at /rustc/6067b36314ab5eb2eb47cecc464545ba58e1ad24/library/std/src/thread/mod.rs:559:17
[INFO] [stdout]   35:     0x643499d751ea - <core::panic::unwind_safe::AssertUnwindSafe<F> as core::ops::function::FnOnce<()>>::call_once::hf2e855a36a4ea846
[INFO] [stdout]                                at /rustc/6067b36314ab5eb2eb47cecc464545ba58e1ad24/library/core/src/panic/unwind_safe.rs:272:9
[INFO] [stdout]   36:     0x643499d751ea - std::panicking::try::do_call::h2f73af3616c35465
[INFO] [stdout]                                at /rustc/6067b36314ab5eb2eb47cecc464545ba58e1ad24/library/std/src/panicking.rs:587:40
[INFO] [stdout]   37:     0x643499d751ea - std::panicking::try::hd1660ce9efadef5a
[INFO] [stdout]                                at /rustc/6067b36314ab5eb2eb47cecc464545ba58e1ad24/library/std/src/panicking.rs:550:19
[INFO] [stdout]   38:     0x643499d751ea - std::panic::catch_unwind::h5ee8d7823b8ca744
[INFO] [stdout]                                at /rustc/6067b36314ab5eb2eb47cecc464545ba58e1ad24/library/std/src/panic.rs:358:14
[INFO] [stdout]   39:     0x643499d751ea - std::thread::Builder::spawn_unchecked_::{{closure}}::h53c3a1894dce8407
[INFO] [stdout]                                at /rustc/6067b36314ab5eb2eb47cecc464545ba58e1ad24/library/std/src/thread/mod.rs:557:30
[INFO] [stdout]   40:     0x643499d751ea - core::ops::function::FnOnce::call_once{{vtable.shim}}::h048ce291ad4f62bf
[INFO] [stdout]                                at /rustc/6067b36314ab5eb2eb47cecc464545ba58e1ad24/library/core/src/ops/function.rs:250:5
[INFO] [stdout]   41:     0x643499e277bb - <alloc::boxed::Box<F,A> as core::ops::function::FnOnce<Args>>::call_once::ha52bedf99a3b4981
[INFO] [stdout]                                at /rustc/6067b36314ab5eb2eb47cecc464545ba58e1ad24/library/alloc/src/boxed.rs:2013:9
[INFO] [stdout]   42:     0x643499e277bb - <alloc::boxed::Box<F,A> as core::ops::function::FnOnce<Args>>::call_once::h567748934d80ccf8
[INFO] [stdout]                                at /rustc/6067b36314ab5eb2eb47cecc464545ba58e1ad24/library/alloc/src/boxed.rs:2013:9
[INFO] [stdout]   43:     0x643499e277bb - std::sys::pal::unix::thread::Thread::new::thread_start::h2d970728ae887adc
[INFO] [stdout]                                at /rustc/6067b36314ab5eb2eb47cecc464545ba58e1ad24/library/std/src/sys/pal/unix/thread.rs:106:17
[INFO] [stdout]   44:     0x70a9bfaaeac3 - <unknown>
[INFO] [stdout]   45:     0x70a9bfb3fa04 - clone
[INFO] [stdout]   46:                0x0 - <unknown>
[INFO] [stdout] 
[INFO] [stdout] 
[INFO] [stdout] failures:
[INFO] [stdout]     tests::desktop_entry_test_good
[INFO] [stdout]     tests::utils_converter
[INFO] [stdout] 
[INFO] [stdout] test result: FAILED. 4 passed; 2 failed; 0 ignored; 0 measured; 0 filtered out; finished in 0.02s
[INFO] [stdout] 
[INFO] [stderr] error: test failed, to rerun pass `--lib`
[INFO] running `Command { std: "docker" "inspect" "d614a1c0305718ec420359a3878f33150a91407ff54ac04072fd24ff20aa66d4", kill_on_drop: false }`
[INFO] running `Command { std: "docker" "rm" "-f" "d614a1c0305718ec420359a3878f33150a91407ff54ac04072fd24ff20aa66d4", kill_on_drop: false }`
[INFO] [stdout] d614a1c0305718ec420359a3878f33150a91407ff54ac04072fd24ff20aa66d4
