[INFO] fetching crate world_magnetic_model 0.1.1...
[INFO] testing world_magnetic_model-0.1.1 against nightly-2025-01-18+rustflags=-Zrandomize-layout for randomize-layout-2
[INFO] extracting crate world_magnetic_model 0.1.1 into /workspace/builds/worker-5-tc2/source
[INFO] validating manifest of crates.io crate world_magnetic_model 0.1.1 on toolchain nightly-2025-01-18
[INFO] running `Command { std: CARGO_HOME="/workspace/cargo-home" RUSTUP_HOME="/workspace/rustup-home" "/workspace/cargo-home/bin/cargo" "+nightly-2025-01-18" "metadata" "--manifest-path" "Cargo.toml" "--no-deps", kill_on_drop: false }`
[INFO] started tweaking crates.io crate world_magnetic_model 0.1.1
[INFO] finished tweaking crates.io crate world_magnetic_model 0.1.1
[INFO] tweaked toml for crates.io crate world_magnetic_model 0.1.1 written to /workspace/builds/worker-5-tc2/source/Cargo.toml
[INFO] crate crates.io crate world_magnetic_model 0.1.1 already has a lockfile, it will not be regenerated
[INFO] running `Command { std: CARGO_HOME="/workspace/cargo-home" RUSTUP_HOME="/workspace/rustup-home" "/workspace/cargo-home/bin/cargo" "+nightly-2025-01-18" "fetch" "--manifest-path" "Cargo.toml", kill_on_drop: false }`
[INFO] running `Command { std: "docker" "create" "-v" "/var/lib/crater-agent-workspace/builds/worker-5-tc2/target:/opt/rustwide/target:rw,Z" "-v" "/var/lib/crater-agent-workspace/builds/worker-5-tc2/source:/opt/rustwide/workdir:ro,Z" "-v" "/var/lib/crater-agent-workspace/cargo-home:/opt/rustwide/cargo-home:ro,Z" "-v" "/var/lib/crater-agent-workspace/rustup-home:/opt/rustwide/rustup-home:ro,Z" "-e" "SOURCE_DIR=/opt/rustwide/workdir" "-e" "CARGO_TARGET_DIR=/opt/rustwide/target" "-e" "CARGO_HOME=/opt/rustwide/cargo-home" "-e" "RUSTUP_HOME=/opt/rustwide/rustup-home" "-w" "/opt/rustwide/workdir" "-m" "1610612736" "--user" "0:0" "--network" "none" "ghcr.io/rust-lang/crates-build-env/linux@sha256:819108c5571ea2e421544af4d832f968d213c87fbe3707a016657f43d2f853bc" "/opt/rustwide/cargo-home/bin/cargo" "+nightly-2025-01-18" "metadata" "--no-deps" "--format-version=1", kill_on_drop: false }`
[INFO] [stdout] 4b6a23ae60c28b96075579fe70524eeb64dd30406c819644dc81f281d1225f6d
[INFO] running `Command { std: "docker" "start" "-a" "4b6a23ae60c28b96075579fe70524eeb64dd30406c819644dc81f281d1225f6d", kill_on_drop: false }`
[INFO] running `Command { std: "docker" "inspect" "4b6a23ae60c28b96075579fe70524eeb64dd30406c819644dc81f281d1225f6d", kill_on_drop: false }`
[INFO] running `Command { std: "docker" "rm" "-f" "4b6a23ae60c28b96075579fe70524eeb64dd30406c819644dc81f281d1225f6d", kill_on_drop: false }`
[INFO] [stdout] 4b6a23ae60c28b96075579fe70524eeb64dd30406c819644dc81f281d1225f6d
[INFO] running `Command { std: "docker" "create" "-v" "/var/lib/crater-agent-workspace/builds/worker-5-tc2/target:/opt/rustwide/target:rw,Z" "-v" "/var/lib/crater-agent-workspace/builds/worker-5-tc2/source:/opt/rustwide/workdir:ro,Z" "-v" "/var/lib/crater-agent-workspace/cargo-home:/opt/rustwide/cargo-home:ro,Z" "-v" "/var/lib/crater-agent-workspace/rustup-home:/opt/rustwide/rustup-home:ro,Z" "-e" "SOURCE_DIR=/opt/rustwide/workdir" "-e" "CARGO_TARGET_DIR=/opt/rustwide/target" "-e" "CARGO_INCREMENTAL=0" "-e" "RUST_BACKTRACE=full" "-e" "RUSTFLAGS=--cap-lints=forbid -Zrandomize-layout" "-e" "RUSTDOCFLAGS=--cap-lints=forbid" "-e" "CARGO_HOME=/opt/rustwide/cargo-home" "-e" "RUSTUP_HOME=/opt/rustwide/rustup-home" "-w" "/opt/rustwide/workdir" "-m" "1610612736" "--user" "0:0" "--network" "none" "ghcr.io/rust-lang/crates-build-env/linux@sha256:819108c5571ea2e421544af4d832f968d213c87fbe3707a016657f43d2f853bc" "/opt/rustwide/cargo-home/bin/cargo" "+nightly-2025-01-18" "build" "--frozen" "--message-format=json", kill_on_drop: false }`
[INFO] [stdout] be7f41e8711fe2521a89295172c274df611581d0701534399454638bd6372c8d
[INFO] running `Command { std: "docker" "start" "-a" "be7f41e8711fe2521a89295172c274df611581d0701534399454638bd6372c8d", kill_on_drop: false }`
[INFO] [stderr]    Compiling proc-macro2 v1.0.92
[INFO] [stderr]    Compiling typenum v1.17.0
[INFO] [stderr]    Compiling thiserror v2.0.10
[INFO] [stderr]    Compiling powerfmt v0.2.0
[INFO] [stderr]    Compiling libm v0.2.11
[INFO] [stderr]    Compiling time-core v0.1.2
[INFO] [stderr]    Compiling num-conv v0.1.0
[INFO] [stderr]    Compiling num-traits v0.2.19
[INFO] [stderr]    Compiling deranged v0.3.11
[INFO] [stderr]    Compiling quote v1.0.38
[INFO] [stderr]    Compiling time v0.3.37
[INFO] [stderr]    Compiling uom v0.36.0
[INFO] [stderr]    Compiling syn v2.0.94
[INFO] [stderr]    Compiling thiserror-impl v2.0.10
[INFO] [stderr]    Compiling world_magnetic_model v0.1.1 (/opt/rustwide/workdir)
[INFO] [stderr]     Finished `dev` profile [unoptimized + debuginfo] target(s) in 10.70s
[INFO] running `Command { std: "docker" "inspect" "be7f41e8711fe2521a89295172c274df611581d0701534399454638bd6372c8d", kill_on_drop: false }`
[INFO] running `Command { std: "docker" "rm" "-f" "be7f41e8711fe2521a89295172c274df611581d0701534399454638bd6372c8d", kill_on_drop: false }`
[INFO] [stdout] be7f41e8711fe2521a89295172c274df611581d0701534399454638bd6372c8d
[INFO] running `Command { std: "docker" "create" "-v" "/var/lib/crater-agent-workspace/builds/worker-5-tc2/target:/opt/rustwide/target:rw,Z" "-v" "/var/lib/crater-agent-workspace/builds/worker-5-tc2/source:/opt/rustwide/workdir:ro,Z" "-v" "/var/lib/crater-agent-workspace/cargo-home:/opt/rustwide/cargo-home:ro,Z" "-v" "/var/lib/crater-agent-workspace/rustup-home:/opt/rustwide/rustup-home:ro,Z" "-e" "SOURCE_DIR=/opt/rustwide/workdir" "-e" "CARGO_TARGET_DIR=/opt/rustwide/target" "-e" "CARGO_INCREMENTAL=0" "-e" "RUST_BACKTRACE=full" "-e" "RUSTFLAGS=--cap-lints=forbid -Zrandomize-layout" "-e" "RUSTDOCFLAGS=--cap-lints=forbid" "-e" "CARGO_HOME=/opt/rustwide/cargo-home" "-e" "RUSTUP_HOME=/opt/rustwide/rustup-home" "-w" "/opt/rustwide/workdir" "-m" "1610612736" "--user" "0:0" "--network" "none" "ghcr.io/rust-lang/crates-build-env/linux@sha256:819108c5571ea2e421544af4d832f968d213c87fbe3707a016657f43d2f853bc" "/opt/rustwide/cargo-home/bin/cargo" "+nightly-2025-01-18" "test" "--frozen" "--no-run" "--message-format=json", kill_on_drop: false }`
[INFO] [stdout] bb72c541cbbb0e388ed3392ce21e79cc9eecb1ce4c9b1307d423e6200e6a431c
[INFO] running `Command { std: "docker" "start" "-a" "bb72c541cbbb0e388ed3392ce21e79cc9eecb1ce4c9b1307d423e6200e6a431c", kill_on_drop: false }`
[INFO] [stderr]    Compiling semver v1.0.24
[INFO] [stderr]    Compiling crossbeam-utils v0.8.21
[INFO] [stderr]    Compiling serde v1.0.217
[INFO] [stderr]    Compiling hashbrown v0.15.2
[INFO] [stderr]    Compiling memchr v2.7.4
[INFO] [stderr]    Compiling equivalent v1.0.1
[INFO] [stderr]    Compiling rayon-core v1.12.1
[INFO] [stderr]    Compiling winnow v0.6.21
[INFO] [stderr]    Compiling serde_json v1.0.134
[INFO] [stderr]    Compiling either v1.13.0
[INFO] [stderr]    Compiling num-traits v0.2.19
[INFO] [stderr]    Compiling slab v0.4.9
[INFO] [stderr]    Compiling toml_datetime v0.6.8
[INFO] [stderr]    Compiling regex-syntax v0.8.5
[INFO] [stderr]    Compiling syn v2.0.94
[INFO] [stderr]    Compiling half v2.4.1
[INFO] [stderr]    Compiling plotters-backend v0.3.7
[INFO] [stderr]    Compiling anstyle v1.0.10
[INFO] [stderr]    Compiling clap_lex v0.7.4
[INFO] [stderr]    Compiling ciborium-io v0.2.2
[INFO] [stderr]    Compiling itertools v0.10.5
[INFO] [stderr]    Compiling plotters-svg v0.3.7
[INFO] [stderr]    Compiling ciborium-ll v0.2.2
[INFO] [stderr]    Compiling deranged v0.3.11
[INFO] [stderr]    Compiling num_threads v0.1.7
[INFO] [stderr]    Compiling futures-task v0.3.31
[INFO] [stderr]    Compiling rustc_version v0.4.1
[INFO] [stderr]    Compiling clap_builder v4.5.23
[INFO] [stderr]    Compiling relative-path v1.9.3
[INFO] [stderr]    Compiling cast v0.3.0
[INFO] [stderr]    Compiling futures-core v0.3.31
[INFO] [stderr]    Compiling indexmap v2.7.0
[INFO] [stderr]    Compiling aho-corasick v1.1.3
[INFO] [stderr]    Compiling pin-project-lite v0.2.15
[INFO] [stderr]    Compiling crossbeam-epoch v0.9.18
[INFO] [stderr]    Compiling glob v0.3.2
[INFO] [stderr]    Compiling rstest_macros v0.24.0
[INFO] [stderr]    Compiling pin-utils v0.1.0
[INFO] [stderr]    Compiling is-terminal v0.4.13
[INFO] [stderr]    Compiling futures-timer v3.0.3
[INFO] [stderr]    Compiling oorandom v11.1.4
[INFO] [stderr]    Compiling anes v0.1.6
[INFO] [stderr]    Compiling crossbeam-deque v0.8.6
[INFO] [stderr]    Compiling once_cell v1.20.2
[INFO] [stderr]    Compiling uom v0.36.0
[INFO] [stderr]    Compiling plotters v0.3.7
[INFO] [stderr]    Compiling assert_float_eq v1.1.4
[INFO] [stderr]    Compiling time v0.3.37
[INFO] [stderr]    Compiling regex-automata v0.4.9
[INFO] [stderr]    Compiling rayon v1.10.0
[INFO] [stderr]    Compiling criterion-plot v0.5.0
[INFO] [stderr]    Compiling toml_edit v0.22.22
[INFO] [stderr]    Compiling clap v4.5.23
[INFO] [stderr]    Compiling regex v1.11.1
[INFO] [stderr]    Compiling proc-macro-crate v3.2.0
[INFO] [stderr]    Compiling serde_derive v1.0.217
[INFO] [stderr]    Compiling thiserror-impl v2.0.10
[INFO] [stderr]    Compiling futures-macro v0.3.31
[INFO] [stderr]    Compiling futures-util v0.3.31
[INFO] [stderr]    Compiling thiserror v2.0.10
[INFO] [stderr]    Compiling rstest v0.24.0
[INFO] [stderr]    Compiling ciborium v0.2.2
[INFO] [stderr]    Compiling tinytemplate v1.2.1
[INFO] [stderr]    Compiling criterion v0.5.1
[INFO] [stderr]    Compiling world_magnetic_model v0.1.1 (/opt/rustwide/workdir)
[INFO] [stderr]     Finished `test` profile [unoptimized + debuginfo] target(s) in 16.51s
[INFO] running `Command { std: "docker" "inspect" "bb72c541cbbb0e388ed3392ce21e79cc9eecb1ce4c9b1307d423e6200e6a431c", kill_on_drop: false }`
[INFO] running `Command { std: "docker" "rm" "-f" "bb72c541cbbb0e388ed3392ce21e79cc9eecb1ce4c9b1307d423e6200e6a431c", kill_on_drop: false }`
[INFO] [stdout] bb72c541cbbb0e388ed3392ce21e79cc9eecb1ce4c9b1307d423e6200e6a431c
[INFO] running `Command { std: "docker" "create" "-v" "/var/lib/crater-agent-workspace/builds/worker-5-tc2/target:/opt/rustwide/target:rw,Z" "-v" "/var/lib/crater-agent-workspace/builds/worker-5-tc2/source:/opt/rustwide/workdir:ro,Z" "-v" "/var/lib/crater-agent-workspace/cargo-home:/opt/rustwide/cargo-home:ro,Z" "-v" "/var/lib/crater-agent-workspace/rustup-home:/opt/rustwide/rustup-home:ro,Z" "-e" "SOURCE_DIR=/opt/rustwide/workdir" "-e" "CARGO_TARGET_DIR=/opt/rustwide/target" "-e" "CARGO_INCREMENTAL=0" "-e" "RUST_BACKTRACE=full" "-e" "RUSTFLAGS=--cap-lints=forbid -Zrandomize-layout" "-e" "RUSTDOCFLAGS=--cap-lints=forbid" "-e" "CARGO_HOME=/opt/rustwide/cargo-home" "-e" "RUSTUP_HOME=/opt/rustwide/rustup-home" "-w" "/opt/rustwide/workdir" "-m" "1610612736" "--user" "0:0" "--network" "none" "ghcr.io/rust-lang/crates-build-env/linux@sha256:819108c5571ea2e421544af4d832f968d213c87fbe3707a016657f43d2f853bc" "/opt/rustwide/cargo-home/bin/cargo" "+nightly-2025-01-18" "test" "--frozen", kill_on_drop: false }`
[INFO] [stdout] bf408a003ad5791e57373632705cc2da9fac1031c3e66e38bad51b585d77cbe6
[INFO] running `Command { std: "docker" "start" "-a" "bf408a003ad5791e57373632705cc2da9fac1031c3e66e38bad51b585d77cbe6", kill_on_drop: false }`
[INFO] [stderr]     Finished `test` profile [unoptimized + debuginfo] target(s) in 0.07s
[INFO] [stderr]      Running unittests src/lib.rs (/opt/rustwide/target/debug/deps/world_magnetic_model-6c8c24737fba75cd)
[INFO] [stdout] 
[INFO] [stdout] running 111 tests
[INFO] [stdout] test error::tests::test_error ... ok
[INFO] [stdout] test error::tests::test_sync ... ok
[INFO] [stdout] test math::tests::test_index::case_01 ... ok
[INFO] [stdout] test error::tests::test_send ... ok
[INFO] [stdout] test math::tests::test_index::case_02 ... ok
[INFO] [stdout] test math::tests::test_index::case_03 ... ok
[INFO] [stdout] test math::tests::test_index::case_04 ... ok
[INFO] [stdout] test math::tests::test_index::case_05 ... ok
[INFO] [stdout] test math::tests::test_index::case_06 ... ok
[INFO] [stdout] test math::tests::test_index::case_07 ... ok
[INFO] [stdout] test math::tests::test_index::case_08 ... ok
[INFO] [stdout] test math::tests::test_index::case_09 ... ok
[INFO] [stdout] test math::tests::test_index::case_10 ... ok
[INFO] [stdout] test math::tests::test_index::case_11 ... ok
[INFO] [stdout] test tests::test_date_outside_validity_range::case_1 ... ok
[INFO] [stdout] test tests::test_date_outside_validity_range::case_3 ... ok
[INFO] [stdout] test tests::test_date_outside_validity_range::case_2 ... ok
[INFO] [stdout] test tests::test_date_outside_validity_range::case_4 ... ok
[INFO] [stdout] test tests::test_date_validity_range::case_1 ... ok
[INFO] [stdout] test tests::test_declination_uncertainty::case_01 ... ok
[INFO] [stdout] test tests::test_date_validity_range::case_2 ... ok
[INFO] [stdout] test tests::test_declination_uncertainty::case_02 ... ok
[INFO] [stdout] test tests::test_declination_uncertainty::case_06 ... ok
[INFO] [stdout] test tests::test_declination_uncertainty::case_05 ... ok
[INFO] [stdout] test tests::test_declination_uncertainty::case_03 ... ok
[INFO] [stdout] test tests::test_declination_uncertainty::case_13 ... ok
[INFO] [stdout] test tests::test_date_validity_range::case_4 ... ok
[INFO] [stdout] test tests::test_date_validity_range::case_3 ... ok
[INFO] [stdout] test tests::test_declination_uncertainty::case_09 ... ok
[INFO] [stdout] test tests::test_declination_uncertainty::case_04 ... ok
[INFO] [stdout] test tests::test_declination_uncertainty::case_11 ... ok
[INFO] [stdout] test tests::test_declination_uncertainty::case_08 ... ok
[INFO] [stdout] test tests::test_declination_warning::case_01 ... ok
[INFO] [stdout] test tests::test_declination_uncertainty::case_07 ... ok
[INFO] [stdout] test tests::test_declination_warning::case_02 ... ok
[INFO] [stdout] test tests::test_declination_warning::case_04 ... ok
[INFO] [stdout] test tests::test_declination_warning::case_05 ... ok
[INFO] [stdout] test tests::test_height_outside_of_validity_range::case_1 ... ok
[INFO] [stdout] test tests::test_declination_uncertainty::case_10 ... ok
[INFO] [stdout] test tests::test_declination_warning::case_03 ... ok
[INFO] [stdout] test tests::test_declination_warning::case_08 ... ok
[INFO] [stdout] test tests::test_declination_warning::case_06 ... ok
[INFO] [stdout] test tests::test_declination_warning::case_07 ... ok
[INFO] [stdout] test tests::test_declination_warning::case_09 ... ok
[INFO] [stdout] test tests::test_declination_warning::case_11 ... ok
[INFO] [stdout] test tests::test_declination_warning::case_10 ... ok
[INFO] [stdout] test tests::test_height_outside_of_validity_range::case_6 ... ok
[INFO] [stdout] test tests::test_declination_warning::case_12 ... ok
[INFO] [stdout] test tests::test_invalid_latitude::case_1 ... ok
[INFO] [stdout] test tests::test_height_outside_of_validity_range::case_2 ... ok
[INFO] [stdout] test tests::test_invalid_latitude::case_2 ... ok
[INFO] [stdout] test tests::test_declination_uncertainty::case_12 ... ok
[INFO] [stdout] test tests::test_height_outside_of_validity_range::case_3 ... ok
[INFO] [stdout] test tests::test_height_outside_of_validity_range::case_5 ... ok
[INFO] [stdout] test tests::test_height_outside_of_validity_range::case_4 ... ok
[INFO] [stdout] test tests::test_invalid_latitude::case_3 ... ok
[INFO] [stdout] test tests::test_invalid_latitude::case_4 ... ok
[INFO] [stdout] test tests::test_invalid_longitude::case_1 ... ok
[INFO] [stdout] test tests::test_invalid_latitude::case_5 ... ok
[INFO] [stdout] test tests::test_invalid_latitude::case_6 ... ok
[INFO] [stdout] test tests::test_invalid_longitude::case_2 ... ok
[INFO] [stdout] test tests::test_invalid_longitude::case_3 ... ok
[INFO] [stdout] test tests::test_invalid_longitude::case_5 ... ok
[INFO] [stdout] test tests::test_invalid_longitude::case_4 ... ok
[INFO] [stdout] test tests::test_invalid_longitude::case_6 ... ok
[INFO] [stdout] test tests::test_send ... ok
[INFO] [stdout] test tests::test_sync ... ok
[INFO] [stdout] test tests::test_year_decimal_conversions::case_1 ... ok
[INFO] [stdout] test tests::test_year_decimal_conversions::case_4 ... ok
[INFO] [stdout] test tests::test_year_decimal_conversions::case_2 ... ok
[INFO] [stdout] test tests::test_year_decimal_conversions::case_5 ... ok
[INFO] [stdout] test tests::test_year_decimal_conversions::case_6 ... ok
[INFO] [stdout] test tests::test_uncertainty::case_2 ... ok
[INFO] [stdout] test tests::test_year_decimal_conversions::case_7 ... ok
[INFO] [stdout] test tests::test_year_decimal_conversions::case_3 ... ok
[INFO] [stdout] test tests::test_uncertainty::case_1 ... ok
[INFO] [stdout] test tests::test_validity_range::case_1 ... ok
[INFO] [stdout] test wmm_models::tests::test_date_to_model_version::case_02 ... ok
[INFO] [stdout] test tests::test_validity_range::case_2 ... ok
[INFO] [stdout] test wmm_models::tests::test_date_to_model_version::case_03 ... ok
[INFO] [stdout] test tests::test_year_decimal_conversions::case_8 ... ok
[INFO] [stdout] test wmm_models::tests::test_date_to_model_version::case_04 ... ok
[INFO] [stdout] test wmm_models::tests::test_date_to_model_version::case_06 ... ok
[INFO] [stdout] test wmm_models::tests::test_date_to_model_version::case_05 ... ok
[INFO] [stdout] test wmm_models::tests::test_date_to_model_version::case_01 ... ok
[INFO] [stdout] test wmm_models::tests::test_date_to_model_version::case_10 ... ok
[INFO] [stdout] test wmm_models::tests::test_date_to_model_version::case_08 ... ok
[INFO] [stdout] test wmm_models::tests::test_date_to_model_version::case_12 ... ok
[INFO] [stdout] test wmm_models::tests::test_date_to_model_version::case_13 ... ok
[INFO] [stdout] test wmm_models::tests::test_date_to_model_version::case_14 ... ok
[INFO] [stdout] test wmm_models::tests::test_date_to_model_version::case_07 ... ok
[INFO] [stdout] test wmm_models::tests::test_date_to_model_version::case_09 ... ok
[INFO] [stdout] test wmm_models::tests::test_date_to_model_version::case_15 ... ok
[INFO] [stdout] test wmm_models::tests::test_date_to_model_version::case_16 ... ok
[INFO] [stdout] test wmm_models::tests::test_date_to_model_version::case_11 ... ok
[INFO] [stdout] test wmm_models::tests::test_select_models::case_01 ... ok
[INFO] [stdout] test wmm_models::tests::test_select_models::case_03 ... ok
[INFO] [stdout] test wmm_models::tests::test_select_models::case_06 ... ok
[INFO] [stdout] test wmm_models::tests::test_select_models::case_04 ... ok
[INFO] [stdout] test wmm_models::tests::test_select_models::case_07 ... ok
[INFO] [stdout] test wmm_models::tests::test_select_models::case_08 ... ok
[INFO] [stdout] test wmm_models::tests::test_select_models::case_09 ... ok
[INFO] [stdout] test wmm_models::tests::test_select_models::case_10 ... ok
[INFO] [stdout] test wmm_models::tests::test_select_models::case_11 ... ok
[INFO] [stdout] test wmm_models::tests::test_select_models::case_12 ... ok
[INFO] [stdout] test wmm_models::tests::test_select_models::case_13 ... ok
[INFO] [stdout] test wmm_models::tests::test_select_models::case_14 ... ok
[INFO] [stdout] test wmm_models::tests::test_select_models::case_02 ... ok
[INFO] [stdout] test wmm_models::tests::test_select_models::case_05 ... ok
[INFO] [stdout] test tests::wmm_tests::case_1 ... FAILED
[INFO] [stdout] test tests::wmm_tests::case_2 ... FAILED
[INFO] [stdout] 
[INFO] [stdout] failures:
[INFO] [stdout] 
[INFO] [stdout] ---- tests::wmm_tests::case_1 stdout ----
[INFO] [stdout] 
[INFO] [stdout] thread 'tests::wmm_tests::case_1' panicked at src/lib.rs:524:46:
[INFO] [stdout] Test values file not found!: Os { code: 2, kind: NotFound, message: "No such file or directory" }
[INFO] [stdout] stack backtrace:
[INFO] [stdout]    0:     0x58ec70767afa - std::backtrace_rs::backtrace::libunwind::trace::hb059275cfc8d6126
[INFO] [stdout]                                at /rustc/6067b36314ab5eb2eb47cecc464545ba58e1ad24/library/std/src/../../backtrace/src/backtrace/libunwind.rs:116:5
[INFO] [stdout]    1:     0x58ec70767afa - std::backtrace_rs::backtrace::trace_unsynchronized::h2da071e4327ce3ee
[INFO] [stdout]                                at /rustc/6067b36314ab5eb2eb47cecc464545ba58e1ad24/library/std/src/../../backtrace/src/backtrace/mod.rs:66:5
[INFO] [stdout]    2:     0x58ec70767afa - std::sys::backtrace::_print_fmt::h842a1474e6f8d23f
[INFO] [stdout]                                at /rustc/6067b36314ab5eb2eb47cecc464545ba58e1ad24/library/std/src/sys/backtrace.rs:66:9
[INFO] [stdout]    3:     0x58ec70767afa - <std::sys::backtrace::BacktraceLock::print::DisplayBacktrace as core::fmt::Display>::fmt::h71a62eb3b9696b12
[INFO] [stdout]                                at /rustc/6067b36314ab5eb2eb47cecc464545ba58e1ad24/library/std/src/sys/backtrace.rs:39:26
[INFO] [stdout]    4:     0x58ec70790ad3 - core::fmt::rt::Argument::fmt::hdb6b616786b41dc1
[INFO] [stdout]                                at /rustc/6067b36314ab5eb2eb47cecc464545ba58e1ad24/library/core/src/fmt/rt.rs:177:76
[INFO] [stdout]    5:     0x58ec70790ad3 - core::fmt::write::h2cc1698af7e2d686
[INFO] [stdout]                                at /rustc/6067b36314ab5eb2eb47cecc464545ba58e1ad24/library/core/src/fmt/mod.rs:1440:21
[INFO] [stdout]    6:     0x58ec70764653 - std::io::Write::write_fmt::hab1b4cd059a79022
[INFO] [stdout]                                at /rustc/6067b36314ab5eb2eb47cecc464545ba58e1ad24/library/std/src/io/mod.rs:1887:15
[INFO] [stdout]    7:     0x58ec70767942 - std::sys::backtrace::BacktraceLock::print::h147fe35b4ea13b08
[INFO] [stdout]                                at /rustc/6067b36314ab5eb2eb47cecc464545ba58e1ad24/library/std/src/sys/backtrace.rs:42:9
[INFO] [stdout]    8:     0x58ec70768f1f - std::panicking::default_hook::{{closure}}::hbd44223dbdc0d208
[INFO] [stdout]                                at /rustc/6067b36314ab5eb2eb47cecc464545ba58e1ad24/library/std/src/panicking.rs:298:22
[INFO] [stdout]    9:     0x58ec70768d38 - std::panicking::default_hook::h20f81eb0576efcec
[INFO] [stdout]                                at /rustc/6067b36314ab5eb2eb47cecc464545ba58e1ad24/library/std/src/panicking.rs:322:9
[INFO] [stdout]   10:     0x58ec707209d3 - <alloc::boxed::Box<F,A> as core::ops::function::Fn<Args>>::call::hdb53814c496a4d34
[INFO] [stdout]                                at /rustc/6067b36314ab5eb2eb47cecc464545ba58e1ad24/library/alloc/src/boxed.rs:2027:9
[INFO] [stdout]   11:     0x58ec707209d3 - test::test_main::{{closure}}::hc0a4963c59427c24
[INFO] [stdout]                                at /rustc/6067b36314ab5eb2eb47cecc464545ba58e1ad24/library/test/src/lib.rs:134:21
[INFO] [stdout]   12:     0x58ec70769a13 - <alloc::boxed::Box<F,A> as core::ops::function::Fn<Args>>::call::h591b2225413a77e9
[INFO] [stdout]                                at /rustc/6067b36314ab5eb2eb47cecc464545ba58e1ad24/library/alloc/src/boxed.rs:2027:9
[INFO] [stdout]   13:     0x58ec70769a13 - std::panicking::rust_panic_with_hook::h625eea43051b2edc
[INFO] [stdout]                                at /rustc/6067b36314ab5eb2eb47cecc464545ba58e1ad24/library/std/src/panicking.rs:839:13
[INFO] [stdout]   14:     0x58ec707696ca - std::panicking::begin_panic_handler::{{closure}}::h4f9159cfbc3f6bd3
[INFO] [stdout]                                at /rustc/6067b36314ab5eb2eb47cecc464545ba58e1ad24/library/std/src/panicking.rs:704:13
[INFO] [stdout]   15:     0x58ec70767ff9 - std::sys::backtrace::__rust_end_short_backtrace::h0390abce48353151
[INFO] [stdout]                                at /rustc/6067b36314ab5eb2eb47cecc464545ba58e1ad24/library/std/src/sys/backtrace.rs:168:18
[INFO] [stdout]   16:     0x58ec7076935d - rust_begin_unwind
[INFO] [stdout]                                at /rustc/6067b36314ab5eb2eb47cecc464545ba58e1ad24/library/std/src/panicking.rs:695:5
[INFO] [stdout]   17:     0x58ec7078eaf0 - core::panicking::panic_fmt::h9e7c637e9e5f29c9
[INFO] [stdout]                                at /rustc/6067b36314ab5eb2eb47cecc464545ba58e1ad24/library/core/src/panicking.rs:75:14
[INFO] [stdout]   18:     0x58ec7078eec6 - core::result::unwrap_failed::h7979f09313fe1849
[INFO] [stdout]                                at /rustc/6067b36314ab5eb2eb47cecc464545ba58e1ad24/library/core/src/result.rs:1704:5
[INFO] [stdout]   19:     0x58ec706c9a0d - core::result::Result<T,E>::expect::h25ff05d015e8e46a
[INFO] [stdout]                                at /rustc/6067b36314ab5eb2eb47cecc464545ba58e1ad24/library/core/src/result.rs:1061:23
[INFO] [stdout]   20:     0x58ec7069ae89 - world_magnetic_model::tests::wmm_tests::hd8dd95da38015f33
[INFO] [stdout]                                at /opt/rustwide/workdir/src/lib.rs:524:13
[INFO] [stdout]   21:     0x58ec70699502 - world_magnetic_model::tests::wmm_tests::case_1::h6e57365393bf898f
[INFO] [stdout]                                at /opt/rustwide/workdir/src/lib.rs:515:5
[INFO] [stdout]   22:     0x58ec706994b7 - world_magnetic_model::tests::wmm_tests::case_1::{{closure}}::h35d1f7f96f21bcaf
[INFO] [stdout]                                at /opt/rustwide/workdir/src/lib.rs:515:14
[INFO] [stdout]   23:     0x58ec706c8296 - core::ops::function::FnOnce::call_once::h60db5cc3453cc2f1
[INFO] [stdout]                                at /rustc/6067b36314ab5eb2eb47cecc464545ba58e1ad24/library/core/src/ops/function.rs:250:5
[INFO] [stdout]   24:     0x58ec7072612b - core::ops::function::FnOnce::call_once::he27718dfdd183f43
[INFO] [stdout]                                at /rustc/6067b36314ab5eb2eb47cecc464545ba58e1ad24/library/core/src/ops/function.rs:250:5
[INFO] [stdout]   25:     0x58ec7072612b - test::__rust_begin_short_backtrace::h4e84902998457a5d
[INFO] [stdout]                                at /rustc/6067b36314ab5eb2eb47cecc464545ba58e1ad24/library/test/src/lib.rs:632:18
[INFO] [stdout]   26:     0x58ec70725063 - test::run_test_in_process::{{closure}}::h7176fd18fc1feca0
[INFO] [stdout]                                at /rustc/6067b36314ab5eb2eb47cecc464545ba58e1ad24/library/test/src/lib.rs:655:60
[INFO] [stdout]   27:     0x58ec70725063 - <core::panic::unwind_safe::AssertUnwindSafe<F> as core::ops::function::FnOnce<()>>::call_once::hf79cff2a624d8cf7
[INFO] [stdout]                                at /rustc/6067b36314ab5eb2eb47cecc464545ba58e1ad24/library/core/src/panic/unwind_safe.rs:272:9
[INFO] [stdout]   28:     0x58ec70725063 - std::panicking::try::do_call::h3da0561d9ab99c25
[INFO] [stdout]                                at /rustc/6067b36314ab5eb2eb47cecc464545ba58e1ad24/library/std/src/panicking.rs:587:40
[INFO] [stdout]   29:     0x58ec70725063 - std::panicking::try::h41c9fa508bc61df6
[INFO] [stdout]                                at /rustc/6067b36314ab5eb2eb47cecc464545ba58e1ad24/library/std/src/panicking.rs:550:19
[INFO] [stdout]   30:     0x58ec70725063 - std::panic::catch_unwind::h6b3ff07bb5afad93
[INFO] [stdout]                                at /rustc/6067b36314ab5eb2eb47cecc464545ba58e1ad24/library/std/src/panic.rs:358:14
[INFO] [stdout]   31:     0x58ec70725063 - test::run_test_in_process::hc7253dd11b39b9f4
[INFO] [stdout]                                at /rustc/6067b36314ab5eb2eb47cecc464545ba58e1ad24/library/test/src/lib.rs:655:27
[INFO] [stdout]   32:     0x58ec70725063 - test::run_test::{{closure}}::hfb2007f8649c30bb
[INFO] [stdout]                                at /rustc/6067b36314ab5eb2eb47cecc464545ba58e1ad24/library/test/src/lib.rs:576:43
[INFO] [stdout]   33:     0x58ec706e8145 - test::run_test::{{closure}}::h56a17aa7a282a9f4
[INFO] [stdout]                                at /rustc/6067b36314ab5eb2eb47cecc464545ba58e1ad24/library/test/src/lib.rs:606:41
[INFO] [stdout]   34:     0x58ec706e8145 - std::sys::backtrace::__rust_begin_short_backtrace::hd2d2d2fb8e8c6aac
[INFO] [stdout]                                at /rustc/6067b36314ab5eb2eb47cecc464545ba58e1ad24/library/std/src/sys/backtrace.rs:152:18
[INFO] [stdout]   35:     0x58ec706eba2a - std::thread::Builder::spawn_unchecked_::{{closure}}::{{closure}}::h4faa3f9db6133423
[INFO] [stdout]                                at /rustc/6067b36314ab5eb2eb47cecc464545ba58e1ad24/library/std/src/thread/mod.rs:559:17
[INFO] [stdout]   36:     0x58ec706eba2a - <core::panic::unwind_safe::AssertUnwindSafe<F> as core::ops::function::FnOnce<()>>::call_once::hf2e855a36a4ea846
[INFO] [stdout]                                at /rustc/6067b36314ab5eb2eb47cecc464545ba58e1ad24/library/core/src/panic/unwind_safe.rs:272:9
[INFO] [stdout]   37:     0x58ec706eba2a - std::panicking::try::do_call::h2f73af3616c35465
[INFO] [stdout]                                at /rustc/6067b36314ab5eb2eb47cecc464545ba58e1ad24/library/std/src/panicking.rs:587:40
[INFO] [stdout]   38:     0x58ec706eba2a - std::panicking::try::hd1660ce9efadef5a
[INFO] [stdout]                                at /rustc/6067b36314ab5eb2eb47cecc464545ba58e1ad24/library/std/src/panicking.rs:550:19
[INFO] [stdout]   39:     0x58ec706eba2a - std::panic::catch_unwind::h5ee8d7823b8ca744
[INFO] [stdout]                                at /rustc/6067b36314ab5eb2eb47cecc464545ba58e1ad24/library/std/src/panic.rs:358:14
[INFO] [stdout]   40:     0x58ec706eba2a - std::thread::Builder::spawn_unchecked_::{{closure}}::h53c3a1894dce8407
[INFO] [stdout]                                at /rustc/6067b36314ab5eb2eb47cecc464545ba58e1ad24/library/std/src/thread/mod.rs:557:30
[INFO] [stdout]   41:     0x58ec706eba2a - core::ops::function::FnOnce::call_once{{vtable.shim}}::h048ce291ad4f62bf
[INFO] [stdout]                                at /rustc/6067b36314ab5eb2eb47cecc464545ba58e1ad24/library/core/src/ops/function.rs:250:5
[INFO] [stdout]   42:     0x58ec7076d95b - <alloc::boxed::Box<F,A> as core::ops::function::FnOnce<Args>>::call_once::ha52bedf99a3b4981
[INFO] [stdout]                                at /rustc/6067b36314ab5eb2eb47cecc464545ba58e1ad24/library/alloc/src/boxed.rs:2013:9
[INFO] [stdout]   43:     0x58ec7076d95b - <alloc::boxed::Box<F,A> as core::ops::function::FnOnce<Args>>::call_once::h567748934d80ccf8
[INFO] [stdout]                                at /rustc/6067b36314ab5eb2eb47cecc464545ba58e1ad24/library/alloc/src/boxed.rs:2013:9
[INFO] [stdout]   44:     0x58ec7076d95b - std::sys::pal::unix::thread::Thread::new::thread_start::h2d970728ae887adc
[INFO] [stdout]                                at /rustc/6067b36314ab5eb2eb47cecc464545ba58e1ad24/library/std/src/sys/pal/unix/thread.rs:106:17
[INFO] [stdout]   45:     0x7f75a45eaac3 - <unknown>
[INFO] [stdout]   46:     0x7f75a467ba04 - clone
[INFO] [stdout]   47:                0x0 - <unknown>
[INFO] [stdout] 
[INFO] [stdout] ---- tests::wmm_tests::case_2 stdout ----
[INFO] [stdout] 
[INFO] [stdout] thread 'tests::wmm_tests::case_2' panicked at src/lib.rs:524:46:
[INFO] [stdout] Test values file not found!: Os { code: 2, kind: NotFound, message: "No such file or directory" }
[INFO] [stdout] stack backtrace:
[INFO] [stdout]    0:     0x58ec70767afa - std::backtrace_rs::backtrace::libunwind::trace::hb059275cfc8d6126
[INFO] [stdout]                                at /rustc/6067b36314ab5eb2eb47cecc464545ba58e1ad24/library/std/src/../../backtrace/src/backtrace/libunwind.rs:116:5
[INFO] [stdout]    1:     0x58ec70767afa - std::backtrace_rs::backtrace::trace_unsynchronized::h2da071e4327ce3ee
[INFO] [stdout]                                at /rustc/6067b36314ab5eb2eb47cecc464545ba58e1ad24/library/std/src/../../backtrace/src/backtrace/mod.rs:66:5
[INFO] [stdout]    2:     0x58ec70767afa - std::sys::backtrace::_print_fmt::h842a1474e6f8d23f
[INFO] [stdout]                                at /rustc/6067b36314ab5eb2eb47cecc464545ba58e1ad24/library/std/src/sys/backtrace.rs:66:9
[INFO] [stdout]    3:     0x58ec70767afa - <std::sys::backtrace::BacktraceLock::print::DisplayBacktrace as core::fmt::Display>::fmt::h71a62eb3b9696b12
[INFO] [stdout]                                at /rustc/6067b36314ab5eb2eb47cecc464545ba58e1ad24/library/std/src/sys/backtrace.rs:39:26
[INFO] [stdout]    4:     0x58ec70790ad3 - core::fmt::rt::Argument::fmt::hdb6b616786b41dc1
[INFO] [stdout]                                at /rustc/6067b36314ab5eb2eb47cecc464545ba58e1ad24/library/core/src/fmt/rt.rs:177:76
[INFO] [stdout]    5:     0x58ec70790ad3 - core::fmt::write::h2cc1698af7e2d686
[INFO] [stdout]                                at /rustc/6067b36314ab5eb2eb47cecc464545ba58e1ad24/library/core/src/fmt/mod.rs:1440:21
[INFO] [stdout]    6:     0x58ec70764653 - std::io::Write::write_fmt::hab1b4cd059a79022
[INFO] [stdout]                                at /rustc/6067b36314ab5eb2eb47cecc464545ba58e1ad24/library/std/src/io/mod.rs:1887:15
[INFO] [stdout]    7:     0x58ec70767942 - std::sys::backtrace::BacktraceLock::print::h147fe35b4ea13b08
[INFO] [stdout]                                at /rustc/6067b36314ab5eb2eb47cecc464545ba58e1ad24/library/std/src/sys/backtrace.rs:42:9
[INFO] [stdout]    8:     0x58ec70768f1f - std::panicking::default_hook::{{closure}}::hbd44223dbdc0d208
[INFO] [stdout]                                at /rustc/6067b36314ab5eb2eb47cecc464545ba58e1ad24/library/std/src/panicking.rs:298:22
[INFO] [stdout]    9:     0x58ec70768d38 - std::panicking::default_hook::h20f81eb0576efcec
[INFO] [stdout]                                at /rustc/6067b36314ab5eb2eb47cecc464545ba58e1ad24/library/std/src/panicking.rs:322:9
[INFO] [stdout]   10:     0x58ec707209d3 - <alloc::boxed::Box<F,A> as core::ops::function::Fn<Args>>::call::hdb53814c496a4d34
[INFO] [stdout]                                at /rustc/6067b36314ab5eb2eb47cecc464545ba58e1ad24/library/alloc/src/boxed.rs:2027:9
[INFO] [stdout]   11:     0x58ec707209d3 - test::test_main::{{closure}}::hc0a4963c59427c24
[INFO] [stdout]                                at /rustc/6067b36314ab5eb2eb47cecc464545ba58e1ad24/library/test/src/lib.rs:134:21
[INFO] [stdout]   12:     0x58ec70769a13 - <alloc::boxed::Box<F,A> as core::ops::function::Fn<Args>>::call::h591b2225413a77e9
[INFO] [stdout]                                at /rustc/6067b36314ab5eb2eb47cecc464545ba58e1ad24/library/alloc/src/boxed.rs:2027:9
[INFO] [stdout]   13:     0x58ec70769a13 - std::panicking::rust_panic_with_hook::h625eea43051b2edc
[INFO] [stdout]                                at /rustc/6067b36314ab5eb2eb47cecc464545ba58e1ad24/library/std/src/panicking.rs:839:13
[INFO] [stdout]   14:     0x58ec707696ca - std::panicking::begin_panic_handler::{{closure}}::h4f9159cfbc3f6bd3
[INFO] [stdout]                                at /rustc/6067b36314ab5eb2eb47cecc464545ba58e1ad24/library/std/src/panicking.rs:704:13
[INFO] [stdout]   15:     0x58ec70767ff9 - std::sys::backtrace::__rust_end_short_backtrace::h0390abce48353151
[INFO] [stdout]                                at /rustc/6067b36314ab5eb2eb47cecc464545ba58e1ad24/library/std/src/sys/backtrace.rs:168:18
[INFO] [stdout]   16:     0x58ec7076935d - rust_begin_unwind
[INFO] [stdout]                                at /rustc/6067b36314ab5eb2eb47cecc464545ba58e1ad24/library/std/src/panicking.rs:695:5
[INFO] [stdout]   17:     0x58ec7078eaf0 - core::panicking::panic_fmt::h9e7c637e9e5f29c9
[INFO] [stdout]                                at /rustc/6067b36314ab5eb2eb47cecc464545ba58e1ad24/library/core/src/panicking.rs:75:14
[INFO] [stdout]   18:     0x58ec7078eec6 - core::result::unwrap_failed::h7979f09313fe1849
[INFO] [stdout]                                at /rustc/6067b36314ab5eb2eb47cecc464545ba58e1ad24/library/core/src/result.rs:1704:5
[INFO] [stdout]   19:     0x58ec706c9a0d - core::result::Result<T,E>::expect::h25ff05d015e8e46a
[INFO] [stdout]                                at /rustc/6067b36314ab5eb2eb47cecc464545ba58e1ad24/library/core/src/result.rs:1061:23
[INFO] [stdout]   20:     0x58ec7069ae89 - world_magnetic_model::tests::wmm_tests::hd8dd95da38015f33
[INFO] [stdout]                                at /opt/rustwide/workdir/src/lib.rs:524:13
[INFO] [stdout]   21:     0x58ec70699572 - world_magnetic_model::tests::wmm_tests::case_2::ha9bf0c1e22606139
[INFO] [stdout]                                at /opt/rustwide/workdir/src/lib.rs:515:5
[INFO] [stdout]   22:     0x58ec70699527 - world_magnetic_model::tests::wmm_tests::case_2::{{closure}}::hfd5f9f3a70517240
[INFO] [stdout]                                at /opt/rustwide/workdir/src/lib.rs:515:14
[INFO] [stdout]   23:     0x58ec706c8056 - core::ops::function::FnOnce::call_once::h4d33d1bcbbbceb90
[INFO] [stdout]                                at /rustc/6067b36314ab5eb2eb47cecc464545ba58e1ad24/library/core/src/ops/function.rs:250:5
[INFO] [stdout]   24:     0x58ec7072612b - core::ops::function::FnOnce::call_once::he27718dfdd183f43
[INFO] [stdout]                                at /rustc/6067b36314ab5eb2eb47cecc464545ba58e1ad24/library/core/src/ops/function.rs:250:5
[INFO] [stdout]   25:     0x58ec7072612b - test::__rust_begin_short_backtrace::h4e84902998457a5d
[INFO] [stdout]                                at /rustc/6067b36314ab5eb2eb47cecc464545ba58e1ad24/library/test/src/lib.rs:632:18
[INFO] [stdout]   26:     0x58ec70725063 - test::run_test_in_process::{{closure}}::h7176fd18fc1feca0
[INFO] [stdout]                                at /rustc/6067b36314ab5eb2eb47cecc464545ba58e1ad24/library/test/src/lib.rs:655:60
[INFO] [stdout]   27:     0x58ec70725063 - <core::panic::unwind_safe::AssertUnwindSafe<F> as core::ops::function::FnOnce<()>>::call_once::hf79cff2a624d8cf7
[INFO] [stdout]                                at /rustc/6067b36314ab5eb2eb47cecc464545ba58e1ad24/library/core/src/panic/unwind_safe.rs:272:9
[INFO] [stdout]   28:     0x58ec70725063 - std::panicking::try::do_call::h3da0561d9ab99c25
[INFO] [stdout]                                at /rustc/6067b36314ab5eb2eb47cecc464545ba58e1ad24/library/std/src/panicking.rs:587:40
[INFO] [stdout]   29:     0x58ec70725063 - std::panicking::try::h41c9fa508bc61df6
[INFO] [stdout]                                at /rustc/6067b36314ab5eb2eb47cecc464545ba58e1ad24/library/std/src/panicking.rs:550:19
[INFO] [stdout]   30:     0x58ec70725063 - std::panic::catch_unwind::h6b3ff07bb5afad93
[INFO] [stdout]                                at /rustc/6067b36314ab5eb2eb47cecc464545ba58e1ad24/library/std/src/panic.rs:358:14
[INFO] [stdout]   31:     0x58ec70725063 - test::run_test_in_process::hc7253dd11b39b9f4
[INFO] [stdout]                                at /rustc/6067b36314ab5eb2eb47cecc464545ba58e1ad24/library/test/src/lib.rs:655:27
[INFO] [stdout]   32:     0x58ec70725063 - test::run_test::{{closure}}::hfb2007f8649c30bb
[INFO] [stdout]                                at /rustc/6067b36314ab5eb2eb47cecc464545ba58e1ad24/library/test/src/lib.rs:576:43
[INFO] [stdout]   33:     0x58ec706e8145 - test::run_test::{{closure}}::h56a17aa7a282a9f4
[INFO] [stdout]                                at /rustc/6067b36314ab5eb2eb47cecc464545ba58e1ad24/library/test/src/lib.rs:606:41
[INFO] [stdout]   34:     0x58ec706e8145 - std::sys::backtrace::__rust_begin_short_backtrace::hd2d2d2fb8e8c6aac
[INFO] [stdout]                                at /rustc/6067b36314ab5eb2eb47cecc464545ba58e1ad24/library/std/src/sys/backtrace.rs:152:18
[INFO] [stdout]   35:     0x58ec706eba2a - std::thread::Builder::spawn_unchecked_::{{closure}}::{{closure}}::h4faa3f9db6133423
[INFO] [stdout]                                at /rustc/6067b36314ab5eb2eb47cecc464545ba58e1ad24/library/std/src/thread/mod.rs:559:17
[INFO] [stdout]   36:     0x58ec706eba2a - <core::panic::unwind_safe::AssertUnwindSafe<F> as core::ops::function::FnOnce<()>>::call_once::hf2e855a36a4ea846
[INFO] [stdout]                                at /rustc/6067b36314ab5eb2eb47cecc464545ba58e1ad24/library/core/src/panic/unwind_safe.rs:272:9
[INFO] [stdout]   37:     0x58ec706eba2a - std::panicking::try::do_call::h2f73af3616c35465
[INFO] [stdout]                                at /rustc/6067b36314ab5eb2eb47cecc464545ba58e1ad24/library/std/src/panicking.rs:587:40
[INFO] [stdout]   38:     0x58ec706eba2a - std::panicking::try::hd1660ce9efadef5a
[INFO] [stdout]                                at /rustc/6067b36314ab5eb2eb47cecc464545ba58e1ad24/library/std/src/panicking.rs:550:19
[INFO] [stdout]   39:     0x58ec706eba2a - std::panic::catch_unwind::h5ee8d7823b8ca744
[INFO] [stdout]                                at /rustc/6067b36314ab5eb2eb47cecc464545ba58e1ad24/library/std/src/panic.rs:358:14
[INFO] [stdout]   40:     0x58ec706eba2a - std::thread::Builder::spawn_unchecked_::{{closure}}::h53c3a1894dce8407
[INFO] [stdout]                                at /rustc/6067b36314ab5eb2eb47cecc464545ba58e1ad24/library/std/src/thread/mod.rs:557:30
[INFO] [stdout]   41:     0x58ec706eba2a - core::ops::function::FnOnce::call_once{{vtable.shim}}::h048ce291ad4f62bf
[INFO] [stdout]                                at /rustc/6067b36314ab5eb2eb47cecc464545ba58e1ad24/library/core/src/ops/function.rs:250:5
[INFO] [stdout]   42:     0x58ec7076d95b - <alloc::boxed::Box<F,A> as core::ops::function::FnOnce<Args>>::call_once::ha52bedf99a3b4981
[INFO] [stdout]                                at /rustc/6067b36314ab5eb2eb47cecc464545ba58e1ad24/library/alloc/src/boxed.rs:2013:9
[INFO] [stdout]   43:     0x58ec7076d95b - <alloc::boxed::Box<F,A> as core::ops::function::FnOnce<Args>>::call_once::h567748934d80ccf8
[INFO] [stdout]                                at /rustc/6067b36314ab5eb2eb47cecc464545ba58e1ad24/library/alloc/src/boxed.rs:2013:9
[INFO] [stdout]   44:     0x58ec7076d95b - std::sys::pal::unix::thread::Thread::new::thread_start::h2d970728ae887adc
[INFO] [stdout]                                at /rustc/6067b36314ab5eb2eb47cecc464545ba58e1ad24/library/std/src/sys/pal/unix/thread.rs:106:17
[INFO] [stdout]   45:     0x7f75a45eaac3 - <unknown>
[INFO] [stdout]   46:     0x7f75a467ba04 - clone
[INFO] [stdout]   47:                0x0 - <unknown>
[INFO] [stdout] 
[INFO] [stdout] 
[INFO] [stdout] failures:
[INFO] [stdout]     tests::wmm_tests::case_1
[INFO] [stdout]     tests::wmm_tests::case_2
[INFO] [stdout] 
[INFO] [stdout] test result: FAILED. 109 passed; 2 failed; 0 ignored; 0 measured; 0 filtered out; finished in 0.02s
[INFO] [stdout] 
[INFO] [stderr] error: test failed, to rerun pass `--lib`
[INFO] running `Command { std: "docker" "inspect" "bf408a003ad5791e57373632705cc2da9fac1031c3e66e38bad51b585d77cbe6", kill_on_drop: false }`
[INFO] running `Command { std: "docker" "rm" "-f" "bf408a003ad5791e57373632705cc2da9fac1031c3e66e38bad51b585d77cbe6", kill_on_drop: false }`
[INFO] [stdout] bf408a003ad5791e57373632705cc2da9fac1031c3e66e38bad51b585d77cbe6
