[INFO] fetching crate wit-parser 0.223.0...
[INFO] testing wit-parser-0.223.0 against nightly-2025-01-18+rustflags=-Zrandomize-layout for randomize-layout-2
[INFO] extracting crate wit-parser 0.223.0 into /workspace/builds/worker-4-tc2/source
[INFO] validating manifest of crates.io crate wit-parser 0.223.0 on toolchain nightly-2025-01-18
[INFO] running `Command { std: CARGO_HOME="/workspace/cargo-home" RUSTUP_HOME="/workspace/rustup-home" "/workspace/cargo-home/bin/cargo" "+nightly-2025-01-18" "metadata" "--manifest-path" "Cargo.toml" "--no-deps", kill_on_drop: false }`
[INFO] started tweaking crates.io crate wit-parser 0.223.0
[INFO] removed 0 missing tests
[INFO] finished tweaking crates.io crate wit-parser 0.223.0
[INFO] tweaked toml for crates.io crate wit-parser 0.223.0 written to /workspace/builds/worker-4-tc2/source/Cargo.toml
[INFO] running `Command { std: CARGO_HOME="/workspace/cargo-home" RUSTUP_HOME="/workspace/rustup-home" "/workspace/cargo-home/bin/cargo" "+nightly-2025-01-18" "generate-lockfile" "--manifest-path" "Cargo.toml", kill_on_drop: false }`
[INFO] [stderr]     Updating crates.io index
[INFO] [stderr]      Locking 69 packages to latest compatible versions
[INFO] [stderr]       Adding libtest-mimic v0.7.3 (available: v0.8.1)
[INFO] running `Command { std: CARGO_HOME="/workspace/cargo-home" RUSTUP_HOME="/workspace/rustup-home" "/workspace/cargo-home/bin/cargo" "+nightly-2025-01-18" "fetch" "--manifest-path" "Cargo.toml", kill_on_drop: false }`
[INFO] running `Command { std: "docker" "create" "-v" "/var/lib/crater-agent-workspace/builds/worker-4-tc2/target:/opt/rustwide/target:rw,Z" "-v" "/var/lib/crater-agent-workspace/builds/worker-4-tc2/source:/opt/rustwide/workdir:ro,Z" "-v" "/var/lib/crater-agent-workspace/cargo-home:/opt/rustwide/cargo-home:ro,Z" "-v" "/var/lib/crater-agent-workspace/rustup-home:/opt/rustwide/rustup-home:ro,Z" "-e" "SOURCE_DIR=/opt/rustwide/workdir" "-e" "CARGO_TARGET_DIR=/opt/rustwide/target" "-e" "CARGO_HOME=/opt/rustwide/cargo-home" "-e" "RUSTUP_HOME=/opt/rustwide/rustup-home" "-w" "/opt/rustwide/workdir" "-m" "1610612736" "--user" "0:0" "--network" "none" "ghcr.io/rust-lang/crates-build-env/linux@sha256:819108c5571ea2e421544af4d832f968d213c87fbe3707a016657f43d2f853bc" "/opt/rustwide/cargo-home/bin/cargo" "+nightly-2025-01-18" "metadata" "--no-deps" "--format-version=1", kill_on_drop: false }`
[INFO] [stdout] cad365fc3b6b9795c0b9101007e704310dcc32df3aee071da75bf37a71348ba4
[INFO] running `Command { std: "docker" "start" "-a" "cad365fc3b6b9795c0b9101007e704310dcc32df3aee071da75bf37a71348ba4", kill_on_drop: false }`
[INFO] running `Command { std: "docker" "inspect" "cad365fc3b6b9795c0b9101007e704310dcc32df3aee071da75bf37a71348ba4", kill_on_drop: false }`
[INFO] running `Command { std: "docker" "rm" "-f" "cad365fc3b6b9795c0b9101007e704310dcc32df3aee071da75bf37a71348ba4", kill_on_drop: false }`
[INFO] [stdout] cad365fc3b6b9795c0b9101007e704310dcc32df3aee071da75bf37a71348ba4
[INFO] running `Command { std: "docker" "create" "-v" "/var/lib/crater-agent-workspace/builds/worker-4-tc2/target:/opt/rustwide/target:rw,Z" "-v" "/var/lib/crater-agent-workspace/builds/worker-4-tc2/source:/opt/rustwide/workdir:ro,Z" "-v" "/var/lib/crater-agent-workspace/cargo-home:/opt/rustwide/cargo-home:ro,Z" "-v" "/var/lib/crater-agent-workspace/rustup-home:/opt/rustwide/rustup-home:ro,Z" "-e" "SOURCE_DIR=/opt/rustwide/workdir" "-e" "CARGO_TARGET_DIR=/opt/rustwide/target" "-e" "CARGO_INCREMENTAL=0" "-e" "RUST_BACKTRACE=full" "-e" "RUSTFLAGS=--cap-lints=forbid -Zrandomize-layout" "-e" "RUSTDOCFLAGS=--cap-lints=forbid" "-e" "CARGO_HOME=/opt/rustwide/cargo-home" "-e" "RUSTUP_HOME=/opt/rustwide/rustup-home" "-w" "/opt/rustwide/workdir" "-m" "1610612736" "--user" "0:0" "--network" "none" "ghcr.io/rust-lang/crates-build-env/linux@sha256:819108c5571ea2e421544af4d832f968d213c87fbe3707a016657f43d2f853bc" "/opt/rustwide/cargo-home/bin/cargo" "+nightly-2025-01-18" "build" "--frozen" "--message-format=json", kill_on_drop: false }`
[INFO] [stdout] 09daad609daa1bfa0c353c55e0bd8b0435d8f9e33d8e0f1647bb66dd03e2c9cb
[INFO] running `Command { std: "docker" "start" "-a" "09daad609daa1bfa0c353c55e0bd8b0435d8f9e33d8e0f1647bb66dd03e2c9cb", kill_on_drop: false }`
[INFO] [stderr]    Compiling proc-macro2 v1.0.93
[INFO] [stderr]    Compiling serde v1.0.217
[INFO] [stderr]    Compiling semver v1.0.25
[INFO] [stderr]    Compiling anyhow v1.0.95
[INFO] [stderr]    Compiling wasmparser v0.223.0
[INFO] [stderr]    Compiling serde_json v1.0.137
[INFO] [stderr]    Compiling equivalent v1.0.1
[INFO] [stderr]    Compiling bitflags v2.8.0
[INFO] [stderr]    Compiling hashbrown v0.15.2
[INFO] [stderr]    Compiling id-arena v2.2.1
[INFO] [stderr]    Compiling unicode-xid v0.2.6
[INFO] [stderr]    Compiling quote v1.0.38
[INFO] [stderr]    Compiling syn v2.0.96
[INFO] [stderr]    Compiling serde_derive v1.0.217
[INFO] [stderr]    Compiling indexmap v2.7.1
[INFO] [stderr]    Compiling wit-parser v0.223.0 (/opt/rustwide/workdir)
[INFO] [stderr]     Finished `dev` profile [unoptimized + debuginfo] target(s) in 17.82s
[INFO] running `Command { std: "docker" "inspect" "09daad609daa1bfa0c353c55e0bd8b0435d8f9e33d8e0f1647bb66dd03e2c9cb", kill_on_drop: false }`
[INFO] running `Command { std: "docker" "rm" "-f" "09daad609daa1bfa0c353c55e0bd8b0435d8f9e33d8e0f1647bb66dd03e2c9cb", kill_on_drop: false }`
[INFO] [stdout] 09daad609daa1bfa0c353c55e0bd8b0435d8f9e33d8e0f1647bb66dd03e2c9cb
[INFO] running `Command { std: "docker" "create" "-v" "/var/lib/crater-agent-workspace/builds/worker-4-tc2/target:/opt/rustwide/target:rw,Z" "-v" "/var/lib/crater-agent-workspace/builds/worker-4-tc2/source:/opt/rustwide/workdir:ro,Z" "-v" "/var/lib/crater-agent-workspace/cargo-home:/opt/rustwide/cargo-home:ro,Z" "-v" "/var/lib/crater-agent-workspace/rustup-home:/opt/rustwide/rustup-home:ro,Z" "-e" "SOURCE_DIR=/opt/rustwide/workdir" "-e" "CARGO_TARGET_DIR=/opt/rustwide/target" "-e" "CARGO_INCREMENTAL=0" "-e" "RUST_BACKTRACE=full" "-e" "RUSTFLAGS=--cap-lints=forbid -Zrandomize-layout" "-e" "RUSTDOCFLAGS=--cap-lints=forbid" "-e" "CARGO_HOME=/opt/rustwide/cargo-home" "-e" "RUSTUP_HOME=/opt/rustwide/rustup-home" "-w" "/opt/rustwide/workdir" "-m" "1610612736" "--user" "0:0" "--network" "none" "ghcr.io/rust-lang/crates-build-env/linux@sha256:819108c5571ea2e421544af4d832f968d213c87fbe3707a016657f43d2f853bc" "/opt/rustwide/cargo-home/bin/cargo" "+nightly-2025-01-18" "test" "--frozen" "--no-run" "--message-format=json", kill_on_drop: false }`
[INFO] [stdout] db5e5b28e035198fde4b312f83eebe527a48a58ece11b86918cfb93131ae1a87
[INFO] running `Command { std: "docker" "start" "-a" "db5e5b28e035198fde4b312f83eebe527a48a58ece11b86918cfb93131ae1a87", kill_on_drop: false }`
[INFO] [stderr]    Compiling utf8parse v0.2.2
[INFO] [stderr]    Compiling is_terminal_polyfill v1.70.1
[INFO] [stderr]    Compiling anstyle-query v1.1.2
[INFO] [stderr]    Compiling colorchoice v1.0.3
[INFO] [stderr]    Compiling anstyle v1.0.10
[INFO] [stderr]    Compiling regex-syntax v0.8.5
[INFO] [stderr]    Compiling strsim v0.11.1
[INFO] [stderr]    Compiling log v0.4.25
[INFO] [stderr]    Compiling aho-corasick v1.1.3
[INFO] [stderr]    Compiling clap_lex v0.7.4
[INFO] [stderr]    Compiling heck v0.5.0
[INFO] [stderr]    Compiling syn v2.0.96
[INFO] [stderr]    Compiling num_cpus v1.16.0
[INFO] [stderr]    Compiling humantime v2.1.0
[INFO] [stderr]    Compiling diff v0.1.13
[INFO] [stderr]    Compiling yansi v1.0.1
[INFO] [stderr]    Compiling termcolor v1.4.1
[INFO] [stderr]    Compiling escape8259 v0.5.3
[INFO] [stderr]    Compiling anstyle-parse v0.2.6
[INFO] [stderr]    Compiling anstream v0.6.18
[INFO] [stderr]    Compiling threadpool v1.8.1
[INFO] [stderr]    Compiling pretty_assertions v1.4.1
[INFO] [stderr]    Compiling clap_builder v4.5.27
[INFO] [stderr]    Compiling regex-automata v0.4.9
[INFO] [stderr]    Compiling clap_derive v4.5.24
[INFO] [stderr]    Compiling serde_derive v1.0.217
[INFO] [stderr]    Compiling regex v1.11.1
[INFO] [stderr]    Compiling env_filter v0.1.3
[INFO] [stderr]    Compiling env_logger v0.11.6
[INFO] [stderr]    Compiling clap v4.5.27
[INFO] [stderr]    Compiling libtest-mimic v0.7.3
[INFO] [stderr]    Compiling wit-parser v0.223.0 (/opt/rustwide/workdir)
[INFO] [stderr]     Finished `test` profile [unoptimized + debuginfo] target(s) in 12.46s
[INFO] running `Command { std: "docker" "inspect" "db5e5b28e035198fde4b312f83eebe527a48a58ece11b86918cfb93131ae1a87", kill_on_drop: false }`
[INFO] running `Command { std: "docker" "rm" "-f" "db5e5b28e035198fde4b312f83eebe527a48a58ece11b86918cfb93131ae1a87", kill_on_drop: false }`
[INFO] [stdout] db5e5b28e035198fde4b312f83eebe527a48a58ece11b86918cfb93131ae1a87
[INFO] running `Command { std: "docker" "create" "-v" "/var/lib/crater-agent-workspace/builds/worker-4-tc2/target:/opt/rustwide/target:rw,Z" "-v" "/var/lib/crater-agent-workspace/builds/worker-4-tc2/source:/opt/rustwide/workdir:ro,Z" "-v" "/var/lib/crater-agent-workspace/cargo-home:/opt/rustwide/cargo-home:ro,Z" "-v" "/var/lib/crater-agent-workspace/rustup-home:/opt/rustwide/rustup-home:ro,Z" "-e" "SOURCE_DIR=/opt/rustwide/workdir" "-e" "CARGO_TARGET_DIR=/opt/rustwide/target" "-e" "CARGO_INCREMENTAL=0" "-e" "RUST_BACKTRACE=full" "-e" "RUSTFLAGS=--cap-lints=forbid -Zrandomize-layout" "-e" "RUSTDOCFLAGS=--cap-lints=forbid" "-e" "CARGO_HOME=/opt/rustwide/cargo-home" "-e" "RUSTUP_HOME=/opt/rustwide/rustup-home" "-w" "/opt/rustwide/workdir" "-m" "1610612736" "--user" "0:0" "--network" "none" "ghcr.io/rust-lang/crates-build-env/linux@sha256:819108c5571ea2e421544af4d832f968d213c87fbe3707a016657f43d2f853bc" "/opt/rustwide/cargo-home/bin/cargo" "+nightly-2025-01-18" "test" "--frozen", kill_on_drop: false }`
[INFO] [stdout] 284cbfb7f467b12434ebbb3c42dbdacd32ca9a7226b57cca7f1d00cb3b9b2a51
[INFO] running `Command { std: "docker" "start" "-a" "284cbfb7f467b12434ebbb3c42dbdacd32ca9a7226b57cca7f1d00cb3b9b2a51", kill_on_drop: false }`
[INFO] [stderr]     Finished `test` profile [unoptimized + debuginfo] target(s) in 0.11s
[INFO] [stderr]      Running unittests src/lib.rs (/opt/rustwide/target/debug/deps/wit_parser-3951481f12bbd8ab)
[INFO] [stdout] 
[INFO] [stdout] running 16 tests
[INFO] [stdout] test ast::lex::test_validate_id ... ok
[INFO] [stdout] test ast::toposort::tests::depend_twice ... ok
[INFO] [stdout] test ast::toposort::tests::cycles ... ok
[INFO] [stdout] test ast::lex::test_tokenizer ... ok
[INFO] [stdout] test ast::toposort::tests::preserve_order ... ok
[INFO] [stdout] test ast::toposort::tests::smoke ... ok
[INFO] [stdout] test sizealign::test::align ... ok
[INFO] [stdout] test live::tests::no_deps ... ok
[INFO] [stdout] test live::tests::one_dep ... ok
[INFO] [stdout] test sizealign::test::result_ptr_10 ... ok
[INFO] [stdout] test live::tests::chain ... ok
[INFO] [stdout] test sizealign::test::resource_size ... ok
[INFO] [stdout] test test::test_discriminant_type ... ok
[INFO] [stdout] test sizealign::test::result_ptr_64bit ... ok
[INFO] [stdout] test test::test_find_futures_and_streams ... ok
[INFO] [stdout] test resolve::tests::select_world ... ok
[INFO] [stdout] 
[INFO] [stdout] test result: ok. 16 passed; 0 failed; 0 ignored; 0 measured; 0 filtered out; finished in 0.00s
[INFO] [stdout] 
[INFO] [stderr]      Running tests/all.rs (/opt/rustwide/target/debug/deps/all-2bd062a829371f0d)
[INFO] [stdout] 
[INFO] [stdout] running 189 tests
[INFO] [stdout] test "tests/ui/empty.wit"                                              ... ok
[INFO] [stdout] test "tests/ui/comments.wit"                                           ... ok
[INFO] [stdout] test "tests/ui/feature-types.wit"                                      ... ok
[INFO] [stdout] test "tests/ui/diamond1"                                               ... ok
[INFO] [stdout] test "tests/ui/cross-package-resource"                                 ... ok
[INFO] [stdout] test "tests/ui/disambiguate-diamond"                                   ... ok
[INFO] [stdout] test "tests/ui/import-export-overlap1.wit"                             ... ok
[INFO] [stdout] test "tests/ui/import-export-overlap2.wit"                             ... ok
[INFO] [stdout] test "tests/ui/ignore-files-deps"                                      ... ok
[INFO] [stdout] test "tests/ui/functions.wit"                                          ... ok
[INFO] [stdout] test "tests/ui/include-reps.wit"                                       ... ok
[INFO] [stdout] test "tests/ui/kebab-name-include-with.wit"                            ... ok
[INFO] [stdout] test "tests/ui/many-names"                                             ... ok
[INFO] [stdout] test "tests/ui/complex-include"                                        ... ok
[INFO] [stdout] test "tests/ui/package-syntax1.wit"                                    ... ok
[INFO] [stdout] test "tests/ui/feature-gates.wit"                                      ... ok
[INFO] [stdout] test "tests/ui/package-syntax3.wit"                                    ... ok
[INFO] [stdout] test "tests/ui/package-syntax4.wit"                                    ... ok
[INFO] [stdout] test "tests/ui/name-both-resource-and-type"                            ... ok
[INFO] [stdout] test "tests/ui/packages-nested-internal-references.wit"                ... ok
[INFO] [stdout] test "tests/ui/packages-nested-colliding-decl-names.wit"               ... ok
[INFO] [stdout] test "tests/ui/error-context.wit"                                      ... ok
[INFO] [stdout] test "tests/ui/multi-file"                                             ... ok
[INFO] [stdout] test "tests/ui/multi-package-transitive-deps"                          ... ok
[INFO] [stdout] test "tests/ui/multi-file-multi-package"                               ... ok
[INFO] [stdout] test "tests/ui/packages-multiple-nested.wit"                           ... ok
[INFO] [stdout] test "tests/ui/packages-single-nested.wit"                             ... ok
[INFO] [stdout] test "tests/ui/packages-nested-with-semver.wit"                        ... ok
[INFO] [stdout] test "tests/ui/multi-package-shared-deps"                              ... ok
[INFO] [stdout] test "tests/ui/multi-package-deps"                                     ... ok
[INFO] [stdout] test "tests/ui/foreign-deps-union"                                     ... ok
[INFO] [stdout] test "tests/ui/foreign-deps"                                           ... ok
[INFO] [stdout] test "tests/ui/kinds-of-deps"                                          ... FAILED
[INFO] [stdout] test "tests/ui/parse-fail/bad-deprecated2.wit"                         ... ok
[INFO] [stdout] test "tests/ui/parse-fail/bad-deprecated1.wit"                         ... ok
[INFO] [stdout] test "tests/ui/parse-fail/bad-deprecated3.wit"                         ... ok
[INFO] [stdout] test "tests/ui/parse-fail/alias-no-type.wit"                           ... ok
[INFO] [stdout] test "tests/ui/parse-fail/bad-function2.wit"                           ... ok
[INFO] [stdout] test "tests/ui/parse-fail/bad-pkg1"                                    ... ok
[INFO] [stdout] test "tests/ui/parse-fail/bad-gate1.wit"                               ... ok
[INFO] [stdout] test "tests/ui/parse-fail/bad-gate2.wit"                               ... ok
[INFO] [stdout] test "tests/ui/parse-fail/bad-gate3.wit"                               ... ok
[INFO] [stdout] test "tests/ui/parse-fail/bad-gate4.wit"                               ... ok
[INFO] [stdout] test "tests/ui/parse-fail/bad-resource1.wit"                           ... ok
[INFO] [stdout] test "tests/ui/parse-fail/bad-include1.wit"                            ... ok
[INFO] [stdout] test "tests/ui/parse-fail/bad-include2.wit"                            ... ok
[INFO] [stdout] test "tests/ui/parse-fail/bad-resource11.wit"                          ... ok
[INFO] [stdout] test "tests/ui/parse-fail/bad-include3.wit"                            ... ok
[INFO] [stdout] test "tests/ui/parse-fail/bad-pkg3"                                    ... ok
[INFO] [stdout] test "tests/ui/parse-fail/bad-function.wit"                            ... ok
[INFO] [stdout] test "tests/ui/parse-fail/bad-pkg2"                                    ... ok
[INFO] [stdout] test "tests/ui/parse-fail/bad-resource14.wit"                          ... ok
[INFO] [stdout] test "tests/ui/parse-fail/bad-resource13.wit"                          ... ok
[INFO] [stdout] test "tests/ui/parse-fail/bad-resource2.wit"                           ... ok
[INFO] [stdout] test "tests/ui/parse-fail/bad-pkg5"                                    ... ok
[INFO] [stdout] test "tests/ui/parse-fail/bad-gate5.wit"                               ... ok
[INFO] [stdout] test "tests/ui/parse-fail/bad-resource5.wit"                           ... ok
[INFO] [stdout] test "tests/ui/parse-fail/bad-resource9.wit"                           ... ok
[INFO] [stdout] test "tests/ui/parse-fail/bad-pkg4"                                    ... ok
[INFO] [stdout] test "tests/ui/parse-fail/bad-pkg6"                                    ... ok
[INFO] [stdout] test "tests/ui/parse-fail/bad-since3.wit"                              ... ok
[INFO] [stdout] test "tests/ui/parse-fail/bad-resource3.wit"                           ... ok
[INFO] [stdout] test "tests/ui/parse-fail/bad-world-type1.wit"                         ... ok
[INFO] [stdout] test "tests/ui/parse-fail/bad-resource4.wit"                           ... ok
[INFO] [stdout] test "tests/ui/parse-fail/cycle.wit"                                   ... ok
[INFO] [stdout] test "tests/ui/parse-fail/cycle2.wit"                                  ... ok
[INFO] [stdout] test "tests/ui/parse-fail/cycle4.wit"                                  ... ok
[INFO] [stdout] test "tests/ui/parse-fail/bad-resource12.wit"                          ... ok
[INFO] [stdout] test "tests/ui/parse-fail/dangling-type.wit"                           ... ok
[INFO] [stdout] test "tests/ui/parse-fail/duplicate-function-params.wit"               ... ok
[INFO] [stdout] test "tests/ui/parse-fail/bad-resource10.wit"                          ... ok
[INFO] [stdout] test "tests/ui/parse-fail/duplicate-interface.wit"                     ... ok
[INFO] [stdout] test "tests/ui/parse-fail/bad-since1.wit"                              ... ok
[INFO] [stdout] test "tests/ui/parse-fail/duplicate-type.wit"                          ... ok
[INFO] [stdout] test "tests/ui/parse-fail/empty-enum.wit"                              ... ok
[INFO] [stdout] test "tests/ui/parse-fail/conflicting-package"                         ... ok
[INFO] [stdout] test "tests/ui/parse-fail/cycle3.wit"                                  ... ok
[INFO] [stdout] test "tests/ui/parse-fail/export-twice.wit"                            ... ok
[INFO] [stdout] test "tests/ui/parse-fail/bad-resource7.wit"                           ... ok
[INFO] [stdout] test "tests/ui/parse-fail/cycle5.wit"                                  ... ok
[INFO] [stdout] test "tests/ui/parse-fail/include-cycle.wit"                           ... ok
[INFO] [stdout] test "tests/ui/parse-fail/import-and-export2.wit"                      ... ok
[INFO] [stdout] test "tests/ui/parse-fail/duplicate-interface2"                        ... ok
[INFO] [stdout] test "tests/ui/parse-fail/import-and-export5.wit"                      ... ok
[INFO] [stdout] test "tests/ui/parse-fail/include-with-id.wit"                         ... ok
[INFO] [stdout] test "tests/ui/parse-fail/invalid-toplevel.wit"                        ... ok
[INFO] [stdout] test "tests/ui/parse-fail/invalid-type-reference.wit"                  ... ok
[INFO] [stdout] test "tests/ui/parse-fail/invalid-type-reference2.wit"                 ... ok
[INFO] [stdout] test "tests/ui/parse-fail/include-with-on-id.wit"                      ... ok
[INFO] [stdout] test "tests/ui/parse-fail/import-and-export3.wit"                      ... ok
[INFO] [stdout] test "tests/ui/parse-fail/include-foreign"                             ... ok
[INFO] [stdout] test "tests/ui/parse-fail/bad-list.wit"                                ... ok
[INFO] [stdout] test "tests/ui/parse-fail/bad-resource6.wit"                           ... ok
[INFO] [stdout] test "tests/ui/parse-fail/missing-package.wit"                         ... ok
[INFO] [stdout] test "tests/ui/parse-fail/kebab-name-include-not-found.wit"            ... ok
[INFO] [stdout] test "tests/ui/parse-fail/import-twice.wit"                            ... ok
[INFO] [stdout] test "tests/ui/parse-fail/import-and-export1.wit"                      ... ok
[INFO] [stdout] test "tests/ui/parse-fail/bad-resource15"                              ... ok
[INFO] [stdout] test "tests/ui/parse-fail/duplicate-functions.wit"                     ... ok
[INFO] [stdout] test "tests/ui/parse-fail/bad-resource8.wit"                           ... ok
[INFO] [stdout] test "tests/ui/parse-fail/nested-packages-colliding-names.wit"         ... ok
[INFO] [stdout] test "tests/ui/parse-fail/import-and-export4.wit"                      ... ok
[INFO] [stdout] test "tests/ui/parse-fail/multiple-package-inline-cycle.wit"           ... ok
[INFO] [stdout] test "tests/ui/parse-fail/keyword.wit"                                 ... ok
[INFO] [stdout] test "tests/ui/parse-fail/nested-packages-with-error.wit"              ... ok
[INFO] [stdout] test "tests/ui/parse-fail/bad-deprecated4.wit"                         ... ok
[INFO] [stdout] test "tests/ui/parse-fail/multi-file-missing-delimiter"                ... ok
[INFO] [stdout] test "tests/ui/parse-fail/kebab-name-include.wit"                      ... ok
[INFO] [stdout] test "tests/ui/parse-fail/missing-main-declaration-initial-nested.wit" ... ok
[INFO] [stdout] test "tests/ui/parse-fail/non-existance-world-include"                 ... ok
[INFO] [stdout] test "tests/ui/parse-fail/resources-return-borrow.wit"                 ... ok
[INFO] [stdout] test "tests/ui/parse-fail/multiple-package-docs"                       ... ok
[INFO] [stdout] test "tests/ui/parse-fail/return-borrow4.wit"                          ... ok
[INFO] [stdout] test "tests/ui/parse-fail/return-borrow2.wit"                          ... ok
[INFO] [stdout] test "tests/ui/parse-fail/missing-main-declaration-initial-main.wit"   ... ok
[INFO] [stdout] test "tests/ui/parse-fail/empty-variant1.wit"                          ... ok
[INFO] [stdout] test "tests/ui/parse-fail/old-float-types.wit"                         ... ok
[INFO] [stdout] test "tests/ui/parse-fail/resources-multiple-returns-borrow.wit"       ... ok
[INFO] [stdout] test "tests/ui/parse-fail/pkg-cycle"                                   ... ok
[INFO] [stdout] test "tests/ui/parse-fail/return-borrow3.wit"                          ... ok
[INFO] [stdout] test "tests/ui/parse-fail/undefined-typed.wit"                         ... ok
[INFO] [stdout] test "tests/ui/parse-fail/pkg-cycle2"                                  ... ok
[INFO] [stdout] test "tests/ui/parse-fail/unresolved-interface1.wit"                   ... ok
[INFO] [stdout] test "tests/ui/parse-fail/unresolved-interface2.wit"                   ... ok
[INFO] [stdout] test "tests/ui/parse-fail/return-borrow1.wit"                          ... ok
[INFO] [stdout] test "tests/ui/parse-fail/no-access-to-sibling-use"                    ... ok
[INFO] [stdout] test "tests/ui/parse-fail/return-borrow6.wit"                          ... ok
[INFO] [stdout] test "tests/ui/parse-fail/return-borrow7.wit"                          ... ok
[INFO] [stdout] test "tests/ui/parse-fail/unresolved-interface3.wit"                   ... ok
[INFO] [stdout] test "tests/ui/parse-fail/unknown-interface.wit"                       ... ok
[INFO] [stdout] test "tests/ui/parse-fail/unresolved-use1.wit"                         ... ok
[INFO] [stdout] test "tests/ui/parse-fail/unresolved-interface4.wit"                   ... ok
[INFO] [stdout] test "tests/ui/parse-fail/use-and-include-world"                       ... ok
[INFO] [stdout] test "tests/ui/parse-fail/return-borrow8"                              ... ok
[INFO] [stdout] test "tests/ui/parse-fail/use-conflict.wit"                            ... ok
[INFO] [stdout] test "tests/ui/parse-fail/use-conflict2.wit"                           ... ok
[INFO] [stdout] test "tests/ui/parse-fail/multi-package-deps-share-nest"               ... ok
[INFO] [stdout] test "tests/ui/parse-fail/use-cycle4.wit"                              ... ok
[INFO] [stdout] test "tests/ui/parse-fail/unresolved-use10"                            ... ok
[INFO] [stdout] test "tests/ui/parse-fail/unresolved-use3.wit"                         ... ok
[INFO] [stdout] test "tests/ui/parse-fail/unresolved-use7.wit"                         ... ok
[INFO] [stdout] test "tests/ui/parse-fail/multiple-packages-no-scope-blocks.wit"       ... ok
[INFO] [stdout] test "tests/ui/parse-fail/unresolved-use8.wit"                         ... ok
[INFO] [stdout] test "tests/ui/parse-fail/unresolved-use9.wit"                         ... ok
[INFO] [stdout] test "tests/ui/parse-fail/world-top-level-func2.wit"                   ... ok
[INFO] [stdout] test "tests/ui/parse-fail/use-cycle1.wit"                              ... ok
[INFO] [stdout] test "tests/ui/parse-fail/unresolved-use2.wit"                         ... ok
[INFO] [stdout] test "tests/ui/parse-fail/use-conflict3.wit"                           ... ok
[INFO] [stdout] test "tests/ui/resources-empty.wit"                                    ... ok
[INFO] [stdout] test "tests/ui/random.wit"                                             ... ok
[INFO] [stdout] test "tests/ui/resources-multiple-returns-own.wit"                     ... ok
[INFO] [stdout] test "tests/ui/resources-return-own.wit"                               ... ok
[INFO] [stdout] test "tests/ui/resources1.wit"                                         ... ok
[INFO] [stdout] test "tests/ui/same-name-import-export.wit"                            ... ok
[INFO] [stdout] test "tests/ui/parse-fail/very-nested-packages.wit"                    ... ok
[INFO] [stdout] test "tests/ui/parse-fail/return-borrow5.wit"                          ... ok
[INFO] [stdout] test "tests/ui/simple-wasm-text.wat"                                   ... FAILED
[INFO] [stdout] test "tests/ui/parse-fail/type-and-resource-same-name"                 ... ok
[INFO] [stdout] test "tests/ui/shared-types.wit"                                       ... ok
[INFO] [stdout] test "tests/ui/parse-fail/world-interface-clash.wit"                   ... ok
[INFO] [stdout] test "tests/ui/resources-multiple.wit"                                 ... ok
[INFO] [stdout] test "tests/ui/type-then-eof.wit"                                      ... ok
[INFO] [stdout] test "tests/ui/use-chain.wit"                                          ... ok
[INFO] [stdout] test "tests/ui/resources.wit"                                          ... ok
[INFO] [stdout] test "tests/ui/streams-and-futures.wit"                                ... ok
[INFO] [stdout] test "tests/ui/union-fuzz-2.wit"                                       ... ok
[INFO] [stdout] test "tests/ui/use.wit"                                                ... ok
[INFO] [stdout] test "tests/ui/world-iface-no-collide.wit"                             ... ok
[INFO] [stdout] test "tests/ui/union-fuzz-1.wit"                                       ... ok
[INFO] [stdout] test "tests/ui/version-syntax.wit"                                     ... ok
[INFO] [stdout] test "tests/ui/world-implicit-import1.wit"                             ... ok
[INFO] [stdout] test "tests/ui/world-diamond.wit"                                      ... ok
[INFO] [stdout] test "tests/ui/versions"                                               ... ok
[INFO] [stdout] test "tests/ui/world-implicit-import2.wit"                             ... ok
[INFO] [stdout] test "tests/ui/world-implicit-import3.wit"                             ... ok
[INFO] [stdout] test "tests/ui/world-top-level-funcs.wit"                              ... ok
[INFO] [stdout] test "tests/ui/world-same-fields4.wit"                                 ... ok
[INFO] [stdout] test "tests/ui/parse-fail/world-same-fields2.wit"                      ... ok
[INFO] [stdout] test "tests/ui/parse-fail/world-top-level-func.wit"                    ... ok
[INFO] [stdout] test "tests/ui/parse-fail/world-same-fields3.wit"                      ... ok
[INFO] [stdout] test "tests/ui/types.wit"                                              ... ok
[INFO] [stdout] test "tests/ui/worlds-union-dedup.wit"                                 ... ok
[INFO] [stdout] test "tests/ui/parse-fail/use-shadow1.wit"                             ... ok
[INFO] [stdout] test "tests/ui/parse-fail/use-world"                                   ... ok
[INFO] [stdout] test "tests/ui/world-top-level-resources.wit"                          ... ok
[INFO] [stdout] test "tests/ui/worlds-with-types.wit"                                  ... ok
[INFO] [stdout] test "tests/ui/wasi.wit"                                               ... ok
[INFO] [stdout] test "tests/ui/since-and-unstable.wit"                                 ... ok
[INFO] [stdout] test "tests/ui/stress-export-elaborate.wit"                            ... ok
[INFO] [stdout] 
[INFO] [stdout] failures:
[INFO] [stdout] 
[INFO] [stdout] ---- "tests/ui/kinds-of-deps" ----
[INFO] [stdout] test "tests/ui/kinds-of-deps" failed
[INFO] [stdout] 
[INFO] [stdout] Caused by:
[INFO] [stdout]     0: failed to resolve directory while parsing WIT for path [tests/ui/kinds-of-deps]
[INFO] [stdout]     1: failed to parse dependency directory: tests/ui/kinds-of-deps/deps
[INFO] [stdout]     2: expected `world`, `interface` or `use`, found '('
[INFO] [stdout]             --> tests/ui/kinds-of-deps/deps/d.wat:1:1
[INFO] [stdout]              |
[INFO] [stdout]            1 | (component
[INFO] [stdout]              | ^
[INFO] [stdout] 
[INFO] [stdout] Stack backtrace:
[INFO] [stdout]    0: anyhow::error::<impl core::convert::From<E> for anyhow::Error>::from
[INFO] [stdout]              at /opt/rustwide/cargo-home/registry/src/index.crates.io-1949cf8c6b5b557f/anyhow-1.0.95/src/backtrace.rs:27:14
[INFO] [stdout]    1: <T as core::convert::Into<U>>::into
[INFO] [stdout]              at /rustc/6067b36314ab5eb2eb47cecc464545ba58e1ad24/library/core/src/convert/mod.rs:761:9
[INFO] [stdout]    2: wit_parser::ast::AstItem::parse
[INFO] [stdout]              at ./src/ast.rs:244:26
[INFO] [stdout]    3: wit_parser::ast::DeclList::parse_until
[INFO] [stdout]              at ./src/ast.rs:135:24
[INFO] [stdout]    4: wit_parser::ast::PackageFile::parse
[INFO] [stdout]              at ./src/ast.rs:48:25
[INFO] [stdout]    5: wit_parser::ast::SourceMap::parse::{{closure}}
[INFO] [stdout]              at ./src/ast.rs:1694:32
[INFO] [stdout]    6: wit_parser::ast::SourceMap::rewrite_error
[INFO] [stdout]              at ./src/ast.rs:1740:29
[INFO] [stdout]    7: wit_parser::ast::SourceMap::parse
[INFO] [stdout]              at ./src/ast.rs:1677:20
[INFO] [stdout]    8: wit_parser::UnresolvedPackageGroup::parse
[INFO] [stdout]              at ./src/lib.rs:332:9
[INFO] [stdout]    9: wit_parser::resolve::Resolve::_push_file
[INFO] [stdout]              at ./src/resolve.rs:508:20
[INFO] [stdout]   10: wit_parser::resolve::Resolve::parse_deps_dir
[INFO] [stdout]              at ./src/resolve.rs:430:71
[INFO] [stdout]   11: wit_parser::resolve::Resolve::_push_dir
[INFO] [stdout]              at ./src/resolve.rs:398:20
[INFO] [stdout]   12: wit_parser::resolve::Resolve::push_dir
[INFO] [stdout]              at ./src/resolve.rs:391:9
[INFO] [stdout]   13: wit_parser::resolve::Resolve::_push_path
[INFO] [stdout]              at ./src/resolve.rs:263:13
[INFO] [stdout]   14: wit_parser::resolve::Resolve::push_path
[INFO] [stdout]              at ./src/resolve.rs:258:9
[INFO] [stdout]   15: all::Runner::run
[INFO] [stdout]              at ./tests/all.rs:79:22
[INFO] [stdout]   16: all::main::{{closure}}
[INFO] [stdout]              at ./tests/all.rs:28:13
[INFO] [stdout]   17: libtest_mimic::Trial::test::{{closure}}
[INFO] [stdout]              at /opt/rustwide/cargo-home/registry/src/index.crates.io-1949cf8c6b5b557f/libtest-mimic-0.7.3/src/lib.rs:112:54
[INFO] [stdout]   18: core::ops::function::FnOnce::call_once{{vtable.shim}}
[INFO] [stdout]              at /rustc/6067b36314ab5eb2eb47cecc464545ba58e1ad24/library/core/src/ops/function.rs:250:5
[INFO] [stdout]   19: <alloc::boxed::Box<F,A> as core::ops::function::FnOnce<Args>>::call_once
[INFO] [stdout]              at /rustc/6067b36314ab5eb2eb47cecc464545ba58e1ad24/library/alloc/src/boxed.rs:2013:9
[INFO] [stdout]   20: libtest_mimic::run_single::{{closure}}
[INFO] [stdout]              at /opt/rustwide/cargo-home/registry/src/index.crates.io-1949cf8c6b5b557f/libtest-mimic-0.7.3/src/lib.rs:551:43
[INFO] [stdout]   21: <core::panic::unwind_safe::AssertUnwindSafe<F> as core::ops::function::FnOnce<()>>::call_once
[INFO] [stdout]              at /rustc/6067b36314ab5eb2eb47cecc464545ba58e1ad24/library/core/src/panic/unwind_safe.rs:272:9
[INFO] [stdout]   22: std::panicking::try::do_call
[INFO] [stdout]              at /rustc/6067b36314ab5eb2eb47cecc464545ba58e1ad24/library/std/src/panicking.rs:587:40
[INFO] [stdout]   23: __rust_try
[INFO] [stdout]   24: std::panicking::try
[INFO] [stdout]              at /rustc/6067b36314ab5eb2eb47cecc464545ba58e1ad24/library/std/src/panicking.rs:550:19
[INFO] [stdout]   25: std::panic::catch_unwind
[INFO] [stdout]              at /rustc/6067b36314ab5eb2eb47cecc464545ba58e1ad24/library/std/src/panic.rs:358:14
[INFO] [stdout]   26: libtest_mimic::run_single
[INFO] [stdout]              at /opt/rustwide/cargo-home/registry/src/index.crates.io-1949cf8c6b5b557f/libtest-mimic-0.7.3/src/lib.rs:551:5
[INFO] [stdout]   27: libtest_mimic::run::{{closure}}
[INFO] [stdout]              at /opt/rustwide/cargo-home/registry/src/index.crates.io-1949cf8c6b5b557f/libtest-mimic-0.7.3/src/lib.rs:515:35
[INFO] [stdout]   28: <F as threadpool::FnBox>::call_box
[INFO] [stdout]              at /opt/rustwide/cargo-home/registry/src/index.crates.io-1949cf8c6b5b557f/threadpool-1.8.1/src/lib.rs:95:9
[INFO] [stdout]   29: threadpool::spawn_in_pool::{{closure}}
[INFO] [stdout]              at /opt/rustwide/cargo-home/registry/src/index.crates.io-1949cf8c6b5b557f/threadpool-1.8.1/src/lib.rs:769:17
[INFO] [stdout]   30: std::sys::backtrace::__rust_begin_short_backtrace
[INFO] [stdout]              at /rustc/6067b36314ab5eb2eb47cecc464545ba58e1ad24/library/std/src/sys/backtrace.rs:152:18
[INFO] [stdout]   31: std::thread::Builder::spawn_unchecked_::{{closure}}::{{closure}}
[INFO] [stdout]              at /rustc/6067b36314ab5eb2eb47cecc464545ba58e1ad24/library/std/src/thread/mod.rs:559:17
[INFO] [stdout]   32: <core::panic::unwind_safe::AssertUnwindSafe<F> as core::ops::function::FnOnce<()>>::call_once
[INFO] [stdout]              at /rustc/6067b36314ab5eb2eb47cecc464545ba58e1ad24/library/core/src/panic/unwind_safe.rs:272:9
[INFO] [stdout]   33: std::panicking::try::do_call
[INFO] [stdout]              at /rustc/6067b36314ab5eb2eb47cecc464545ba58e1ad24/library/std/src/panicking.rs:587:40
[INFO] [stdout]   34: __rust_try
[INFO] [stdout]   35: std::panicking::try
[INFO] [stdout]              at /rustc/6067b36314ab5eb2eb47cecc464545ba58e1ad24/library/std/src/panicking.rs:550:19
[INFO] [stdout]   36: std::panic::catch_unwind
[INFO] [stdout]              at /rustc/6067b36314ab5eb2eb47cecc464545ba58e1ad24/library/std/src/panic.rs:358:14
[INFO] [stdout]   37: std::thread::Builder::spawn_unchecked_::{{closure}}
[INFO] [stdout]              at /rustc/6067b36314ab5eb2eb47cecc464545ba58e1ad24/library/std/src/thread/mod.rs:557:30
[INFO] [stdout]   38: core::ops::function::FnOnce::call_once{{vtable.shim}}
[INFO] [stdout]              at /rustc/6067b36314ab5eb2eb47cecc464545ba58e1ad24/library/core/src/ops/function.rs:250:5
[INFO] [stdout]   39: <alloc::boxed::Box<F,A> as core::ops::function::FnOnce<Args>>::call_once
[INFO] [stdout]              at /rustc/6067b36314ab5eb2eb47cecc464545ba58e1ad24/library/alloc/src/boxed.rs:2013:9
[INFO] [stdout]   40: <alloc::boxed::Box<F,A> as core::ops::function::FnOnce<Args>>::call_once
[INFO] [stdout]              at /rustc/6067b36314ab5eb2eb47cecc464545ba58e1ad24/library/alloc/src/boxed.rs:2013:9
[INFO] [stdout]   41: std::sys::pal::unix::thread::Thread::new::thread_start
[INFO] [stdout]              at /rustc/6067b36314ab5eb2eb47cecc464545ba58e1ad24/library/std/src/sys/pal/unix/thread.rs:106:17
[INFO] [stdout]   42: <unknown>
[INFO] [stdout]   43: clone
[INFO] [stdout] 
[INFO] [stdout] ---- "tests/ui/simple-wasm-text.wat" ----
[INFO] [stdout] test "tests/ui/simple-wasm-text.wat" failed
[INFO] [stdout] 
[INFO] [stdout] Caused by:
[INFO] [stdout]     expected `world`, `interface` or `use`, found '('
[INFO] [stdout]          --> tests/ui/simple-wasm-text.wat:1:1
[INFO] [stdout]           |
[INFO] [stdout]         1 | (component
[INFO] [stdout]           | ^
[INFO] [stdout] 
[INFO] [stdout] Stack backtrace:
[INFO] [stdout]    0: anyhow::error::<impl core::convert::From<E> for anyhow::Error>::from
[INFO] [stdout]              at /opt/rustwide/cargo-home/registry/src/index.crates.io-1949cf8c6b5b557f/anyhow-1.0.95/src/backtrace.rs:27:14
[INFO] [stdout]    1: <T as core::convert::Into<U>>::into
[INFO] [stdout]              at /rustc/6067b36314ab5eb2eb47cecc464545ba58e1ad24/library/core/src/convert/mod.rs:761:9
[INFO] [stdout]    2: wit_parser::ast::AstItem::parse
[INFO] [stdout]              at ./src/ast.rs:244:26
[INFO] [stdout]    3: wit_parser::ast::DeclList::parse_until
[INFO] [stdout]              at ./src/ast.rs:135:24
[INFO] [stdout]    4: wit_parser::ast::PackageFile::parse
[INFO] [stdout]              at ./src/ast.rs:48:25
[INFO] [stdout]    5: wit_parser::ast::SourceMap::parse::{{closure}}
[INFO] [stdout]              at ./src/ast.rs:1694:32
[INFO] [stdout]    6: wit_parser::ast::SourceMap::rewrite_error
[INFO] [stdout]              at ./src/ast.rs:1740:29
[INFO] [stdout]    7: wit_parser::ast::SourceMap::parse
[INFO] [stdout]              at ./src/ast.rs:1677:20
[INFO] [stdout]    8: wit_parser::UnresolvedPackageGroup::parse
[INFO] [stdout]              at ./src/lib.rs:332:9
[INFO] [stdout]    9: wit_parser::resolve::Resolve::_push_file
[INFO] [stdout]              at ./src/resolve.rs:508:20
[INFO] [stdout]   10: wit_parser::resolve::Resolve::push_file
[INFO] [stdout]              at ./src/resolve.rs:462:15
[INFO] [stdout]   11: wit_parser::resolve::Resolve::_push_path
[INFO] [stdout]              at ./src/resolve.rs:270:22
[INFO] [stdout]   12: wit_parser::resolve::Resolve::push_path
[INFO] [stdout]              at ./src/resolve.rs:258:9
[INFO] [stdout]   13: all::Runner::run
[INFO] [stdout]              at ./tests/all.rs:79:22
[INFO] [stdout]   14: all::main::{{closure}}
[INFO] [stdout]              at ./tests/all.rs:28:13
[INFO] [stdout]   15: libtest_mimic::Trial::test::{{closure}}
[INFO] [stdout]              at /opt/rustwide/cargo-home/registry/src/index.crates.io-1949cf8c6b5b557f/libtest-mimic-0.7.3/src/lib.rs:112:54
[INFO] [stdout]   16: core::ops::function::FnOnce::call_once{{vtable.shim}}
[INFO] [stdout]              at /rustc/6067b36314ab5eb2eb47cecc464545ba58e1ad24/library/core/src/ops/function.rs:250:5
[INFO] [stdout]   17: <alloc::boxed::Box<F,A> as core::ops::function::FnOnce<Args>>::call_once
[INFO] [stdout]              at /rustc/6067b36314ab5eb2eb47cecc464545ba58e1ad24/library/alloc/src/boxed.rs:2013:9
[INFO] [stdout]   18: libtest_mimic::run_single::{{closure}}
[INFO] [stdout]              at /opt/rustwide/cargo-home/registry/src/index.crates.io-1949cf8c6b5b557f/libtest-mimic-0.7.3/src/lib.rs:551:43
[INFO] [stdout]   19: <core::panic::unwind_safe::AssertUnwindSafe<F> as core::ops::function::FnOnce<()>>::call_once
[INFO] [stdout]              at /rustc/6067b36314ab5eb2eb47cecc464545ba58e1ad24/library/core/src/panic/unwind_safe.rs:272:9
[INFO] [stdout]   20: std::panicking::try::do_call
[INFO] [stdout]              at /rustc/6067b36314ab5eb2eb47cecc464545ba58e1ad24/library/std/src/panicking.rs:587:40
[INFO] [stdout]   21: __rust_try
[INFO] [stdout]   22: std::panicking::try
[INFO] [stdout]              at /rustc/6067b36314ab5eb2eb47cecc464545ba58e1ad24/library/std/src/panicking.rs:550:19
[INFO] [stdout]   23: std::panic::catch_unwind
[INFO] [stdout]              at /rustc/6067b36314ab5eb2eb47cecc464545ba58e1ad24/library/std/src/panic.rs:358:14
[INFO] [stdout]   24: libtest_mimic::run_single
[INFO] [stdout]              at /opt/rustwide/cargo-home/registry/src/index.crates.io-1949cf8c6b5b557f/libtest-mimic-0.7.3/src/lib.rs:551:5
[INFO] [stdout]   25: libtest_mimic::run::{{closure}}
[INFO] [stdout]              at /opt/rustwide/cargo-home/registry/src/index.crates.io-1949cf8c6b5b557f/libtest-mimic-0.7.3/src/lib.rs:515:35
[INFO] [stdout]   26: <F as threadpool::FnBox>::call_box
[INFO] [stdout]              at /opt/rustwide/cargo-home/registry/src/index.crates.io-1949cf8c6b5b557f/threadpool-1.8.1/src/lib.rs:95:9
[INFO] [stdout]   27: threadpool::spawn_in_pool::{{closure}}
[INFO] [stdout]              at /opt/rustwide/cargo-home/registry/src/index.crates.io-1949cf8c6b5b557f/threadpool-1.8.1/src/lib.rs:769:17
[INFO] [stdout]   28: std::sys::backtrace::__rust_begin_short_backtrace
[INFO] [stdout]              at /rustc/6067b36314ab5eb2eb47cecc464545ba58e1ad24/library/std/src/sys/backtrace.rs:152:18
[INFO] [stdout]   29: std::thread::Builder::spawn_unchecked_::{{closure}}::{{closure}}
[INFO] [stdout]              at /rustc/6067b36314ab5eb2eb47cecc464545ba58e1ad24/library/std/src/thread/mod.rs:559:17
[INFO] [stdout]   30: <core::panic::unwind_safe::AssertUnwindSafe<F> as core::ops::function::FnOnce<()>>::call_once
[INFO] [stdout]              at /rustc/6067b36314ab5eb2eb47cecc464545ba58e1ad24/library/core/src/panic/unwind_safe.rs:272:9
[INFO] [stdout]   31: std::panicking::try::do_call
[INFO] [stdout]              at /rustc/6067b36314ab5eb2eb47cecc464545ba58e1ad24/library/std/src/panicking.rs:587:40
[INFO] [stdout]   32: __rust_try
[INFO] [stdout]   33: std::panicking::try
[INFO] [stdout]              at /rustc/6067b36314ab5eb2eb47cecc464545ba58e1ad24/library/std/src/panicking.rs:550:19
[INFO] [stdout]   34: std::panic::catch_unwind
[INFO] [stdout]              at /rustc/6067b36314ab5eb2eb47cecc464545ba58e1ad24/library/std/src/panic.rs:358:14
[INFO] [stdout]   35: std::thread::Builder::spawn_unchecked_::{{closure}}
[INFO] [stdout]              at /rustc/6067b36314ab5eb2eb47cecc464545ba58e1ad24/library/std/src/thread/mod.rs:557:30
[INFO] [stdout]   36: core::ops::function::FnOnce::call_once{{vtable.shim}}
[INFO] [stdout]              at /rustc/6067b36314ab5eb2eb47cecc464545ba58e1ad24/library/core/src/ops/function.rs:250:5
[INFO] [stdout]   37: <alloc::boxed::Box<F,A> as core::ops::function::FnOnce<Args>>::call_once
[INFO] [stdout]              at /rustc/6067b36314ab5eb2eb47cecc464545ba58e1ad24/library/alloc/src/boxed.rs:2013:9
[INFO] [stdout]   38: <alloc::boxed::Box<F,A> as core::ops::function::FnOnce<Args>>::call_once
[INFO] [stdout]              at /rustc/6067b36314ab5eb2eb47cecc464545ba58e1ad24/library/alloc/src/boxed.rs:2013:9
[INFO] [stdout]   39: std::sys::pal::unix::thread::Thread::new::thread_start
[INFO] [stdout]              at /rustc/6067b36314ab5eb2eb47cecc464545ba58e1ad24/library/std/src/sys/pal/unix/thread.rs:106:17
[INFO] [stdout]   40: <unknown>
[INFO] [stdout]   41: clone
[INFO] [stdout] 
[INFO] [stdout] 
[INFO] [stdout] failures:
[INFO] [stdout]     "tests/ui/kinds-of-deps"
[INFO] [stdout]     "tests/ui/simple-wasm-text.wat"
[INFO] [stdout] 
[INFO] [stdout] test result: FAILED. 187 passed; 2 failed; 0 ignored; 0 measured; 0 filtered out; finished in 0.04s
[INFO] [stdout] 
[INFO] [stderr] error: test failed, to rerun pass `--test all`
[INFO] running `Command { std: "docker" "inspect" "284cbfb7f467b12434ebbb3c42dbdacd32ca9a7226b57cca7f1d00cb3b9b2a51", kill_on_drop: false }`
[INFO] running `Command { std: "docker" "rm" "-f" "284cbfb7f467b12434ebbb3c42dbdacd32ca9a7226b57cca7f1d00cb3b9b2a51", kill_on_drop: false }`
[INFO] [stdout] 284cbfb7f467b12434ebbb3c42dbdacd32ca9a7226b57cca7f1d00cb3b9b2a51
