[INFO] fetching crate whiley_file 0.1.0...
[INFO] testing whiley_file-0.1.0 against nightly-2025-01-18 for randomize-layout-2
[INFO] extracting crate whiley_file 0.1.0 into /workspace/builds/worker-7-tc1/source
[INFO] validating manifest of crates.io crate whiley_file 0.1.0 on toolchain nightly-2025-01-18
[INFO] running `Command { std: CARGO_HOME="/workspace/cargo-home" RUSTUP_HOME="/workspace/rustup-home" "/workspace/cargo-home/bin/cargo" "+nightly-2025-01-18" "metadata" "--manifest-path" "Cargo.toml" "--no-deps", kill_on_drop: false }`
[INFO] started tweaking crates.io crate whiley_file 0.1.0
[INFO] finished tweaking crates.io crate whiley_file 0.1.0
[INFO] tweaked toml for crates.io crate whiley_file 0.1.0 written to /workspace/builds/worker-7-tc1/source/Cargo.toml
[INFO] running `Command { std: CARGO_HOME="/workspace/cargo-home" RUSTUP_HOME="/workspace/rustup-home" "/workspace/cargo-home/bin/cargo" "+nightly-2025-01-18" "generate-lockfile" "--manifest-path" "Cargo.toml", kill_on_drop: false }`
[INFO] [stderr]     Blocking waiting for file lock on package cache
[INFO] [stderr]     Updating crates.io index
[INFO] [stderr]      Locking 1 package to latest compatible version
[INFO] running `Command { std: CARGO_HOME="/workspace/cargo-home" RUSTUP_HOME="/workspace/rustup-home" "/workspace/cargo-home/bin/cargo" "+nightly-2025-01-18" "fetch" "--manifest-path" "Cargo.toml", kill_on_drop: false }`
[INFO] [stderr]     Blocking waiting for file lock on package cache
[INFO] [stderr]     Blocking waiting for file lock on package cache
[INFO] [stderr]  Downloading crates ...
[INFO] [stderr]   Downloaded syntactic_heap v0.3.1
[INFO] running `Command { std: "docker" "create" "-v" "/var/lib/crater-agent-workspace/builds/worker-7-tc1/target:/opt/rustwide/target:rw,Z" "-v" "/var/lib/crater-agent-workspace/builds/worker-7-tc1/source:/opt/rustwide/workdir:ro,Z" "-v" "/var/lib/crater-agent-workspace/cargo-home:/opt/rustwide/cargo-home:ro,Z" "-v" "/var/lib/crater-agent-workspace/rustup-home:/opt/rustwide/rustup-home:ro,Z" "-e" "SOURCE_DIR=/opt/rustwide/workdir" "-e" "CARGO_TARGET_DIR=/opt/rustwide/target" "-e" "CARGO_HOME=/opt/rustwide/cargo-home" "-e" "RUSTUP_HOME=/opt/rustwide/rustup-home" "-w" "/opt/rustwide/workdir" "-m" "1610612736" "--user" "0:0" "--network" "none" "ghcr.io/rust-lang/crates-build-env/linux@sha256:819108c5571ea2e421544af4d832f968d213c87fbe3707a016657f43d2f853bc" "/opt/rustwide/cargo-home/bin/cargo" "+nightly-2025-01-18" "metadata" "--no-deps" "--format-version=1", kill_on_drop: false }`
[INFO] [stdout] 84bed411af5ad6174b83eafb796979195b52bdbc2c1a17020269bd30c5455838
[INFO] running `Command { std: "docker" "start" "-a" "84bed411af5ad6174b83eafb796979195b52bdbc2c1a17020269bd30c5455838", kill_on_drop: false }`
[INFO] running `Command { std: "docker" "inspect" "84bed411af5ad6174b83eafb796979195b52bdbc2c1a17020269bd30c5455838", kill_on_drop: false }`
[INFO] running `Command { std: "docker" "rm" "-f" "84bed411af5ad6174b83eafb796979195b52bdbc2c1a17020269bd30c5455838", kill_on_drop: false }`
[INFO] [stdout] 84bed411af5ad6174b83eafb796979195b52bdbc2c1a17020269bd30c5455838
[INFO] running `Command { std: "docker" "create" "-v" "/var/lib/crater-agent-workspace/builds/worker-7-tc1/target:/opt/rustwide/target:rw,Z" "-v" "/var/lib/crater-agent-workspace/builds/worker-7-tc1/source:/opt/rustwide/workdir:ro,Z" "-v" "/var/lib/crater-agent-workspace/cargo-home:/opt/rustwide/cargo-home:ro,Z" "-v" "/var/lib/crater-agent-workspace/rustup-home:/opt/rustwide/rustup-home:ro,Z" "-e" "SOURCE_DIR=/opt/rustwide/workdir" "-e" "CARGO_TARGET_DIR=/opt/rustwide/target" "-e" "CARGO_INCREMENTAL=0" "-e" "RUST_BACKTRACE=full" "-e" "RUSTFLAGS=--cap-lints=forbid" "-e" "RUSTDOCFLAGS=--cap-lints=forbid" "-e" "CARGO_HOME=/opt/rustwide/cargo-home" "-e" "RUSTUP_HOME=/opt/rustwide/rustup-home" "-w" "/opt/rustwide/workdir" "-m" "1610612736" "--user" "0:0" "--network" "none" "ghcr.io/rust-lang/crates-build-env/linux@sha256:819108c5571ea2e421544af4d832f968d213c87fbe3707a016657f43d2f853bc" "/opt/rustwide/cargo-home/bin/cargo" "+nightly-2025-01-18" "build" "--frozen" "--message-format=json", kill_on_drop: false }`
[INFO] [stdout] c5f09fc0737e77bf57398e27e9eb447aff12b2d3326a20ebd5e7192a6668d5a0
[INFO] running `Command { std: "docker" "start" "-a" "c5f09fc0737e77bf57398e27e9eb447aff12b2d3326a20ebd5e7192a6668d5a0", kill_on_drop: false }`
[INFO] [stderr]    Compiling syntactic_heap v0.3.1
[INFO] [stderr]    Compiling whiley_file v0.1.0 (/opt/rustwide/workdir)
[INFO] [stdout] warning: unused variable: `ast`
[INFO] [stdout]    --> src/ast.rs:218:15
[INFO] [stdout]     |
[INFO] [stdout] 218 |     pub fn is(ast: &AbstractSyntaxTree, t: &Node) -> bool {
[INFO] [stdout]     |               ^^^ help: if this is intentional, prefix it with an underscore: `_ast`
[INFO] [stdout]     |
[INFO] [stdout]     = note: `#[warn(unused_variables)]` on by default
[INFO] [stdout] 
[INFO] [stdout] 
[INFO] [stdout] warning: unused variable: `slice`
[INFO] [stdout]    --> src/parser.rs:143:6
[INFO] [stdout]     |
[INFO] [stdout] 143 |     let slice = &self.lexer.input[start.start .. end];
[INFO] [stdout]     |         ^^^^^ help: if this is intentional, prefix it with an underscore: `_slice`
[INFO] [stdout] 
[INFO] [stdout] 
[INFO] [stdout] warning: function `to_string` is never used
[INFO] [stdout]    --> src/ast.rs:328:4
[INFO] [stdout]     |
[INFO] [stdout] 328 | fn to_string<T:fmt::Display>(items : &[T]) -> String {
[INFO] [stdout]     |    ^^^^^^^^^
[INFO] [stdout]     |
[INFO] [stdout]     = note: `#[warn(dead_code)]` on by default
[INFO] [stdout] 
[INFO] [stdout] 
[INFO] [stdout] warning: fields `env` and `mapper` are never read
[INFO] [stdout]   --> src/parser.rs:46:5
[INFO] [stdout]    |
[INFO] [stdout] 39 | pub struct Parser<'a, F>
[INFO] [stdout]    |            ------ fields in this struct
[INFO] [stdout] ...
[INFO] [stdout] 46 |     env: Env,
[INFO] [stdout]    |     ^^^
[INFO] [stdout] 47 |     /// Provides mechanism for source maps
[INFO] [stdout] 48 |     mapper : F
[INFO] [stdout]    |     ^^^^^^
[INFO] [stdout] 
[INFO] [stdout] 
[INFO] [stdout] warning: method `matches` is never used
[INFO] [stdout]    --> src/parser.rs:546:8
[INFO] [stdout]     |
[INFO] [stdout] 52  | / impl<'a,'b,F> Parser<'a,F>
[INFO] [stdout] 53  | | where 'a :'b, F : FnMut(usize,&'a str) {
[INFO] [stdout]     | |______________________________________- method in this implementation
[INFO] [stdout] ...
[INFO] [stdout] 546 |       fn matches(&mut self, kind : TokenType) -> Result<Token<'a>> {
[INFO] [stdout]     |          ^^^^^^^
[INFO] [stdout] 
[INFO] [stdout] 
[INFO] [stderr]     Finished `dev` profile [unoptimized + debuginfo] target(s) in 0.55s
[INFO] running `Command { std: "docker" "inspect" "c5f09fc0737e77bf57398e27e9eb447aff12b2d3326a20ebd5e7192a6668d5a0", kill_on_drop: false }`
[INFO] running `Command { std: "docker" "rm" "-f" "c5f09fc0737e77bf57398e27e9eb447aff12b2d3326a20ebd5e7192a6668d5a0", kill_on_drop: false }`
[INFO] [stdout] c5f09fc0737e77bf57398e27e9eb447aff12b2d3326a20ebd5e7192a6668d5a0
[INFO] running `Command { std: "docker" "create" "-v" "/var/lib/crater-agent-workspace/builds/worker-7-tc1/target:/opt/rustwide/target:rw,Z" "-v" "/var/lib/crater-agent-workspace/builds/worker-7-tc1/source:/opt/rustwide/workdir:ro,Z" "-v" "/var/lib/crater-agent-workspace/cargo-home:/opt/rustwide/cargo-home:ro,Z" "-v" "/var/lib/crater-agent-workspace/rustup-home:/opt/rustwide/rustup-home:ro,Z" "-e" "SOURCE_DIR=/opt/rustwide/workdir" "-e" "CARGO_TARGET_DIR=/opt/rustwide/target" "-e" "CARGO_INCREMENTAL=0" "-e" "RUST_BACKTRACE=full" "-e" "RUSTFLAGS=--cap-lints=forbid" "-e" "RUSTDOCFLAGS=--cap-lints=forbid" "-e" "CARGO_HOME=/opt/rustwide/cargo-home" "-e" "RUSTUP_HOME=/opt/rustwide/rustup-home" "-w" "/opt/rustwide/workdir" "-m" "1610612736" "--user" "0:0" "--network" "none" "ghcr.io/rust-lang/crates-build-env/linux@sha256:819108c5571ea2e421544af4d832f968d213c87fbe3707a016657f43d2f853bc" "/opt/rustwide/cargo-home/bin/cargo" "+nightly-2025-01-18" "test" "--frozen" "--no-run" "--message-format=json", kill_on_drop: false }`
[INFO] [stdout] 84521d03250299124eebd2ceb7daa3d0538b2cd59e17d84ab0a7bef579b711a2
[INFO] running `Command { std: "docker" "start" "-a" "84521d03250299124eebd2ceb7daa3d0538b2cd59e17d84ab0a7bef579b711a2", kill_on_drop: false }`
[INFO] [stderr]    Compiling whiley_file v0.1.0 (/opt/rustwide/workdir)
[INFO] [stdout] warning: unused variable: `ast`
[INFO] [stdout]    --> src/ast.rs:218:15
[INFO] [stdout]     |
[INFO] [stdout] 218 |     pub fn is(ast: &AbstractSyntaxTree, t: &Node) -> bool {
[INFO] [stdout]     |               ^^^ help: if this is intentional, prefix it with an underscore: `_ast`
[INFO] [stdout]     |
[INFO] [stdout]     = note: `#[warn(unused_variables)]` on by default
[INFO] [stdout] 
[INFO] [stdout] 
[INFO] [stdout] warning: unused variable: `slice`
[INFO] [stdout]    --> src/parser.rs:143:6
[INFO] [stdout]     |
[INFO] [stdout] 143 |     let slice = &self.lexer.input[start.start .. end];
[INFO] [stdout]     |         ^^^^^ help: if this is intentional, prefix it with an underscore: `_slice`
[INFO] [stdout] 
[INFO] [stdout] 
[INFO] [stdout] warning: function `to_string` is never used
[INFO] [stdout]    --> src/ast.rs:328:4
[INFO] [stdout]     |
[INFO] [stdout] 328 | fn to_string<T:fmt::Display>(items : &[T]) -> String {
[INFO] [stdout]     |    ^^^^^^^^^
[INFO] [stdout]     |
[INFO] [stdout]     = note: `#[warn(dead_code)]` on by default
[INFO] [stdout] 
[INFO] [stdout] 
[INFO] [stdout] warning: fields `env` and `mapper` are never read
[INFO] [stdout]   --> src/parser.rs:46:5
[INFO] [stdout]    |
[INFO] [stdout] 39 | pub struct Parser<'a, F>
[INFO] [stdout]    |            ------ fields in this struct
[INFO] [stdout] ...
[INFO] [stdout] 46 |     env: Env,
[INFO] [stdout]    |     ^^^
[INFO] [stdout] 47 |     /// Provides mechanism for source maps
[INFO] [stdout] 48 |     mapper : F
[INFO] [stdout]    |     ^^^^^^
[INFO] [stdout] 
[INFO] [stdout] 
[INFO] [stdout] warning: method `matches` is never used
[INFO] [stdout]    --> src/parser.rs:546:8
[INFO] [stdout]     |
[INFO] [stdout] 52  | / impl<'a,'b,F> Parser<'a,F>
[INFO] [stdout] 53  | | where 'a :'b, F : FnMut(usize,&'a str) {
[INFO] [stdout]     | |______________________________________- method in this implementation
[INFO] [stdout] ...
[INFO] [stdout] 546 |       fn matches(&mut self, kind : TokenType) -> Result<Token<'a>> {
[INFO] [stdout]     |          ^^^^^^^
[INFO] [stdout] 
[INFO] [stdout] 
[INFO] [stdout] warning: unused variable: `ast`
[INFO] [stdout]    --> tests/micro.rs:203:9
[INFO] [stdout]     |
[INFO] [stdout] 203 |     let ast = check_parse("function f()->() :\n skip");
[INFO] [stdout]     |         ^^^ help: if this is intentional, prefix it with an underscore: `_ast`
[INFO] [stdout]     |
[INFO] [stdout]     = note: `#[warn(unused_variables)]` on by default
[INFO] [stdout] 
[INFO] [stdout] 
[INFO] [stdout] warning: unused variable: `ast`
[INFO] [stdout]    --> tests/micro.rs:336:9
[INFO] [stdout]     |
[INFO] [stdout] 336 |     let ast = check_type_error("function f() -> ():\n assert b");
[INFO] [stdout]     |         ^^^ help: if this is intentional, prefix it with an underscore: `_ast`
[INFO] [stdout] 
[INFO] [stdout] 
[INFO] [stdout] warning: function `type_mapper` is never used
[INFO] [stdout]    --> tests/micro.rs:364:4
[INFO] [stdout]     |
[INFO] [stdout] 364 | fn type_mapper<'a>(_: usize, _: Type) { }
[INFO] [stdout]     |    ^^^^^^^^^^^
[INFO] [stdout]     |
[INFO] [stdout]     = note: `#[warn(dead_code)]` on by default
[INFO] [stdout] 
[INFO] [stdout] 
[INFO] [stdout] warning: unused variable: `ast`
[INFO] [stdout]    --> src/ast.rs:218:15
[INFO] [stdout]     |
[INFO] [stdout] 218 |     pub fn is(ast: &AbstractSyntaxTree, t: &Node) -> bool {
[INFO] [stdout]     |               ^^^ help: if this is intentional, prefix it with an underscore: `_ast`
[INFO] [stdout]     |
[INFO] [stdout]     = note: `#[warn(unused_variables)]` on by default
[INFO] [stdout] 
[INFO] [stdout] 
[INFO] [stdout] warning: unused variable: `slice`
[INFO] [stdout]    --> src/parser.rs:143:6
[INFO] [stdout]     |
[INFO] [stdout] 143 |     let slice = &self.lexer.input[start.start .. end];
[INFO] [stdout]     |         ^^^^^ help: if this is intentional, prefix it with an underscore: `_slice`
[INFO] [stdout] 
[INFO] [stdout] 
[INFO] [stdout] warning: function `to_string` is never used
[INFO] [stdout]    --> src/ast.rs:328:4
[INFO] [stdout]     |
[INFO] [stdout] 328 | fn to_string<T:fmt::Display>(items : &[T]) -> String {
[INFO] [stdout]     |    ^^^^^^^^^
[INFO] [stdout]     |
[INFO] [stdout]     = note: `#[warn(dead_code)]` on by default
[INFO] [stdout] 
[INFO] [stdout] 
[INFO] [stdout] warning: fields `env` and `mapper` are never read
[INFO] [stdout]   --> src/parser.rs:46:5
[INFO] [stdout]    |
[INFO] [stdout] 39 | pub struct Parser<'a, F>
[INFO] [stdout]    |            ------ fields in this struct
[INFO] [stdout] ...
[INFO] [stdout] 46 |     env: Env,
[INFO] [stdout]    |     ^^^
[INFO] [stdout] 47 |     /// Provides mechanism for source maps
[INFO] [stdout] 48 |     mapper : F
[INFO] [stdout]    |     ^^^^^^
[INFO] [stdout] 
[INFO] [stdout] 
[INFO] [stdout] warning: method `matches` is never used
[INFO] [stdout]    --> src/parser.rs:546:8
[INFO] [stdout]     |
[INFO] [stdout] 52  | / impl<'a,'b,F> Parser<'a,F>
[INFO] [stdout] 53  | | where 'a :'b, F : FnMut(usize,&'a str) {
[INFO] [stdout]     | |______________________________________- method in this implementation
[INFO] [stdout] ...
[INFO] [stdout] 546 |       fn matches(&mut self, kind : TokenType) -> Result<Token<'a>> {
[INFO] [stdout]     |          ^^^^^^^
[INFO] [stdout] 
[INFO] [stdout] 
[INFO] [stderr]     Finished `test` profile [unoptimized + debuginfo] target(s) in 0.86s
[INFO] running `Command { std: "docker" "inspect" "84521d03250299124eebd2ceb7daa3d0538b2cd59e17d84ab0a7bef579b711a2", kill_on_drop: false }`
[INFO] running `Command { std: "docker" "rm" "-f" "84521d03250299124eebd2ceb7daa3d0538b2cd59e17d84ab0a7bef579b711a2", kill_on_drop: false }`
[INFO] [stdout] 84521d03250299124eebd2ceb7daa3d0538b2cd59e17d84ab0a7bef579b711a2
[INFO] running `Command { std: "docker" "create" "-v" "/var/lib/crater-agent-workspace/builds/worker-7-tc1/target:/opt/rustwide/target:rw,Z" "-v" "/var/lib/crater-agent-workspace/builds/worker-7-tc1/source:/opt/rustwide/workdir:ro,Z" "-v" "/var/lib/crater-agent-workspace/cargo-home:/opt/rustwide/cargo-home:ro,Z" "-v" "/var/lib/crater-agent-workspace/rustup-home:/opt/rustwide/rustup-home:ro,Z" "-e" "SOURCE_DIR=/opt/rustwide/workdir" "-e" "CARGO_TARGET_DIR=/opt/rustwide/target" "-e" "CARGO_INCREMENTAL=0" "-e" "RUST_BACKTRACE=full" "-e" "RUSTFLAGS=--cap-lints=forbid" "-e" "RUSTDOCFLAGS=--cap-lints=forbid" "-e" "CARGO_HOME=/opt/rustwide/cargo-home" "-e" "RUSTUP_HOME=/opt/rustwide/rustup-home" "-w" "/opt/rustwide/workdir" "-m" "1610612736" "--user" "0:0" "--network" "none" "ghcr.io/rust-lang/crates-build-env/linux@sha256:819108c5571ea2e421544af4d832f968d213c87fbe3707a016657f43d2f853bc" "/opt/rustwide/cargo-home/bin/cargo" "+nightly-2025-01-18" "test" "--frozen", kill_on_drop: false }`
[INFO] [stdout] 757541fa9f752e47ebb1d43426addb758e888b993b25b9a5d18ae1576b29e111
[INFO] running `Command { std: "docker" "start" "-a" "757541fa9f752e47ebb1d43426addb758e888b993b25b9a5d18ae1576b29e111", kill_on_drop: false }`
[INFO] [stderr] warning: unused variable: `ast`
[INFO] [stderr]    --> src/ast.rs:218:15
[INFO] [stderr]     |
[INFO] [stderr] 218 |     pub fn is(ast: &AbstractSyntaxTree, t: &Node) -> bool {
[INFO] [stderr]     |               ^^^ help: if this is intentional, prefix it with an underscore: `_ast`
[INFO] [stderr]     |
[INFO] [stderr]     = note: `#[warn(unused_variables)]` on by default
[INFO] [stderr] 
[INFO] [stderr] warning: unused variable: `slice`
[INFO] [stderr]    --> src/parser.rs:143:6
[INFO] [stderr]     |
[INFO] [stderr] 143 |     let slice = &self.lexer.input[start.start .. end];
[INFO] [stderr]     |         ^^^^^ help: if this is intentional, prefix it with an underscore: `_slice`
[INFO] [stderr] 
[INFO] [stderr] warning: function `to_string` is never used
[INFO] [stderr]    --> src/ast.rs:328:4
[INFO] [stderr]     |
[INFO] [stderr] 328 | fn to_string<T:fmt::Display>(items : &[T]) -> String {
[INFO] [stderr]     |    ^^^^^^^^^
[INFO] [stderr]     |
[INFO] [stderr]     = note: `#[warn(dead_code)]` on by default
[INFO] [stderr] 
[INFO] [stderr] warning: fields `env` and `mapper` are never read
[INFO] [stderr]   --> src/parser.rs:46:5
[INFO] [stderr]    |
[INFO] [stderr] 39 | pub struct Parser<'a, F>
[INFO] [stderr]    |            ------ fields in this struct
[INFO] [stderr] ...
[INFO] [stderr] 46 |     env: Env,
[INFO] [stderr]    |     ^^^
[INFO] [stderr] 47 |     /// Provides mechanism for source maps
[INFO] [stderr] 48 |     mapper : F
[INFO] [stderr]    |     ^^^^^^
[INFO] [stderr] 
[INFO] [stderr] warning: method `matches` is never used
[INFO] [stderr]    --> src/parser.rs:546:8
[INFO] [stderr]     |
[INFO] [stderr] 52  | / impl<'a,'b,F> Parser<'a,F>
[INFO] [stderr] 53  | | where 'a :'b, F : FnMut(usize,&'a str) {
[INFO] [stderr]     | |______________________________________- method in this implementation
[INFO] [stderr] ...
[INFO] [stderr] 546 |       fn matches(&mut self, kind : TokenType) -> Result<Token<'a>> {
[INFO] [stderr]     |          ^^^^^^^
[INFO] [stderr] 
[INFO] [stderr] warning: `whiley_file` (lib) generated 5 warnings
[INFO] [stderr] warning: unused variable: `ast`
[INFO] [stderr]    --> tests/micro.rs:203:9
[INFO] [stderr]     |
[INFO] [stderr] 203 |     let ast = check_parse("function f()->() :\n skip");
[INFO] [stderr]     |         ^^^ help: if this is intentional, prefix it with an underscore: `_ast`
[INFO] [stderr]     |
[INFO] [stderr]     = note: `#[warn(unused_variables)]` on by default
[INFO] [stderr] 
[INFO] [stderr] warning: unused variable: `ast`
[INFO] [stderr]    --> tests/micro.rs:336:9
[INFO] [stderr]     |
[INFO] [stderr] 336 |     let ast = check_type_error("function f() -> ():\n assert b");
[INFO] [stderr]     |         ^^^ help: if this is intentional, prefix it with an underscore: `_ast`
[INFO] [stderr] 
[INFO] [stderr] warning: function `type_mapper` is never used
[INFO] [stderr]    --> tests/micro.rs:364:4
[INFO] [stderr]     |
[INFO] [stderr] 364 | fn type_mapper<'a>(_: usize, _: Type) { }
[INFO] [stderr]     |    ^^^^^^^^^^^
[INFO] [stderr]     |
[INFO] [stderr]     = note: `#[warn(dead_code)]` on by default
[INFO] [stderr] 
[INFO] [stderr] warning: `whiley_file` (test "micro") generated 3 warnings
[INFO] [stderr] warning: `whiley_file` (lib test) generated 5 warnings (5 duplicates)
[INFO] [stderr]     Finished `test` profile [unoptimized + debuginfo] target(s) in 0.01s
[INFO] [stderr]      Running unittests src/lib.rs (/opt/rustwide/target/debug/deps/whiley_file-7fd3757fcf128e53)
[INFO] [stdout] 
[INFO] [stdout] running 30 tests
[INFO] [stdout] test lexer::test_03 ... ok
[INFO] [stdout] test lexer::test_04 ... ok
[INFO] [stdout] test lexer::test_02 ... ok
[INFO] [stdout] test lexer::test_01 ... ok
[INFO] [stdout] test lexer::test_05 ... ok
[INFO] [stdout] test lexer::test_06 ... ok
[INFO] [stdout] test lexer::test_10 ... ok
[INFO] [stdout] test lexer::test_14 ... ok
[INFO] [stdout] test lexer::test_15 ... ok
[INFO] [stdout] test lexer::test_09 ... ok
[INFO] [stdout] test lexer::test_16 ... ok
[INFO] [stdout] test lexer::test_21 ... ok
[INFO] [stdout] test lexer::test_30 ... ok
[INFO] [stdout] test lexer::test_20 ... ok
[INFO] [stdout] test lexer::test_22 ... ok
[INFO] [stdout] test lexer::test_07 ... ok
[INFO] [stdout] test lexer::test_23 ... ok
[INFO] [stdout] test lexer::test_13 ... ok
[INFO] [stdout] test lexer::test_12 ... ok
[INFO] [stdout] test lexer::test_08 ... ok
[INFO] [stdout] test lexer::test_31 ... ok
[INFO] [stdout] test lexer::test_40 ... ok
[INFO] [stdout] test lexer::test_41 ... ok
[INFO] [stdout] test lexer::test_24 ... ok
[INFO] [stdout] test lexer::test_42 ... ok
[INFO] [stdout] test lexer::test_43 ... ok
[INFO] [stdout] test lexer::test_61 ... ok
[INFO] [stdout] test lexer::test_11 ... ok
[INFO] [stdout] test lexer::test_44 ... ok
[INFO] [stdout] test lexer::test_60 ... ok
[INFO] [stdout] 
[INFO] [stdout] test result: ok. 30 passed; 0 failed; 0 ignored; 0 measured; 0 filtered out; finished in 0.04s
[INFO] [stdout] 
[INFO] [stderr]      Running tests/micro.rs (/opt/rustwide/target/debug/deps/micro-b09b0e72464d23da)
[INFO] [stdout] 
[INFO] [stdout] running 45 tests
[INFO] [stdout] test test_assert_04 ... ok
[INFO] [stdout] test test_assert_05 ... ok
[INFO] [stdout] test test_assert_06 ... ok
[INFO] [stdout] test test_assert_08 ... ok
[INFO] [stdout] test test_assert_12 ... ok
[INFO] [stdout] test test_function_02 ... ok
[INFO] [stdout] test test_function_03 ... ok
[INFO] [stdout] test test_assert_11 ... ok
[INFO] [stdout] test test_function_05 ... ok
[INFO] [stdout] test test_function_04 ... ok
[INFO] [stdout] test test_function_06a ... ok
[INFO] [stdout] test test_function_06c ... ok
[INFO] [stdout] test test_function_06d ... ok
[INFO] [stdout] test test_function_06b ... ok
[INFO] [stdout] test test_function_06e ... ok
[INFO] [stdout] test test_function_06f ... ok
[INFO] [stdout] test test_function_06g ... ok
[INFO] [stdout] test test_function_06h ... ok
[INFO] [stdout] test test_function_07 ... ok
[INFO] [stdout] test test_skip_02 ... ok
[INFO] [stdout] test test_function_08 ... ok
[INFO] [stdout] test test_type_03 ... ok
[INFO] [stdout] test test_skip_03 ... ok
[INFO] [stdout] test test_skip_01 ... ok
[INFO] [stdout] test test_type_06 ... ok
[INFO] [stdout] test test_type_08 ... ok
[INFO] [stdout] test test_type_07 ... ok
[INFO] [stdout] test test_type_10 ... ok
[INFO] [stdout] test test_type_09 ... ok
[INFO] [stdout] test test_assert_07 ... ok
[INFO] [stdout] test test_type_04 ... ok
[INFO] [stdout] test test_type_01 ... ok
[INFO] [stdout] test test_type_05 ... ok
[INFO] [stdout] test test_type_11 ... ok
[INFO] [stdout] test test_assert_10 ... ok
[INFO] [stdout] test test_type_02 ... ok
[INFO] [stdout] test test_type_15 ... ok
[INFO] [stdout] test test_type_12 ... ok
[INFO] [stdout] test test_type_13 ... ok
[INFO] [stdout] test test_type_14 ... ok
[INFO] [stdout] test test_type_16 ... ok
[INFO] [stdout] test test_type_19 ... ok
[INFO] [stdout] test test_type_18 ... ok
[INFO] [stdout] test test_type_17 ... ok
[INFO] [stdout] test test_function_01 ... FAILED
[INFO] [stdout] 
[INFO] [stdout] failures:
[INFO] [stdout] 
[INFO] [stdout] ---- test_function_01 stdout ----
[INFO] [stdout] 
[INFO] [stdout] thread 'test_function_01' panicked at /opt/rustwide/workdir/src/parser.rs:80:17:
[INFO] [stdout] not yet implemented: Unknown declaration
[INFO] [stdout] stack backtrace:
[INFO] [stdout]    0:     0x5776b39b90ba - std::backtrace_rs::backtrace::libunwind::trace::hb059275cfc8d6126
[INFO] [stdout]                                at /rustc/6067b36314ab5eb2eb47cecc464545ba58e1ad24/library/std/src/../../backtrace/src/backtrace/libunwind.rs:116:5
[INFO] [stdout]    1:     0x5776b39b90ba - std::backtrace_rs::backtrace::trace_unsynchronized::h2da071e4327ce3ee
[INFO] [stdout]                                at /rustc/6067b36314ab5eb2eb47cecc464545ba58e1ad24/library/std/src/../../backtrace/src/backtrace/mod.rs:66:5
[INFO] [stdout]    2:     0x5776b39b90ba - std::sys::backtrace::_print_fmt::h842a1474e6f8d23f
[INFO] [stdout]                                at /rustc/6067b36314ab5eb2eb47cecc464545ba58e1ad24/library/std/src/sys/backtrace.rs:66:9
[INFO] [stdout]    3:     0x5776b39b90ba - <std::sys::backtrace::BacktraceLock::print::DisplayBacktrace as core::fmt::Display>::fmt::h71a62eb3b9696b12
[INFO] [stdout]                                at /rustc/6067b36314ab5eb2eb47cecc464545ba58e1ad24/library/std/src/sys/backtrace.rs:39:26
[INFO] [stdout]    4:     0x5776b39e06f3 - core::fmt::rt::Argument::fmt::hdb6b616786b41dc1
[INFO] [stdout]                                at /rustc/6067b36314ab5eb2eb47cecc464545ba58e1ad24/library/core/src/fmt/rt.rs:177:76
[INFO] [stdout]    5:     0x5776b39e06f3 - core::fmt::write::h2cc1698af7e2d686
[INFO] [stdout]                                at /rustc/6067b36314ab5eb2eb47cecc464545ba58e1ad24/library/core/src/fmt/mod.rs:1440:21
[INFO] [stdout]    6:     0x5776b39b5c13 - std::io::Write::write_fmt::hab1b4cd059a79022
[INFO] [stdout]                                at /rustc/6067b36314ab5eb2eb47cecc464545ba58e1ad24/library/std/src/io/mod.rs:1887:15
[INFO] [stdout]    7:     0x5776b39b8f02 - std::sys::backtrace::BacktraceLock::print::h147fe35b4ea13b08
[INFO] [stdout]                                at /rustc/6067b36314ab5eb2eb47cecc464545ba58e1ad24/library/std/src/sys/backtrace.rs:42:9
[INFO] [stdout]    8:     0x5776b39ba4df - std::panicking::default_hook::{{closure}}::hbd44223dbdc0d208
[INFO] [stdout]                                at /rustc/6067b36314ab5eb2eb47cecc464545ba58e1ad24/library/std/src/panicking.rs:298:22
[INFO] [stdout]    9:     0x5776b39ba2f8 - std::panicking::default_hook::h20f81eb0576efcec
[INFO] [stdout]                                at /rustc/6067b36314ab5eb2eb47cecc464545ba58e1ad24/library/std/src/panicking.rs:322:9
[INFO] [stdout]   10:     0x5776b397c303 - <alloc::boxed::Box<F,A> as core::ops::function::Fn<Args>>::call::hdb53814c496a4d34
[INFO] [stdout]                                at /rustc/6067b36314ab5eb2eb47cecc464545ba58e1ad24/library/alloc/src/boxed.rs:2027:9
[INFO] [stdout]   11:     0x5776b397c303 - test::test_main::{{closure}}::hc0a4963c59427c24
[INFO] [stdout]                                at /rustc/6067b36314ab5eb2eb47cecc464545ba58e1ad24/library/test/src/lib.rs:134:21
[INFO] [stdout]   12:     0x5776b39bafd3 - <alloc::boxed::Box<F,A> as core::ops::function::Fn<Args>>::call::h591b2225413a77e9
[INFO] [stdout]                                at /rustc/6067b36314ab5eb2eb47cecc464545ba58e1ad24/library/alloc/src/boxed.rs:2027:9
[INFO] [stdout]   13:     0x5776b39bafd3 - std::panicking::rust_panic_with_hook::h625eea43051b2edc
[INFO] [stdout]                                at /rustc/6067b36314ab5eb2eb47cecc464545ba58e1ad24/library/std/src/panicking.rs:839:13
[INFO] [stdout]   14:     0x5776b39bac56 - std::panicking::begin_panic_handler::{{closure}}::h4f9159cfbc3f6bd3
[INFO] [stdout]                                at /rustc/6067b36314ab5eb2eb47cecc464545ba58e1ad24/library/std/src/panicking.rs:697:13
[INFO] [stdout]   15:     0x5776b39b95b9 - std::sys::backtrace::__rust_end_short_backtrace::h0390abce48353151
[INFO] [stdout]                                at /rustc/6067b36314ab5eb2eb47cecc464545ba58e1ad24/library/std/src/sys/backtrace.rs:168:18
[INFO] [stdout]   16:     0x5776b39ba91d - rust_begin_unwind
[INFO] [stdout]                                at /rustc/6067b36314ab5eb2eb47cecc464545ba58e1ad24/library/std/src/panicking.rs:695:5
[INFO] [stdout]   17:     0x5776b39df100 - core::panicking::panic_fmt::h9e7c637e9e5f29c9
[INFO] [stdout]                                at /rustc/6067b36314ab5eb2eb47cecc464545ba58e1ad24/library/core/src/panicking.rs:75:14
[INFO] [stdout]   18:     0x5776b393d092 - whiley_file::parser::Parser<F>::parse_decl::h6caea23f3d7ee246
[INFO] [stdout]                                at /opt/rustwide/workdir/src/parser.rs:80:17
[INFO] [stdout]   19:     0x5776b3936172 - micro::check_parse_error::hb25f94f5799059d4
[INFO] [stdout]                                at /opt/rustwide/workdir/tests/micro.rs:386:13
[INFO] [stdout]   20:     0x5776b3939492 - micro::test_function_01::h25da240156f93cc2
[INFO] [stdout]                                at /opt/rustwide/workdir/tests/micro.rs:163:5
[INFO] [stdout]   21:     0x5776b3939467 - micro::test_function_01::{{closure}}::h31eab1af30763990
[INFO] [stdout]                                at /opt/rustwide/workdir/tests/micro.rs:162:22
[INFO] [stdout]   22:     0x5776b39326e6 - core::ops::function::FnOnce::call_once::h0667fb8f54273be0
[INFO] [stdout]                                at /rustc/6067b36314ab5eb2eb47cecc464545ba58e1ad24/library/core/src/ops/function.rs:250:5
[INFO] [stdout]   23:     0x5776b3981a5b - core::ops::function::FnOnce::call_once::he27718dfdd183f43
[INFO] [stdout]                                at /rustc/6067b36314ab5eb2eb47cecc464545ba58e1ad24/library/core/src/ops/function.rs:250:5
[INFO] [stdout]   24:     0x5776b3981a5b - test::__rust_begin_short_backtrace::h4e84902998457a5d
[INFO] [stdout]                                at /rustc/6067b36314ab5eb2eb47cecc464545ba58e1ad24/library/test/src/lib.rs:632:18
[INFO] [stdout]   25:     0x5776b3980993 - test::run_test_in_process::{{closure}}::h7176fd18fc1feca0
[INFO] [stdout]                                at /rustc/6067b36314ab5eb2eb47cecc464545ba58e1ad24/library/test/src/lib.rs:655:60
[INFO] [stdout]   26:     0x5776b3980993 - <core::panic::unwind_safe::AssertUnwindSafe<F> as core::ops::function::FnOnce<()>>::call_once::hf79cff2a624d8cf7
[INFO] [stdout]                                at /rustc/6067b36314ab5eb2eb47cecc464545ba58e1ad24/library/core/src/panic/unwind_safe.rs:272:9
[INFO] [stdout]   27:     0x5776b3980993 - std::panicking::try::do_call::h3da0561d9ab99c25
[INFO] [stdout]                                at /rustc/6067b36314ab5eb2eb47cecc464545ba58e1ad24/library/std/src/panicking.rs:587:40
[INFO] [stdout]   28:     0x5776b3980993 - std::panicking::try::h41c9fa508bc61df6
[INFO] [stdout]                                at /rustc/6067b36314ab5eb2eb47cecc464545ba58e1ad24/library/std/src/panicking.rs:550:19
[INFO] [stdout]   29:     0x5776b3980993 - std::panic::catch_unwind::h6b3ff07bb5afad93
[INFO] [stdout]                                at /rustc/6067b36314ab5eb2eb47cecc464545ba58e1ad24/library/std/src/panic.rs:358:14
[INFO] [stdout]   30:     0x5776b3980993 - test::run_test_in_process::hc7253dd11b39b9f4
[INFO] [stdout]                                at /rustc/6067b36314ab5eb2eb47cecc464545ba58e1ad24/library/test/src/lib.rs:655:27
[INFO] [stdout]   31:     0x5776b3980993 - test::run_test::{{closure}}::hfb2007f8649c30bb
[INFO] [stdout]                                at /rustc/6067b36314ab5eb2eb47cecc464545ba58e1ad24/library/test/src/lib.rs:576:43
[INFO] [stdout]   32:     0x5776b3943a75 - test::run_test::{{closure}}::h56a17aa7a282a9f4
[INFO] [stdout]                                at /rustc/6067b36314ab5eb2eb47cecc464545ba58e1ad24/library/test/src/lib.rs:606:41
[INFO] [stdout]   33:     0x5776b3943a75 - std::sys::backtrace::__rust_begin_short_backtrace::hd2d2d2fb8e8c6aac
[INFO] [stdout]                                at /rustc/6067b36314ab5eb2eb47cecc464545ba58e1ad24/library/std/src/sys/backtrace.rs:152:18
[INFO] [stdout]   34:     0x5776b394735a - std::thread::Builder::spawn_unchecked_::{{closure}}::{{closure}}::h4faa3f9db6133423
[INFO] [stdout]                                at /rustc/6067b36314ab5eb2eb47cecc464545ba58e1ad24/library/std/src/thread/mod.rs:559:17
[INFO] [stdout]   35:     0x5776b394735a - <core::panic::unwind_safe::AssertUnwindSafe<F> as core::ops::function::FnOnce<()>>::call_once::hf2e855a36a4ea846
[INFO] [stdout]                                at /rustc/6067b36314ab5eb2eb47cecc464545ba58e1ad24/library/core/src/panic/unwind_safe.rs:272:9
[INFO] [stdout]   36:     0x5776b394735a - std::panicking::try::do_call::h2f73af3616c35465
[INFO] [stdout]                                at /rustc/6067b36314ab5eb2eb47cecc464545ba58e1ad24/library/std/src/panicking.rs:587:40
[INFO] [stdout]   37:     0x5776b394735a - std::panicking::try::hd1660ce9efadef5a
[INFO] [stdout]                                at /rustc/6067b36314ab5eb2eb47cecc464545ba58e1ad24/library/std/src/panicking.rs:550:19
[INFO] [stdout]   38:     0x5776b394735a - std::panic::catch_unwind::h5ee8d7823b8ca744
[INFO] [stdout]                                at /rustc/6067b36314ab5eb2eb47cecc464545ba58e1ad24/library/std/src/panic.rs:358:14
[INFO] [stdout]   39:     0x5776b394735a - std::thread::Builder::spawn_unchecked_::{{closure}}::h53c3a1894dce8407
[INFO] [stdout]                                at /rustc/6067b36314ab5eb2eb47cecc464545ba58e1ad24/library/std/src/thread/mod.rs:557:30
[INFO] [stdout]   40:     0x5776b394735a - core::ops::function::FnOnce::call_once{{vtable.shim}}::h048ce291ad4f62bf
[INFO] [stdout]                                at /rustc/6067b36314ab5eb2eb47cecc464545ba58e1ad24/library/core/src/ops/function.rs:250:5
[INFO] [stdout]   41:     0x5776b39bef0b - <alloc::boxed::Box<F,A> as core::ops::function::FnOnce<Args>>::call_once::ha52bedf99a3b4981
[INFO] [stdout]                                at /rustc/6067b36314ab5eb2eb47cecc464545ba58e1ad24/library/alloc/src/boxed.rs:2013:9
[INFO] [stdout]   42:     0x5776b39bef0b - <alloc::boxed::Box<F,A> as core::ops::function::FnOnce<Args>>::call_once::h567748934d80ccf8
[INFO] [stdout]                                at /rustc/6067b36314ab5eb2eb47cecc464545ba58e1ad24/library/alloc/src/boxed.rs:2013:9
[INFO] [stdout]   43:     0x5776b39bef0b - std::sys::pal::unix::thread::Thread::new::thread_start::h2d970728ae887adc
[INFO] [stdout]                                at /rustc/6067b36314ab5eb2eb47cecc464545ba58e1ad24/library/std/src/sys/pal/unix/thread.rs:106:17
[INFO] [stdout]   44:     0x77685eb24ac3 - <unknown>
[INFO] [stdout]   45:     0x77685ebb5a04 - clone
[INFO] [stdout]   46:                0x0 - <unknown>
[INFO] [stdout] 
[INFO] [stdout] 
[INFO] [stdout] failures:
[INFO] [stdout]     test_function_01
[INFO] [stdout] 
[INFO] [stdout] test result: FAILED. 44 passed; 1 failed; 0 ignored; 0 measured; 0 filtered out; finished in 0.07s
[INFO] [stdout] 
[INFO] [stderr] error: test failed, to rerun pass `--test micro`
[INFO] running `Command { std: "docker" "inspect" "757541fa9f752e47ebb1d43426addb758e888b993b25b9a5d18ae1576b29e111", kill_on_drop: false }`
[INFO] running `Command { std: "docker" "rm" "-f" "757541fa9f752e47ebb1d43426addb758e888b993b25b9a5d18ae1576b29e111", kill_on_drop: false }`
[INFO] [stdout] 757541fa9f752e47ebb1d43426addb758e888b993b25b9a5d18ae1576b29e111
