[INFO] fetching crate versioned-file 0.1.1...
[INFO] testing versioned-file-0.1.1 against nightly-2025-01-18+rustflags=-Zrandomize-layout for randomize-layout-2
[INFO] extracting crate versioned-file 0.1.1 into /workspace/builds/worker-6-tc2/source
[INFO] validating manifest of crates.io crate versioned-file 0.1.1 on toolchain nightly-2025-01-18
[INFO] running `Command { std: CARGO_HOME="/workspace/cargo-home" RUSTUP_HOME="/workspace/rustup-home" "/workspace/cargo-home/bin/cargo" "+nightly-2025-01-18" "metadata" "--manifest-path" "Cargo.toml" "--no-deps", kill_on_drop: false }`
[INFO] started tweaking crates.io crate versioned-file 0.1.1
[INFO] finished tweaking crates.io crate versioned-file 0.1.1
[INFO] tweaked toml for crates.io crate versioned-file 0.1.1 written to /workspace/builds/worker-6-tc2/source/Cargo.toml
[INFO] running `Command { std: CARGO_HOME="/workspace/cargo-home" RUSTUP_HOME="/workspace/rustup-home" "/workspace/cargo-home/bin/cargo" "+nightly-2025-01-18" "generate-lockfile" "--manifest-path" "Cargo.toml", kill_on_drop: false }`
[INFO] [stderr]     Updating crates.io index
[INFO] [stderr]      Locking 95 packages to latest compatible versions
[INFO] [stderr]       Adding testdir v0.7.3 (available: v0.9.3)
[INFO] running `Command { std: CARGO_HOME="/workspace/cargo-home" RUSTUP_HOME="/workspace/rustup-home" "/workspace/cargo-home/bin/cargo" "+nightly-2025-01-18" "fetch" "--manifest-path" "Cargo.toml", kill_on_drop: false }`
[INFO] running `Command { std: "docker" "create" "-v" "/var/lib/crater-agent-workspace/builds/worker-6-tc2/target:/opt/rustwide/target:rw,Z" "-v" "/var/lib/crater-agent-workspace/builds/worker-6-tc2/source:/opt/rustwide/workdir:ro,Z" "-v" "/var/lib/crater-agent-workspace/cargo-home:/opt/rustwide/cargo-home:ro,Z" "-v" "/var/lib/crater-agent-workspace/rustup-home:/opt/rustwide/rustup-home:ro,Z" "-e" "SOURCE_DIR=/opt/rustwide/workdir" "-e" "CARGO_TARGET_DIR=/opt/rustwide/target" "-e" "CARGO_HOME=/opt/rustwide/cargo-home" "-e" "RUSTUP_HOME=/opt/rustwide/rustup-home" "-w" "/opt/rustwide/workdir" "-m" "1610612736" "--user" "0:0" "--network" "none" "ghcr.io/rust-lang/crates-build-env/linux@sha256:819108c5571ea2e421544af4d832f968d213c87fbe3707a016657f43d2f853bc" "/opt/rustwide/cargo-home/bin/cargo" "+nightly-2025-01-18" "metadata" "--no-deps" "--format-version=1", kill_on_drop: false }`
[INFO] [stdout] ea94a724ae6af8e247b69853a25a5df9ccf473a4fde041e77551b4e1cdbf091d
[INFO] running `Command { std: "docker" "start" "-a" "ea94a724ae6af8e247b69853a25a5df9ccf473a4fde041e77551b4e1cdbf091d", kill_on_drop: false }`
[INFO] running `Command { std: "docker" "inspect" "ea94a724ae6af8e247b69853a25a5df9ccf473a4fde041e77551b4e1cdbf091d", kill_on_drop: false }`
[INFO] running `Command { std: "docker" "rm" "-f" "ea94a724ae6af8e247b69853a25a5df9ccf473a4fde041e77551b4e1cdbf091d", kill_on_drop: false }`
[INFO] [stdout] ea94a724ae6af8e247b69853a25a5df9ccf473a4fde041e77551b4e1cdbf091d
[INFO] running `Command { std: "docker" "create" "-v" "/var/lib/crater-agent-workspace/builds/worker-6-tc2/target:/opt/rustwide/target:rw,Z" "-v" "/var/lib/crater-agent-workspace/builds/worker-6-tc2/source:/opt/rustwide/workdir:ro,Z" "-v" "/var/lib/crater-agent-workspace/cargo-home:/opt/rustwide/cargo-home:ro,Z" "-v" "/var/lib/crater-agent-workspace/rustup-home:/opt/rustwide/rustup-home:ro,Z" "-e" "SOURCE_DIR=/opt/rustwide/workdir" "-e" "CARGO_TARGET_DIR=/opt/rustwide/target" "-e" "CARGO_INCREMENTAL=0" "-e" "RUST_BACKTRACE=full" "-e" "RUSTFLAGS=--cap-lints=forbid -Zrandomize-layout" "-e" "RUSTDOCFLAGS=--cap-lints=forbid" "-e" "CARGO_HOME=/opt/rustwide/cargo-home" "-e" "RUSTUP_HOME=/opt/rustwide/rustup-home" "-w" "/opt/rustwide/workdir" "-m" "1610612736" "--user" "0:0" "--network" "none" "ghcr.io/rust-lang/crates-build-env/linux@sha256:819108c5571ea2e421544af4d832f968d213c87fbe3707a016657f43d2f853bc" "/opt/rustwide/cargo-home/bin/cargo" "+nightly-2025-01-18" "build" "--frozen" "--message-format=json", kill_on_drop: false }`
[INFO] [stdout] 9cfe5f7fa82a9c3e55cb88d6f7295c781f523713a0ffdc853f0c2ca5d0ca36f8
[INFO] running `Command { std: "docker" "start" "-a" "9cfe5f7fa82a9c3e55cb88d6f7295c781f523713a0ffdc853f0c2ca5d0ca36f8", kill_on_drop: false }`
[INFO] [stderr]    Compiling proc-macro2 v1.0.93
[INFO] [stderr]    Compiling unicode-ident v1.0.14
[INFO] [stderr]    Compiling crossbeam-utils v0.8.21
[INFO] [stderr]    Compiling pin-project-lite v0.2.16
[INFO] [stderr]    Compiling parking v2.2.1
[INFO] [stderr]    Compiling serde v1.0.217
[INFO] [stderr]    Compiling futures-core v0.3.31
[INFO] [stderr]    Compiling autocfg v1.4.0
[INFO] [stderr]    Compiling fastrand v2.3.0
[INFO] [stderr]    Compiling futures-io v0.3.31
[INFO] [stderr]    Compiling cfg-if v1.0.0
[INFO] [stderr]    Compiling rustix v0.38.43
[INFO] [stderr]    Compiling memchr v2.7.4
[INFO] [stderr]    Compiling tracing-core v0.1.33
[INFO] [stderr]    Compiling linux-raw-sys v0.4.15
[INFO] [stderr]    Compiling bitflags v2.8.0
[INFO] [stderr]    Compiling libc v0.2.169
[INFO] [stderr]    Compiling semver v1.0.25
[INFO] [stderr]    Compiling syn v1.0.109
[INFO] [stderr]    Compiling async-task v4.7.1
[INFO] [stderr]    Compiling camino v1.1.9
[INFO] [stderr]    Compiling serde_json v1.0.137
[INFO] [stderr]    Compiling atomic-waker v1.1.2
[INFO] [stderr]    Compiling object v0.36.7
[INFO] [stderr]    Compiling once_cell v1.20.2
[INFO] [stderr]    Compiling futures-lite v2.6.0
[INFO] [stderr]    Compiling tracing v0.1.41
[INFO] [stderr]    Compiling piper v0.2.4
[INFO] [stderr]    Compiling anyhow v1.0.95
[INFO] [stderr]    Compiling adler2 v2.0.0
[INFO] [stderr]    Compiling gimli v0.31.1
[INFO] [stderr]    Compiling slab v0.4.9
[INFO] [stderr]    Compiling itoa v1.0.14
[INFO] [stderr]    Compiling value-bag v1.10.0
[INFO] [stderr]    Compiling ryu v1.0.18
[INFO] [stderr]    Compiling miniz_oxide v0.8.3
[INFO] [stderr]    Compiling rustc-demangle v0.1.24
[INFO] [stderr]    Compiling event-listener v2.5.3
[INFO] [stderr]    Compiling whoami v1.5.2
[INFO] [stderr]    Compiling quote v1.0.38
[INFO] [stderr]    Compiling concurrent-queue v2.5.0
[INFO] [stderr]    Compiling log v0.4.25
[INFO] [stderr]    Compiling event-listener v5.4.0
[INFO] [stderr]    Compiling async-channel v1.9.0
[INFO] [stderr]    Compiling pin-utils v0.1.0
[INFO] [stderr]    Compiling async-executor v1.13.1
[INFO] [stderr]    Compiling syn v2.0.96
[INFO] [stderr]    Compiling sysinfo v0.26.9
[INFO] [stderr]    Compiling kv-log-macro v1.0.7
[INFO] [stderr]    Compiling event-listener-strategy v0.5.3
[INFO] [stderr]    Compiling async-lock v3.4.0
[INFO] [stderr]    Compiling async-channel v2.3.1
[INFO] [stderr]    Compiling blocking v1.6.1
[INFO] [stderr]    Compiling addr2line v0.24.2
[INFO] [stderr]    Compiling serde_derive v1.0.217
[INFO] [stderr]    Compiling async-attributes v1.1.2
[INFO] [stderr]    Compiling backtrace v0.3.74
[INFO] [stderr]    Compiling polling v3.7.4
[INFO] [stderr]    Compiling async-io v2.4.0
[INFO] [stderr]    Compiling async-global-executor v2.4.1
[INFO] [stderr]    Compiling async-std v1.13.0
[INFO] [stderr]    Compiling cargo-platform v0.1.9
[INFO] [stderr]    Compiling cargo_metadata v0.14.2
[INFO] [stderr]    Compiling testdir v0.7.3
[INFO] [stderr]    Compiling versioned-file v0.1.1 (/opt/rustwide/workdir)
[INFO] [stderr]     Finished `dev` profile [unoptimized + debuginfo] target(s) in 20.75s
[INFO] running `Command { std: "docker" "inspect" "9cfe5f7fa82a9c3e55cb88d6f7295c781f523713a0ffdc853f0c2ca5d0ca36f8", kill_on_drop: false }`
[INFO] running `Command { std: "docker" "rm" "-f" "9cfe5f7fa82a9c3e55cb88d6f7295c781f523713a0ffdc853f0c2ca5d0ca36f8", kill_on_drop: false }`
[INFO] [stdout] 9cfe5f7fa82a9c3e55cb88d6f7295c781f523713a0ffdc853f0c2ca5d0ca36f8
[INFO] running `Command { std: "docker" "create" "-v" "/var/lib/crater-agent-workspace/builds/worker-6-tc2/target:/opt/rustwide/target:rw,Z" "-v" "/var/lib/crater-agent-workspace/builds/worker-6-tc2/source:/opt/rustwide/workdir:ro,Z" "-v" "/var/lib/crater-agent-workspace/cargo-home:/opt/rustwide/cargo-home:ro,Z" "-v" "/var/lib/crater-agent-workspace/rustup-home:/opt/rustwide/rustup-home:ro,Z" "-e" "SOURCE_DIR=/opt/rustwide/workdir" "-e" "CARGO_TARGET_DIR=/opt/rustwide/target" "-e" "CARGO_INCREMENTAL=0" "-e" "RUST_BACKTRACE=full" "-e" "RUSTFLAGS=--cap-lints=forbid -Zrandomize-layout" "-e" "RUSTDOCFLAGS=--cap-lints=forbid" "-e" "CARGO_HOME=/opt/rustwide/cargo-home" "-e" "RUSTUP_HOME=/opt/rustwide/rustup-home" "-w" "/opt/rustwide/workdir" "-m" "1610612736" "--user" "0:0" "--network" "none" "ghcr.io/rust-lang/crates-build-env/linux@sha256:819108c5571ea2e421544af4d832f968d213c87fbe3707a016657f43d2f853bc" "/opt/rustwide/cargo-home/bin/cargo" "+nightly-2025-01-18" "test" "--frozen" "--no-run" "--message-format=json", kill_on_drop: false }`
[INFO] [stdout] 5f9d77c6bcdc323da2e24f2cdbe837d1edd75736515abf12bdd3e5b30f980bcd
[INFO] running `Command { std: "docker" "start" "-a" "5f9d77c6bcdc323da2e24f2cdbe837d1edd75736515abf12bdd3e5b30f980bcd", kill_on_drop: false }`
[INFO] [stderr]    Compiling versioned-file v0.1.1 (/opt/rustwide/workdir)
[INFO] [stderr]     Finished `test` profile [unoptimized + debuginfo] target(s) in 1.37s
[INFO] running `Command { std: "docker" "inspect" "5f9d77c6bcdc323da2e24f2cdbe837d1edd75736515abf12bdd3e5b30f980bcd", kill_on_drop: false }`
[INFO] running `Command { std: "docker" "rm" "-f" "5f9d77c6bcdc323da2e24f2cdbe837d1edd75736515abf12bdd3e5b30f980bcd", kill_on_drop: false }`
[INFO] [stdout] 5f9d77c6bcdc323da2e24f2cdbe837d1edd75736515abf12bdd3e5b30f980bcd
[INFO] running `Command { std: "docker" "create" "-v" "/var/lib/crater-agent-workspace/builds/worker-6-tc2/target:/opt/rustwide/target:rw,Z" "-v" "/var/lib/crater-agent-workspace/builds/worker-6-tc2/source:/opt/rustwide/workdir:ro,Z" "-v" "/var/lib/crater-agent-workspace/cargo-home:/opt/rustwide/cargo-home:ro,Z" "-v" "/var/lib/crater-agent-workspace/rustup-home:/opt/rustwide/rustup-home:ro,Z" "-e" "SOURCE_DIR=/opt/rustwide/workdir" "-e" "CARGO_TARGET_DIR=/opt/rustwide/target" "-e" "CARGO_INCREMENTAL=0" "-e" "RUST_BACKTRACE=full" "-e" "RUSTFLAGS=--cap-lints=forbid -Zrandomize-layout" "-e" "RUSTDOCFLAGS=--cap-lints=forbid" "-e" "CARGO_HOME=/opt/rustwide/cargo-home" "-e" "RUSTUP_HOME=/opt/rustwide/rustup-home" "-w" "/opt/rustwide/workdir" "-m" "1610612736" "--user" "0:0" "--network" "none" "ghcr.io/rust-lang/crates-build-env/linux@sha256:819108c5571ea2e421544af4d832f968d213c87fbe3707a016657f43d2f853bc" "/opt/rustwide/cargo-home/bin/cargo" "+nightly-2025-01-18" "test" "--frozen", kill_on_drop: false }`
[INFO] [stdout] 785706f00208ccb656b477aa2ff2296ab6c3f0ab57518f37c31b1230ad88e704
[INFO] running `Command { std: "docker" "start" "-a" "785706f00208ccb656b477aa2ff2296ab6c3f0ab57518f37c31b1230ad88e704", kill_on_drop: false }`
[INFO] [stderr]     Finished `test` profile [unoptimized + debuginfo] target(s) in 0.10s
[INFO] [stderr]      Running unittests src/lib.rs (/opt/rustwide/target/debug/deps/versioned_file-586e1c7309f16c71)
[INFO] [stdout] 
[INFO] [stdout] running 3 tests
[INFO] [stdout] test tests::test_version_to_str ... ok
[INFO] [stdout] test tests::test_verify_upgrade_paths ... ok
[INFO] [stdout] test tests::smoke_test ... ok
[INFO] [stdout] 
[INFO] [stdout] test result: ok. 3 passed; 0 failed; 0 ignored; 0 measured; 0 filtered out; finished in 0.24s
[INFO] [stdout] 
[INFO] [stderr]    Doc-tests versioned_file
[INFO] [stdout] 
[INFO] [stdout] running 2 tests
[INFO] [stdout] test src/lib.rs - (line 46) ... FAILED
[INFO] [stdout] test src/lib.rs - (line 71) ... FAILED
[INFO] [stdout] 
[INFO] [stdout] failures:
[INFO] [stdout] 
[INFO] [stdout] ---- src/lib.rs - (line 46) stdout ----
[INFO] [stdout] Test executable failed (exit status: 101).
[INFO] [stdout] 
[INFO] [stdout] stderr:
[INFO] [stdout] 
[INFO] [stdout] thread 'main' panicked at src/lib.rs:16:81:
[INFO] [stdout] called `Result::unwrap()` on an `Err` value: unable to open versioned file
[INFO] [stdout] 
[INFO] [stdout] Caused by:
[INFO] [stdout]     No such file or directory (os error 2)
[INFO] [stdout] 
[INFO] [stdout] Stack backtrace:
[INFO] [stdout]    0: <E as anyhow::context::ext::StdError>::ext_context
[INFO] [stdout]    1: anyhow::context::<impl anyhow::Context<T,E> for core::result::Result<T,E>>::context
[INFO] [stdout]    2: versioned_file::open_file::{{closure}}
[INFO] [stdout]    3: rust_out::main::main::{{closure}}
[INFO] [stdout]    4: rust_out::main::{{closure}}
[INFO] [stdout]    5: <async_std::task::builder::SupportTaskLocals<F> as core::future::future::Future>::poll::{{closure}}
[INFO] [stdout]    6: async_std::task::task_locals_wrapper::TaskLocalsWrapper::set_current::{{closure}}
[INFO] [stdout]    7: std::thread::local::LocalKey<T>::try_with
[INFO] [stdout]    8: std::thread::local::LocalKey<T>::with
[INFO] [stdout]    9: async_std::task::task_locals_wrapper::TaskLocalsWrapper::set_current
[INFO] [stdout]   10: <async_std::task::builder::SupportTaskLocals<F> as core::future::future::Future>::poll
[INFO] [stdout]   11: <futures_lite::future::Or<F1,F2> as core::future::future::Future>::poll
[INFO] [stdout]   12: async_executor::State::run::{{closure}}
[INFO] [stdout]   13: async_executor::Executor::run::{{closure}}
[INFO] [stdout]   14: async_executor::LocalExecutor::run::{{closure}}
[INFO] [stdout]   15: async_io::driver::block_on::{{closure}}
[INFO] [stdout]   16: std::thread::local::LocalKey<T>::try_with
[INFO] [stdout]   17: std::thread::local::LocalKey<T>::with
[INFO] [stdout]   18: async_io::driver::block_on
[INFO] [stdout]   19: async_global_executor::reactor::block_on::{{closure}}
[INFO] [stdout]   20: async_global_executor::reactor::block_on
[INFO] [stdout]   21: async_global_executor::executor::block_on::{{closure}}
[INFO] [stdout]   22: std::thread::local::LocalKey<T>::try_with
[INFO] [stdout]   23: std::thread::local::LocalKey<T>::with
[INFO] [stdout]   24: async_global_executor::executor::block_on
[INFO] [stdout]   25: async_std::task::builder::Builder::blocking::{{closure}}::{{closure}}
[INFO] [stdout]   26: async_std::task::task_locals_wrapper::TaskLocalsWrapper::set_current::{{closure}}
[INFO] [stdout]   27: std::thread::local::LocalKey<T>::try_with
[INFO] [stdout]   28: std::thread::local::LocalKey<T>::with
[INFO] [stdout]   29: async_std::task::task_locals_wrapper::TaskLocalsWrapper::set_current
[INFO] [stdout]   30: async_std::task::builder::Builder::blocking::{{closure}}
[INFO] [stdout]   31: std::thread::local::LocalKey<T>::try_with
[INFO] [stdout]   32: std::thread::local::LocalKey<T>::with
[INFO] [stdout]   33: async_std::task::builder::Builder::blocking
[INFO] [stdout]   34: async_std::task::block_on::block_on
[INFO] [stdout]   35: rust_out::main
[INFO] [stdout]   36: core::ops::function::FnOnce::call_once
[INFO] [stdout]   37: std::sys::backtrace::__rust_begin_short_backtrace
[INFO] [stdout]   38: std::rt::lang_start::{{closure}}
[INFO] [stdout]   39: core::ops::function::impls::<impl core::ops::function::FnOnce<A> for &F>::call_once
[INFO] [stdout]              at /rustc/6067b36314ab5eb2eb47cecc464545ba58e1ad24/library/core/src/ops/function.rs:284:13
[INFO] [stdout]   40: std::panicking::try::do_call
[INFO] [stdout]              at /rustc/6067b36314ab5eb2eb47cecc464545ba58e1ad24/library/std/src/panicking.rs:587:40
[INFO] [stdout]   41: std::panicking::try
[INFO] [stdout]              at /rustc/6067b36314ab5eb2eb47cecc464545ba58e1ad24/library/std/src/panicking.rs:550:19
[INFO] [stdout]   42: std::panic::catch_unwind
[INFO] [stdout]              at /rustc/6067b36314ab5eb2eb47cecc464545ba58e1ad24/library/std/src/panic.rs:358:14
[INFO] [stdout]   43: std::rt::lang_start_internal::{{closure}}
[INFO] [stdout]              at /rustc/6067b36314ab5eb2eb47cecc464545ba58e1ad24/library/std/src/rt.rs:163:24
[INFO] [stdout]   44: std::panicking::try::do_call
[INFO] [stdout]              at /rustc/6067b36314ab5eb2eb47cecc464545ba58e1ad24/library/std/src/panicking.rs:587:40
[INFO] [stdout]   45: std::panicking::try
[INFO] [stdout]              at /rustc/6067b36314ab5eb2eb47cecc464545ba58e1ad24/library/std/src/panicking.rs:550:19
[INFO] [stdout]   46: std::panic::catch_unwind
[INFO] [stdout]              at /rustc/6067b36314ab5eb2eb47cecc464545ba58e1ad24/library/std/src/panic.rs:358:14
[INFO] [stdout]   47: std::rt::lang_start_internal
[INFO] [stdout]              at /rustc/6067b36314ab5eb2eb47cecc464545ba58e1ad24/library/std/src/rt.rs:159:5
[INFO] [stdout]   48: std::rt::lang_start
[INFO] [stdout]   49: main
[INFO] [stdout]   50: <unknown>
[INFO] [stdout]   51: __libc_start_main
[INFO] [stdout]   52: _start
[INFO] [stdout] stack backtrace:
[INFO] [stdout]    0:     0x625ad292efea - std::backtrace_rs::backtrace::libunwind::trace::hb059275cfc8d6126
[INFO] [stdout]                                at /rustc/6067b36314ab5eb2eb47cecc464545ba58e1ad24/library/std/src/../../backtrace/src/backtrace/libunwind.rs:116:5
[INFO] [stdout]    1:     0x625ad292efea - std::backtrace_rs::backtrace::trace_unsynchronized::h2da071e4327ce3ee
[INFO] [stdout]                                at /rustc/6067b36314ab5eb2eb47cecc464545ba58e1ad24/library/std/src/../../backtrace/src/backtrace/mod.rs:66:5
[INFO] [stdout]    2:     0x625ad292efea - std::sys::backtrace::_print_fmt::h842a1474e6f8d23f
[INFO] [stdout]                                at /rustc/6067b36314ab5eb2eb47cecc464545ba58e1ad24/library/std/src/sys/backtrace.rs:66:9
[INFO] [stdout]    3:     0x625ad292efea - <std::sys::backtrace::BacktraceLock::print::DisplayBacktrace as core::fmt::Display>::fmt::h71a62eb3b9696b12
[INFO] [stdout]                                at /rustc/6067b36314ab5eb2eb47cecc464545ba58e1ad24/library/std/src/sys/backtrace.rs:39:26
[INFO] [stdout]    4:     0x625ad294efd3 - core::fmt::rt::Argument::fmt::hdb6b616786b41dc1
[INFO] [stdout]                                at /rustc/6067b36314ab5eb2eb47cecc464545ba58e1ad24/library/core/src/fmt/rt.rs:177:76
[INFO] [stdout]    5:     0x625ad294efd3 - core::fmt::write::h2cc1698af7e2d686
[INFO] [stdout]                                at /rustc/6067b36314ab5eb2eb47cecc464545ba58e1ad24/library/core/src/fmt/mod.rs:1440:21
[INFO] [stdout]    6:     0x625ad292be03 - std::io::Write::write_fmt::h00c8700df393f328
[INFO] [stdout]                                at /rustc/6067b36314ab5eb2eb47cecc464545ba58e1ad24/library/std/src/io/mod.rs:1887:15
[INFO] [stdout]    7:     0x625ad292ee32 - std::sys::backtrace::BacktraceLock::print::h147fe35b4ea13b08
[INFO] [stdout]                                at /rustc/6067b36314ab5eb2eb47cecc464545ba58e1ad24/library/std/src/sys/backtrace.rs:42:9
[INFO] [stdout]    8:     0x625ad292fecf - std::panicking::default_hook::{{closure}}::hbd44223dbdc0d208
[INFO] [stdout]                                at /rustc/6067b36314ab5eb2eb47cecc464545ba58e1ad24/library/std/src/panicking.rs:298:22
[INFO] [stdout]    9:     0x625ad292fd3a - std::panicking::default_hook::h20f81eb0576efcec
[INFO] [stdout]                                at /rustc/6067b36314ab5eb2eb47cecc464545ba58e1ad24/library/std/src/panicking.rs:325:9
[INFO] [stdout]   10:     0x625ad29308f2 - std::panicking::rust_panic_with_hook::h625eea43051b2edc
[INFO] [stdout]                                at /rustc/6067b36314ab5eb2eb47cecc464545ba58e1ad24/library/std/src/panicking.rs:831:13
[INFO] [stdout]   11:     0x625ad293067a - std::panicking::begin_panic_handler::{{closure}}::h4f9159cfbc3f6bd3
[INFO] [stdout]                                at /rustc/6067b36314ab5eb2eb47cecc464545ba58e1ad24/library/std/src/panicking.rs:704:13
[INFO] [stdout]   12:     0x625ad292f4e9 - std::sys::backtrace::__rust_end_short_backtrace::h0390abce48353151
[INFO] [stdout]                                at /rustc/6067b36314ab5eb2eb47cecc464545ba58e1ad24/library/std/src/sys/backtrace.rs:168:18
[INFO] [stdout]   13:     0x625ad293030d - rust_begin_unwind
[INFO] [stdout]                                at /rustc/6067b36314ab5eb2eb47cecc464545ba58e1ad24/library/std/src/panicking.rs:695:5
[INFO] [stdout]   14:     0x625ad294e060 - core::panicking::panic_fmt::h9e7c637e9e5f29c9
[INFO] [stdout]                                at /rustc/6067b36314ab5eb2eb47cecc464545ba58e1ad24/library/core/src/panicking.rs:75:14
[INFO] [stdout]   15:     0x625ad294e4d6 - core::result::unwrap_failed::h7979f09313fe1849
[INFO] [stdout]                                at /rustc/6067b36314ab5eb2eb47cecc464545ba58e1ad24/library/core/src/result.rs:1704:5
[INFO] [stdout]   16:     0x625ad2836688 - rust_out::main::main::{{closure}}::h3786d2b559d3c730
[INFO] [stdout]   17:     0x625ad283725f - rust_out::main::{{closure}}::h5b39ac0ba21052fe
[INFO] [stdout]   18:     0x625ad28075b8 - <async_std::task::builder::SupportTaskLocals<F> as core::future::future::Future>::poll::{{closure}}::h8c26863ea6c84dc9
[INFO] [stdout]   19:     0x625ad2834bec - async_std::task::task_locals_wrapper::TaskLocalsWrapper::set_current::{{closure}}::h444550a9d2421775
[INFO] [stdout]   20:     0x625ad282528a - std::thread::local::LocalKey<T>::try_with::h72bce9ba276f429a
[INFO] [stdout]   21:     0x625ad2824836 - std::thread::local::LocalKey<T>::with::h992033a25ac8273a
[INFO] [stdout]   22:     0x625ad283486e - async_std::task::task_locals_wrapper::TaskLocalsWrapper::set_current::h1205b5e4c3a80d5b
[INFO] [stdout]   23:     0x625ad2807491 - <async_std::task::builder::SupportTaskLocals<F> as core::future::future::Future>::poll::h4a0d3451c7996554
[INFO] [stdout]   24:     0x625ad28302de - <futures_lite::future::Or<F1,F2> as core::future::future::Future>::poll::h83ccbc4388b23bf0
[INFO] [stdout]   25:     0x625ad281be15 - async_executor::State::run::{{closure}}::h627f2ada0ff088f9
[INFO] [stdout]   26:     0x625ad281d3ce - async_executor::Executor::run::{{closure}}::h9e836d2af191ca8f
[INFO] [stdout]   27:     0x625ad281ba34 - async_executor::LocalExecutor::run::{{closure}}::h3601134666411939
[INFO] [stdout]   28:     0x625ad2830b77 - async_io::driver::block_on::{{closure}}::h89c883a79f362f63
[INFO] [stdout]   29:     0x625ad2825601 - std::thread::local::LocalKey<T>::try_with::hb85265c669d88f5f
[INFO] [stdout]   30:     0x625ad2824946 - std::thread::local::LocalKey<T>::with::hf8f5babbed0b2c89
[INFO] [stdout]   31:     0x625ad2830823 - async_io::driver::block_on::hbd1289af40f6881a
[INFO] [stdout]   32:     0x625ad2823d0f - async_global_executor::reactor::block_on::{{closure}}::hdbb10068def27c01
[INFO] [stdout]   33:     0x625ad2823c9f - async_global_executor::reactor::block_on::h530b134078b56353
[INFO] [stdout]   34:     0x625ad2823f50 - async_global_executor::executor::block_on::{{closure}}::hc20708869246ccc1
[INFO] [stdout]   35:     0x625ad2824b66 - std::thread::local::LocalKey<T>::try_with::h03577a473d3deff1
[INFO] [stdout]   36:     0x625ad2824726 - std::thread::local::LocalKey<T>::with::h0bb1c8a5b3399a50
[INFO] [stdout]   37:     0x625ad2823eb5 - async_global_executor::executor::block_on::h306c2c69bc772b29
[INFO] [stdout]   38:     0x625ad283615e - async_std::task::builder::Builder::blocking::{{closure}}::{{closure}}::h32abcd3eeb07f509
[INFO] [stdout]   39:     0x625ad2834d17 - async_std::task::task_locals_wrapper::TaskLocalsWrapper::set_current::{{closure}}::h60659e7fade31a5c
[INFO] [stdout]   40:     0x625ad2824c84 - std::thread::local::LocalKey<T>::try_with::h3217a45a1f7f54d0
[INFO] [stdout]   41:     0x625ad28247d6 - std::thread::local::LocalKey<T>::with::h9170a1a72782ebbf
[INFO] [stdout]   42:     0x625ad28348c6 - async_std::task::task_locals_wrapper::TaskLocalsWrapper::set_current::h69369463d8d7e94f
[INFO] [stdout]   43:     0x625ad28360b1 - async_std::task::builder::Builder::blocking::{{closure}}::hf88c1d79b421f17e
[INFO] [stdout]   44:     0x625ad2825026 - std::thread::local::LocalKey<T>::try_with::h59363841cb78ff0c
[INFO] [stdout]   45:     0x625ad2824916 - std::thread::local::LocalKey<T>::with::hf6a22ccee6d90d44
[INFO] [stdout]   46:     0x625ad2835d9a - async_std::task::builder::Builder::blocking::h30f07ebab746a28d
[INFO] [stdout]   47:     0x625ad283627d - async_std::task::block_on::block_on::h65f1306bfc92860c
[INFO] [stdout]   48:     0x625ad28362d8 - rust_out::main::he88f0b9b281d54e0
[INFO] [stdout]   49:     0x625ad28269b3 - core::ops::function::FnOnce::call_once::hcf3829d8b58d0254
[INFO] [stdout]   50:     0x625ad28240c6 - std::sys::backtrace::__rust_begin_short_backtrace::h5e1527399e8d5bd4
[INFO] [stdout]   51:     0x625ad2824099 - std::rt::lang_start::{{closure}}::h2c234101ed7b1b74
[INFO] [stdout]   52:     0x625ad2926170 - core::ops::function::impls::<impl core::ops::function::FnOnce<A> for &F>::call_once::h1b085b6c1d2518b2
[INFO] [stdout]                                at /rustc/6067b36314ab5eb2eb47cecc464545ba58e1ad24/library/core/src/ops/function.rs:284:13
[INFO] [stdout]   53:     0x625ad2926170 - std::panicking::try::do_call::h382f964a5a23b565
[INFO] [stdout]                                at /rustc/6067b36314ab5eb2eb47cecc464545ba58e1ad24/library/std/src/panicking.rs:587:40
[INFO] [stdout]   54:     0x625ad2926170 - std::panicking::try::h57f991055eb622f9
[INFO] [stdout]                                at /rustc/6067b36314ab5eb2eb47cecc464545ba58e1ad24/library/std/src/panicking.rs:550:19
[INFO] [stdout]   55:     0x625ad2926170 - std::panic::catch_unwind::h4d9a74ef04456343
[INFO] [stdout]                                at /rustc/6067b36314ab5eb2eb47cecc464545ba58e1ad24/library/std/src/panic.rs:358:14
[INFO] [stdout]   56:     0x625ad2926170 - std::rt::lang_start_internal::{{closure}}::h2faa8ae84a93f314
[INFO] [stdout]                                at /rustc/6067b36314ab5eb2eb47cecc464545ba58e1ad24/library/std/src/rt.rs:163:24
[INFO] [stdout]   57:     0x625ad2926170 - std::panicking::try::do_call::h0f8932bf638a9bf5
[INFO] [stdout]                                at /rustc/6067b36314ab5eb2eb47cecc464545ba58e1ad24/library/std/src/panicking.rs:587:40
[INFO] [stdout]   58:     0x625ad2926170 - std::panicking::try::h683416ea756b175d
[INFO] [stdout]                                at /rustc/6067b36314ab5eb2eb47cecc464545ba58e1ad24/library/std/src/panicking.rs:550:19
[INFO] [stdout]   59:     0x625ad2926170 - std::panic::catch_unwind::h56189fac8994979f
[INFO] [stdout]                                at /rustc/6067b36314ab5eb2eb47cecc464545ba58e1ad24/library/std/src/panic.rs:358:14
[INFO] [stdout]   60:     0x625ad2926170 - std::rt::lang_start_internal::h8bbc1061691274fe
[INFO] [stdout]                                at /rustc/6067b36314ab5eb2eb47cecc464545ba58e1ad24/library/std/src/rt.rs:159:5
[INFO] [stdout]   61:     0x625ad2824081 - std::rt::lang_start::h601b10a269c70ef7
[INFO] [stdout]   62:     0x625ad2837335 - main
[INFO] [stdout]   63:     0x7b828f4bed90 - <unknown>
[INFO] [stdout]   64:     0x7b828f4bee40 - __libc_start_main
[INFO] [stdout]   65:     0x625ad2807345 - _start
[INFO] [stdout]   66:                0x0 - <unknown>
[INFO] [stdout] 
[INFO] [stdout] 
[INFO] [stdout] ---- src/lib.rs - (line 71) stdout ----
[INFO] [stdout] Test executable failed (exit status: 101).
[INFO] [stdout] 
[INFO] [stdout] stderr:
[INFO] [stdout] 
[INFO] [stdout] thread 'main' panicked at src/lib.rs:40:72:
[INFO] [stdout] called `Result::unwrap()` on an `Err` value: unable to open versioned file
[INFO] [stdout] 
[INFO] [stdout] Caused by:
[INFO] [stdout]     No such file or directory (os error 2)
[INFO] [stdout] 
[INFO] [stdout] Stack backtrace:
[INFO] [stdout]    0: <E as anyhow::context::ext::StdError>::ext_context
[INFO] [stdout]    1: anyhow::context::<impl anyhow::Context<T,E> for core::result::Result<T,E>>::context
[INFO] [stdout]    2: versioned_file::open_file::{{closure}}
[INFO] [stdout]    3: rust_out::main::main::{{closure}}
[INFO] [stdout]    4: rust_out::main::{{closure}}
[INFO] [stdout]    5: <async_std::task::builder::SupportTaskLocals<F> as core::future::future::Future>::poll::{{closure}}
[INFO] [stdout]    6: async_std::task::task_locals_wrapper::TaskLocalsWrapper::set_current::{{closure}}
[INFO] [stdout]    7: std::thread::local::LocalKey<T>::try_with
[INFO] [stdout]    8: std::thread::local::LocalKey<T>::with
[INFO] [stdout]    9: async_std::task::task_locals_wrapper::TaskLocalsWrapper::set_current
[INFO] [stdout]   10: <async_std::task::builder::SupportTaskLocals<F> as core::future::future::Future>::poll
[INFO] [stdout]   11: <futures_lite::future::Or<F1,F2> as core::future::future::Future>::poll
[INFO] [stdout]   12: async_executor::State::run::{{closure}}
[INFO] [stdout]   13: async_executor::Executor::run::{{closure}}
[INFO] [stdout]   14: async_executor::LocalExecutor::run::{{closure}}
[INFO] [stdout]   15: async_io::driver::block_on::{{closure}}
[INFO] [stdout]   16: std::thread::local::LocalKey<T>::try_with
[INFO] [stdout]   17: std::thread::local::LocalKey<T>::with
[INFO] [stdout]   18: async_io::driver::block_on
[INFO] [stdout]   19: async_global_executor::reactor::block_on::{{closure}}
[INFO] [stdout]   20: async_global_executor::reactor::block_on
[INFO] [stdout]   21: async_global_executor::executor::block_on::{{closure}}
[INFO] [stdout]   22: std::thread::local::LocalKey<T>::try_with
[INFO] [stdout]   23: std::thread::local::LocalKey<T>::with
[INFO] [stdout]   24: async_global_executor::executor::block_on
[INFO] [stdout]   25: async_std::task::builder::Builder::blocking::{{closure}}::{{closure}}
[INFO] [stdout]   26: async_std::task::task_locals_wrapper::TaskLocalsWrapper::set_current::{{closure}}
[INFO] [stdout]   27: std::thread::local::LocalKey<T>::try_with
[INFO] [stdout]   28: std::thread::local::LocalKey<T>::with
[INFO] [stdout]   29: async_std::task::task_locals_wrapper::TaskLocalsWrapper::set_current
[INFO] [stdout]   30: async_std::task::builder::Builder::blocking::{{closure}}
[INFO] [stdout]   31: std::thread::local::LocalKey<T>::try_with
[INFO] [stdout]   32: std::thread::local::LocalKey<T>::with
[INFO] [stdout]   33: async_std::task::builder::Builder::blocking
[INFO] [stdout]   34: async_std::task::block_on::block_on
[INFO] [stdout]   35: rust_out::main
[INFO] [stdout]   36: core::ops::function::FnOnce::call_once
[INFO] [stdout]   37: std::sys::backtrace::__rust_begin_short_backtrace
[INFO] [stdout]   38: std::rt::lang_start::{{closure}}
[INFO] [stdout]   39: core::ops::function::impls::<impl core::ops::function::FnOnce<A> for &F>::call_once
[INFO] [stdout]              at /rustc/6067b36314ab5eb2eb47cecc464545ba58e1ad24/library/core/src/ops/function.rs:284:13
[INFO] [stdout]   40: std::panicking::try::do_call
[INFO] [stdout]              at /rustc/6067b36314ab5eb2eb47cecc464545ba58e1ad24/library/std/src/panicking.rs:587:40
[INFO] [stdout]   41: std::panicking::try
[INFO] [stdout]              at /rustc/6067b36314ab5eb2eb47cecc464545ba58e1ad24/library/std/src/panicking.rs:550:19
[INFO] [stdout]   42: std::panic::catch_unwind
[INFO] [stdout]              at /rustc/6067b36314ab5eb2eb47cecc464545ba58e1ad24/library/std/src/panic.rs:358:14
[INFO] [stdout]   43: std::rt::lang_start_internal::{{closure}}
[INFO] [stdout]              at /rustc/6067b36314ab5eb2eb47cecc464545ba58e1ad24/library/std/src/rt.rs:163:24
[INFO] [stdout]   44: std::panicking::try::do_call
[INFO] [stdout]              at /rustc/6067b36314ab5eb2eb47cecc464545ba58e1ad24/library/std/src/panicking.rs:587:40
[INFO] [stdout]   45: std::panicking::try
[INFO] [stdout]              at /rustc/6067b36314ab5eb2eb47cecc464545ba58e1ad24/library/std/src/panicking.rs:550:19
[INFO] [stdout]   46: std::panic::catch_unwind
[INFO] [stdout]              at /rustc/6067b36314ab5eb2eb47cecc464545ba58e1ad24/library/std/src/panic.rs:358:14
[INFO] [stdout]   47: std::rt::lang_start_internal
[INFO] [stdout]              at /rustc/6067b36314ab5eb2eb47cecc464545ba58e1ad24/library/std/src/rt.rs:159:5
[INFO] [stdout]   48: std::rt::lang_start
[INFO] [stdout]   49: main
[INFO] [stdout]   50: <unknown>
[INFO] [stdout]   51: __libc_start_main
[INFO] [stdout]   52: _start
[INFO] [stdout] stack backtrace:
[INFO] [stdout]    0:     0x617779b531ca - std::backtrace_rs::backtrace::libunwind::trace::hb059275cfc8d6126
[INFO] [stdout]                                at /rustc/6067b36314ab5eb2eb47cecc464545ba58e1ad24/library/std/src/../../backtrace/src/backtrace/libunwind.rs:116:5
[INFO] [stdout]    1:     0x617779b531ca - std::backtrace_rs::backtrace::trace_unsynchronized::h2da071e4327ce3ee
[INFO] [stdout]                                at /rustc/6067b36314ab5eb2eb47cecc464545ba58e1ad24/library/std/src/../../backtrace/src/backtrace/mod.rs:66:5
[INFO] [stdout]    2:     0x617779b531ca - std::sys::backtrace::_print_fmt::h842a1474e6f8d23f
[INFO] [stdout]                                at /rustc/6067b36314ab5eb2eb47cecc464545ba58e1ad24/library/std/src/sys/backtrace.rs:66:9
[INFO] [stdout]    3:     0x617779b531ca - <std::sys::backtrace::BacktraceLock::print::DisplayBacktrace as core::fmt::Display>::fmt::h71a62eb3b9696b12
[INFO] [stdout]                                at /rustc/6067b36314ab5eb2eb47cecc464545ba58e1ad24/library/std/src/sys/backtrace.rs:39:26
[INFO] [stdout]    4:     0x617779b732b3 - core::fmt::rt::Argument::fmt::hdb6b616786b41dc1
[INFO] [stdout]                                at /rustc/6067b36314ab5eb2eb47cecc464545ba58e1ad24/library/core/src/fmt/rt.rs:177:76
[INFO] [stdout]    5:     0x617779b732b3 - core::fmt::write::h2cc1698af7e2d686
[INFO] [stdout]                                at /rustc/6067b36314ab5eb2eb47cecc464545ba58e1ad24/library/core/src/fmt/mod.rs:1440:21
[INFO] [stdout]    6:     0x617779b4ff33 - std::io::Write::write_fmt::h00c8700df393f328
[INFO] [stdout]                                at /rustc/6067b36314ab5eb2eb47cecc464545ba58e1ad24/library/std/src/io/mod.rs:1887:15
[INFO] [stdout]    7:     0x617779b53012 - std::sys::backtrace::BacktraceLock::print::h147fe35b4ea13b08
[INFO] [stdout]                                at /rustc/6067b36314ab5eb2eb47cecc464545ba58e1ad24/library/std/src/sys/backtrace.rs:42:9
[INFO] [stdout]    8:     0x617779b540af - std::panicking::default_hook::{{closure}}::hbd44223dbdc0d208
[INFO] [stdout]                                at /rustc/6067b36314ab5eb2eb47cecc464545ba58e1ad24/library/std/src/panicking.rs:298:22
[INFO] [stdout]    9:     0x617779b53f1a - std::panicking::default_hook::h20f81eb0576efcec
[INFO] [stdout]                                at /rustc/6067b36314ab5eb2eb47cecc464545ba58e1ad24/library/std/src/panicking.rs:325:9
[INFO] [stdout]   10:     0x617779b54ad2 - std::panicking::rust_panic_with_hook::h625eea43051b2edc
[INFO] [stdout]                                at /rustc/6067b36314ab5eb2eb47cecc464545ba58e1ad24/library/std/src/panicking.rs:831:13
[INFO] [stdout]   11:     0x617779b5485a - std::panicking::begin_panic_handler::{{closure}}::h4f9159cfbc3f6bd3
[INFO] [stdout]                                at /rustc/6067b36314ab5eb2eb47cecc464545ba58e1ad24/library/std/src/panicking.rs:704:13
[INFO] [stdout]   12:     0x617779b536c9 - std::sys::backtrace::__rust_end_short_backtrace::h0390abce48353151
[INFO] [stdout]                                at /rustc/6067b36314ab5eb2eb47cecc464545ba58e1ad24/library/std/src/sys/backtrace.rs:168:18
[INFO] [stdout]   13:     0x617779b544ed - rust_begin_unwind
[INFO] [stdout]                                at /rustc/6067b36314ab5eb2eb47cecc464545ba58e1ad24/library/std/src/panicking.rs:695:5
[INFO] [stdout]   14:     0x617779b72340 - core::panicking::panic_fmt::h9e7c637e9e5f29c9
[INFO] [stdout]                                at /rustc/6067b36314ab5eb2eb47cecc464545ba58e1ad24/library/core/src/panicking.rs:75:14
[INFO] [stdout]   15:     0x617779b727b6 - core::result::unwrap_failed::h7979f09313fe1849
[INFO] [stdout]                                at /rustc/6067b36314ab5eb2eb47cecc464545ba58e1ad24/library/core/src/result.rs:1704:5
[INFO] [stdout]   16:     0x617779a5a9d8 - rust_out::main::main::{{closure}}::h3786d2b559d3c730
[INFO] [stdout]   17:     0x617779a5b1af - rust_out::main::{{closure}}::h5b39ac0ba21052fe
[INFO] [stdout]   18:     0x617779a1d9d8 - <async_std::task::builder::SupportTaskLocals<F> as core::future::future::Future>::poll::{{closure}}::h8c26863ea6c84dc9
[INFO] [stdout]   19:     0x617779a57efc - async_std::task::task_locals_wrapper::TaskLocalsWrapper::set_current::{{closure}}::h444550a9d2421775
[INFO] [stdout]   20:     0x617779a4668a - std::thread::local::LocalKey<T>::try_with::h72bce9ba276f429a
[INFO] [stdout]   21:     0x617779a45a66 - std::thread::local::LocalKey<T>::with::h992033a25ac8273a
[INFO] [stdout]   22:     0x617779a57b7e - async_std::task::task_locals_wrapper::TaskLocalsWrapper::set_current::h1205b5e4c3a80d5b
[INFO] [stdout]   23:     0x617779a1d881 - <async_std::task::builder::SupportTaskLocals<F> as core::future::future::Future>::poll::h4a0d3451c7996554
[INFO] [stdout]   24:     0x617779a5297e - <futures_lite::future::Or<F1,F2> as core::future::future::Future>::poll::h83ccbc4388b23bf0
[INFO] [stdout]   25:     0x617779a3bce5 - async_executor::State::run::{{closure}}::h627f2ada0ff088f9
[INFO] [stdout]   26:     0x617779a3d9de - async_executor::Executor::run::{{closure}}::h9e836d2af191ca8f
[INFO] [stdout]   27:     0x617779a3b904 - async_executor::LocalExecutor::run::{{closure}}::h3601134666411939
[INFO] [stdout]   28:     0x617779a53217 - async_io::driver::block_on::{{closure}}::h89c883a79f362f63
[INFO] [stdout]   29:     0x617779a46a01 - std::thread::local::LocalKey<T>::try_with::hb85265c669d88f5f
[INFO] [stdout]   30:     0x617779a45b76 - std::thread::local::LocalKey<T>::with::hf8f5babbed0b2c89
[INFO] [stdout]   31:     0x617779a52ec3 - async_io::driver::block_on::hbd1289af40f6881a
[INFO] [stdout]   32:     0x617779a44bdf - async_global_executor::reactor::block_on::{{closure}}::hdbb10068def27c01
[INFO] [stdout]   33:     0x617779a44b6f - async_global_executor::reactor::block_on::h530b134078b56353
[INFO] [stdout]   34:     0x617779a44ed0 - async_global_executor::executor::block_on::{{closure}}::hc20708869246ccc1
[INFO] [stdout]   35:     0x617779a45d96 - std::thread::local::LocalKey<T>::try_with::h03577a473d3deff1
[INFO] [stdout]   36:     0x617779a45926 - std::thread::local::LocalKey<T>::with::h0bb1c8a5b3399a50
[INFO] [stdout]   37:     0x617779a44e35 - async_global_executor::executor::block_on::h306c2c69bc772b29
[INFO] [stdout]   38:     0x617779a59b8e - async_std::task::builder::Builder::blocking::{{closure}}::{{closure}}::h32abcd3eeb07f509
[INFO] [stdout]   39:     0x617779a58027 - async_std::task::task_locals_wrapper::TaskLocalsWrapper::set_current::{{closure}}::h60659e7fade31a5c
[INFO] [stdout]   40:     0x617779a45eb4 - std::thread::local::LocalKey<T>::try_with::h3217a45a1f7f54d0
[INFO] [stdout]   41:     0x617779a45a06 - std::thread::local::LocalKey<T>::with::h9170a1a72782ebbf
[INFO] [stdout]   42:     0x617779a57bd6 - async_std::task::task_locals_wrapper::TaskLocalsWrapper::set_current::h69369463d8d7e94f
[INFO] [stdout]   43:     0x617779a59ae1 - async_std::task::builder::Builder::blocking::{{closure}}::hf88c1d79b421f17e
[INFO] [stdout]   44:     0x617779a46326 - std::thread::local::LocalKey<T>::try_with::h59363841cb78ff0c
[INFO] [stdout]   45:     0x617779a45b46 - std::thread::local::LocalKey<T>::with::hf6a22ccee6d90d44
[INFO] [stdout]   46:     0x617779a597ca - async_std::task::builder::Builder::blocking::h30f07ebab746a28d
[INFO] [stdout]   47:     0x617779a59cad - async_std::task::block_on::block_on::h65f1306bfc92860c
[INFO] [stdout]   48:     0x617779a5a4e8 - rust_out::main::he88f0b9b281d54e0
[INFO] [stdout]   49:     0x617779a48243 - core::ops::function::FnOnce::call_once::hcf3829d8b58d0254
[INFO] [stdout]   50:     0x617779a450c6 - std::sys::backtrace::__rust_begin_short_backtrace::h5e1527399e8d5bd4
[INFO] [stdout]   51:     0x617779a45099 - std::rt::lang_start::{{closure}}::h2c234101ed7b1b74
[INFO] [stdout]   52:     0x617779b4a1a0 - core::ops::function::impls::<impl core::ops::function::FnOnce<A> for &F>::call_once::h1b085b6c1d2518b2
[INFO] [stdout]                                at /rustc/6067b36314ab5eb2eb47cecc464545ba58e1ad24/library/core/src/ops/function.rs:284:13
[INFO] [stdout]   53:     0x617779b4a1a0 - std::panicking::try::do_call::h382f964a5a23b565
[INFO] [stdout]                                at /rustc/6067b36314ab5eb2eb47cecc464545ba58e1ad24/library/std/src/panicking.rs:587:40
[INFO] [stdout]   54:     0x617779b4a1a0 - std::panicking::try::h57f991055eb622f9
[INFO] [stdout]                                at /rustc/6067b36314ab5eb2eb47cecc464545ba58e1ad24/library/std/src/panicking.rs:550:19
[INFO] [stdout]   55:     0x617779b4a1a0 - std::panic::catch_unwind::h4d9a74ef04456343
[INFO] [stdout]                                at /rustc/6067b36314ab5eb2eb47cecc464545ba58e1ad24/library/std/src/panic.rs:358:14
[INFO] [stdout]   56:     0x617779b4a1a0 - std::rt::lang_start_internal::{{closure}}::h2faa8ae84a93f314
[INFO] [stdout]                                at /rustc/6067b36314ab5eb2eb47cecc464545ba58e1ad24/library/std/src/rt.rs:163:24
[INFO] [stdout]   57:     0x617779b4a1a0 - std::panicking::try::do_call::h0f8932bf638a9bf5
[INFO] [stdout]                                at /rustc/6067b36314ab5eb2eb47cecc464545ba58e1ad24/library/std/src/panicking.rs:587:40
[INFO] [stdout]   58:     0x617779b4a1a0 - std::panicking::try::h683416ea756b175d
[INFO] [stdout]                                at /rustc/6067b36314ab5eb2eb47cecc464545ba58e1ad24/library/std/src/panicking.rs:550:19
[INFO] [stdout]   59:     0x617779b4a1a0 - std::panic::catch_unwind::h56189fac8994979f
[INFO] [stdout]                                at /rustc/6067b36314ab5eb2eb47cecc464545ba58e1ad24/library/std/src/panic.rs:358:14
[INFO] [stdout]   60:     0x617779b4a1a0 - std::rt::lang_start_internal::h8bbc1061691274fe
[INFO] [stdout]                                at /rustc/6067b36314ab5eb2eb47cecc464545ba58e1ad24/library/std/src/rt.rs:159:5
[INFO] [stdout]   61:     0x617779a45081 - std::rt::lang_start::h601b10a269c70ef7
[INFO] [stdout]   62:     0x617779a5b285 - main
[INFO] [stdout]   63:     0x71ed15701d90 - <unknown>
[INFO] [stdout]   64:     0x71ed15701e40 - __libc_start_main
[INFO] [stdout]   65:     0x617779a1d735 - _start
[INFO] [stdout]   66:                0x0 - <unknown>
[INFO] [stdout] 
[INFO] [stdout] 
[INFO] [stdout] 
[INFO] [stdout] failures:
[INFO] [stdout]     src/lib.rs - (line 46)
[INFO] [stdout]     src/lib.rs - (line 71)
[INFO] [stdout] 
[INFO] [stdout] test result: FAILED. 0 passed; 2 failed; 0 ignored; 0 measured; 0 filtered out; finished in 1.17s
[INFO] [stdout] 
[INFO] [stderr] error: doctest failed, to rerun pass `--doc`
[INFO] running `Command { std: "docker" "inspect" "785706f00208ccb656b477aa2ff2296ab6c3f0ab57518f37c31b1230ad88e704", kill_on_drop: false }`
[INFO] running `Command { std: "docker" "rm" "-f" "785706f00208ccb656b477aa2ff2296ab6c3f0ab57518f37c31b1230ad88e704", kill_on_drop: false }`
[INFO] [stdout] 785706f00208ccb656b477aa2ff2296ab6c3f0ab57518f37c31b1230ad88e704
