[INFO] fetching crate twust_macro 1.0.6...
[INFO] testing twust_macro-1.0.6 against nightly-2025-01-18 for randomize-layout-2
[INFO] extracting crate twust_macro 1.0.6 into /workspace/builds/worker-1-tc1/source
[INFO] validating manifest of crates.io crate twust_macro 1.0.6 on toolchain nightly-2025-01-18
[INFO] running `Command { std: CARGO_HOME="/workspace/cargo-home" RUSTUP_HOME="/workspace/rustup-home" "/workspace/cargo-home/bin/cargo" "+nightly-2025-01-18" "metadata" "--manifest-path" "Cargo.toml" "--no-deps", kill_on_drop: false }`
[INFO] started tweaking crates.io crate twust_macro 1.0.6
[INFO] finished tweaking crates.io crate twust_macro 1.0.6
[INFO] tweaked toml for crates.io crate twust_macro 1.0.6 written to /workspace/builds/worker-1-tc1/source/Cargo.toml
[INFO] running `Command { std: CARGO_HOME="/workspace/cargo-home" RUSTUP_HOME="/workspace/rustup-home" "/workspace/cargo-home/bin/cargo" "+nightly-2025-01-18" "generate-lockfile" "--manifest-path" "Cargo.toml", kill_on_drop: false }`
[INFO] [stderr]     Blocking waiting for file lock on package cache
[INFO] [stderr]     Updating crates.io index
[INFO] [stderr]     Blocking waiting for file lock on package cache
[INFO] [stderr]      Locking 12 packages to latest compatible versions
[INFO] running `Command { std: CARGO_HOME="/workspace/cargo-home" RUSTUP_HOME="/workspace/rustup-home" "/workspace/cargo-home/bin/cargo" "+nightly-2025-01-18" "fetch" "--manifest-path" "Cargo.toml", kill_on_drop: false }`
[INFO] [stderr]     Blocking waiting for file lock on package cache
[INFO] [stderr]     Blocking waiting for file lock on package cache
[INFO] running `Command { std: "docker" "create" "-v" "/var/lib/crater-agent-workspace/builds/worker-1-tc1/target:/opt/rustwide/target:rw,Z" "-v" "/var/lib/crater-agent-workspace/builds/worker-1-tc1/source:/opt/rustwide/workdir:ro,Z" "-v" "/var/lib/crater-agent-workspace/cargo-home:/opt/rustwide/cargo-home:ro,Z" "-v" "/var/lib/crater-agent-workspace/rustup-home:/opt/rustwide/rustup-home:ro,Z" "-e" "SOURCE_DIR=/opt/rustwide/workdir" "-e" "CARGO_TARGET_DIR=/opt/rustwide/target" "-e" "CARGO_HOME=/opt/rustwide/cargo-home" "-e" "RUSTUP_HOME=/opt/rustwide/rustup-home" "-w" "/opt/rustwide/workdir" "-m" "1610612736" "--user" "0:0" "--network" "none" "ghcr.io/rust-lang/crates-build-env/linux@sha256:819108c5571ea2e421544af4d832f968d213c87fbe3707a016657f43d2f853bc" "/opt/rustwide/cargo-home/bin/cargo" "+nightly-2025-01-18" "metadata" "--no-deps" "--format-version=1", kill_on_drop: false }`
[INFO] [stdout] d2842d3d17c4d9694328a9985bcc33f7fa5dff1c235586d5c1348b21b68125c3
[INFO] running `Command { std: "docker" "start" "-a" "d2842d3d17c4d9694328a9985bcc33f7fa5dff1c235586d5c1348b21b68125c3", kill_on_drop: false }`
[INFO] running `Command { std: "docker" "inspect" "d2842d3d17c4d9694328a9985bcc33f7fa5dff1c235586d5c1348b21b68125c3", kill_on_drop: false }`
[INFO] running `Command { std: "docker" "rm" "-f" "d2842d3d17c4d9694328a9985bcc33f7fa5dff1c235586d5c1348b21b68125c3", kill_on_drop: false }`
[INFO] [stdout] d2842d3d17c4d9694328a9985bcc33f7fa5dff1c235586d5c1348b21b68125c3
[INFO] running `Command { std: "docker" "create" "-v" "/var/lib/crater-agent-workspace/builds/worker-1-tc1/target:/opt/rustwide/target:rw,Z" "-v" "/var/lib/crater-agent-workspace/builds/worker-1-tc1/source:/opt/rustwide/workdir:ro,Z" "-v" "/var/lib/crater-agent-workspace/cargo-home:/opt/rustwide/cargo-home:ro,Z" "-v" "/var/lib/crater-agent-workspace/rustup-home:/opt/rustwide/rustup-home:ro,Z" "-e" "SOURCE_DIR=/opt/rustwide/workdir" "-e" "CARGO_TARGET_DIR=/opt/rustwide/target" "-e" "CARGO_INCREMENTAL=0" "-e" "RUST_BACKTRACE=full" "-e" "RUSTFLAGS=--cap-lints=forbid" "-e" "RUSTDOCFLAGS=--cap-lints=forbid" "-e" "CARGO_HOME=/opt/rustwide/cargo-home" "-e" "RUSTUP_HOME=/opt/rustwide/rustup-home" "-w" "/opt/rustwide/workdir" "-m" "1610612736" "--user" "0:0" "--network" "none" "ghcr.io/rust-lang/crates-build-env/linux@sha256:819108c5571ea2e421544af4d832f968d213c87fbe3707a016657f43d2f853bc" "/opt/rustwide/cargo-home/bin/cargo" "+nightly-2025-01-18" "build" "--frozen" "--message-format=json", kill_on_drop: false }`
[INFO] [stdout] f1a2bc9ba7835e1196504d465c1a0e12644a746b45c31cf4e3c1c63a6261e753
[INFO] running `Command { std: "docker" "start" "-a" "f1a2bc9ba7835e1196504d465c1a0e12644a746b45c31cf4e3c1c63a6261e753", kill_on_drop: false }`
[INFO] [stderr]    Compiling proc-macro2 v1.0.93
[INFO] [stderr]    Compiling unicode-ident v1.0.14
[INFO] [stderr]    Compiling serde v1.0.217
[INFO] [stderr]    Compiling serde_json v1.0.137
[INFO] [stderr]    Compiling memchr v2.7.4
[INFO] [stderr]    Compiling ryu v1.0.18
[INFO] [stderr]    Compiling minimal-lexical v0.2.1
[INFO] [stderr]    Compiling itoa v1.0.14
[INFO] [stderr]    Compiling nom v7.1.3
[INFO] [stderr]    Compiling quote v1.0.38
[INFO] [stderr]    Compiling syn v2.0.96
[INFO] [stderr]    Compiling serde_derive v1.0.217
[INFO] [stderr]    Compiling twust_macro v1.0.6 (/opt/rustwide/workdir)
[INFO] [stderr]     Finished `dev` profile [unoptimized + debuginfo] target(s) in 25.81s
[INFO] running `Command { std: "docker" "inspect" "f1a2bc9ba7835e1196504d465c1a0e12644a746b45c31cf4e3c1c63a6261e753", kill_on_drop: false }`
[INFO] running `Command { std: "docker" "rm" "-f" "f1a2bc9ba7835e1196504d465c1a0e12644a746b45c31cf4e3c1c63a6261e753", kill_on_drop: false }`
[INFO] [stdout] f1a2bc9ba7835e1196504d465c1a0e12644a746b45c31cf4e3c1c63a6261e753
[INFO] running `Command { std: "docker" "create" "-v" "/var/lib/crater-agent-workspace/builds/worker-1-tc1/target:/opt/rustwide/target:rw,Z" "-v" "/var/lib/crater-agent-workspace/builds/worker-1-tc1/source:/opt/rustwide/workdir:ro,Z" "-v" "/var/lib/crater-agent-workspace/cargo-home:/opt/rustwide/cargo-home:ro,Z" "-v" "/var/lib/crater-agent-workspace/rustup-home:/opt/rustwide/rustup-home:ro,Z" "-e" "SOURCE_DIR=/opt/rustwide/workdir" "-e" "CARGO_TARGET_DIR=/opt/rustwide/target" "-e" "CARGO_INCREMENTAL=0" "-e" "RUST_BACKTRACE=full" "-e" "RUSTFLAGS=--cap-lints=forbid" "-e" "RUSTDOCFLAGS=--cap-lints=forbid" "-e" "CARGO_HOME=/opt/rustwide/cargo-home" "-e" "RUSTUP_HOME=/opt/rustwide/rustup-home" "-w" "/opt/rustwide/workdir" "-m" "1610612736" "--user" "0:0" "--network" "none" "ghcr.io/rust-lang/crates-build-env/linux@sha256:819108c5571ea2e421544af4d832f968d213c87fbe3707a016657f43d2f853bc" "/opt/rustwide/cargo-home/bin/cargo" "+nightly-2025-01-18" "test" "--frozen" "--no-run" "--message-format=json", kill_on_drop: false }`
[INFO] [stdout] 0b97159d757faf3cf6231e4d3724d7f7e7aad0255d53645c471499290b0f855d
[INFO] running `Command { std: "docker" "start" "-a" "0b97159d757faf3cf6231e4d3724d7f7e7aad0255d53645c471499290b0f855d", kill_on_drop: false }`
[INFO] [stderr]    Compiling twust_macro v1.0.6 (/opt/rustwide/workdir)
[INFO] [stderr]     Finished `test` profile [unoptimized + debuginfo] target(s) in 14.51s
[INFO] running `Command { std: "docker" "inspect" "0b97159d757faf3cf6231e4d3724d7f7e7aad0255d53645c471499290b0f855d", kill_on_drop: false }`
[INFO] running `Command { std: "docker" "rm" "-f" "0b97159d757faf3cf6231e4d3724d7f7e7aad0255d53645c471499290b0f855d", kill_on_drop: false }`
[INFO] [stdout] 0b97159d757faf3cf6231e4d3724d7f7e7aad0255d53645c471499290b0f855d
[INFO] running `Command { std: "docker" "create" "-v" "/var/lib/crater-agent-workspace/builds/worker-1-tc1/target:/opt/rustwide/target:rw,Z" "-v" "/var/lib/crater-agent-workspace/builds/worker-1-tc1/source:/opt/rustwide/workdir:ro,Z" "-v" "/var/lib/crater-agent-workspace/cargo-home:/opt/rustwide/cargo-home:ro,Z" "-v" "/var/lib/crater-agent-workspace/rustup-home:/opt/rustwide/rustup-home:ro,Z" "-e" "SOURCE_DIR=/opt/rustwide/workdir" "-e" "CARGO_TARGET_DIR=/opt/rustwide/target" "-e" "CARGO_INCREMENTAL=0" "-e" "RUST_BACKTRACE=full" "-e" "RUSTFLAGS=--cap-lints=forbid" "-e" "RUSTDOCFLAGS=--cap-lints=forbid" "-e" "CARGO_HOME=/opt/rustwide/cargo-home" "-e" "RUSTUP_HOME=/opt/rustwide/rustup-home" "-w" "/opt/rustwide/workdir" "-m" "1610612736" "--user" "0:0" "--network" "none" "ghcr.io/rust-lang/crates-build-env/linux@sha256:819108c5571ea2e421544af4d832f968d213c87fbe3707a016657f43d2f853bc" "/opt/rustwide/cargo-home/bin/cargo" "+nightly-2025-01-18" "test" "--frozen", kill_on_drop: false }`
[INFO] [stdout] 656baab574df55e4faa371407f3130289e3a7a6d2eb804ecc07cf53fa07463de
[INFO] running `Command { std: "docker" "start" "-a" "656baab574df55e4faa371407f3130289e3a7a6d2eb804ecc07cf53fa07463de", kill_on_drop: false }`
[INFO] [stderr]     Finished `test` profile [unoptimized + debuginfo] target(s) in 0.02s
[INFO] [stderr]      Running unittests src/lib.rs (/opt/rustwide/target/debug/deps/twust_macro-a9bc0df2edfa3754)
[INFO] [stdout] 
[INFO] [stdout] running 1 test
[INFO] [stdout] test test_group_attr_arbitrary2 ... FAILED
[INFO] [stdout] 
[INFO] [stdout] failures:
[INFO] [stdout] 
[INFO] [stdout] ---- test_group_attr_arbitrary2 stdout ----
[INFO] [stdout] 
[INFO] [stdout] thread 'test_group_attr_arbitrary2' panicked at src/lib.rs:76:33:
[INFO] [stdout] Problem getting modifiers: Custom { kind: NotFound, error: "tailwind.config.json was not found in the top-level directory - \n\"/opt/rustwide/workdir/tailwind.config.json\". Make sure it exists." }
[INFO] [stdout] stack backtrace:
[INFO] [stdout]    0:     0x73cc52c2784a - std::backtrace_rs::backtrace::libunwind::trace::hb059275cfc8d6126
[INFO] [stdout]                                at /rustc/6067b36314ab5eb2eb47cecc464545ba58e1ad24/library/std/src/../../backtrace/src/backtrace/libunwind.rs:116:5
[INFO] [stdout]    1:     0x73cc52c2784a - std::backtrace_rs::backtrace::trace_unsynchronized::h2da071e4327ce3ee
[INFO] [stdout]                                at /rustc/6067b36314ab5eb2eb47cecc464545ba58e1ad24/library/std/src/../../backtrace/src/backtrace/mod.rs:66:5
[INFO] [stdout]    2:     0x73cc52c2784a - std::sys::backtrace::_print_fmt::h842a1474e6f8d23f
[INFO] [stdout]                                at /rustc/6067b36314ab5eb2eb47cecc464545ba58e1ad24/library/std/src/sys/backtrace.rs:66:9
[INFO] [stdout]    3:     0x73cc52c2784a - <std::sys::backtrace::BacktraceLock::print::DisplayBacktrace as core::fmt::Display>::fmt::h71a62eb3b9696b12
[INFO] [stdout]                                at /rustc/6067b36314ab5eb2eb47cecc464545ba58e1ad24/library/std/src/sys/backtrace.rs:39:26
[INFO] [stdout]    4:     0x73cc52c796b3 - core::fmt::rt::Argument::fmt::hdb6b616786b41dc1
[INFO] [stdout]                                at /rustc/6067b36314ab5eb2eb47cecc464545ba58e1ad24/library/core/src/fmt/rt.rs:177:76
[INFO] [stdout]    5:     0x73cc52c796b3 - core::fmt::write::h2cc1698af7e2d686
[INFO] [stdout]                                at /rustc/6067b36314ab5eb2eb47cecc464545ba58e1ad24/library/core/src/fmt/mod.rs:1440:21
[INFO] [stdout]    6:     0x73cc52c1b353 - std::io::Write::write_fmt::hab1b4cd059a79022
[INFO] [stdout]                                at /rustc/6067b36314ab5eb2eb47cecc464545ba58e1ad24/library/std/src/io/mod.rs:1887:15
[INFO] [stdout]    7:     0x73cc52c27692 - std::sys::backtrace::BacktraceLock::print::h147fe35b4ea13b08
[INFO] [stdout]                                at /rustc/6067b36314ab5eb2eb47cecc464545ba58e1ad24/library/std/src/sys/backtrace.rs:42:9
[INFO] [stdout]    8:     0x73cc52c29c5f - std::panicking::default_hook::{{closure}}::hbd44223dbdc0d208
[INFO] [stdout]                                at /rustc/6067b36314ab5eb2eb47cecc464545ba58e1ad24/library/std/src/panicking.rs:298:22
[INFO] [stdout]    9:     0x73cc52c29a78 - std::panicking::default_hook::h20f81eb0576efcec
[INFO] [stdout]                                at /rustc/6067b36314ab5eb2eb47cecc464545ba58e1ad24/library/std/src/panicking.rs:322:9
[INFO] [stdout]   10:     0x64409e515bb3 - <alloc::boxed::Box<F,A> as core::ops::function::Fn<Args>>::call::hdb53814c496a4d34
[INFO] [stdout]                                at /rustc/6067b36314ab5eb2eb47cecc464545ba58e1ad24/library/alloc/src/boxed.rs:2027:9
[INFO] [stdout]   11:     0x64409e515bb3 - test::test_main::{{closure}}::hc0a4963c59427c24
[INFO] [stdout]                                at /rustc/6067b36314ab5eb2eb47cecc464545ba58e1ad24/library/test/src/lib.rs:134:21
[INFO] [stdout]   12:     0x73cc52c2a7c3 - <alloc::boxed::Box<F,A> as core::ops::function::Fn<Args>>::call::h591b2225413a77e9
[INFO] [stdout]                                at /rustc/6067b36314ab5eb2eb47cecc464545ba58e1ad24/library/alloc/src/boxed.rs:2027:9
[INFO] [stdout]   13:     0x73cc52c2a7c3 - std::panicking::rust_panic_with_hook::h625eea43051b2edc
[INFO] [stdout]                                at /rustc/6067b36314ab5eb2eb47cecc464545ba58e1ad24/library/std/src/panicking.rs:839:13
[INFO] [stdout]   14:     0x73cc52c2a47a - std::panicking::begin_panic_handler::{{closure}}::h4f9159cfbc3f6bd3
[INFO] [stdout]                                at /rustc/6067b36314ab5eb2eb47cecc464545ba58e1ad24/library/std/src/panicking.rs:704:13
[INFO] [stdout]   15:     0x73cc52c27d49 - std::sys::backtrace::__rust_end_short_backtrace::h0390abce48353151
[INFO] [stdout]                                at /rustc/6067b36314ab5eb2eb47cecc464545ba58e1ad24/library/std/src/sys/backtrace.rs:168:18
[INFO] [stdout]   16:     0x73cc52c2a10d - rust_begin_unwind
[INFO] [stdout]                                at /rustc/6067b36314ab5eb2eb47cecc464545ba58e1ad24/library/std/src/panicking.rs:695:5
[INFO] [stdout]   17:     0x73cc52c75780 - core::panicking::panic_fmt::h9e7c637e9e5f29c9
[INFO] [stdout]                                at /rustc/6067b36314ab5eb2eb47cecc464545ba58e1ad24/library/core/src/panicking.rs:75:14
[INFO] [stdout]   18:     0x73cc52c75cf6 - core::result::unwrap_failed::h7979f09313fe1849
[INFO] [stdout]                                at /rustc/6067b36314ab5eb2eb47cecc464545ba58e1ad24/library/core/src/result.rs:1704:5
[INFO] [stdout]   19:     0x64409e4ada58 - core::result::Result<T,E>::expect::hca2138d531502efc
[INFO] [stdout]                                at /rustc/6067b36314ab5eb2eb47cecc464545ba58e1ad24/library/core/src/result.rs:1061:23
[INFO] [stdout]   20:     0x64409e476af8 - twust_macro::is_valid_modifier::hd4e633605d204af1
[INFO] [stdout]                                at /opt/rustwide/workdir/src/lib.rs:76:10
[INFO] [stdout]   21:     0x64409e47fd59 - twust_macro::predefined_modifier::h3fbdf6082f62cffc
[INFO] [stdout]                                at /opt/rustwide/workdir/src/lib.rs:526:8
[INFO] [stdout]   22:     0x64409e4a2a9a - core::ops::function::FnMut::call_mut::h9e6075d8adf3d874
[INFO] [stdout]                                at /rustc/6067b36314ab5eb2eb47cecc464545ba58e1ad24/library/core/src/ops/function.rs:166:5
[INFO] [stdout]   23:     0x64409e475870 - <F as nom::internal::Parser<I,O,E>>::parse::h214f8d88993c352c
[INFO] [stdout]                                at /opt/rustwide/cargo-home/registry/src/index.crates.io-1949cf8c6b5b557f/nom-7.1.3/src/internal.rs:325:5
[INFO] [stdout]   24:     0x64409e4c08df - <(FnA,FnB) as nom::sequence::Tuple<Input,(A,B),Error>>::parse::h00b5f44f26a90b7d
[INFO] [stdout]                                at /opt/rustwide/cargo-home/registry/src/index.crates.io-1949cf8c6b5b557f/nom-7.1.3/src/sequence/mod.rs:246:18
[INFO] [stdout]   25:     0x64409e4be6f0 - nom::sequence::tuple::{{closure}}::h754ddf06163588b9
[INFO] [stdout]                                at /opt/rustwide/cargo-home/registry/src/index.crates.io-1949cf8c6b5b557f/nom-7.1.3/src/sequence/mod.rs:278:15
[INFO] [stdout]   26:     0x64409e4bf7b0 - <F as nom::internal::Parser<I,O,E>>::parse::h2e792c25d04b5fb3
[INFO] [stdout]                                at /opt/rustwide/cargo-home/registry/src/index.crates.io-1949cf8c6b5b557f/nom-7.1.3/src/internal.rs:325:5
[INFO] [stdout]   27:     0x64409e4bfe85 - <(A,B) as nom::branch::Alt<Input,Output,Error>>::choice::h639cf97ae8e9e6c4
[INFO] [stdout]                                at /opt/rustwide/cargo-home/registry/src/index.crates.io-1949cf8c6b5b557f/nom-7.1.3/src/branch/mod.rs:135:15
[INFO] [stdout]   28:     0x64409e49e4f0 - nom::branch::alt::{{closure}}::h3b7934a83948f23f
[INFO] [stdout]                                at /opt/rustwide/cargo-home/registry/src/index.crates.io-1949cf8c6b5b557f/nom-7.1.3/src/branch/mod.rs:50:15
[INFO] [stdout]   29:     0x64409e4811c8 - twust_macro::group_peer_modifier::h7449064370aa35a7
[INFO] [stdout]                                at /opt/rustwide/workdir/src/lib.rs:584:22
[INFO] [stdout]   30:     0x64409e4a2bda - core::ops::function::FnMut::call_mut::hbc4cb63453becdb7
[INFO] [stdout]                                at /rustc/6067b36314ab5eb2eb47cecc464545ba58e1ad24/library/core/src/ops/function.rs:166:5
[INFO] [stdout]   31:     0x64409e475e10 - <F as nom::internal::Parser<I,O,E>>::parse::hc4ca68ea51869fe2
[INFO] [stdout]                                at /opt/rustwide/cargo-home/registry/src/index.crates.io-1949cf8c6b5b557f/nom-7.1.3/src/internal.rs:325:5
[INFO] [stdout]   32:     0x64409e471406 - <(A,B,C,D,E,F,G,H,I,J,K,L,M) as nom::branch::Alt<Input,Output,Error>>::choice::hb1ff99fa1103e16c
[INFO] [stdout]                                at /opt/rustwide/cargo-home/registry/src/index.crates.io-1949cf8c6b5b557f/nom-7.1.3/src/branch/mod.rs:146:11
[INFO] [stdout]   33:     0x64409e49e610 - nom::branch::alt::{{closure}}::he42853d1ca9460d6
[INFO] [stdout]                                at /opt/rustwide/cargo-home/registry/src/index.crates.io-1949cf8c6b5b557f/nom-7.1.3/src/branch/mod.rs:50:15
[INFO] [stdout]   34:     0x64409e48336e - twust_macro::modifier::hf3274119ea9fdf28
[INFO] [stdout]                                at /opt/rustwide/workdir/src/lib.rs:656:5
[INFO] [stdout]   35:     0x64409e4a29da - core::ops::function::FnMut::call_mut::h8ad049ccd942ada1
[INFO] [stdout]                                at /rustc/6067b36314ab5eb2eb47cecc464545ba58e1ad24/library/core/src/ops/function.rs:166:5
[INFO] [stdout]   36:     0x64409e475b10 - <F as nom::internal::Parser<I,O,E>>::parse::h7a02e032f2428cfc
[INFO] [stdout]                                at /opt/rustwide/cargo-home/registry/src/index.crates.io-1949cf8c6b5b557f/nom-7.1.3/src/internal.rs:325:5
[INFO] [stdout]   37:     0x64409e4bd90d - nom::multi::separated_list0::{{closure}}::h73926f353bbc7f55
[INFO] [stdout]                                at /opt/rustwide/cargo-home/registry/src/index.crates.io-1949cf8c6b5b557f/nom-7.1.3/src/multi/mod.rs:241:11
[INFO] [stdout]   38:     0x64409e4833f9 - twust_macro::modifiers_chained::h9eb89cefc7ef4f55
[INFO] [stdout]                                at /opt/rustwide/workdir/src/lib.rs:674:31
[INFO] [stdout]   39:     0x64409e4a2e0a - core::ops::function::FnMut::call_mut::hf8dcea1af51be02d
[INFO] [stdout]                                at /rustc/6067b36314ab5eb2eb47cecc464545ba58e1ad24/library/core/src/ops/function.rs:166:5
[INFO] [stdout]   40:     0x64409e475990 - <F as nom::internal::Parser<I,O,E>>::parse::h30bad0c2f030cceb
[INFO] [stdout]                                at /opt/rustwide/cargo-home/registry/src/index.crates.io-1949cf8c6b5b557f/nom-7.1.3/src/internal.rs:325:5
[INFO] [stdout]   41:     0x64409e4766ca - <(FnA,FnB) as nom::sequence::Tuple<Input,(A,B),Error>>::parse::h4a203a4521b712a0
[INFO] [stdout]                                at /opt/rustwide/cargo-home/registry/src/index.crates.io-1949cf8c6b5b557f/nom-7.1.3/src/sequence/mod.rs:236:18
[INFO] [stdout]   42:     0x64409e4be690 - nom::sequence::tuple::{{closure}}::h37a2766d682a2fac
[INFO] [stdout]                                at /opt/rustwide/cargo-home/registry/src/index.crates.io-1949cf8c6b5b557f/nom-7.1.3/src/sequence/mod.rs:278:15
[INFO] [stdout]   43:     0x64409e4bf690 - <F as nom::internal::Parser<I,O,E>>::parse::h0d9f748dd4b62ba7
[INFO] [stdout]                                at /opt/rustwide/cargo-home/registry/src/index.crates.io-1949cf8c6b5b557f/nom-7.1.3/src/internal.rs:325:5
[INFO] [stdout]   44:     0x64409e49c5d0 - nom::combinator::opt::{{closure}}::h89fdbf0ec5055e87
[INFO] [stdout]                                at /opt/rustwide/cargo-home/registry/src/index.crates.io-1949cf8c6b5b557f/nom-7.1.3/src/combinator/mod.rs:245:11
[INFO] [stdout]   45:     0x64409e4a0350 - <F as nom::internal::Parser<I,O,E>>::parse::hbd411ec365d7ccd6
[INFO] [stdout]                                at /opt/rustwide/cargo-home/registry/src/index.crates.io-1949cf8c6b5b557f/nom-7.1.3/src/internal.rs:325:5
[INFO] [stdout]   46:     0x64409e4a1e1a - <(FnA,FnB) as nom::sequence::Tuple<Input,(A,B),Error>>::parse::hc2e4e606519eb3ca
[INFO] [stdout]                                at /opt/rustwide/cargo-home/registry/src/index.crates.io-1949cf8c6b5b557f/nom-7.1.3/src/sequence/mod.rs:236:18
[INFO] [stdout]   47:     0x64409e4be720 - nom::sequence::tuple::{{closure}}::h999966be9dea1bb7
[INFO] [stdout]                                at /opt/rustwide/cargo-home/registry/src/index.crates.io-1949cf8c6b5b557f/nom-7.1.3/src/sequence/mod.rs:278:15
[INFO] [stdout]   48:     0x64409e48357f - twust_macro::parse_tw_full_classname::h19382674405115e9
[INFO] [stdout]                                at /opt/rustwide/workdir/src/lib.rs:679:33
[INFO] [stdout]   49:     0x64409e4a27ca - core::ops::function::FnMut::call_mut::h5eec4beca58693f3
[INFO] [stdout]                                at /rustc/6067b36314ab5eb2eb47cecc464545ba58e1ad24/library/core/src/ops/function.rs:166:5
[INFO] [stdout]   50:     0x64409e475a20 - <F as nom::internal::Parser<I,O,E>>::parse::h4c0bd6bba5c90138
[INFO] [stdout]                                at /opt/rustwide/cargo-home/registry/src/index.crates.io-1949cf8c6b5b557f/nom-7.1.3/src/internal.rs:325:5
[INFO] [stdout]   51:     0x64409e4bcea3 - nom::multi::separated_list0::{{closure}}::h62faff30d365d763
[INFO] [stdout]                                at /opt/rustwide/cargo-home/registry/src/index.crates.io-1949cf8c6b5b557f/nom-7.1.3/src/multi/mod.rs:241:11
[INFO] [stdout]   52:     0x64409e4837c8 - twust_macro::parse_class_names::h9881bc3fd8917fc0
[INFO] [stdout]                                at /opt/rustwide/workdir/src/lib.rs:724:33
[INFO] [stdout]   53:     0x64409e4a278a - core::ops::function::FnMut::call_mut::h5e7bb8addb75062c
[INFO] [stdout]                                at /rustc/6067b36314ab5eb2eb47cecc464545ba58e1ad24/library/core/src/ops/function.rs:166:5
[INFO] [stdout]   54:     0x64409e475cc0 - <F as nom::internal::Parser<I,O,E>>::parse::hae313d9f938e16bc
[INFO] [stdout]                                at /opt/rustwide/cargo-home/registry/src/index.crates.io-1949cf8c6b5b557f/nom-7.1.3/src/internal.rs:325:5
[INFO] [stdout]   55:     0x64409e49aab6 - nom::combinator::all_consuming::{{closure}}::heeafcd6febb6513f
[INFO] [stdout]                                at /opt/rustwide/cargo-home/registry/src/index.crates.io-1949cf8c6b5b557f/nom-7.1.3/src/combinator/mod.rs:390:24
[INFO] [stdout]   56:     0x64409e483afe - twust_macro::parse_top::h3fe0bac3bc35ca7d
[INFO] [stdout]                                at /opt/rustwide/workdir/src/lib.rs:731:5
[INFO] [stdout]   57:     0x64409e483b5d - twust_macro::test_group_attr_arbitrary2::h9302c3e73e03b250
[INFO] [stdout]                                at /opt/rustwide/workdir/src/lib.rs:736:16
[INFO] [stdout]   58:     0x64409e483b27 - twust_macro::test_group_attr_arbitrary2::{{closure}}::h4474237158765e2f
[INFO] [stdout]                                at /opt/rustwide/workdir/src/lib.rs:735:32
[INFO] [stdout]   59:     0x64409e4a3676 - core::ops::function::FnOnce::call_once::h899fdd7c8668f8fb
[INFO] [stdout]                                at /rustc/6067b36314ab5eb2eb47cecc464545ba58e1ad24/library/core/src/ops/function.rs:250:5
[INFO] [stdout]   60:     0x64409e51b30b - core::ops::function::FnOnce::call_once::he27718dfdd183f43
[INFO] [stdout]                                at /rustc/6067b36314ab5eb2eb47cecc464545ba58e1ad24/library/core/src/ops/function.rs:250:5
[INFO] [stdout]   61:     0x64409e51b30b - test::__rust_begin_short_backtrace::h4e84902998457a5d
[INFO] [stdout]                                at /rustc/6067b36314ab5eb2eb47cecc464545ba58e1ad24/library/test/src/lib.rs:632:18
[INFO] [stdout]   62:     0x64409e51a243 - test::run_test_in_process::{{closure}}::h7176fd18fc1feca0
[INFO] [stdout]                                at /rustc/6067b36314ab5eb2eb47cecc464545ba58e1ad24/library/test/src/lib.rs:655:60
[INFO] [stdout]   63:     0x64409e51a243 - <core::panic::unwind_safe::AssertUnwindSafe<F> as core::ops::function::FnOnce<()>>::call_once::hf79cff2a624d8cf7
[INFO] [stdout]                                at /rustc/6067b36314ab5eb2eb47cecc464545ba58e1ad24/library/core/src/panic/unwind_safe.rs:272:9
[INFO] [stdout]   64:     0x64409e51a243 - std::panicking::try::do_call::h3da0561d9ab99c25
[INFO] [stdout]                                at /rustc/6067b36314ab5eb2eb47cecc464545ba58e1ad24/library/std/src/panicking.rs:587:40
[INFO] [stdout]   65:     0x64409e51a243 - std::panicking::try::h41c9fa508bc61df6
[INFO] [stdout]                                at /rustc/6067b36314ab5eb2eb47cecc464545ba58e1ad24/library/std/src/panicking.rs:550:19
[INFO] [stdout]   66:     0x64409e51a243 - std::panic::catch_unwind::h6b3ff07bb5afad93
[INFO] [stdout]                                at /rustc/6067b36314ab5eb2eb47cecc464545ba58e1ad24/library/std/src/panic.rs:358:14
[INFO] [stdout]   67:     0x64409e51a243 - test::run_test_in_process::hc7253dd11b39b9f4
[INFO] [stdout]                                at /rustc/6067b36314ab5eb2eb47cecc464545ba58e1ad24/library/test/src/lib.rs:655:27
[INFO] [stdout]   68:     0x64409e51a243 - test::run_test::{{closure}}::hfb2007f8649c30bb
[INFO] [stdout]                                at /rustc/6067b36314ab5eb2eb47cecc464545ba58e1ad24/library/test/src/lib.rs:576:43
[INFO] [stdout]   69:     0x64409e4dd325 - test::run_test::{{closure}}::h56a17aa7a282a9f4
[INFO] [stdout]                                at /rustc/6067b36314ab5eb2eb47cecc464545ba58e1ad24/library/test/src/lib.rs:606:41
[INFO] [stdout]   70:     0x64409e4dd325 - std::sys::backtrace::__rust_begin_short_backtrace::hd2d2d2fb8e8c6aac
[INFO] [stdout]                                at /rustc/6067b36314ab5eb2eb47cecc464545ba58e1ad24/library/std/src/sys/backtrace.rs:152:18
[INFO] [stdout]   71:     0x64409e4e0c0a - std::thread::Builder::spawn_unchecked_::{{closure}}::{{closure}}::h4faa3f9db6133423
[INFO] [stdout]                                at /rustc/6067b36314ab5eb2eb47cecc464545ba58e1ad24/library/std/src/thread/mod.rs:559:17
[INFO] [stdout]   72:     0x64409e4e0c0a - <core::panic::unwind_safe::AssertUnwindSafe<F> as core::ops::function::FnOnce<()>>::call_once::hf2e855a36a4ea846
[INFO] [stdout]                                at /rustc/6067b36314ab5eb2eb47cecc464545ba58e1ad24/library/core/src/panic/unwind_safe.rs:272:9
[INFO] [stdout]   73:     0x64409e4e0c0a - std::panicking::try::do_call::h2f73af3616c35465
[INFO] [stdout]                                at /rustc/6067b36314ab5eb2eb47cecc464545ba58e1ad24/library/std/src/panicking.rs:587:40
[INFO] [stdout]   74:     0x64409e4e0c0a - std::panicking::try::hd1660ce9efadef5a
[INFO] [stdout]                                at /rustc/6067b36314ab5eb2eb47cecc464545ba58e1ad24/library/std/src/panicking.rs:550:19
[INFO] [stdout]   75:     0x64409e4e0c0a - std::panic::catch_unwind::h5ee8d7823b8ca744
[INFO] [stdout]                                at /rustc/6067b36314ab5eb2eb47cecc464545ba58e1ad24/library/std/src/panic.rs:358:14
[INFO] [stdout]   76:     0x64409e4e0c0a - std::thread::Builder::spawn_unchecked_::{{closure}}::h53c3a1894dce8407
[INFO] [stdout]                                at /rustc/6067b36314ab5eb2eb47cecc464545ba58e1ad24/library/std/src/thread/mod.rs:557:30
[INFO] [stdout]   77:     0x64409e4e0c0a - core::ops::function::FnOnce::call_once{{vtable.shim}}::h048ce291ad4f62bf
[INFO] [stdout]                                at /rustc/6067b36314ab5eb2eb47cecc464545ba58e1ad24/library/core/src/ops/function.rs:250:5
[INFO] [stdout]   78:     0x73cc52c3489b - <alloc::boxed::Box<F,A> as core::ops::function::FnOnce<Args>>::call_once::ha52bedf99a3b4981
[INFO] [stdout]                                at /rustc/6067b36314ab5eb2eb47cecc464545ba58e1ad24/library/alloc/src/boxed.rs:2013:9
[INFO] [stdout]   79:     0x73cc52c3489b - <alloc::boxed::Box<F,A> as core::ops::function::FnOnce<Args>>::call_once::h567748934d80ccf8
[INFO] [stdout]                                at /rustc/6067b36314ab5eb2eb47cecc464545ba58e1ad24/library/alloc/src/boxed.rs:2013:9
[INFO] [stdout]   80:     0x73cc52c3489b - std::sys::pal::unix::thread::Thread::new::thread_start::h2d970728ae887adc
[INFO] [stdout]                                at /rustc/6067b36314ab5eb2eb47cecc464545ba58e1ad24/library/std/src/sys/pal/unix/thread.rs:106:17
[INFO] [stdout]   81:     0x73cc528a2ac3 - <unknown>
[INFO] [stdout]   82:     0x73cc52933a04 - clone
[INFO] [stdout]   83:                0x0 - <unknown>
[INFO] [stdout] 
[INFO] [stdout] 
[INFO] [stdout] failures:
[INFO] [stdout]     test_group_attr_arbitrary2
[INFO] [stdout] 
[INFO] [stdout] test result: FAILED. 0 passed; 1 failed; 0 ignored; 0 measured; 0 filtered out; finished in 0.08s
[INFO] [stdout] 
[INFO] [stderr] error: test failed, to rerun pass `--lib`
[INFO] running `Command { std: "docker" "inspect" "656baab574df55e4faa371407f3130289e3a7a6d2eb804ecc07cf53fa07463de", kill_on_drop: false }`
[INFO] running `Command { std: "docker" "rm" "-f" "656baab574df55e4faa371407f3130289e3a7a6d2eb804ecc07cf53fa07463de", kill_on_drop: false }`
[INFO] [stdout] 656baab574df55e4faa371407f3130289e3a7a6d2eb804ecc07cf53fa07463de
