[INFO] fetching crate tweak_shader 0.4.0...
[INFO] testing tweak_shader-0.4.0 against nightly-2025-01-18 for randomize-layout-2
[INFO] extracting crate tweak_shader 0.4.0 into /workspace/builds/worker-0-tc1/source
[INFO] validating manifest of crates.io crate tweak_shader 0.4.0 on toolchain nightly-2025-01-18
[INFO] running `Command { std: CARGO_HOME="/workspace/cargo-home" RUSTUP_HOME="/workspace/rustup-home" "/workspace/cargo-home/bin/cargo" "+nightly-2025-01-18" "metadata" "--manifest-path" "Cargo.toml" "--no-deps", kill_on_drop: false }`
[INFO] started tweaking crates.io crate tweak_shader 0.4.0
[INFO] removed 0 missing tests
[INFO] finished tweaking crates.io crate tweak_shader 0.4.0
[INFO] tweaked toml for crates.io crate tweak_shader 0.4.0 written to /workspace/builds/worker-0-tc1/source/Cargo.toml
[INFO] running `Command { std: CARGO_HOME="/workspace/cargo-home" RUSTUP_HOME="/workspace/rustup-home" "/workspace/cargo-home/bin/cargo" "+nightly-2025-01-18" "generate-lockfile" "--manifest-path" "Cargo.toml", kill_on_drop: false }`
[INFO] [stderr]     Blocking waiting for file lock on package cache
[INFO] [stderr]     Updating crates.io index
[INFO] [stderr]     Blocking waiting for file lock on package cache
[INFO] [stderr]      Locking 149 packages to latest compatible versions
[INFO] [stderr]       Adding image v0.24.9 (available: v0.25.5)
[INFO] [stderr]       Adding pollster v0.3.0 (available: v0.4.0)
[INFO] [stderr]       Adding thiserror v1.0.69 (available: v2.0.11)
[INFO] [stderr]       Adding wgpu v0.20.1 (available: v24.0.0)
[INFO] running `Command { std: CARGO_HOME="/workspace/cargo-home" RUSTUP_HOME="/workspace/rustup-home" "/workspace/cargo-home/bin/cargo" "+nightly-2025-01-18" "fetch" "--manifest-path" "Cargo.toml", kill_on_drop: false }`
[INFO] [stderr]     Blocking waiting for file lock on package cache
[INFO] [stderr]     Blocking waiting for file lock on package cache
[INFO] running `Command { std: "docker" "create" "-v" "/var/lib/crater-agent-workspace/builds/worker-0-tc1/target:/opt/rustwide/target:rw,Z" "-v" "/var/lib/crater-agent-workspace/builds/worker-0-tc1/source:/opt/rustwide/workdir:ro,Z" "-v" "/var/lib/crater-agent-workspace/cargo-home:/opt/rustwide/cargo-home:ro,Z" "-v" "/var/lib/crater-agent-workspace/rustup-home:/opt/rustwide/rustup-home:ro,Z" "-e" "SOURCE_DIR=/opt/rustwide/workdir" "-e" "CARGO_TARGET_DIR=/opt/rustwide/target" "-e" "CARGO_HOME=/opt/rustwide/cargo-home" "-e" "RUSTUP_HOME=/opt/rustwide/rustup-home" "-w" "/opt/rustwide/workdir" "-m" "1610612736" "--user" "0:0" "--network" "none" "ghcr.io/rust-lang/crates-build-env/linux@sha256:819108c5571ea2e421544af4d832f968d213c87fbe3707a016657f43d2f853bc" "/opt/rustwide/cargo-home/bin/cargo" "+nightly-2025-01-18" "metadata" "--no-deps" "--format-version=1", kill_on_drop: false }`
[INFO] [stdout] b987dc7ae1484c7e3bdd2f3e0783cf52db2626d3b3f2c0e177aa66cc77203964
[INFO] running `Command { std: "docker" "start" "-a" "b987dc7ae1484c7e3bdd2f3e0783cf52db2626d3b3f2c0e177aa66cc77203964", kill_on_drop: false }`
[INFO] running `Command { std: "docker" "inspect" "b987dc7ae1484c7e3bdd2f3e0783cf52db2626d3b3f2c0e177aa66cc77203964", kill_on_drop: false }`
[INFO] running `Command { std: "docker" "rm" "-f" "b987dc7ae1484c7e3bdd2f3e0783cf52db2626d3b3f2c0e177aa66cc77203964", kill_on_drop: false }`
[INFO] [stdout] b987dc7ae1484c7e3bdd2f3e0783cf52db2626d3b3f2c0e177aa66cc77203964
[INFO] running `Command { std: "docker" "create" "-v" "/var/lib/crater-agent-workspace/builds/worker-0-tc1/target:/opt/rustwide/target:rw,Z" "-v" "/var/lib/crater-agent-workspace/builds/worker-0-tc1/source:/opt/rustwide/workdir:ro,Z" "-v" "/var/lib/crater-agent-workspace/cargo-home:/opt/rustwide/cargo-home:ro,Z" "-v" "/var/lib/crater-agent-workspace/rustup-home:/opt/rustwide/rustup-home:ro,Z" "-e" "SOURCE_DIR=/opt/rustwide/workdir" "-e" "CARGO_TARGET_DIR=/opt/rustwide/target" "-e" "CARGO_INCREMENTAL=0" "-e" "RUST_BACKTRACE=full" "-e" "RUSTFLAGS=--cap-lints=forbid" "-e" "RUSTDOCFLAGS=--cap-lints=forbid" "-e" "CARGO_HOME=/opt/rustwide/cargo-home" "-e" "RUSTUP_HOME=/opt/rustwide/rustup-home" "-w" "/opt/rustwide/workdir" "-m" "1610612736" "--user" "0:0" "--network" "none" "ghcr.io/rust-lang/crates-build-env/linux@sha256:819108c5571ea2e421544af4d832f968d213c87fbe3707a016657f43d2f853bc" "/opt/rustwide/cargo-home/bin/cargo" "+nightly-2025-01-18" "build" "--frozen" "--message-format=json", kill_on_drop: false }`
[INFO] [stdout] af5d1189f0f3526830f1e8e79a0ec7fb85b5f03ed7bbacbfaf3027bb5afa1e28
[INFO] running `Command { std: "docker" "start" "-a" "af5d1189f0f3526830f1e8e79a0ec7fb85b5f03ed7bbacbfaf3027bb5afa1e28", kill_on_drop: false }`
[INFO] [stderr]    Compiling bitflags v2.8.0
[INFO] [stderr]    Compiling cfg_aliases v0.1.1
[INFO] [stderr]    Compiling libc v0.2.169
[INFO] [stderr]    Compiling foldhash v0.1.4
[INFO] [stderr]    Compiling thiserror v1.0.69
[INFO] [stderr]    Compiling parking_lot_core v0.9.10
[INFO] [stderr]    Compiling unicode-width v0.1.14
[INFO] [stderr]    Compiling scopeguard v1.2.0
[INFO] [stderr]    Compiling termcolor v1.4.1
[INFO] [stderr]    Compiling unicode-xid v0.2.6
[INFO] [stderr]    Compiling smallvec v1.13.2
[INFO] [stderr]    Compiling khronos-egl v6.0.0
[INFO] [stderr]    Compiling lock_api v0.4.12
[INFO] [stderr]    Compiling num-traits v0.2.19
[INFO] [stderr]    Compiling bit-vec v0.6.3
[INFO] [stderr]    Compiling syn v2.0.96
[INFO] [stderr]    Compiling hashbrown v0.15.2
[INFO] [stderr]    Compiling ash v0.37.3+1.3.251
[INFO] [stderr]    Compiling pp-rs v0.2.1
[INFO] [stderr]    Compiling spirv v0.3.0+sdk-1.3.268.0
[INFO] [stderr]    Compiling gpu-alloc-types v0.3.0
[INFO] [stderr]    Compiling gpu-descriptor-types v0.2.0
[INFO] [stderr]    Compiling bit-set v0.5.3
[INFO] [stderr]    Compiling wgpu-hal v0.21.1
[INFO] [stderr]    Compiling libloading v0.8.6
[INFO] [stderr]    Compiling libloading v0.7.4
[INFO] [stderr]    Compiling hexf-parse v0.2.1
[INFO] [stderr]    Compiling arrayvec v0.7.6
[INFO] [stderr]    Compiling rustc-hash v1.1.0
[INFO] [stderr]    Compiling gpu-alloc v0.6.0
[INFO] [stderr]    Compiling wgpu-types v0.20.0
[INFO] [stderr]    Compiling wgpu-core v0.21.1
[INFO] [stderr]    Compiling profiling v1.0.16
[INFO] [stderr]    Compiling indexmap v2.7.1
[INFO] [stderr]    Compiling codespan-reporting v0.11.1
[INFO] [stderr]    Compiling gpu-descriptor v0.3.1
[INFO] [stderr]    Compiling raw-window-handle v0.6.2
[INFO] [stderr]    Compiling renderdoc-sys v1.1.0
[INFO] [stderr]    Compiling glow v0.13.1
[INFO] [stderr]    Compiling litrs v0.4.1
[INFO] [stderr]    Compiling wgpu v0.20.1
[INFO] [stderr]    Compiling memchr v2.7.4
[INFO] [stderr]    Compiling static_assertions v1.1.0
[INFO] [stderr]    Compiling minimal-lexical v0.2.1
[INFO] [stderr]    Compiling document-features v0.2.10
[INFO] [stderr]    Compiling nom v7.1.3
[INFO] [stderr]    Compiling parking_lot v0.12.3
[INFO] [stderr]    Compiling thiserror-impl v1.0.69
[INFO] [stderr]    Compiling bytemuck_derive v1.8.1
[INFO] [stderr]    Compiling bytemuck v1.21.0
[INFO] [stderr]    Compiling naga v0.20.0
[INFO] [stderr]    Compiling tweak_shader v0.4.0 (/opt/rustwide/workdir)
[INFO] [stdout] warning: field `storage` is never read
[INFO] [stdout]     --> src/uniforms/mod.rs:1076:9
[INFO] [stdout]      |
[INFO] [stdout] 1069 |     UtilityUniformBlock {
[INFO] [stdout]      |     ------------------- field in this variant
[INFO] [stdout] ...
[INFO] [stdout] 1076 |         storage: Storage,
[INFO] [stdout]      |         ^^^^^^^
[INFO] [stdout]      |
[INFO] [stdout]      = note: `BindingEntry` has a derived impl for the trait `Debug`, but this is intentionally ignored during dead code analysis
[INFO] [stdout]      = note: `#[warn(dead_code)]` on by default
[INFO] [stdout] 
[INFO] [stdout] 
[INFO] [stdout] warning: field `storage` is never read
[INFO] [stdout]     --> src/uniforms/mod.rs:1089:9
[INFO] [stdout]      |
[INFO] [stdout] 1078 |     UniformBlock {
[INFO] [stdout]      |     ------------ field in this variant
[INFO] [stdout] ...
[INFO] [stdout] 1089 |         storage: Storage,
[INFO] [stdout]      |         ^^^^^^^
[INFO] [stdout]      |
[INFO] [stdout]      = note: `BindingEntry` has a derived impl for the trait `Debug`, but this is intentionally ignored during dead code analysis
[INFO] [stdout] 
[INFO] [stdout] 
[INFO] [stdout] warning: field `storage` is never read
[INFO] [stdout]     --> src/uniforms/mod.rs:1100:9
[INFO] [stdout]      |
[INFO] [stdout] 1091 |     StorageTexture {
[INFO] [stdout]      |     -------------- field in this variant
[INFO] [stdout] ...
[INFO] [stdout] 1100 |         storage: Storage,
[INFO] [stdout]      |         ^^^^^^^
[INFO] [stdout]      |
[INFO] [stdout]      = note: `BindingEntry` has a derived impl for the trait `Debug`, but this is intentionally ignored during dead code analysis
[INFO] [stdout] 
[INFO] [stdout] 
[INFO] [stdout] warning: field `storage` is never read
[INFO] [stdout]     --> src/uniforms/mod.rs:1113:9
[INFO] [stdout]      |
[INFO] [stdout] 1102 |     Texture {
[INFO] [stdout]      |     ------- field in this variant
[INFO] [stdout] ...
[INFO] [stdout] 1113 |         storage: Storage,
[INFO] [stdout]      |         ^^^^^^^
[INFO] [stdout]      |
[INFO] [stdout]      = note: `BindingEntry` has a derived impl for the trait `Debug`, but this is intentionally ignored during dead code analysis
[INFO] [stdout] 
[INFO] [stdout] 
[INFO] [stdout] warning: method `storage` is never used
[INFO] [stdout]     --> src/uniforms/mod.rs:1229:12
[INFO] [stdout]      |
[INFO] [stdout] 1132 | impl BindingEntry {
[INFO] [stdout]      | ----------------- method in this implementation
[INFO] [stdout] ...
[INFO] [stdout] 1229 |     pub fn storage(&self) -> Storage {
[INFO] [stdout]      |            ^^^^^^^
[INFO] [stdout] 
[INFO] [stdout] 
[INFO] [stderr]     Finished `dev` profile [unoptimized + debuginfo] target(s) in 47.36s
[INFO] running `Command { std: "docker" "inspect" "af5d1189f0f3526830f1e8e79a0ec7fb85b5f03ed7bbacbfaf3027bb5afa1e28", kill_on_drop: false }`
[INFO] running `Command { std: "docker" "rm" "-f" "af5d1189f0f3526830f1e8e79a0ec7fb85b5f03ed7bbacbfaf3027bb5afa1e28", kill_on_drop: false }`
[INFO] [stdout] af5d1189f0f3526830f1e8e79a0ec7fb85b5f03ed7bbacbfaf3027bb5afa1e28
[INFO] running `Command { std: "docker" "create" "-v" "/var/lib/crater-agent-workspace/builds/worker-0-tc1/target:/opt/rustwide/target:rw,Z" "-v" "/var/lib/crater-agent-workspace/builds/worker-0-tc1/source:/opt/rustwide/workdir:ro,Z" "-v" "/var/lib/crater-agent-workspace/cargo-home:/opt/rustwide/cargo-home:ro,Z" "-v" "/var/lib/crater-agent-workspace/rustup-home:/opt/rustwide/rustup-home:ro,Z" "-e" "SOURCE_DIR=/opt/rustwide/workdir" "-e" "CARGO_TARGET_DIR=/opt/rustwide/target" "-e" "CARGO_INCREMENTAL=0" "-e" "RUST_BACKTRACE=full" "-e" "RUSTFLAGS=--cap-lints=forbid" "-e" "RUSTDOCFLAGS=--cap-lints=forbid" "-e" "CARGO_HOME=/opt/rustwide/cargo-home" "-e" "RUSTUP_HOME=/opt/rustwide/rustup-home" "-w" "/opt/rustwide/workdir" "-m" "1610612736" "--user" "0:0" "--network" "none" "ghcr.io/rust-lang/crates-build-env/linux@sha256:819108c5571ea2e421544af4d832f968d213c87fbe3707a016657f43d2f853bc" "/opt/rustwide/cargo-home/bin/cargo" "+nightly-2025-01-18" "test" "--frozen" "--no-run" "--message-format=json", kill_on_drop: false }`
[INFO] [stdout] 55fbba87f35d4f333dc75863e393228a1ceec34ee793d3a41bf73b8163be702d
[INFO] running `Command { std: "docker" "start" "-a" "55fbba87f35d4f333dc75863e393228a1ceec34ee793d3a41bf73b8163be702d", kill_on_drop: false }`
[INFO] [stderr]    Compiling crossbeam-utils v0.8.21
[INFO] [stderr]    Compiling simd-adler32 v0.3.7
[INFO] [stderr]    Compiling rayon-core v1.12.1
[INFO] [stderr]    Compiling adler2 v2.0.0
[INFO] [stderr]    Compiling crc32fast v1.4.2
[INFO] [stderr]    Compiling either v1.13.0
[INFO] [stderr]    Compiling weezl v0.1.8
[INFO] [stderr]    Compiling bytemuck v1.21.0
[INFO] [stderr]    Compiling half v2.4.1
[INFO] [stderr]    Compiling bit_field v0.10.2
[INFO] [stderr]    Compiling bitflags v1.3.2
[INFO] [stderr]    Compiling color_quant v1.1.0
[INFO] [stderr]    Compiling lebe v0.5.2
[INFO] [stderr]    Compiling yansi v1.0.1
[INFO] [stderr]    Compiling byteorder v1.5.0
[INFO] [stderr]    Compiling diff v0.1.13
[INFO] [stderr]    Compiling pollster v0.3.0
[INFO] [stderr]    Compiling qoi v0.4.1
[INFO] [stderr]    Compiling tweak_shader v0.4.0 (/opt/rustwide/workdir)
[INFO] [stderr]    Compiling miniz_oxide v0.8.3
[INFO] [stderr]    Compiling fdeflate v0.3.7
[INFO] [stderr]    Compiling zune-inflate v0.2.54
[INFO] [stderr]    Compiling pretty_assertions v1.4.1
[INFO] [stderr]    Compiling gif v0.13.1
[INFO] [stderr]    Compiling flate2 v1.0.35
[INFO] [stdout] warning: field `storage` is never read
[INFO] [stdout]     --> src/uniforms/mod.rs:1076:9
[INFO] [stdout]      |
[INFO] [stdout] 1069 |     UtilityUniformBlock {
[INFO] [stdout]      |     ------------------- field in this variant
[INFO] [stdout] ...
[INFO] [stdout] 1076 |         storage: Storage,
[INFO] [stdout]      |         ^^^^^^^
[INFO] [stdout]      |
[INFO] [stdout]      = note: `BindingEntry` has a derived impl for the trait `Debug`, but this is intentionally ignored during dead code analysis
[INFO] [stdout]      = note: `#[warn(dead_code)]` on by default
[INFO] [stdout] 
[INFO] [stdout] 
[INFO] [stdout] warning: field `storage` is never read
[INFO] [stdout]     --> src/uniforms/mod.rs:1089:9
[INFO] [stdout]      |
[INFO] [stdout] 1078 |     UniformBlock {
[INFO] [stdout]      |     ------------ field in this variant
[INFO] [stdout] ...
[INFO] [stdout] 1089 |         storage: Storage,
[INFO] [stdout]      |         ^^^^^^^
[INFO] [stdout]      |
[INFO] [stdout]      = note: `BindingEntry` has a derived impl for the trait `Debug`, but this is intentionally ignored during dead code analysis
[INFO] [stdout] 
[INFO] [stdout] 
[INFO] [stdout] warning: field `storage` is never read
[INFO] [stdout]     --> src/uniforms/mod.rs:1100:9
[INFO] [stdout]      |
[INFO] [stdout] 1091 |     StorageTexture {
[INFO] [stdout]      |     -------------- field in this variant
[INFO] [stdout] ...
[INFO] [stdout] 1100 |         storage: Storage,
[INFO] [stdout]      |         ^^^^^^^
[INFO] [stdout]      |
[INFO] [stdout]      = note: `BindingEntry` has a derived impl for the trait `Debug`, but this is intentionally ignored during dead code analysis
[INFO] [stdout] 
[INFO] [stdout] 
[INFO] [stdout] warning: field `storage` is never read
[INFO] [stdout]     --> src/uniforms/mod.rs:1113:9
[INFO] [stdout]      |
[INFO] [stdout] 1102 |     Texture {
[INFO] [stdout]      |     ------- field in this variant
[INFO] [stdout] ...
[INFO] [stdout] 1113 |         storage: Storage,
[INFO] [stdout]      |         ^^^^^^^
[INFO] [stdout]      |
[INFO] [stdout]      = note: `BindingEntry` has a derived impl for the trait `Debug`, but this is intentionally ignored during dead code analysis
[INFO] [stdout] 
[INFO] [stdout] 
[INFO] [stdout] warning: method `storage` is never used
[INFO] [stdout]     --> src/uniforms/mod.rs:1229:12
[INFO] [stdout]      |
[INFO] [stdout] 1132 | impl BindingEntry {
[INFO] [stdout]      | ----------------- method in this implementation
[INFO] [stdout] ...
[INFO] [stdout] 1229 |     pub fn storage(&self) -> Storage {
[INFO] [stdout]      |            ^^^^^^^
[INFO] [stdout] 
[INFO] [stdout] 
[INFO] [stderr]    Compiling crossbeam-epoch v0.9.18
[INFO] [stderr]    Compiling crossbeam-deque v0.8.6
[INFO] [stderr]    Compiling png v0.17.16
[INFO] [stderr]    Compiling rayon v1.10.0
[INFO] [stderr]    Compiling exr v1.73.0
[INFO] [stderr]    Compiling jpeg-decoder v0.3.1
[INFO] [stderr]    Compiling tiff v0.9.1
[INFO] [stderr]    Compiling image v0.24.9
[INFO] [stdout] warning: field `storage` is never read
[INFO] [stdout]     --> src/uniforms/mod.rs:1076:9
[INFO] [stdout]      |
[INFO] [stdout] 1069 |     UtilityUniformBlock {
[INFO] [stdout]      |     ------------------- field in this variant
[INFO] [stdout] ...
[INFO] [stdout] 1076 |         storage: Storage,
[INFO] [stdout]      |         ^^^^^^^
[INFO] [stdout]      |
[INFO] [stdout]      = note: `BindingEntry` has a derived impl for the trait `Debug`, but this is intentionally ignored during dead code analysis
[INFO] [stdout]      = note: `#[warn(dead_code)]` on by default
[INFO] [stdout] 
[INFO] [stdout] 
[INFO] [stdout] warning: field `storage` is never read
[INFO] [stdout]     --> src/uniforms/mod.rs:1089:9
[INFO] [stdout]      |
[INFO] [stdout] 1078 |     UniformBlock {
[INFO] [stdout]      |     ------------ field in this variant
[INFO] [stdout] ...
[INFO] [stdout] 1089 |         storage: Storage,
[INFO] [stdout]      |         ^^^^^^^
[INFO] [stdout]      |
[INFO] [stdout]      = note: `BindingEntry` has a derived impl for the trait `Debug`, but this is intentionally ignored during dead code analysis
[INFO] [stdout] 
[INFO] [stdout] 
[INFO] [stdout] warning: field `storage` is never read
[INFO] [stdout]     --> src/uniforms/mod.rs:1100:9
[INFO] [stdout]      |
[INFO] [stdout] 1091 |     StorageTexture {
[INFO] [stdout]      |     -------------- field in this variant
[INFO] [stdout] ...
[INFO] [stdout] 1100 |         storage: Storage,
[INFO] [stdout]      |         ^^^^^^^
[INFO] [stdout]      |
[INFO] [stdout]      = note: `BindingEntry` has a derived impl for the trait `Debug`, but this is intentionally ignored during dead code analysis
[INFO] [stdout] 
[INFO] [stdout] 
[INFO] [stdout] warning: field `storage` is never read
[INFO] [stdout]     --> src/uniforms/mod.rs:1113:9
[INFO] [stdout]      |
[INFO] [stdout] 1102 |     Texture {
[INFO] [stdout]      |     ------- field in this variant
[INFO] [stdout] ...
[INFO] [stdout] 1113 |         storage: Storage,
[INFO] [stdout]      |         ^^^^^^^
[INFO] [stdout]      |
[INFO] [stdout]      = note: `BindingEntry` has a derived impl for the trait `Debug`, but this is intentionally ignored during dead code analysis
[INFO] [stdout] 
[INFO] [stdout] 
[INFO] [stdout] warning: method `storage` is never used
[INFO] [stdout]     --> src/uniforms/mod.rs:1229:12
[INFO] [stdout]      |
[INFO] [stdout] 1132 | impl BindingEntry {
[INFO] [stdout]      | ----------------- method in this implementation
[INFO] [stdout] ...
[INFO] [stdout] 1229 |     pub fn storage(&self) -> Storage {
[INFO] [stdout]      |            ^^^^^^^
[INFO] [stdout] 
[INFO] [stdout] 
[INFO] [stderr]     Finished `test` profile [unoptimized + debuginfo] target(s) in 22.39s
[INFO] running `Command { std: "docker" "inspect" "55fbba87f35d4f333dc75863e393228a1ceec34ee793d3a41bf73b8163be702d", kill_on_drop: false }`
[INFO] running `Command { std: "docker" "rm" "-f" "55fbba87f35d4f333dc75863e393228a1ceec34ee793d3a41bf73b8163be702d", kill_on_drop: false }`
[INFO] [stdout] 55fbba87f35d4f333dc75863e393228a1ceec34ee793d3a41bf73b8163be702d
[INFO] running `Command { std: "docker" "create" "-v" "/var/lib/crater-agent-workspace/builds/worker-0-tc1/target:/opt/rustwide/target:rw,Z" "-v" "/var/lib/crater-agent-workspace/builds/worker-0-tc1/source:/opt/rustwide/workdir:ro,Z" "-v" "/var/lib/crater-agent-workspace/cargo-home:/opt/rustwide/cargo-home:ro,Z" "-v" "/var/lib/crater-agent-workspace/rustup-home:/opt/rustwide/rustup-home:ro,Z" "-e" "SOURCE_DIR=/opt/rustwide/workdir" "-e" "CARGO_TARGET_DIR=/opt/rustwide/target" "-e" "CARGO_INCREMENTAL=0" "-e" "RUST_BACKTRACE=full" "-e" "RUSTFLAGS=--cap-lints=forbid" "-e" "RUSTDOCFLAGS=--cap-lints=forbid" "-e" "CARGO_HOME=/opt/rustwide/cargo-home" "-e" "RUSTUP_HOME=/opt/rustwide/rustup-home" "-w" "/opt/rustwide/workdir" "-m" "1610612736" "--user" "0:0" "--network" "none" "ghcr.io/rust-lang/crates-build-env/linux@sha256:819108c5571ea2e421544af4d832f968d213c87fbe3707a016657f43d2f853bc" "/opt/rustwide/cargo-home/bin/cargo" "+nightly-2025-01-18" "test" "--frozen", kill_on_drop: false }`
[INFO] [stdout] 2fa92199e66e07c04b83df831f4509cf535cad55187b1ae9e7601c62efa861e7
[INFO] running `Command { std: "docker" "start" "-a" "2fa92199e66e07c04b83df831f4509cf535cad55187b1ae9e7601c62efa861e7", kill_on_drop: false }`
[INFO] [stderr] warning: field `storage` is never read
[INFO] [stderr]     --> src/uniforms/mod.rs:1076:9
[INFO] [stderr]      |
[INFO] [stderr] 1069 |     UtilityUniformBlock {
[INFO] [stderr]      |     ------------------- field in this variant
[INFO] [stderr] ...
[INFO] [stderr] 1076 |         storage: Storage,
[INFO] [stderr]      |         ^^^^^^^
[INFO] [stderr]      |
[INFO] [stderr]      = note: `BindingEntry` has a derived impl for the trait `Debug`, but this is intentionally ignored during dead code analysis
[INFO] [stderr]      = note: `#[warn(dead_code)]` on by default
[INFO] [stderr] 
[INFO] [stderr] warning: field `storage` is never read
[INFO] [stderr]     --> src/uniforms/mod.rs:1089:9
[INFO] [stderr]      |
[INFO] [stderr] 1078 |     UniformBlock {
[INFO] [stderr]      |     ------------ field in this variant
[INFO] [stderr] ...
[INFO] [stderr] 1089 |         storage: Storage,
[INFO] [stderr]      |         ^^^^^^^
[INFO] [stderr]      |
[INFO] [stderr]      = note: `BindingEntry` has a derived impl for the trait `Debug`, but this is intentionally ignored during dead code analysis
[INFO] [stderr] 
[INFO] [stderr] warning: field `storage` is never read
[INFO] [stderr]     --> src/uniforms/mod.rs:1100:9
[INFO] [stderr]      |
[INFO] [stderr] 1091 |     StorageTexture {
[INFO] [stderr]      |     -------------- field in this variant
[INFO] [stderr] ...
[INFO] [stderr] 1100 |         storage: Storage,
[INFO] [stderr]      |         ^^^^^^^
[INFO] [stderr]      |
[INFO] [stderr]      = note: `BindingEntry` has a derived impl for the trait `Debug`, but this is intentionally ignored during dead code analysis
[INFO] [stderr] 
[INFO] [stderr] warning: field `storage` is never read
[INFO] [stderr]     --> src/uniforms/mod.rs:1113:9
[INFO] [stderr]      |
[INFO] [stderr] 1102 |     Texture {
[INFO] [stderr]      |     ------- field in this variant
[INFO] [stderr] ...
[INFO] [stderr] 1113 |         storage: Storage,
[INFO] [stderr]      |         ^^^^^^^
[INFO] [stderr]      |
[INFO] [stderr]      = note: `BindingEntry` has a derived impl for the trait `Debug`, but this is intentionally ignored during dead code analysis
[INFO] [stderr] 
[INFO] [stderr] warning: method `storage` is never used
[INFO] [stderr]     --> src/uniforms/mod.rs:1229:12
[INFO] [stderr]      |
[INFO] [stderr] 1132 | impl BindingEntry {
[INFO] [stderr]      | ----------------- method in this implementation
[INFO] [stderr] ...
[INFO] [stderr] 1229 |     pub fn storage(&self) -> Storage {
[INFO] [stderr]      |            ^^^^^^^
[INFO] [stderr] 
[INFO] [stderr] warning: `tweak_shader` (lib) generated 5 warnings
[INFO] [stderr] warning: `tweak_shader` (lib test) generated 5 warnings (5 duplicates)
[INFO] [stderr]     Finished `test` profile [unoptimized + debuginfo] target(s) in 0.15s
[INFO] [stderr]      Running unittests src/lib.rs (/opt/rustwide/target/debug/deps/tweak_shader-76a2c7924c099324)
[INFO] [stdout] 
[INFO] [stdout] running 14 tests
[INFO] [stdout] test parsing::tests::test_parse_key_value ... ok
[INFO] [stdout] test parsing::tests::simple_parse_doc ... ok
[INFO] [stdout] test parsing::tests::doc_validation ... ok
[INFO] [stdout] test parsing::tests::test_parse_qualifier_no_value ... ok
[INFO] [stdout] test parsing::tests::test_parse_qualifier_no_value_with_space ... ok
[INFO] [stdout] test parsing::tests::test_parse_list ... ok
[INFO] [stdout] test parsing::tests::test_parse_qualifier_list ... ok
[INFO] [stdout] test parsing::tests::test_parse_qualifier_list_whitepsace ... ok
[INFO] [stdout] test parsing::tests::test_parse_identifier ... ok
[INFO] [stdout] test parsing::tests::test_parse_qualifier_list_malformed_qualifiers ... ok
[INFO] [stdout] test parsing::tests::test_parse_quoted_string ... ok
[INFO] [stdout] test parsing::tests::test_parse_floating_point ... ok
[INFO] [stdout] test parsing::tests::test_parse_qualifier_list_single_qualifier ... ok
[INFO] [stderr]      Running tests/headless.rs (/opt/rustwide/target/debug/deps/headless-ddc94c8338dd6974)
[INFO] [stdout] test parsing::tests::test_parse_qualifier ... ok
[INFO] [stdout] 
[INFO] [stdout] test result: ok. 14 passed; 0 failed; 0 ignored; 0 measured; 0 filtered out; finished in 0.01s
[INFO] [stdout] 
[INFO] [stdout] 
[INFO] [stdout] running 20 tests
[INFO] [stderr] error: XDG_RUNTIME_DIR not set in the environment.
[INFO] [stderr] error: XDG_RUNTIME_DIR not set in the environment.
[INFO] [stderr] error: XDG_RUNTIME_DIR not set in the environment.
[INFO] [stderr] error: XDG_RUNTIME_DIR not set in the environment.
[INFO] [stderr] error: XDG_RUNTIME_DIR not set in the environment.
[INFO] [stderr] error: XDG_RUNTIME_DIR not set in the environment.
[INFO] [stderr] error: XDG_RUNTIME_DIR not set in the environment.
[INFO] [stderr] error: XDG_RUNTIME_DIR not set in the environment.
[INFO] [stderr] error: XDG_RUNTIME_DIR not set in the environment.
[INFO] [stderr] error: XDG_RUNTIME_DIR not set in the environment.
[INFO] [stderr] error: XDG_RUNTIME_DIR not set in the environment.
[INFO] [stderr] error: XDG_RUNTIME_DIR not set in the environment.
[INFO] [stderr] error: XDG_RUNTIME_DIR not set in the environment.
[INFO] [stderr] error: XDG_RUNTIME_DIR not set in the environment.
[INFO] [stderr] error: XDG_RUNTIME_DIR not set in the environment.
[INFO] [stderr] error: XDG_RUNTIME_DIR not set in the environment.
[INFO] [stderr] error: XDG_RUNTIME_DIR not set in the environment.
[INFO] [stderr] error: XDG_RUNTIME_DIR not set in the environment.
[INFO] [stderr] error: XDG_RUNTIME_DIR not set in the environment.
[INFO] [stderr] error: XDG_RUNTIME_DIR not set in the environment.
[INFO] [stderr] error: XDG_RUNTIME_DIR not set in the environment.
[INFO] [stderr] error: XDG_RUNTIME_DIR not set in the environment.
[INFO] [stderr] error: XDG_RUNTIME_DIR not set in the environment.
[INFO] [stderr] error: XDG_RUNTIME_DIR not set in the environment.
[INFO] [stderr] error: XDG_RUNTIME_DIR not set in the environment.
[INFO] [stderr] error: XDG_RUNTIME_DIR not set in the environment.
[INFO] [stderr] error: XDG_RUNTIME_DIR not set in the environment.
[INFO] [stderr] error: XDG_RUNTIME_DIR not set in the environment.
[INFO] [stderr] error: XDG_RUNTIME_DIR not set in the environment.
[INFO] [stderr] error: XDG_RUNTIME_DIR not set in the environment.
[INFO] [stderr] error: XDG_RUNTIME_DIR not set in the environment.
[INFO] [stderr] error: XDG_RUNTIME_DIR not set in the environment.
[INFO] [stderr] error: XDG_RUNTIME_DIR not set in the environment.
[INFO] [stderr] error: XDG_RUNTIME_DIR not set in the environment.
[INFO] [stderr] error: XDG_RUNTIME_DIR not set in the environment.
[INFO] [stderr] error: XDG_RUNTIME_DIR not set in the environment.
[INFO] [stderr] error: XDG_RUNTIME_DIR not set in the environment.
[INFO] [stderr] error: XDG_RUNTIME_DIR not set in the environment.
[INFO] [stderr] error: XDG_RUNTIME_DIR not set in the environment.
[INFO] [stderr] error: XDG_RUNTIME_DIR not set in the environment.
[INFO] [stderr] error: XDG_RUNTIME_DIR not set in the environment.
[INFO] [stderr] error: XDG_RUNTIME_DIR not set in the environment.
[INFO] [stderr] error: XDG_RUNTIME_DIR not set in the environment.
[INFO] [stderr] error: XDG_RUNTIME_DIR not set in the environment.
[INFO] [stderr] error: XDG_RUNTIME_DIR not set in the environment.
[INFO] [stderr] error: XDG_RUNTIME_DIR not set in the environment.
[INFO] [stderr] error: XDG_RUNTIME_DIR not set in the environment.
[INFO] [stderr] error: XDG_RUNTIME_DIR not set in the environment.
[INFO] [stderr] error: XDG_RUNTIME_DIR not set in the environment.
[INFO] [stderr] error: XDG_RUNTIME_DIR not set in the environment.
[INFO] [stderr] error: XDG_RUNTIME_DIR not set in the environment.
[INFO] [stderr] error: XDG_RUNTIME_DIR not set in the environment.
[INFO] [stderr] error: XDG_RUNTIME_DIR not set in the environment.
[INFO] [stderr] error: XDG_RUNTIME_DIR not set in the environment.
[INFO] [stderr] error: XDG_RUNTIME_DIR not set in the environment.
[INFO] [stderr] error: XDG_RUNTIME_DIR not set in the environment.
[INFO] [stderr] error: XDG_RUNTIME_DIR not set in the environment.
[INFO] [stderr] error: XDG_RUNTIME_DIR not set in the environment.
[INFO] [stderr] error: XDG_RUNTIME_DIR not set in the environment.
[INFO] [stderr] error: XDG_RUNTIME_DIR not set in the environment.
[INFO] [stderr] error: XDG_RUNTIME_DIR not set in the environment.
[INFO] [stderr] error: XDG_RUNTIME_DIR not set in the environment.
[INFO] [stderr] error: XDG_RUNTIME_DIR not set in the environment.
[INFO] [stderr] error: XDG_RUNTIME_DIR not set in the environment.
[INFO] [stderr] error: XDG_RUNTIME_DIR not set in the environment.
[INFO] [stderr] error: XDG_RUNTIME_DIR not set in the environment.
[INFO] [stderr] error: XDG_RUNTIME_DIR not set in the environment.
[INFO] [stderr] error: XDG_RUNTIME_DIR not set in the environment.
[INFO] [stderr] error: XDG_RUNTIME_DIR not set in the environment.
[INFO] [stderr] error: XDG_RUNTIME_DIR not set in the environment.
[INFO] [stderr] error: XDG_RUNTIME_DIR not set in the environment.
[INFO] [stderr] error: XDG_RUNTIME_DIR not set in the environment.
[INFO] [stderr] error: XDG_RUNTIME_DIR not set in the environment.
[INFO] [stderr] error: XDG_RUNTIME_DIR not set in the environment.
[INFO] [stderr] error: XDG_RUNTIME_DIR not set in the environment.
[INFO] [stderr] error: XDG_RUNTIME_DIR not set in the environment.
[INFO] [stderr] error: XDG_RUNTIME_DIR not set in the environment.
[INFO] [stderr] error: XDG_RUNTIME_DIR not set in the environment.
[INFO] [stderr] error: XDG_RUNTIME_DIR not set in the environment.
[INFO] [stderr] error: XDG_RUNTIME_DIR not set in the environment.
[INFO] [stdout] test inputs_iter ... ok
[INFO] [stdout] test misaligned ... ok
[INFO] [stdout] test shrimple_texture_load_view ... ok
[INFO] [stderr] error: XDG_RUNTIME_DIR not set in the environment.
[INFO] [stdout] test push_constants ... ok
[INFO] [stderr] error: XDG_RUNTIME_DIR not set in the environment.
[INFO] [stdout] test compute_targets ... ok
[INFO] [stdout] test compute_multipass ... ok
[INFO] [stdout] test push_constant_alignment ... ok
[INFO] [stdout] test shrimple_texture_load ... ok
[INFO] [stderr] error: XDG_RUNTIME_DIR not set in the environment.
[INFO] [stdout] test shrimple_texture_direct ... ok
[INFO] [stderr] error: XDG_RUNTIME_DIR not set in the environment.
[INFO] [stderr] error: XDG_RUNTIME_DIR not set in the environment.
[INFO] [stderr] error: XDG_RUNTIME_DIR not set in the environment.
[INFO] [stderr] error: XDG_RUNTIME_DIR not set in the environment.
[INFO] [stdout] test basic_frag_target_tex ... ok
[INFO] [stdout] test float_texture_load ... ok
[INFO] [stdout] test letterboxed_shrimple_texture_load ... ok
[INFO] [stdout] test basic_frag ... ok
[INFO] [stderr] error: XDG_RUNTIME_DIR not set in the environment.
[INFO] [stderr] error: XDG_RUNTIME_DIR not set in the environment.
[INFO] [stderr] error: XDG_RUNTIME_DIR not set in the environment.
[INFO] [stderr] error: XDG_RUNTIME_DIR not set in the environment.
[INFO] [stderr] error: XDG_RUNTIME_DIR not set in the environment.
[INFO] [stderr] error: XDG_RUNTIME_DIR not set in the environment.
[INFO] [stderr] error: XDG_RUNTIME_DIR not set in the environment.
[INFO] [stderr] error: XDG_RUNTIME_DIR not set in the environment.
[INFO] [stderr] error: XDG_RUNTIME_DIR not set in the environment.
[INFO] [stderr] error: XDG_RUNTIME_DIR not set in the environment.
[INFO] [stderr] error: XDG_RUNTIME_DIR not set in the environment.
[INFO] [stderr] error: XDG_RUNTIME_DIR not set in the environment.
[INFO] [stderr] error: XDG_RUNTIME_DIR not set in the environment.
[INFO] [stdout] test compute_basic ... FAILED
[INFO] [stdout] test too_many_push_constants ... ok
[INFO] [stdout] test unmapped_bindings ... ok
[INFO] [stdout] test unaligned_texture_from_slice ... ok
[INFO] [stdout] test unaligned_texture ... ok
[INFO] [stdout] test persistent_frag ... ok
[INFO] [stdout] test error_state ... ok
[INFO] [stdout] 
[INFO] [stdout] failures:
[INFO] [stdout] 
[INFO] [stdout] ---- compute_basic stdout ----
[INFO] [stdout] 
[INFO] [stdout] thread 'compute_basic' panicked at tests/headless.rs:1184:21:
[INFO] [stdout] images differ at pixel 0
[INFO] [stdout] stack backtrace:
[INFO] [stdout]    0:     0x5ec429bffe1a - std::backtrace_rs::backtrace::libunwind::trace::hb059275cfc8d6126
[INFO] [stdout]                                at /rustc/6067b36314ab5eb2eb47cecc464545ba58e1ad24/library/std/src/../../backtrace/src/backtrace/libunwind.rs:116:5
[INFO] [stdout]    1:     0x5ec429bffe1a - std::backtrace_rs::backtrace::trace_unsynchronized::h2da071e4327ce3ee
[INFO] [stdout]                                at /rustc/6067b36314ab5eb2eb47cecc464545ba58e1ad24/library/std/src/../../backtrace/src/backtrace/mod.rs:66:5
[INFO] [stdout]    2:     0x5ec429bffe1a - std::sys::backtrace::_print_fmt::h842a1474e6f8d23f
[INFO] [stdout]                                at /rustc/6067b36314ab5eb2eb47cecc464545ba58e1ad24/library/std/src/sys/backtrace.rs:66:9
[INFO] [stdout]    3:     0x5ec429bffe1a - <std::sys::backtrace::BacktraceLock::print::DisplayBacktrace as core::fmt::Display>::fmt::h71a62eb3b9696b12
[INFO] [stdout]                                at /rustc/6067b36314ab5eb2eb47cecc464545ba58e1ad24/library/std/src/sys/backtrace.rs:39:26
[INFO] [stdout]    4:     0x5ec429c2afa3 - core::fmt::rt::Argument::fmt::hdb6b616786b41dc1
[INFO] [stdout]                                at /rustc/6067b36314ab5eb2eb47cecc464545ba58e1ad24/library/core/src/fmt/rt.rs:177:76
[INFO] [stdout]    5:     0x5ec429c2afa3 - core::fmt::write::h2cc1698af7e2d686
[INFO] [stdout]                                at /rustc/6067b36314ab5eb2eb47cecc464545ba58e1ad24/library/core/src/fmt/mod.rs:1440:21
[INFO] [stdout]    6:     0x5ec429bfc6f3 - std::io::Write::write_fmt::hab1b4cd059a79022
[INFO] [stdout]                                at /rustc/6067b36314ab5eb2eb47cecc464545ba58e1ad24/library/std/src/io/mod.rs:1887:15
[INFO] [stdout]    7:     0x5ec429bffc62 - std::sys::backtrace::BacktraceLock::print::h147fe35b4ea13b08
[INFO] [stdout]                                at /rustc/6067b36314ab5eb2eb47cecc464545ba58e1ad24/library/std/src/sys/backtrace.rs:42:9
[INFO] [stdout]    8:     0x5ec429c0123f - std::panicking::default_hook::{{closure}}::hbd44223dbdc0d208
[INFO] [stdout]                                at /rustc/6067b36314ab5eb2eb47cecc464545ba58e1ad24/library/std/src/panicking.rs:298:22
[INFO] [stdout]    9:     0x5ec429c01058 - std::panicking::default_hook::h20f81eb0576efcec
[INFO] [stdout]                                at /rustc/6067b36314ab5eb2eb47cecc464545ba58e1ad24/library/std/src/panicking.rs:322:9
[INFO] [stdout]   10:     0x5ec428d2f9a3 - <alloc::boxed::Box<F,A> as core::ops::function::Fn<Args>>::call::hdb53814c496a4d34
[INFO] [stdout]                                at /rustc/6067b36314ab5eb2eb47cecc464545ba58e1ad24/library/alloc/src/boxed.rs:2027:9
[INFO] [stdout]   11:     0x5ec428d2f9a3 - test::test_main::{{closure}}::hc0a4963c59427c24
[INFO] [stdout]                                at /rustc/6067b36314ab5eb2eb47cecc464545ba58e1ad24/library/test/src/lib.rs:134:21
[INFO] [stdout]   12:     0x5ec429c01d33 - <alloc::boxed::Box<F,A> as core::ops::function::Fn<Args>>::call::h591b2225413a77e9
[INFO] [stdout]                                at /rustc/6067b36314ab5eb2eb47cecc464545ba58e1ad24/library/alloc/src/boxed.rs:2027:9
[INFO] [stdout]   13:     0x5ec429c01d33 - std::panicking::rust_panic_with_hook::h625eea43051b2edc
[INFO] [stdout]                                at /rustc/6067b36314ab5eb2eb47cecc464545ba58e1ad24/library/std/src/panicking.rs:839:13
[INFO] [stdout]   14:     0x5ec429c019ea - std::panicking::begin_panic_handler::{{closure}}::h4f9159cfbc3f6bd3
[INFO] [stdout]                                at /rustc/6067b36314ab5eb2eb47cecc464545ba58e1ad24/library/std/src/panicking.rs:704:13
[INFO] [stdout]   15:     0x5ec429c00319 - std::sys::backtrace::__rust_end_short_backtrace::h0390abce48353151
[INFO] [stdout]                                at /rustc/6067b36314ab5eb2eb47cecc464545ba58e1ad24/library/std/src/sys/backtrace.rs:168:18
[INFO] [stdout]   16:     0x5ec429c0167d - rust_begin_unwind
[INFO] [stdout]                                at /rustc/6067b36314ab5eb2eb47cecc464545ba58e1ad24/library/std/src/panicking.rs:695:5
[INFO] [stdout]   17:     0x5ec429c28ab0 - core::panicking::panic_fmt::h9e7c637e9e5f29c9
[INFO] [stdout]                                at /rustc/6067b36314ab5eb2eb47cecc464545ba58e1ad24/library/core/src/panicking.rs:75:14
[INFO] [stdout]   18:     0x5ec428cdcd9b - headless::approximately_equivalent::{{closure}}::hb5cfa5d48c0e9273
[INFO] [stdout]                                at /opt/rustwide/workdir/tests/headless.rs:1184:21
[INFO] [stdout]   19:     0x5ec428ce8b2c - core::iter::traits::iterator::Iterator::all::check::{{closure}}::hd1de29d23c09174d
[INFO] [stdout]                                at /rustc/6067b36314ab5eb2eb47cecc464545ba58e1ad24/library/core/src/iter/traits/iterator.rs:2713:20
[INFO] [stdout]   20:     0x5ec428cda44c - <core::iter::adapters::enumerate::Enumerate<I> as core::iter::traits::iterator::Iterator>::try_fold::enumerate::{{closure}}::hb2900a67954534f6
[INFO] [stdout]                                at /rustc/6067b36314ab5eb2eb47cecc464545ba58e1ad24/library/core/src/iter/adapters/enumerate.rs:86:27
[INFO] [stdout]   21:     0x5ec428ce981b - core::iter::adapters::map::map_try_fold::{{closure}}::h0b1161f0b6e538d2
[INFO] [stdout]                                at /rustc/6067b36314ab5eb2eb47cecc464545ba58e1ad24/library/core/src/iter/adapters/map.rs:95:21
[INFO] [stdout]   22:     0x5ec428ce933e - core::iter::traits::iterator::Iterator::try_fold::h05a6aba79f38846f
[INFO] [stdout]                                at /rustc/6067b36314ab5eb2eb47cecc464545ba58e1ad24/library/core/src/iter/traits/iterator.rs:2370:21
[INFO] [stdout]   23:     0x5ec428ce64ff - <core::iter::adapters::map::Map<I,F> as core::iter::traits::iterator::Iterator>::try_fold::h73fac0de7e149c33
[INFO] [stdout]                                at /rustc/6067b36314ab5eb2eb47cecc464545ba58e1ad24/library/core/src/iter/adapters/map.rs:121:9
[INFO] [stdout]   24:     0x5ec428cda419 - <core::iter::adapters::enumerate::Enumerate<I> as core::iter::traits::iterator::Iterator>::try_fold::h69081839a33f8d52
[INFO] [stdout]                                at /rustc/6067b36314ab5eb2eb47cecc464545ba58e1ad24/library/core/src/iter/adapters/enumerate.rs:92:9
[INFO] [stdout]   25:     0x5ec428cdac0e - core::iter::traits::iterator::Iterator::all::h4d7656604aabb82c
[INFO] [stdout]                                at /rustc/6067b36314ab5eb2eb47cecc464545ba58e1ad24/library/core/src/iter/traits/iterator.rs:2716:9
[INFO] [stdout]   26:     0x5ec428cdcc78 - headless::approximately_equivalent::hf5dc35e9dab64e6a
[INFO] [stdout]                                at /opt/rustwide/workdir/tests/headless.rs:1177:12
[INFO] [stdout]   27:     0x5ec428ce4b39 - headless::compute_basic::h7fbfea6f5c298227
[INFO] [stdout]                                at /opt/rustwide/workdir/tests/headless.rs:886:13
[INFO] [stdout]   28:     0x5ec428ce4427 - headless::compute_basic::{{closure}}::hf3a8f5529bca9c66
[INFO] [stdout]                                at /opt/rustwide/workdir/tests/headless.rs:864:19
[INFO] [stdout]   29:     0x5ec428ce7926 - core::ops::function::FnOnce::call_once::h38b6ce35e8146445
[INFO] [stdout]                                at /rustc/6067b36314ab5eb2eb47cecc464545ba58e1ad24/library/core/src/ops/function.rs:250:5
[INFO] [stdout]   30:     0x5ec428d350fb - core::ops::function::FnOnce::call_once::he27718dfdd183f43
[INFO] [stdout]                                at /rustc/6067b36314ab5eb2eb47cecc464545ba58e1ad24/library/core/src/ops/function.rs:250:5
[INFO] [stdout]   31:     0x5ec428d350fb - test::__rust_begin_short_backtrace::h4e84902998457a5d
[INFO] [stdout]                                at /rustc/6067b36314ab5eb2eb47cecc464545ba58e1ad24/library/test/src/lib.rs:632:18
[INFO] [stdout]   32:     0x5ec428d34033 - test::run_test_in_process::{{closure}}::h7176fd18fc1feca0
[INFO] [stdout]                                at /rustc/6067b36314ab5eb2eb47cecc464545ba58e1ad24/library/test/src/lib.rs:655:60
[INFO] [stdout]   33:     0x5ec428d34033 - <core::panic::unwind_safe::AssertUnwindSafe<F> as core::ops::function::FnOnce<()>>::call_once::hf79cff2a624d8cf7
[INFO] [stdout]                                at /rustc/6067b36314ab5eb2eb47cecc464545ba58e1ad24/library/core/src/panic/unwind_safe.rs:272:9
[INFO] [stdout]   34:     0x5ec428d34033 - std::panicking::try::do_call::h3da0561d9ab99c25
[INFO] [stdout]                                at /rustc/6067b36314ab5eb2eb47cecc464545ba58e1ad24/library/std/src/panicking.rs:587:40
[INFO] [stdout]   35:     0x5ec428d34033 - std::panicking::try::h41c9fa508bc61df6
[INFO] [stdout]                                at /rustc/6067b36314ab5eb2eb47cecc464545ba58e1ad24/library/std/src/panicking.rs:550:19
[INFO] [stdout]   36:     0x5ec428d34033 - std::panic::catch_unwind::h6b3ff07bb5afad93
[INFO] [stdout]                                at /rustc/6067b36314ab5eb2eb47cecc464545ba58e1ad24/library/std/src/panic.rs:358:14
[INFO] [stdout]   37:     0x5ec428d34033 - test::run_test_in_process::hc7253dd11b39b9f4
[INFO] [stdout]                                at /rustc/6067b36314ab5eb2eb47cecc464545ba58e1ad24/library/test/src/lib.rs:655:27
[INFO] [stdout]   38:     0x5ec428d34033 - test::run_test::{{closure}}::hfb2007f8649c30bb
[INFO] [stdout]                                at /rustc/6067b36314ab5eb2eb47cecc464545ba58e1ad24/library/test/src/lib.rs:576:43
[INFO] [stdout]   39:     0x5ec428cf7115 - test::run_test::{{closure}}::h56a17aa7a282a9f4
[INFO] [stdout]                                at /rustc/6067b36314ab5eb2eb47cecc464545ba58e1ad24/library/test/src/lib.rs:606:41
[INFO] [stdout]   40:     0x5ec428cf7115 - std::sys::backtrace::__rust_begin_short_backtrace::hd2d2d2fb8e8c6aac
[INFO] [stdout]                                at /rustc/6067b36314ab5eb2eb47cecc464545ba58e1ad24/library/std/src/sys/backtrace.rs:152:18
[INFO] [stdout]   41:     0x5ec428cfa9fa - std::thread::Builder::spawn_unchecked_::{{closure}}::{{closure}}::h4faa3f9db6133423
[INFO] [stdout]                                at /rustc/6067b36314ab5eb2eb47cecc464545ba58e1ad24/library/std/src/thread/mod.rs:559:17
[INFO] [stdout]   42:     0x5ec428cfa9fa - <core::panic::unwind_safe::AssertUnwindSafe<F> as core::ops::function::FnOnce<()>>::call_once::hf2e855a36a4ea846
[INFO] [stdout]                                at /rustc/6067b36314ab5eb2eb47cecc464545ba58e1ad24/library/core/src/panic/unwind_safe.rs:272:9
[INFO] [stdout]   43:     0x5ec428cfa9fa - std::panicking::try::do_call::h2f73af3616c35465
[INFO] [stdout]                                at /rustc/6067b36314ab5eb2eb47cecc464545ba58e1ad24/library/std/src/panicking.rs:587:40
[INFO] [stdout]   44:     0x5ec428cfa9fa - std::panicking::try::hd1660ce9efadef5a
[INFO] [stdout]                                at /rustc/6067b36314ab5eb2eb47cecc464545ba58e1ad24/library/std/src/panicking.rs:550:19
[INFO] [stdout]   45:     0x5ec428cfa9fa - std::panic::catch_unwind::h5ee8d7823b8ca744
[INFO] [stdout]                                at /rustc/6067b36314ab5eb2eb47cecc464545ba58e1ad24/library/std/src/panic.rs:358:14
[INFO] [stdout]   46:     0x5ec428cfa9fa - std::thread::Builder::spawn_unchecked_::{{closure}}::h53c3a1894dce8407
[INFO] [stdout]                                at /rustc/6067b36314ab5eb2eb47cecc464545ba58e1ad24/library/std/src/thread/mod.rs:557:30
[INFO] [stdout]   47:     0x5ec428cfa9fa - core::ops::function::FnOnce::call_once{{vtable.shim}}::h048ce291ad4f62bf
[INFO] [stdout]                                at /rustc/6067b36314ab5eb2eb47cecc464545ba58e1ad24/library/core/src/ops/function.rs:250:5
[INFO] [stdout]   48:     0x5ec429c05d6b - <alloc::boxed::Box<F,A> as core::ops::function::FnOnce<Args>>::call_once::ha52bedf99a3b4981
[INFO] [stdout]                                at /rustc/6067b36314ab5eb2eb47cecc464545ba58e1ad24/library/alloc/src/boxed.rs:2013:9
[INFO] [stdout]   49:     0x5ec429c05d6b - <alloc::boxed::Box<F,A> as core::ops::function::FnOnce<Args>>::call_once::h567748934d80ccf8
[INFO] [stdout]                                at /rustc/6067b36314ab5eb2eb47cecc464545ba58e1ad24/library/alloc/src/boxed.rs:2013:9
[INFO] [stdout]   50:     0x5ec429c05d6b - std::sys::pal::unix::thread::Thread::new::thread_start::h2d970728ae887adc
[INFO] [stdout]                                at /rustc/6067b36314ab5eb2eb47cecc464545ba58e1ad24/library/std/src/sys/pal/unix/thread.rs:106:17
[INFO] [stdout]   51:     0x78699067cac3 - <unknown>
[INFO] [stdout]   52:     0x78699070da04 - clone
[INFO] [stdout]   53:                0x0 - <unknown>
[INFO] [stdout] 
[INFO] [stdout] 
[INFO] [stdout] failures:
[INFO] [stdout]     compute_basic
[INFO] [stdout] 
[INFO] [stdout] test result: FAILED. 19 passed; 1 failed; 0 ignored; 0 measured; 0 filtered out; finished in 2.98s
[INFO] [stdout] 
[INFO] [stderr] error: test failed, to rerun pass `--test headless`
[INFO] running `Command { std: "docker" "inspect" "2fa92199e66e07c04b83df831f4509cf535cad55187b1ae9e7601c62efa861e7", kill_on_drop: false }`
[INFO] running `Command { std: "docker" "rm" "-f" "2fa92199e66e07c04b83df831f4509cf535cad55187b1ae9e7601c62efa861e7", kill_on_drop: false }`
[INFO] [stdout] 2fa92199e66e07c04b83df831f4509cf535cad55187b1ae9e7601c62efa861e7
