[INFO] fetching crate trdelnik-sandbox-client 0.3.1...
[INFO] testing trdelnik-sandbox-client-0.3.1 against nightly-2025-01-18+rustflags=-Zrandomize-layout for randomize-layout-2
[INFO] extracting crate trdelnik-sandbox-client 0.3.1 into /workspace/builds/worker-3-tc2/source
[INFO] validating manifest of crates.io crate trdelnik-sandbox-client 0.3.1 on toolchain nightly-2025-01-18
[INFO] running `Command { std: CARGO_HOME="/workspace/cargo-home" RUSTUP_HOME="/workspace/rustup-home" "/workspace/cargo-home/bin/cargo" "+nightly-2025-01-18" "metadata" "--manifest-path" "Cargo.toml" "--no-deps", kill_on_drop: false }`
[INFO] started tweaking crates.io crate trdelnik-sandbox-client 0.3.1
[INFO] finished tweaking crates.io crate trdelnik-sandbox-client 0.3.1
[INFO] tweaked toml for crates.io crate trdelnik-sandbox-client 0.3.1 written to /workspace/builds/worker-3-tc2/source/Cargo.toml
[INFO] running `Command { std: CARGO_HOME="/workspace/cargo-home" RUSTUP_HOME="/workspace/rustup-home" "/workspace/cargo-home/bin/cargo" "+nightly-2025-01-18" "generate-lockfile" "--manifest-path" "Cargo.toml", kill_on_drop: false }`
[INFO] [stderr]     Updating crates.io index
[INFO] [stderr]      Locking 493 packages to latest compatible versions
[INFO] [stderr]       Adding anchor-client v0.25.0 (available: v0.30.1)
[INFO] [stderr]       Adding borsh v0.9.3 (available: v1.5.5)
[INFO] [stderr]       Adding cargo_metadata v0.14.2 (available: v0.19.1)
[INFO] [stderr]       Adding ed25519-dalek v1.0.1 (available: v2.1.1)
[INFO] [stderr]       Adding heck v0.4.1 (available: v0.5.0)
[INFO] [stderr]       Adding hyper v0.14.29 (available: v0.14.32)
[INFO] [stderr]       Adding rand v0.7.3 (available: v0.8.5)
[INFO] [stderr]       Adding reqwest v0.11.17 (available: v0.11.27)
[INFO] [stderr]       Adding rstest v0.12.0 (available: v0.24.0)
[INFO] [stderr]       Adding serial_test v0.5.1 (available: v3.2.0)
[INFO] [stderr]       Adding solana-account-decoder v1.10.34 (available: v1.18.26)
[INFO] [stderr]       Adding solana-address-lookup-table-program v1.10.34 (available: v1.18.26)
[INFO] [stderr]       Adding solana-bucket-map v1.10.34 (available: v1.18.26)
[INFO] [stderr]       Adding solana-clap-utils v1.10.34 (available: v1.18.26)
[INFO] [stderr]       Adding solana-cli-config v1.10.34 (available: v1.18.26)
[INFO] [stderr]       Adding solana-cli-output v1.10.34 (available: v1.18.26)
[INFO] [stderr]       Adding solana-client v1.10.34 (available: v1.18.26)
[INFO] [stderr]       Adding solana-compute-budget-program v1.10.34 (available: v1.18.26)
[INFO] [stderr]       Adding solana-config-program v1.10.34 (available: v1.18.26)
[INFO] [stderr]       Adding solana-faucet v1.10.34 (available: v1.18.26)
[INFO] [stderr]       Adding solana-frozen-abi v1.10.34 (available: v1.18.26)
[INFO] [stderr]       Adding solana-frozen-abi-macro v1.10.34 (available: v1.18.26)
[INFO] [stderr]       Adding solana-logger v1.10.34 (available: v1.18.26)
[INFO] [stderr]       Adding solana-measure v1.10.34 (available: v1.18.26)
[INFO] [stderr]       Adding solana-metrics v1.10.34 (available: v1.18.26)
[INFO] [stderr]       Adding solana-net-utils v1.10.34 (available: v1.18.26)
[INFO] [stderr]       Adding solana-perf v1.10.34 (available: v1.18.26)
[INFO] [stderr]       Adding solana-program v1.10.34 (available: v1.18.26)
[INFO] [stderr]       Adding solana-program-runtime v1.10.34 (available: v1.18.26)
[INFO] [stderr]       Adding solana-rayon-threadlimit v1.10.34 (available: v1.18.26)
[INFO] [stderr]       Adding solana-remote-wallet v1.10.34 (available: v1.18.26)
[INFO] [stderr]       Adding solana-runtime v1.10.34 (available: v1.18.26)
[INFO] [stderr]       Adding solana-sdk v1.10.34 (available: v1.18.26)
[INFO] [stderr]       Adding solana-sdk-macro v1.10.34 (available: v1.18.26)
[INFO] [stderr]       Adding solana-stake-program v1.10.34 (available: v1.18.26)
[INFO] [stderr]       Adding solana-streamer v1.10.34 (available: v1.18.26)
[INFO] [stderr]       Adding solana-transaction-status v1.10.34 (available: v1.18.26)
[INFO] [stderr]       Adding solana-version v1.10.34 (available: v1.18.26)
[INFO] [stderr]       Adding solana-vote-program v1.10.34 (available: v1.18.26)
[INFO] [stderr]       Adding solana-zk-token-proof-program v1.10.34 (available: v1.18.26)
[INFO] [stderr]       Adding solana-zk-token-sdk v1.10.34 (available: v1.18.26)
[INFO] [stderr]       Adding spl-associated-token-account v1.0.5 (available: v1.1.3)
[INFO] [stderr]       Adding spl-token v3.3.1 (available: v3.5.0)
[INFO] [stderr]       Adding subtle v2.4.1 (available: v2.6.1)
[INFO] [stderr]       Adding syn v1.0.109 (available: v2.0.96)
[INFO] [stderr]       Adding thiserror v1.0.69 (available: v2.0.11)
[INFO] [stderr]       Adding tokio v1.14.1 (available: v1.43.0)
[INFO] [stderr]       Adding tokio-stream v0.1.12 (available: v0.1.17)
[INFO] [stderr]       Adding tokio-util v0.7.2 (available: v0.7.13)
[INFO] [stderr]       Adding toml v0.5.11 (available: v0.8.19)
[INFO] [stderr]       Adding trdelnik-test v0.1.2 (available: v0.3.1)
[INFO] [stderr]       Adding vergen v6.0.2 (available: v9.0.4)
[INFO] [stderr]       Adding zeroize v1.3.0 (available: v1.8.1)
[INFO] running `Command { std: CARGO_HOME="/workspace/cargo-home" RUSTUP_HOME="/workspace/rustup-home" "/workspace/cargo-home/bin/cargo" "+nightly-2025-01-18" "fetch" "--manifest-path" "Cargo.toml", kill_on_drop: false }`
[INFO] running `Command { std: "docker" "create" "-v" "/var/lib/crater-agent-workspace/builds/worker-3-tc2/target:/opt/rustwide/target:rw,Z" "-v" "/var/lib/crater-agent-workspace/builds/worker-3-tc2/source:/opt/rustwide/workdir:ro,Z" "-v" "/var/lib/crater-agent-workspace/cargo-home:/opt/rustwide/cargo-home:ro,Z" "-v" "/var/lib/crater-agent-workspace/rustup-home:/opt/rustwide/rustup-home:ro,Z" "-e" "SOURCE_DIR=/opt/rustwide/workdir" "-e" "CARGO_TARGET_DIR=/opt/rustwide/target" "-e" "CARGO_HOME=/opt/rustwide/cargo-home" "-e" "RUSTUP_HOME=/opt/rustwide/rustup-home" "-w" "/opt/rustwide/workdir" "-m" "1610612736" "--user" "0:0" "--network" "none" "ghcr.io/rust-lang/crates-build-env/linux@sha256:819108c5571ea2e421544af4d832f968d213c87fbe3707a016657f43d2f853bc" "/opt/rustwide/cargo-home/bin/cargo" "+nightly-2025-01-18" "metadata" "--no-deps" "--format-version=1", kill_on_drop: false }`
[INFO] [stdout] df22d2542b3b6da64097c2479921ed889e8b8888c7c9f13dcd31680bd04b3149
[INFO] running `Command { std: "docker" "start" "-a" "df22d2542b3b6da64097c2479921ed889e8b8888c7c9f13dcd31680bd04b3149", kill_on_drop: false }`
[INFO] running `Command { std: "docker" "inspect" "df22d2542b3b6da64097c2479921ed889e8b8888c7c9f13dcd31680bd04b3149", kill_on_drop: false }`
[INFO] running `Command { std: "docker" "rm" "-f" "df22d2542b3b6da64097c2479921ed889e8b8888c7c9f13dcd31680bd04b3149", kill_on_drop: false }`
[INFO] [stdout] df22d2542b3b6da64097c2479921ed889e8b8888c7c9f13dcd31680bd04b3149
[INFO] running `Command { std: "docker" "create" "-v" "/var/lib/crater-agent-workspace/builds/worker-3-tc2/target:/opt/rustwide/target:rw,Z" "-v" "/var/lib/crater-agent-workspace/builds/worker-3-tc2/source:/opt/rustwide/workdir:ro,Z" "-v" "/var/lib/crater-agent-workspace/cargo-home:/opt/rustwide/cargo-home:ro,Z" "-v" "/var/lib/crater-agent-workspace/rustup-home:/opt/rustwide/rustup-home:ro,Z" "-e" "SOURCE_DIR=/opt/rustwide/workdir" "-e" "CARGO_TARGET_DIR=/opt/rustwide/target" "-e" "CARGO_INCREMENTAL=0" "-e" "RUST_BACKTRACE=full" "-e" "RUSTFLAGS=--cap-lints=forbid -Zrandomize-layout" "-e" "RUSTDOCFLAGS=--cap-lints=forbid" "-e" "CARGO_HOME=/opt/rustwide/cargo-home" "-e" "RUSTUP_HOME=/opt/rustwide/rustup-home" "-w" "/opt/rustwide/workdir" "-m" "1610612736" "--user" "0:0" "--network" "none" "ghcr.io/rust-lang/crates-build-env/linux@sha256:819108c5571ea2e421544af4d832f968d213c87fbe3707a016657f43d2f853bc" "/opt/rustwide/cargo-home/bin/cargo" "+nightly-2025-01-18" "build" "--frozen" "--message-format=json", kill_on_drop: false }`
[INFO] [stdout] fd95207dbb528a3d78bcafc3b5e147fac8767c886ad533300cc28c30a97c9a91
[INFO] running `Command { std: "docker" "start" "-a" "fd95207dbb528a3d78bcafc3b5e147fac8767c886ad533300cc28c30a97c9a91", kill_on_drop: false }`
[INFO] [stderr]    Compiling unicode-ident v1.0.14
[INFO] [stderr]    Compiling proc-macro2 v1.0.93
[INFO] [stderr]    Compiling libc v0.2.169
[INFO] [stderr]    Compiling serde v1.0.217
[INFO] [stderr]    Compiling syn v1.0.109
[INFO] [stderr]    Compiling typenum v1.17.0
[INFO] [stderr]    Compiling generic-array v0.14.7
[INFO] [stderr]    Compiling semver v1.0.25
[INFO] [stderr]    Compiling subtle v2.4.1
[INFO] [stderr]    Compiling thiserror v1.0.69
[INFO] [stderr]    Compiling itoa v1.0.14
[INFO] [stderr]    Compiling log v0.4.25
[INFO] [stderr]    Compiling cpufeatures v0.2.16
[INFO] [stderr]    Compiling num-traits v0.2.19
[INFO] [stderr]    Compiling opaque-debug v0.3.1
[INFO] [stderr]    Compiling byteorder v1.5.0
[INFO] [stderr]    Compiling block-padding v0.2.1
[INFO] [stderr]    Compiling rustversion v1.0.19
[INFO] [stderr]    Compiling serde_json v1.0.137
[INFO] [stderr]    Compiling ahash v0.7.8
[INFO] [stderr]    Compiling crossbeam-utils v0.8.21
[INFO] [stderr]    Compiling getrandom v0.1.16
[INFO] [stderr]    Compiling base64 v0.13.1
[INFO] [stderr]    Compiling crunchy v0.2.2
[INFO] [stderr]    Compiling quote v1.0.38
[INFO] [stderr]    Compiling indexmap v1.9.3
[INFO] [stderr]    Compiling crossbeam-epoch v0.9.18
[INFO] [stderr]    Compiling syn v2.0.96
[INFO] [stderr]    Compiling wasm-bindgen-shared v0.2.100
[INFO] [stderr]    Compiling rayon-core v1.12.1
[INFO] [stderr]    Compiling crossbeam-deque v0.8.6
[INFO] [stderr]    Compiling smallvec v1.13.2
[INFO] [stderr]    Compiling either v1.13.0
[INFO] [stderr]    Compiling regex-automata v0.4.9
[INFO] [stderr]    Compiling bumpalo v3.16.0
[INFO] [stderr]    Compiling feature-probe v0.1.1
[INFO] [stderr]    Compiling bitmaps v2.1.0
[INFO] [stderr]    Compiling bv v0.11.1
[INFO] [stderr]    Compiling im v15.1.0
[INFO] [stderr]    Compiling bs58 v0.4.0
[INFO] [stderr]    Compiling jobserver v0.1.32
[INFO] [stderr]    Compiling getrandom v0.2.15
[INFO] [stderr]    Compiling cc v1.2.10
[INFO] [stderr]    Compiling rand_core v0.6.4
[INFO] [stderr]    Compiling rand_core v0.5.1
[INFO] [stderr]    Compiling hashbrown v0.12.3
[INFO] [stderr]    Compiling rayon v1.10.0
[INFO] [stderr]    Compiling keccak v0.1.5
[INFO] [stderr]    Compiling sized-chunks v0.6.5
[INFO] [stderr]    Compiling rand_xoshiro v0.6.0
[INFO] [stderr]    Compiling bitflags v1.3.2
[INFO] [stderr]    Compiling arrayref v0.3.9
[INFO] [stderr]    Compiling wasm-bindgen v0.2.100
[INFO] [stderr]    Compiling hashbrown v0.11.2
[INFO] [stderr]    Compiling memmap2 v0.5.10
[INFO] [stderr]    Compiling constant_time_eq v0.3.1
[INFO] [stderr]    Compiling pin-project-lite v0.2.16
[INFO] [stderr]    Compiling base64 v0.12.3
[INFO] [stderr]    Compiling arrayvec v0.7.6
[INFO] [stderr]    Compiling blake3 v1.5.5
[INFO] [stderr]    Compiling itertools v0.10.5
[INFO] [stderr]    Compiling atty v0.2.14
[INFO] [stderr]    Compiling signature v1.6.4
[INFO] [stderr]    Compiling bytes v1.9.0
[INFO] [stderr]    Compiling parking_lot_core v0.8.6
[INFO] [stderr]    Compiling stable_deref_trait v1.2.0
[INFO] [stderr]    Compiling ed25519 v1.5.3
[INFO] [stderr]    Compiling regex v1.11.1
[INFO] [stderr]    Compiling instant v0.1.13
[INFO] [stderr]    Compiling termcolor v1.4.1
[INFO] [stderr]    Compiling humantime v2.1.0
[INFO] [stderr]    Compiling borsh-derive-internal v0.9.3
[INFO] [stderr]    Compiling borsh-schema-derive-internal v0.9.3
[INFO] [stderr]    Compiling env_logger v0.9.3
[INFO] [stderr]    Compiling num_cpus v1.16.0
[INFO] [stderr]    Compiling wasm-bindgen-backend v0.2.100
[INFO] [stderr]    Compiling synstructure v0.13.1
[INFO] [stderr]    Compiling derivation-path v0.2.0
[INFO] [stderr]    Compiling solana-logger v1.10.34
[INFO] [stderr]    Compiling parking_lot v0.11.2
[INFO] [stderr]    Compiling ring v0.17.8
[INFO] [stderr]    Compiling qstring v0.7.2
[INFO] [stderr]    Compiling uriparse v0.6.4
[INFO] [stderr]    Compiling tokio v1.14.1
[INFO] [stderr]    Compiling assert_matches v1.5.0
[INFO] [stderr]    Compiling wasm-bindgen-macro-support v0.2.100
[INFO] [stderr]    Compiling ring v0.16.20
[INFO] [stderr]    Compiling signal-hook-registry v1.4.2
[INFO] [stderr]    Compiling mio v0.7.14
[INFO] [stderr]    Compiling serde_derive v1.0.217
[INFO] [stderr]    Compiling thiserror-impl v1.0.69
[INFO] [stderr]    Compiling zerocopy-derive v0.7.35
[INFO] [stderr]    Compiling zeroize_derive v1.4.2
[INFO] [stderr]    Compiling wasm-bindgen-macro v0.2.100
[INFO] [stderr]    Compiling bytemuck_derive v1.8.1
[INFO] [stderr]    Compiling zeroize v1.3.0
[INFO] [stderr]    Compiling displaydoc v0.2.5
[INFO] [stderr]    Compiling zerocopy v0.7.35
[INFO] [stderr]    Compiling solana-sdk-macro v1.10.34
[INFO] [stderr]    Compiling num-derive v0.3.3
[INFO] [stderr]    Compiling zerofrom-derive v0.1.5
[INFO] [stderr]    Compiling yoke-derive v0.7.5
[INFO] [stderr]    Compiling zerovec-derive v0.10.3
[INFO] [stderr]    Compiling ppv-lite86 v0.2.20
[INFO] [stderr]    Compiling bytemuck v1.21.0
[INFO] [stderr]    Compiling tokio-macros v1.8.2
[INFO] [stderr]    Compiling spin v0.9.8
[INFO] [stderr]    Compiling untrusted v0.9.0
[INFO] [stderr]    Compiling rand_chacha v0.2.2
[INFO] [stderr]    Compiling writeable v0.5.5
[INFO] [stderr]    Compiling litemap v0.7.4
[INFO] [stderr]    Compiling rand v0.7.3
[INFO] [stderr]    Compiling icu_provider_macros v1.5.0
[INFO] [stderr]    Compiling futures-macro v0.3.31
[INFO] [stderr]    Compiling zerofrom v0.1.5
[INFO] [stderr]    Compiling yoke v0.7.5
[INFO] [stderr]    Compiling zerovec v0.10.4
[INFO] [stderr]    Compiling untrusted v0.7.1
[INFO] [stderr]    Compiling spin v0.5.2
[INFO] [stderr]    Compiling rustls v0.20.9
[INFO] [stderr]    Compiling icu_locid_transform_data v1.5.0
[INFO] [stderr]    Compiling tracing-attributes v0.1.28
[INFO] [stderr]    Compiling tinystr v0.7.6
[INFO] [stderr]    Compiling futures-util v0.3.31
[INFO] [stderr]    Compiling icu_collections v1.5.0
[INFO] [stderr]    Compiling icu_locid v1.5.0
[INFO] [stderr]    Compiling rustc_version v0.4.1
[INFO] [stderr]    Compiling toml v0.5.11
[INFO] [stderr]    Compiling digest v0.9.0
[INFO] [stderr]    Compiling block-buffer v0.9.0
[INFO] [stderr]    Compiling crypto-common v0.1.6
[INFO] [stderr]    Compiling sha2 v0.9.9
[INFO] [stderr]    Compiling block-buffer v0.10.4
[INFO] [stderr]    Compiling libsecp256k1-core v0.2.2
[INFO] [stderr]    Compiling digest v0.10.7
[INFO] [stderr]    Compiling crypto-mac v0.8.0
[INFO] [stderr]    Compiling solana-frozen-abi-macro v1.10.34
[INFO] [stderr]    Compiling hmac v0.8.1
[INFO] [stderr]    Compiling sha2 v0.10.8
[INFO] [stderr]    Compiling curve25519-dalek v3.2.1
[INFO] [stderr]    Compiling proc-macro-crate v0.1.5
[INFO] [stderr]    Compiling libsecp256k1-gen-genmult v0.2.1
[INFO] [stderr]    Compiling libsecp256k1-gen-ecmult v0.2.1
[INFO] [stderr]    Compiling solana-frozen-abi v1.10.34
[INFO] [stderr]    Compiling hmac-drbg v0.3.0
[INFO] [stderr]    Compiling solana-program v1.10.34
[INFO] [stderr]    Compiling serde_bytes v0.11.15
[INFO] [stderr]    Compiling libsecp256k1 v0.6.0
[INFO] [stderr]    Compiling sha3 v0.10.8
[INFO] [stderr]    Compiling borsh-derive v0.9.3
[INFO] [stderr]    Compiling borsh v0.9.3
[INFO] [stderr]    Compiling bincode v1.3.3
[INFO] [stderr]    Compiling chrono v0.4.39
[INFO] [stderr]    Compiling ed25519-dalek v1.0.1
[INFO] [stderr]    Compiling hmac v0.12.1
[INFO] [stderr]    Compiling solana-sdk v1.10.34
[INFO] [stderr]    Compiling ed25519-dalek-bip32 v0.2.0
[INFO] [stderr]    Compiling pbkdf2 v0.10.1
[INFO] [stderr]    Compiling icu_provider v1.5.0
[INFO] [stderr]    Compiling icu_locid_transform v1.5.0
[INFO] [stderr]    Compiling tracing-core v0.1.33
[INFO] [stderr]    Compiling anyhow v1.0.95
[INFO] [stderr]    Compiling icu_properties_data v1.5.0
[INFO] [stderr]    Compiling tracing v0.1.41
[INFO] [stderr]    Compiling utf8_iter v1.0.4
[INFO] [stderr]    Compiling utf16_iter v1.0.5
[INFO] [stderr]    Compiling icu_normalizer_data v1.5.0
[INFO] [stderr]    Compiling write16 v1.0.0
[INFO] [stderr]    Compiling http v0.2.12
[INFO] [stderr]    Compiling base64 v0.21.7
[INFO] [stderr]    Compiling webpki v0.22.4
[INFO] [stderr]    Compiling sct v0.7.1
[INFO] [stderr]    Compiling icu_properties v1.5.1
[INFO] [stderr]    Compiling rustls-pemfile v1.0.4
[INFO] [stderr]    Compiling solana-program-runtime v1.10.34
[INFO] [stderr]    Compiling enum-iterator-derive v0.7.0
[INFO] [stderr]    Compiling alloc-no-stdlib v2.0.4
[INFO] [stderr]    Compiling alloc-stdlib v0.2.2
[INFO] [stderr]    Compiling tokio-util v0.7.2
[INFO] [stderr]    Compiling libloading v0.7.4
[INFO] [stderr]    Compiling miniz_oxide v0.8.3
[INFO] [stderr]    Compiling enum-iterator v0.7.0
[INFO] [stderr]    Compiling brotli-decompressor v2.5.1
[INFO] [stderr]    Compiling http-body v0.4.6
[INFO] [stderr]    Compiling h2 v0.3.26
[INFO] [stderr]    Compiling webpki-roots v0.22.6
[INFO] [stderr]    Compiling socket2 v0.5.8
[INFO] [stderr]    Compiling httpdate v1.0.3
[INFO] [stderr]    Compiling flate2 v1.0.35
[INFO] [stderr]    Compiling rustix v0.38.43
[INFO] [stderr]    Compiling serde_urlencoded v0.7.1
[INFO] [stderr]    Compiling icu_normalizer v1.5.0
[INFO] [stderr]    Compiling brotli v3.5.0
[INFO] [stderr]    Compiling crossbeam-channel v0.5.14
[INFO] [stderr]    Compiling encoding_rs v0.8.35
[INFO] [stderr]    Compiling idna_adapter v1.2.0
[INFO] [stderr]    Compiling idna v1.0.3
[INFO] [stderr]    Compiling ipnet v2.11.0
[INFO] [stderr]    Compiling url v2.5.4
[INFO] [stderr]    Compiling tokio-rustls v0.23.4
[INFO] [stderr]    Compiling bitflags v2.8.0
[INFO] [stderr]    Compiling linux-raw-sys v0.4.15
[INFO] [stderr]    Compiling solana-vote-program v1.10.34
[INFO] [stderr]    Compiling hyper v0.14.29
[INFO] [stderr]    Compiling gethostname v0.2.3
[INFO] [stderr]    Compiling proc-macro2-diagnostics v0.9.1
[INFO] [stderr]    Compiling proc-macro2 v0.4.30
[INFO] [stderr]    Compiling cipher v0.3.0
[INFO] [stderr]    Compiling unicode-xid v0.1.0
[INFO] [stderr]    Compiling yansi v0.5.1
[INFO] [stderr]    Compiling unicode-segmentation v1.12.0
[INFO] [stderr]    Compiling async-compression v0.3.15
[INFO] [stderr]    Compiling tinyvec v1.8.1
[INFO] [stderr]    Compiling heck v0.3.3
[INFO] [stderr]    Compiling universal-hash v0.4.1
[INFO] [stderr]    Compiling num-integer v0.1.46
[INFO] [stderr]    Compiling memoffset v0.6.5
[INFO] [stderr]    Compiling time-core v0.1.2
[INFO] [stderr]    Compiling toml_datetime v0.6.8
[INFO] [stderr]    Compiling bs58 v0.3.1
[INFO] [stderr]    Compiling winnow v0.5.40
[INFO] [stderr]    Compiling powerfmt v0.2.0
[INFO] [stderr]    Compiling syn v0.15.44
[INFO] [stderr]    Compiling num-conv v0.1.0
[INFO] [stderr]    Compiling fastrand v2.3.0
[INFO] [stderr]    Compiling deranged v0.3.11
[INFO] [stderr]    Compiling anchor-syn v0.25.0
[INFO] [stderr]    Compiling hyper-rustls v0.23.2
[INFO] [stderr]    Compiling time-macros v0.2.19
[INFO] [stderr]    Compiling tempfile v3.15.0
[INFO] [stderr]    Compiling reqwest v0.11.17
[INFO] [stderr]    Compiling quote v0.6.13
[INFO] [stderr]    Compiling polyval v0.5.3
[INFO] [stderr]    Compiling aes v0.7.5
[INFO] [stderr]    Compiling ctr v0.8.0
[INFO] [stderr]    Compiling zstd-sys v2.0.13+zstd.1.5.6
[INFO] [stderr]    Compiling toml_edit v0.19.15
[INFO] [stderr]    Compiling aead v0.4.3
[INFO] [stderr]    Compiling time v0.3.37
[INFO] [stderr]    Compiling aes-gcm-siv v0.10.3
[INFO] [stderr]    Compiling sha3 v0.9.1
[INFO] [stderr]    Compiling rand_chacha v0.3.1
[INFO] [stderr]    Compiling merlin v3.0.0
[INFO] [stderr]    Compiling proc-macro-crate v1.3.1
[INFO] [stderr]    Compiling solana-rayon-threadlimit v1.10.34
[INFO] [stderr]    Compiling proc-macro-error-attr v1.0.4
[INFO] [stderr]    Compiling unicode-width v0.2.0
[INFO] [stderr]    Compiling unicode-xid v0.2.6
[INFO] [stderr]    Compiling minimal-lexical v0.2.1
[INFO] [stderr]    Compiling synstructure v0.12.6
[INFO] [stderr]    Compiling nom v7.1.3
[INFO] [stderr]    Compiling dlopen_derive v0.1.4
[INFO] [stderr]    Compiling console v0.15.10
[INFO] [stderr]    Compiling num_enum_derive v0.5.11
[INFO] [stderr]    Compiling rand v0.8.5
[INFO] [stderr]    Compiling nix v0.23.2
[INFO] [stderr]    Compiling proc-macro-error v1.0.4
[INFO] [stderr]    Compiling num-bigint v0.2.6
[INFO] [stderr]    Compiling zstd-safe v5.0.2+zstd.1.5.2
[INFO] [stderr]    Compiling solana-perf v1.10.34
[INFO] [stderr]    Compiling textwrap v0.11.0
[INFO] [stderr]    Compiling num_enum v0.5.11
[INFO] [stderr]    Compiling dlopen v0.1.8
[INFO] [stderr]    Compiling parking_lot_core v0.9.10
[INFO] [stderr]    Compiling asn1-rs-derive v0.4.0
[INFO] [stderr]    Compiling bzip2-sys v0.1.11+1.0.8
[INFO] [stderr]    Compiling inout v0.1.3
[INFO] [stderr]    Compiling caps v0.5.5
[INFO] [stderr]    Compiling asn1-rs-impl v0.1.0
[INFO] [stderr]    Compiling rusticata-macros v4.1.0
[INFO] [stderr]    Compiling Inflector v0.11.4
[INFO] [stderr]    Compiling lz4-sys v1.11.1+lz4-1.10.0
[INFO] [stderr]    Compiling num-complex v0.2.4
[INFO] [stderr]    Compiling num-rational v0.2.4
[INFO] [stderr]    Compiling strsim v0.8.0
[INFO] [stderr]    Compiling solana-measure v1.10.34
[INFO] [stderr]    Compiling solana-metrics v1.10.34
[INFO] [stderr]    Compiling ansi_term v0.12.1
[INFO] [stderr]    Compiling vec_map v0.8.2
[INFO] [stderr]    Compiling rustls-native-certs v0.6.3
[INFO] [stderr]    Compiling clap v2.34.0
[INFO] [stderr]    Compiling dialoguer v0.10.4
[INFO] [stderr]    Compiling solana-config-program v1.10.34
[INFO] [stderr]    Compiling asn1-rs v0.5.2
[INFO] [stderr]    Compiling cipher v0.4.4
[INFO] [stderr]    Compiling parking_lot v0.12.3
[INFO] [stderr]    Compiling spl-token v3.3.1
[INFO] [stderr]    Compiling spl-memo v3.0.1
[INFO] [stderr]    Compiling unicode-normalization v0.1.24
[INFO] [stderr]    Compiling pbkdf2 v0.4.0
[INFO] [stderr]    Compiling solana-version v1.10.34
[INFO] [stderr]    Compiling solana-address-lookup-table-program v1.10.34
[INFO] [stderr]    Compiling solana-stake-program v1.10.34
[INFO] [stderr]    Compiling modular-bitfield-impl v0.11.2
[INFO] [stderr]    Compiling socket2 v0.4.10
[INFO] [stderr]    Compiling rustls-pemfile v0.2.1
[INFO] [stderr]    Compiling fxhash v0.2.1
[INFO] [stderr]    Compiling rustc-hash v1.1.0
[INFO] [stderr]    Compiling oid-registry v0.6.1
[INFO] [stderr]    Compiling heck v0.4.1
[INFO] [stderr]    Compiling linked-hash-map v0.5.6
[INFO] [stderr]    Compiling const-oid v0.7.1
[INFO] [stderr]    Compiling der v0.5.1
[INFO] [stderr]    Compiling strum_macros v0.24.3
[INFO] [stderr]    Compiling yaml-rust v0.4.5
[INFO] [stderr]    Compiling tiny-bip39 v0.8.2
[INFO] [stderr]    Compiling modular-bitfield v0.11.2
[INFO] [stderr]    Compiling quinn-proto v0.8.4
[INFO] [stderr]    Compiling solana-remote-wallet v1.10.34
[INFO] [stderr]    Compiling ouroboros_macro v0.14.2
[INFO] [stderr]    Compiling solana-zk-token-sdk v1.10.34
[INFO] [stderr]    Compiling solana-zk-token-sdk v0.8.1
[INFO] [stderr]    Compiling num-bigint v0.4.6
[INFO] [stderr]    Compiling num-iter v0.1.45
[INFO] [stderr]    Compiling xattr v1.4.0
[INFO] [stderr]    Compiling rpassword v6.0.1
[INFO] [stderr]    Compiling solana-runtime v1.10.34
[INFO] [stderr]    Compiling filetime v0.2.25
[INFO] [stderr]    Compiling dirs-sys-next v0.1.2
[INFO] [stderr]    Compiling base64ct v1.6.0
[INFO] [stderr]    Compiling aliasable v0.1.3
[INFO] [stderr]    Compiling spki v0.5.4
[INFO] [stderr]    Compiling ouroboros v0.14.2
[INFO] [stderr]    Compiling dirs-next v2.0.0
[INFO] [stderr]    Compiling quinn-udp v0.1.4
[INFO] [stderr]    Compiling tar v0.4.43
[INFO] [stderr]    Compiling der-parser v8.2.0
[INFO] [stderr]    Compiling solana-clap-utils v1.10.34
[INFO] [stderr]    Compiling num v0.2.1
[INFO] [stderr]    Compiling strum v0.24.1
[INFO] [stderr]    Compiling bzip2 v0.4.4
[INFO] [stderr]    Compiling solana-zk-token-proof-program v1.10.34
[INFO] [stderr]    Compiling solana-bucket-map v1.10.34
[INFO] [stderr]    Compiling serde_yaml v0.8.26
[INFO] [stderr]    Compiling spl-token-2022 v0.2.0
[INFO] [stderr]    Compiling dir-diff v0.3.3
[INFO] [stderr]    Compiling solana-compute-budget-program v1.10.34
[INFO] [stderr]    Compiling yasna v0.5.2
[INFO] [stderr]    Compiling futures-executor v0.3.31
[INFO] [stderr]    Compiling sha-1 v0.10.1
[INFO] [stderr]    Compiling dashmap v4.0.2
[INFO] [stderr]    Compiling proc-macro-error-attr2 v2.0.0
[INFO] [stderr]    Compiling pem v1.1.1
[INFO] [stderr]    Compiling data-encoding v2.7.0
[INFO] [stderr]    Compiling utf-8 v0.7.6
[INFO] [stderr]    Compiling symlink v0.1.0
[INFO] [stderr]    Compiling index_list v0.2.15
[INFO] [stderr]    Compiling tungstenite v0.17.3
[INFO] [stderr]    Compiling x509-parser v0.14.0
[INFO] [stderr]    Compiling proc-macro-error2 v2.0.1
[INFO] [stderr]    Compiling rcgen v0.9.3
[INFO] [stderr]    Compiling zstd v0.11.2+zstd.1.5.2
[INFO] [stderr]    Compiling futures v0.3.31
[INFO] [stderr]    Compiling solana-cli-config v1.10.34
[INFO] [stderr]    Compiling percentage v0.1.0
[INFO] [stderr]    Compiling quinn v0.8.5
[INFO] [stderr]    Compiling pkcs8 v0.8.0
[INFO] [stderr]    Compiling spl-associated-token-account v1.0.5
[INFO] [stderr]    Compiling solana-account-decoder v1.10.34
[INFO] [stderr]    Compiling vergen v6.0.2
[INFO] [stderr]    Compiling enum-iterator-derive v0.8.1
[INFO] [stderr]    Compiling histogram v0.6.9
[INFO] [stderr]    Compiling event-listener v2.5.3
[INFO] [stderr]    Compiling number_prefix v0.4.0
[INFO] [stderr]    Compiling strsim v0.10.0
[INFO] [stderr]    Compiling indicatif v0.16.2
[INFO] [stderr]    Compiling solana-streamer v1.10.34
[INFO] [stderr]    Compiling darling_core v0.13.4
[INFO] [stderr]    Compiling enum-iterator v0.8.1
[INFO] [stderr]    Compiling async-mutex v1.4.0
[INFO] [stderr]    Compiling tokio-tungstenite v0.17.2
[INFO] [stderr]    Compiling solana-faucet v1.10.34
[INFO] [stderr]    Compiling jsonrpc-core v18.0.0
[INFO] [stderr]    Compiling getset v0.1.4
[INFO] [stderr]    Compiling solana-net-utils v1.10.34
[INFO] [stderr]    Compiling lz4 v1.28.1
[INFO] [stderr]    Compiling tokio-stream v0.1.12
[INFO] [stderr]    Compiling async-trait v0.1.85
[INFO] [stderr]    Compiling enum_dispatch v0.3.13
[INFO] [stderr]    Compiling lru v0.7.8
[INFO] [stderr]    Compiling anchor-attribute-event v0.25.0
[INFO] [stderr]    Compiling darling_macro v0.13.4
[INFO] [stderr]    Compiling anchor-attribute-constant v0.25.0
[INFO] [stderr]    Compiling anchor-attribute-error v0.25.0
[INFO] [stderr]    Compiling anchor-attribute-program v0.25.0
[INFO] [stderr]    Compiling anchor-attribute-interface v0.25.0
[INFO] [stderr]    Compiling anchor-attribute-access-control v0.25.0
[INFO] [stderr]    Compiling anchor-attribute-state v0.25.0
[INFO] [stderr]    Compiling anchor-derive-accounts v0.25.0
[INFO] [stderr]    Compiling anchor-attribute-account v0.25.0
[INFO] [stderr]    Compiling rstest v0.12.0
[INFO] [stderr]    Compiling darling v0.13.4
[INFO] [stderr]    Compiling trdelnik-sandbox-client v0.3.1 (/opt/rustwide/workdir)
[INFO] [stderr]    Compiling camino v1.1.9
[INFO] [stderr]    Compiling cargo-platform v0.1.9
[INFO] [stderr]    Compiling fehler-macros v1.0.0
[INFO] [stderr]    Compiling serial_test_derive v0.5.1
[INFO] [stderr]    Compiling trdelnik-test v0.1.2
[INFO] [stderr]    Compiling cargo_metadata v0.14.2
[INFO] [stderr]    Compiling serial_test v0.5.1
[INFO] [stderr]    Compiling anchor-lang v0.25.0
[INFO] [stderr]    Compiling fehler v1.0.0
[INFO] [stderr]    Compiling solana-transaction-status v1.10.34
[INFO] [stderr]    Compiling solana-client v1.10.34
[INFO] [stderr]    Compiling solana-cli-output v1.10.34
[INFO] [stderr]    Compiling anchor-client v0.25.0
[INFO] [stderr]     Finished `dev` profile [unoptimized + debuginfo] target(s) in 2m 12s
[INFO] running `Command { std: "docker" "inspect" "fd95207dbb528a3d78bcafc3b5e147fac8767c886ad533300cc28c30a97c9a91", kill_on_drop: false }`
[INFO] running `Command { std: "docker" "rm" "-f" "fd95207dbb528a3d78bcafc3b5e147fac8767c886ad533300cc28c30a97c9a91", kill_on_drop: false }`
[INFO] [stdout] fd95207dbb528a3d78bcafc3b5e147fac8767c886ad533300cc28c30a97c9a91
[INFO] running `Command { std: "docker" "create" "-v" "/var/lib/crater-agent-workspace/builds/worker-3-tc2/target:/opt/rustwide/target:rw,Z" "-v" "/var/lib/crater-agent-workspace/builds/worker-3-tc2/source:/opt/rustwide/workdir:ro,Z" "-v" "/var/lib/crater-agent-workspace/cargo-home:/opt/rustwide/cargo-home:ro,Z" "-v" "/var/lib/crater-agent-workspace/rustup-home:/opt/rustwide/rustup-home:ro,Z" "-e" "SOURCE_DIR=/opt/rustwide/workdir" "-e" "CARGO_TARGET_DIR=/opt/rustwide/target" "-e" "CARGO_INCREMENTAL=0" "-e" "RUST_BACKTRACE=full" "-e" "RUSTFLAGS=--cap-lints=forbid -Zrandomize-layout" "-e" "RUSTDOCFLAGS=--cap-lints=forbid" "-e" "CARGO_HOME=/opt/rustwide/cargo-home" "-e" "RUSTUP_HOME=/opt/rustwide/rustup-home" "-w" "/opt/rustwide/workdir" "-m" "1610612736" "--user" "0:0" "--network" "none" "ghcr.io/rust-lang/crates-build-env/linux@sha256:819108c5571ea2e421544af4d832f968d213c87fbe3707a016657f43d2f853bc" "/opt/rustwide/cargo-home/bin/cargo" "+nightly-2025-01-18" "test" "--frozen" "--no-run" "--message-format=json", kill_on_drop: false }`
[INFO] [stdout] 1fd025c6fb0cc034d9685806fefe6cdd3dd584e31f44fa999cf546b5ae4b3638
[INFO] running `Command { std: "docker" "start" "-a" "1fd025c6fb0cc034d9685806fefe6cdd3dd584e31f44fa999cf546b5ae4b3638", kill_on_drop: false }`
[INFO] [stderr]    Compiling diff v0.1.13
[INFO] [stderr]    Compiling yansi v1.0.1
[INFO] [stderr]    Compiling pretty_assertions v1.4.1
[INFO] [stderr]    Compiling trdelnik-sandbox-client v0.3.1 (/opt/rustwide/workdir)
[INFO] [stderr]     Finished `test` profile [unoptimized + debuginfo] target(s) in 7.16s
[INFO] running `Command { std: "docker" "inspect" "1fd025c6fb0cc034d9685806fefe6cdd3dd584e31f44fa999cf546b5ae4b3638", kill_on_drop: false }`
[INFO] running `Command { std: "docker" "rm" "-f" "1fd025c6fb0cc034d9685806fefe6cdd3dd584e31f44fa999cf546b5ae4b3638", kill_on_drop: false }`
[INFO] [stdout] 1fd025c6fb0cc034d9685806fefe6cdd3dd584e31f44fa999cf546b5ae4b3638
[INFO] running `Command { std: "docker" "create" "-v" "/var/lib/crater-agent-workspace/builds/worker-3-tc2/target:/opt/rustwide/target:rw,Z" "-v" "/var/lib/crater-agent-workspace/builds/worker-3-tc2/source:/opt/rustwide/workdir:ro,Z" "-v" "/var/lib/crater-agent-workspace/cargo-home:/opt/rustwide/cargo-home:ro,Z" "-v" "/var/lib/crater-agent-workspace/rustup-home:/opt/rustwide/rustup-home:ro,Z" "-e" "SOURCE_DIR=/opt/rustwide/workdir" "-e" "CARGO_TARGET_DIR=/opt/rustwide/target" "-e" "CARGO_INCREMENTAL=0" "-e" "RUST_BACKTRACE=full" "-e" "RUSTFLAGS=--cap-lints=forbid -Zrandomize-layout" "-e" "RUSTDOCFLAGS=--cap-lints=forbid" "-e" "CARGO_HOME=/opt/rustwide/cargo-home" "-e" "RUSTUP_HOME=/opt/rustwide/rustup-home" "-w" "/opt/rustwide/workdir" "-m" "1610612736" "--user" "0:0" "--network" "none" "ghcr.io/rust-lang/crates-build-env/linux@sha256:819108c5571ea2e421544af4d832f968d213c87fbe3707a016657f43d2f853bc" "/opt/rustwide/cargo-home/bin/cargo" "+nightly-2025-01-18" "test" "--frozen", kill_on_drop: false }`
[INFO] [stdout] 36ed2174e37d65e2ed890b7dfbfa20f272cffe13973579155009e5d444cb9b55
[INFO] running `Command { std: "docker" "start" "-a" "36ed2174e37d65e2ed890b7dfbfa20f272cffe13973579155009e5d444cb9b55", kill_on_drop: false }`
[INFO] [stderr]     Finished `test` profile [unoptimized + debuginfo] target(s) in 0.48s
[INFO] [stderr]      Running unittests src/lib.rs (/opt/rustwide/target/debug/deps/trdelnik_sandbox_client-71cd7b0885c3e6a1)
[INFO] [stdout] 
[INFO] [stdout] running 0 tests
[INFO] [stdout] 
[INFO] [stdout] test result: ok. 0 passed; 0 failed; 0 ignored; 0 measured; 0 filtered out; finished in 0.00s
[INFO] [stdout] 
[INFO] [stderr]      Running tests/test.rs (/opt/rustwide/target/debug/deps/test-0e08720be300b419)
[INFO] [stdout] 
[INFO] [stdout] running 1 test
[INFO] [stderr] error: 'rustfmt' is not installed for the toolchain 'nightly-2025-01-18-x86_64-unknown-linux-gnu'.
[INFO] [stderr] To install, run `rustup component add --toolchain nightly-2025-01-18-x86_64-unknown-linux-gnu rustfmt`
[INFO] [stdout] test generate_program_client ... FAILED
[INFO] [stdout] 
[INFO] [stdout] failures:
[INFO] [stdout] 
[INFO] [stdout] ---- generate_program_client stdout ----
[INFO] [stdout] 
[INFO] [stdout] thread 'generate_program_client' panicked at tests/test.rs:37:5:
[INFO] [stdout] assertion failed: `(left == right)`
[INFO] [stdout] 
[INFO] [stdout] [1mDiff[0m [31m< left[0m / [32mright >[0m :
[INFO] [stdout] [32m>// DO NOT EDIT - automatically generated file (except `use` statements inside the `*_instruction` module[0m
[INFO] [stdout] [32m>pub mod turnstile_instruction {[0m
[INFO] [stdout] [32m>    use trdelnik_client::*;[0m
[INFO] [stdout] [32m>    pub static PROGRAM_ID: Pubkey = Pubkey::new_from_array([[0m
[INFO] [stdout] [32m>        216u8, 55u8, 200u8, 93u8, 189u8, 81u8, 94u8, 109u8, 14u8, 249u8, 244u8, 106u8, 68u8, 214u8,[0m
[INFO] [stdout] [32m>        222u8, 190u8, 9u8, 25u8, 199u8, 75u8, 79u8, 230u8, 94u8, 137u8, 51u8, 187u8, 193u8, 48u8,[0m
[INFO] [stdout] [32m>        87u8, 222u8, 175u8, 163u8,[0m
[INFO] [stdout] [32m>    ]);[0m
[INFO] [stdout] [32m>    pub async fn initialize([0m
[INFO] [stdout] [32m>        client: &Client,[0m
[INFO] [stdout] [32m>        a_state: anchor_lang::solana_program::pubkey::Pubkey,[0m
[INFO] [stdout] [32m>        a_user: anchor_lang::solana_program::pubkey::Pubkey,[0m
[INFO] [stdout] [32m>        a_system_program: anchor_lang::solana_program::pubkey::Pubkey,[0m
[INFO] [stdout] [32m>        signers: impl IntoIterator<Item = Keypair> + Send + 'static,[0m
[INFO] [stdout] [32m>    ) -> Result<EncodedConfirmedTransaction, ClientError> {[0m
[INFO] [stdout] [32m>        Ok(client[0m
[INFO] [stdout] [32m>            .send_instruction([0m
[INFO] [stdout] [32m>                PROGRAM_ID,[0m
[INFO] [stdout] [32m>                turnstile::instruction::Initialize {},[0m
[INFO] [stdout] [32m>                turnstile::accounts::Initialize {[0m
[INFO] [stdout] [32m>                    state: a_state,[0m
[INFO] [stdout] [32m>                    user: a_user,[0m
[INFO] [stdout] [32m>                    system_program: a_system_program,[0m
[INFO] [stdout] [32m>                },[0m
[INFO] [stdout] [32m>                signers,[0m
[INFO] [stdout] [32m>            )[0m
[INFO] [stdout] [32m>            .await?)[0m
[INFO] [stdout] [32m>    }[0m
[INFO] [stdout] [32m>    pub fn initialize_ix([0m
[INFO] [stdout] [32m>        a_state: anchor_lang::solana_program::pubkey::Pubkey,[0m
[INFO] [stdout] [32m>        a_user: anchor_lang::solana_program::pubkey::Pubkey,[0m
[INFO] [stdout] [32m>        a_system_program: anchor_lang::solana_program::pubkey::Pubkey,[0m
[INFO] [stdout] [32m>    ) -> Instruction {[0m
[INFO] [stdout] [32m>        Instruction {[0m
[INFO] [stdout] [32m>            program_id: PROGRAM_ID,[0m
[INFO] [stdout] [32m>            data: turnstile::instruction::Initialize {}.data(),[0m
[INFO] [stdout] [32m>            accounts: turnstile::accounts::Initialize {[0m
[INFO] [stdout] [32m>                state: a_state,[0m
[INFO] [stdout] [32m>                user: a_user,[0m
[INFO] [stdout] [32m>                system_program: a_system_program,[0m
[INFO] [stdout] [32m>            }[0m
[INFO] [stdout] [32m>            .to_account_metas(None),[0m
[INFO] [stdout] [32m>        }[0m
[INFO] [stdout] [32m>    }[0m
[INFO] [stdout] [32m>    pub async fn coin([0m
[INFO] [stdout] [32m>        client: &Client,[0m
[INFO] [stdout] [32m>        i_dummy_arg: String,[0m
[INFO] [stdout] [32m>        a_state: anchor_lang::solana_program::pubkey::Pubkey,[0m
[INFO] [stdout] [32m>        signers: impl IntoIterator<Item = Keypair> + Send + 'static,[0m
[INFO] [stdout] [32m>    ) -> Result<EncodedConfirmedTransaction, ClientError> {[0m
[INFO] [stdout] [32m>        Ok(client[0m
[INFO] [stdout] [32m>            .send_instruction([0m
[INFO] [stdout] [32m>                PROGRAM_ID,[0m
[INFO] [stdout] [32m>                turnstile::instruction::Coin {[0m
[INFO] [stdout] [32m>                    dummy_arg: i_dummy_arg,[0m
[INFO] [stdout] [32m>                },[0m
[INFO] [stdout] [32m>                turnstile::accounts::UpdateState { state: a_state },[0m
[INFO] [stdout] [32m>                signers,[0m
[INFO] [stdout] [32m>            )[0m
[INFO] [stdout] [32m>            .await?)[0m
[INFO] [stdout] [32m>    }[0m
[INFO] [stdout] [32m>    pub fn coin_ix([0m
[INFO] [stdout] [32m>        i_dummy_arg: String,[0m
[INFO] [stdout] [32m>        a_state: anchor_lang::solana_program::pubkey::Pubkey,[0m
[INFO] [stdout] [32m>    ) -> Instruction {[0m
[INFO] [stdout] [32m>        Instruction {[0m
[INFO] [stdout] [32m>            program_id: PROGRAM_ID,[0m
[INFO] [stdout] [32m>            data: turnstile::instruction::Coin {[0m
[INFO] [stdout] [32m>                dummy_arg: i_dummy_arg,[0m
[INFO] [stdout] [32m>            }[0m
[INFO] [stdout] [32m>            .data(),[0m
[INFO] [stdout] [32m>            accounts: turnstile::accounts::UpdateState { state: a_state }.to_account_metas(None),[0m
[INFO] [stdout] [32m>        }[0m
[INFO] [stdout] [32m>    }[0m
[INFO] [stdout] [32m>    pub async fn push([0m
[INFO] [stdout] [32m>        client: &Client,[0m
[INFO] [stdout] [32m>        a_state: anchor_lang::solana_program::pubkey::Pubkey,[0m
[INFO] [stdout] [32m>        signers: impl IntoIterator<Item = Keypair> + Send + 'static,[0m
[INFO] [stdout] [32m>    ) -> Result<EncodedConfirmedTransaction, ClientError> {[0m
[INFO] [stdout] [32m>        Ok(client[0m
[INFO] [stdout] [32m>            .send_instruction([0m
[INFO] [stdout] [32m>                PROGRAM_ID,[0m
[INFO] [stdout] [32m>                turnstile::instruction::Push {},[0m
[INFO] [stdout] [32m>                turnstile::accounts::UpdateState { state: a_state },[0m
[INFO] [stdout] [32m>                signers,[0m
[INFO] [stdout] [32m>            )[0m
[INFO] [stdout] [32m>            .await?)[0m
[INFO] [stdout] [32m>    }[0m
[INFO] [stdout] [32m>    pub fn push_ix(a_state: anchor_lang::solana_program::pubkey::Pubkey) -> Instruction {[0m
[INFO] [stdout] [32m>        Instruction {[0m
[INFO] [stdout] [32m>            program_id: PROGRAM_ID,[0m
[INFO] [stdout] [32m>            data: turnstile::instruction::Push {}.data(),[0m
[INFO] [stdout] [32m>            accounts: turnstile::accounts::UpdateState { state: a_state }.to_account_metas(None),[0m
[INFO] [stdout] [32m>        }[0m
[INFO] [stdout] [32m>    }[0m
[INFO] [stdout] [32m>}[0m
[INFO] [stdout] [32m>[0m
[INFO] [stdout] 
[INFO] [stdout] 
[INFO] [stdout] stack backtrace:
[INFO] [stdout]    0:     0x5926fa6eef7a - std::backtrace_rs::backtrace::libunwind::trace::hb059275cfc8d6126
[INFO] [stdout]                                at /rustc/6067b36314ab5eb2eb47cecc464545ba58e1ad24/library/std/src/../../backtrace/src/backtrace/libunwind.rs:116:5
[INFO] [stdout]    1:     0x5926fa6eef7a - std::backtrace_rs::backtrace::trace_unsynchronized::h2da071e4327ce3ee
[INFO] [stdout]                                at /rustc/6067b36314ab5eb2eb47cecc464545ba58e1ad24/library/std/src/../../backtrace/src/backtrace/mod.rs:66:5
[INFO] [stdout]    2:     0x5926fa6eef7a - std::sys::backtrace::_print_fmt::h842a1474e6f8d23f
[INFO] [stdout]                                at /rustc/6067b36314ab5eb2eb47cecc464545ba58e1ad24/library/std/src/sys/backtrace.rs:66:9
[INFO] [stdout]    3:     0x5926fa6eef7a - <std::sys::backtrace::BacktraceLock::print::DisplayBacktrace as core::fmt::Display>::fmt::h71a62eb3b9696b12
[INFO] [stdout]                                at /rustc/6067b36314ab5eb2eb47cecc464545ba58e1ad24/library/std/src/sys/backtrace.rs:39:26
[INFO] [stdout]    4:     0x5926fa716f03 - core::fmt::rt::Argument::fmt::hdb6b616786b41dc1
[INFO] [stdout]                                at /rustc/6067b36314ab5eb2eb47cecc464545ba58e1ad24/library/core/src/fmt/rt.rs:177:76
[INFO] [stdout]    5:     0x5926fa716f03 - core::fmt::write::h2cc1698af7e2d686
[INFO] [stdout]                                at /rustc/6067b36314ab5eb2eb47cecc464545ba58e1ad24/library/core/src/fmt/mod.rs:1440:21
[INFO] [stdout]    6:     0x5926fa6eb503 - std::io::Write::write_fmt::hab1b4cd059a79022
[INFO] [stdout]                                at /rustc/6067b36314ab5eb2eb47cecc464545ba58e1ad24/library/std/src/io/mod.rs:1887:15
[INFO] [stdout]    7:     0x5926fa6eedc2 - std::sys::backtrace::BacktraceLock::print::h147fe35b4ea13b08
[INFO] [stdout]                                at /rustc/6067b36314ab5eb2eb47cecc464545ba58e1ad24/library/std/src/sys/backtrace.rs:42:9
[INFO] [stdout]    8:     0x5926fa6f039f - std::panicking::default_hook::{{closure}}::hbd44223dbdc0d208
[INFO] [stdout]                                at /rustc/6067b36314ab5eb2eb47cecc464545ba58e1ad24/library/std/src/panicking.rs:298:22
[INFO] [stdout]    9:     0x5926fa6f01b8 - std::panicking::default_hook::h20f81eb0576efcec
[INFO] [stdout]                                at /rustc/6067b36314ab5eb2eb47cecc464545ba58e1ad24/library/std/src/panicking.rs:322:9
[INFO] [stdout]   10:     0x5926fa5e8f23 - <alloc::boxed::Box<F,A> as core::ops::function::Fn<Args>>::call::hdb53814c496a4d34
[INFO] [stdout]                                at /rustc/6067b36314ab5eb2eb47cecc464545ba58e1ad24/library/alloc/src/boxed.rs:2027:9
[INFO] [stdout]   11:     0x5926fa5e8f23 - test::test_main::{{closure}}::hc0a4963c59427c24
[INFO] [stdout]                                at /rustc/6067b36314ab5eb2eb47cecc464545ba58e1ad24/library/test/src/lib.rs:134:21
[INFO] [stdout]   12:     0x5926fa6f0e93 - <alloc::boxed::Box<F,A> as core::ops::function::Fn<Args>>::call::h591b2225413a77e9
[INFO] [stdout]                                at /rustc/6067b36314ab5eb2eb47cecc464545ba58e1ad24/library/alloc/src/boxed.rs:2027:9
[INFO] [stdout]   13:     0x5926fa6f0e93 - std::panicking::rust_panic_with_hook::h625eea43051b2edc
[INFO] [stdout]                                at /rustc/6067b36314ab5eb2eb47cecc464545ba58e1ad24/library/std/src/panicking.rs:839:13
[INFO] [stdout]   14:     0x5926fa6f0b4a - std::panicking::begin_panic_handler::{{closure}}::h4f9159cfbc3f6bd3
[INFO] [stdout]                                at /rustc/6067b36314ab5eb2eb47cecc464545ba58e1ad24/library/std/src/panicking.rs:704:13
[INFO] [stdout]   15:     0x5926fa6ef479 - std::sys::backtrace::__rust_end_short_backtrace::h0390abce48353151
[INFO] [stdout]                                at /rustc/6067b36314ab5eb2eb47cecc464545ba58e1ad24/library/std/src/sys/backtrace.rs:168:18
[INFO] [stdout]   16:     0x5926fa6f07dd - rust_begin_unwind
[INFO] [stdout]                                at /rustc/6067b36314ab5eb2eb47cecc464545ba58e1ad24/library/std/src/panicking.rs:695:5
[INFO] [stdout]   17:     0x5926fa7158e0 - core::panicking::panic_fmt::h9e7c637e9e5f29c9
[INFO] [stdout]                                at /rustc/6067b36314ab5eb2eb47cecc464545ba58e1ad24/library/core/src/panicking.rs:75:14
[INFO] [stdout]   18:     0x5926fa4498cb - test::generate_program_client::{{closure}}::hdf4a38cd1b1dbadd
[INFO] [stdout]                                at /opt/rustwide/workdir/tests/test.rs:37:5
[INFO] [stdout]   19:     0x5926fa4481d5 - <core::pin::Pin<P> as core::future::future::Future>::poll::h4dbb39aa60d5bbc4
[INFO] [stdout]                                at /rustc/6067b36314ab5eb2eb47cecc464545ba58e1ad24/library/core/src/future/future.rs:124:9
[INFO] [stdout]   20:     0x5926fa44818d - <core::pin::Pin<P> as core::future::future::Future>::poll::h0228f775c0551272
[INFO] [stdout]                                at /rustc/6067b36314ab5eb2eb47cecc464545ba58e1ad24/library/core/src/future/future.rs:124:9
[INFO] [stdout]   21:     0x5926fa446e1f - tokio::runtime::basic_scheduler::Inner<P>::block_on::{{closure}}::{{closure}}::h5593e6a5d40bc02d
[INFO] [stdout]                                at /opt/rustwide/cargo-home/registry/src/index.crates.io-1949cf8c6b5b557f/tokio-1.14.1/src/runtime/basic_scheduler.rs:240:62
[INFO] [stdout]   22:     0x5926fa44dcac - tokio::coop::with_budget::{{closure}}::h64bb496b74a5219e
[INFO] [stdout]                                at /opt/rustwide/cargo-home/registry/src/index.crates.io-1949cf8c6b5b557f/tokio-1.14.1/src/coop.rs:106:9
[INFO] [stdout]   23:     0x5926fa43c22c - std::thread::local::LocalKey<T>::try_with::h304d2aa6d3c6336e
[INFO] [stdout]                                at /rustc/6067b36314ab5eb2eb47cecc464545ba58e1ad24/library/std/src/thread/local.rs:308:12
[INFO] [stdout]   24:     0x5926fa43bdaa - std::thread::local::LocalKey<T>::with::hd728bda30630de40
[INFO] [stdout]                                at /rustc/6067b36314ab5eb2eb47cecc464545ba58e1ad24/library/std/src/thread/local.rs:272:9
[INFO] [stdout]   25:     0x5926fa4465ac - tokio::coop::with_budget::h4f878515d1ba67cd
[INFO] [stdout]                                at /opt/rustwide/cargo-home/registry/src/index.crates.io-1949cf8c6b5b557f/tokio-1.14.1/src/coop.rs:99:5
[INFO] [stdout]   26:     0x5926fa4465ac - tokio::coop::budget::h13801dcb270e8da5
[INFO] [stdout]                                at /opt/rustwide/cargo-home/registry/src/index.crates.io-1949cf8c6b5b557f/tokio-1.14.1/src/coop.rs:76:5
[INFO] [stdout]   27:     0x5926fa4465ac - tokio::runtime::basic_scheduler::Inner<P>::block_on::{{closure}}::hc2e583c949fd4cdb
[INFO] [stdout]                                at /opt/rustwide/cargo-home/registry/src/index.crates.io-1949cf8c6b5b557f/tokio-1.14.1/src/runtime/basic_scheduler.rs:240:39
[INFO] [stdout]   28:     0x5926fa4477ea - tokio::runtime::basic_scheduler::enter::{{closure}}::h6eb6a68af35f834d
[INFO] [stdout]                                at /opt/rustwide/cargo-home/registry/src/index.crates.io-1949cf8c6b5b557f/tokio-1.14.1/src/runtime/basic_scheduler.rs:349:29
[INFO] [stdout]   29:     0x5926fa4461fd - tokio::macros::scoped_tls::ScopedKey<T>::set::h91ee66486d6fc8ba
[INFO] [stdout]                                at /opt/rustwide/cargo-home/registry/src/index.crates.io-1949cf8c6b5b557f/tokio-1.14.1/src/macros/scoped_tls.rs:61:9
[INFO] [stdout]   30:     0x5926fa44776b - tokio::runtime::basic_scheduler::enter::h72bde81e3cdc43cb
[INFO] [stdout]                                at /opt/rustwide/cargo-home/registry/src/index.crates.io-1949cf8c6b5b557f/tokio-1.14.1/src/runtime/basic_scheduler.rs:349:5
[INFO] [stdout]   31:     0x5926fa4462c3 - tokio::runtime::basic_scheduler::Inner<P>::block_on::h945cb340807b12fd
[INFO] [stdout]                                at /opt/rustwide/cargo-home/registry/src/index.crates.io-1949cf8c6b5b557f/tokio-1.14.1/src/runtime/basic_scheduler.rs:230:9
[INFO] [stdout]   32:     0x5926fa446fa9 - tokio::runtime::basic_scheduler::InnerGuard<P>::block_on::h820d1aa50cdc350a
[INFO] [stdout]                                at /opt/rustwide/cargo-home/registry/src/index.crates.io-1949cf8c6b5b557f/tokio-1.14.1/src/runtime/basic_scheduler.rs:501:9
[INFO] [stdout]   33:     0x5926fa447088 - tokio::runtime::basic_scheduler::BasicScheduler<P>::block_on::h07985d4989ecb808
[INFO] [stdout]                                at /opt/rustwide/cargo-home/registry/src/index.crates.io-1949cf8c6b5b557f/tokio-1.14.1/src/runtime/basic_scheduler.rs:186:24
[INFO] [stdout]   34:     0x5926fa44f703 - tokio::runtime::Runtime::block_on::hf287f3736f61db10
[INFO] [stdout]                                at /opt/rustwide/cargo-home/registry/src/index.crates.io-1949cf8c6b5b557f/tokio-1.14.1/src/runtime/mod.rs:461:46
[INFO] [stdout]   35:     0x5926fa448d14 - test::generate_program_client::hc34d1bdeeab07dbb
[INFO] [stdout]                                at /opt/rustwide/workdir/tests/test.rs:5:1
[INFO] [stdout]   36:     0x5926fa448bb7 - test::generate_program_client::{{closure}}::h561d9f9556b90d9a
[INFO] [stdout]                                at /opt/rustwide/workdir/tests/test.rs:5:1
[INFO] [stdout]   37:     0x5926fa43cba6 - core::ops::function::FnOnce::call_once::h6da6b228a2b72cec
[INFO] [stdout]                                at /rustc/6067b36314ab5eb2eb47cecc464545ba58e1ad24/library/core/src/ops/function.rs:250:5
[INFO] [stdout]   38:     0x5926fa5ee67b - core::ops::function::FnOnce::call_once::he27718dfdd183f43
[INFO] [stdout]                                at /rustc/6067b36314ab5eb2eb47cecc464545ba58e1ad24/library/core/src/ops/function.rs:250:5
[INFO] [stdout]   39:     0x5926fa5ee67b - test::__rust_begin_short_backtrace::h4e84902998457a5d
[INFO] [stdout]                                at /rustc/6067b36314ab5eb2eb47cecc464545ba58e1ad24/library/test/src/lib.rs:632:18
[INFO] [stdout]   40:     0x5926fa5ed5b3 - test::run_test_in_process::{{closure}}::h7176fd18fc1feca0
[INFO] [stdout]                                at /rustc/6067b36314ab5eb2eb47cecc464545ba58e1ad24/library/test/src/lib.rs:655:60
[INFO] [stdout]   41:     0x5926fa5ed5b3 - <core::panic::unwind_safe::AssertUnwindSafe<F> as core::ops::function::FnOnce<()>>::call_once::hf79cff2a624d8cf7
[INFO] [stdout]                                at /rustc/6067b36314ab5eb2eb47cecc464545ba58e1ad24/library/core/src/panic/unwind_safe.rs:272:9
[INFO] [stdout]   42:     0x5926fa5ed5b3 - std::panicking::try::do_call::h3da0561d9ab99c25
[INFO] [stdout]                                at /rustc/6067b36314ab5eb2eb47cecc464545ba58e1ad24/library/std/src/panicking.rs:587:40
[INFO] [stdout]   43:     0x5926fa5ed5b3 - std::panicking::try::h41c9fa508bc61df6
[INFO] [stdout]                                at /rustc/6067b36314ab5eb2eb47cecc464545ba58e1ad24/library/std/src/panicking.rs:550:19
[INFO] [stdout]   44:     0x5926fa5ed5b3 - std::panic::catch_unwind::h6b3ff07bb5afad93
[INFO] [stdout]                                at /rustc/6067b36314ab5eb2eb47cecc464545ba58e1ad24/library/std/src/panic.rs:358:14
[INFO] [stdout]   45:     0x5926fa5ed5b3 - test::run_test_in_process::hc7253dd11b39b9f4
[INFO] [stdout]                                at /rustc/6067b36314ab5eb2eb47cecc464545ba58e1ad24/library/test/src/lib.rs:655:27
[INFO] [stdout]   46:     0x5926fa5ed5b3 - test::run_test::{{closure}}::hfb2007f8649c30bb
[INFO] [stdout]                                at /rustc/6067b36314ab5eb2eb47cecc464545ba58e1ad24/library/test/src/lib.rs:576:43
[INFO] [stdout]   47:     0x5926fa5b0695 - test::run_test::{{closure}}::h56a17aa7a282a9f4
[INFO] [stdout]                                at /rustc/6067b36314ab5eb2eb47cecc464545ba58e1ad24/library/test/src/lib.rs:606:41
[INFO] [stdout]   48:     0x5926fa5b0695 - std::sys::backtrace::__rust_begin_short_backtrace::hd2d2d2fb8e8c6aac
[INFO] [stdout]                                at /rustc/6067b36314ab5eb2eb47cecc464545ba58e1ad24/library/std/src/sys/backtrace.rs:152:18
[INFO] [stdout]   49:     0x5926fa5b3f7a - std::thread::Builder::spawn_unchecked_::{{closure}}::{{closure}}::h4faa3f9db6133423
[INFO] [stdout]                                at /rustc/6067b36314ab5eb2eb47cecc464545ba58e1ad24/library/std/src/thread/mod.rs:559:17
[INFO] [stdout]   50:     0x5926fa5b3f7a - <core::panic::unwind_safe::AssertUnwindSafe<F> as core::ops::function::FnOnce<()>>::call_once::hf2e855a36a4ea846
[INFO] [stdout]                                at /rustc/6067b36314ab5eb2eb47cecc464545ba58e1ad24/library/core/src/panic/unwind_safe.rs:272:9
[INFO] [stdout]   51:     0x5926fa5b3f7a - std::panicking::try::do_call::h2f73af3616c35465
[INFO] [stdout]                                at /rustc/6067b36314ab5eb2eb47cecc464545ba58e1ad24/library/std/src/panicking.rs:587:40
[INFO] [stdout]   52:     0x5926fa5b3f7a - std::panicking::try::hd1660ce9efadef5a
[INFO] [stdout]                                at /rustc/6067b36314ab5eb2eb47cecc464545ba58e1ad24/library/std/src/panicking.rs:550:19
[INFO] [stdout]   53:     0x5926fa5b3f7a - std::panic::catch_unwind::h5ee8d7823b8ca744
[INFO] [stdout]                                at /rustc/6067b36314ab5eb2eb47cecc464545ba58e1ad24/library/std/src/panic.rs:358:14
[INFO] [stdout]   54:     0x5926fa5b3f7a - std::thread::Builder::spawn_unchecked_::{{closure}}::h53c3a1894dce8407
[INFO] [stdout]                                at /rustc/6067b36314ab5eb2eb47cecc464545ba58e1ad24/library/std/src/thread/mod.rs:557:30
[INFO] [stdout]   55:     0x5926fa5b3f7a - core::ops::function::FnOnce::call_once{{vtable.shim}}::h048ce291ad4f62bf
[INFO] [stdout]                                at /rustc/6067b36314ab5eb2eb47cecc464545ba58e1ad24/library/core/src/ops/function.rs:250:5
[INFO] [stdout]   56:     0x5926fa6f51db - <alloc::boxed::Box<F,A> as core::ops::function::FnOnce<Args>>::call_once::ha52bedf99a3b4981
[INFO] [stdout]                                at /rustc/6067b36314ab5eb2eb47cecc464545ba58e1ad24/library/alloc/src/boxed.rs:2013:9
[INFO] [stdout]   57:     0x5926fa6f51db - <alloc::boxed::Box<F,A> as core::ops::function::FnOnce<Args>>::call_once::h567748934d80ccf8
[INFO] [stdout]                                at /rustc/6067b36314ab5eb2eb47cecc464545ba58e1ad24/library/alloc/src/boxed.rs:2013:9
[INFO] [stdout]   58:     0x5926fa6f51db - std::sys::pal::unix::thread::Thread::new::thread_start::h2d970728ae887adc
[INFO] [stdout]                                at /rustc/6067b36314ab5eb2eb47cecc464545ba58e1ad24/library/std/src/sys/pal/unix/thread.rs:106:17
[INFO] [stdout]   59:     0x73be51350ac3 - <unknown>
[INFO] [stdout]   60:     0x73be513e1a04 - clone
[INFO] [stdout]   61:                0x0 - <unknown>
[INFO] [stdout] 
[INFO] [stdout] 
[INFO] [stdout] failures:
[INFO] [stdout]     generate_program_client
[INFO] [stdout] 
[INFO] [stdout] test result: FAILED. 0 passed; 1 failed; 0 ignored; 0 measured; 0 filtered out; finished in 1.72s
[INFO] [stdout] 
[INFO] [stderr] error: test failed, to rerun pass `--test test`
[INFO] running `Command { std: "docker" "inspect" "36ed2174e37d65e2ed890b7dfbfa20f272cffe13973579155009e5d444cb9b55", kill_on_drop: false }`
[INFO] running `Command { std: "docker" "rm" "-f" "36ed2174e37d65e2ed890b7dfbfa20f272cffe13973579155009e5d444cb9b55", kill_on_drop: false }`
[INFO] [stdout] 36ed2174e37d65e2ed890b7dfbfa20f272cffe13973579155009e5d444cb9b55
