[INFO] fetching crate tonic-flatbuffers 0.1.0...
[INFO] testing tonic-flatbuffers-0.1.0 against nightly-2025-01-18+rustflags=-Zrandomize-layout for randomize-layout-2
[INFO] extracting crate tonic-flatbuffers 0.1.0 into /workspace/builds/worker-5-tc2/source
[INFO] validating manifest of crates.io crate tonic-flatbuffers 0.1.0 on toolchain nightly-2025-01-18
[INFO] running `Command { std: CARGO_HOME="/workspace/cargo-home" RUSTUP_HOME="/workspace/rustup-home" "/workspace/cargo-home/bin/cargo" "+nightly-2025-01-18" "metadata" "--manifest-path" "Cargo.toml" "--no-deps", kill_on_drop: false }`
[INFO] started tweaking crates.io crate tonic-flatbuffers 0.1.0
[INFO] finished tweaking crates.io crate tonic-flatbuffers 0.1.0
[INFO] tweaked toml for crates.io crate tonic-flatbuffers 0.1.0 written to /workspace/builds/worker-5-tc2/source/Cargo.toml
[INFO] running `Command { std: CARGO_HOME="/workspace/cargo-home" RUSTUP_HOME="/workspace/rustup-home" "/workspace/cargo-home/bin/cargo" "+nightly-2025-01-18" "generate-lockfile" "--manifest-path" "Cargo.toml", kill_on_drop: false }`
[INFO] [stderr]     Updating crates.io index
[INFO] [stderr]      Locking 99 packages to latest compatible versions
[INFO] running `Command { std: CARGO_HOME="/workspace/cargo-home" RUSTUP_HOME="/workspace/rustup-home" "/workspace/cargo-home/bin/cargo" "+nightly-2025-01-18" "fetch" "--manifest-path" "Cargo.toml", kill_on_drop: false }`
[INFO] running `Command { std: "docker" "create" "-v" "/var/lib/crater-agent-workspace/builds/worker-5-tc2/target:/opt/rustwide/target:rw,Z" "-v" "/var/lib/crater-agent-workspace/builds/worker-5-tc2/source:/opt/rustwide/workdir:ro,Z" "-v" "/var/lib/crater-agent-workspace/cargo-home:/opt/rustwide/cargo-home:ro,Z" "-v" "/var/lib/crater-agent-workspace/rustup-home:/opt/rustwide/rustup-home:ro,Z" "-e" "SOURCE_DIR=/opt/rustwide/workdir" "-e" "CARGO_TARGET_DIR=/opt/rustwide/target" "-e" "CARGO_HOME=/opt/rustwide/cargo-home" "-e" "RUSTUP_HOME=/opt/rustwide/rustup-home" "-w" "/opt/rustwide/workdir" "-m" "1610612736" "--user" "0:0" "--network" "none" "ghcr.io/rust-lang/crates-build-env/linux@sha256:819108c5571ea2e421544af4d832f968d213c87fbe3707a016657f43d2f853bc" "/opt/rustwide/cargo-home/bin/cargo" "+nightly-2025-01-18" "metadata" "--no-deps" "--format-version=1", kill_on_drop: false }`
[INFO] [stdout] b128afd669bdab9c0f2ccda1fa92fd274417a438e57e5ac87ddab6143eb199ea
[INFO] running `Command { std: "docker" "start" "-a" "b128afd669bdab9c0f2ccda1fa92fd274417a438e57e5ac87ddab6143eb199ea", kill_on_drop: false }`
[INFO] running `Command { std: "docker" "inspect" "b128afd669bdab9c0f2ccda1fa92fd274417a438e57e5ac87ddab6143eb199ea", kill_on_drop: false }`
[INFO] running `Command { std: "docker" "rm" "-f" "b128afd669bdab9c0f2ccda1fa92fd274417a438e57e5ac87ddab6143eb199ea", kill_on_drop: false }`
[INFO] [stdout] b128afd669bdab9c0f2ccda1fa92fd274417a438e57e5ac87ddab6143eb199ea
[INFO] running `Command { std: "docker" "create" "-v" "/var/lib/crater-agent-workspace/builds/worker-5-tc2/target:/opt/rustwide/target:rw,Z" "-v" "/var/lib/crater-agent-workspace/builds/worker-5-tc2/source:/opt/rustwide/workdir:ro,Z" "-v" "/var/lib/crater-agent-workspace/cargo-home:/opt/rustwide/cargo-home:ro,Z" "-v" "/var/lib/crater-agent-workspace/rustup-home:/opt/rustwide/rustup-home:ro,Z" "-e" "SOURCE_DIR=/opt/rustwide/workdir" "-e" "CARGO_TARGET_DIR=/opt/rustwide/target" "-e" "CARGO_INCREMENTAL=0" "-e" "RUST_BACKTRACE=full" "-e" "RUSTFLAGS=--cap-lints=forbid -Zrandomize-layout" "-e" "RUSTDOCFLAGS=--cap-lints=forbid" "-e" "CARGO_HOME=/opt/rustwide/cargo-home" "-e" "RUSTUP_HOME=/opt/rustwide/rustup-home" "-w" "/opt/rustwide/workdir" "-m" "1610612736" "--user" "0:0" "--network" "none" "ghcr.io/rust-lang/crates-build-env/linux@sha256:819108c5571ea2e421544af4d832f968d213c87fbe3707a016657f43d2f853bc" "/opt/rustwide/cargo-home/bin/cargo" "+nightly-2025-01-18" "build" "--frozen" "--message-format=json", kill_on_drop: false }`
[INFO] [stdout] 2a7ec159eb1e1da69426b77489ae33bd54e5f86669e1a634f6a2fe6bac103df7
[INFO] running `Command { std: "docker" "start" "-a" "2a7ec159eb1e1da69426b77489ae33bd54e5f86669e1a634f6a2fe6bac103df7", kill_on_drop: false }`
[INFO] [stderr]    Compiling libc v0.2.169
[INFO] [stderr]    Compiling pin-project-lite v0.2.16
[INFO] [stderr]    Compiling bytes v1.9.0
[INFO] [stderr]    Compiling futures-core v0.3.31
[INFO] [stderr]    Compiling autocfg v1.4.0
[INFO] [stderr]    Compiling pin-utils v0.1.0
[INFO] [stderr]    Compiling itoa v1.0.14
[INFO] [stderr]    Compiling futures-task v0.3.31
[INFO] [stderr]    Compiling fnv v1.0.7
[INFO] [stderr]    Compiling once_cell v1.20.2
[INFO] [stderr]    Compiling tower-service v0.3.3
[INFO] [stderr]    Compiling futures-sink v0.3.31
[INFO] [stderr]    Compiling hashbrown v0.15.2
[INFO] [stderr]    Compiling httparse v1.9.5
[INFO] [stderr]    Compiling equivalent v1.0.1
[INFO] [stderr]    Compiling syn v2.0.96
[INFO] [stderr]    Compiling byteorder v1.5.0
[INFO] [stderr]    Compiling cfg-if v1.0.0
[INFO] [stderr]    Compiling semver v1.0.25
[INFO] [stderr]    Compiling tower-layer v0.3.3
[INFO] [stderr]    Compiling rustversion v1.0.19
[INFO] [stderr]    Compiling atomic-waker v1.1.2
[INFO] [stderr]    Compiling try-lock v0.2.5
[INFO] [stderr]    Compiling httpdate v1.0.3
[INFO] [stderr]    Compiling tracing-core v0.1.33
[INFO] [stderr]    Compiling want v0.3.1
[INFO] [stderr]    Compiling smallvec v1.13.2
[INFO] [stderr]    Compiling futures-util v0.3.31
[INFO] [stderr]    Compiling futures-channel v0.3.31
[INFO] [stderr]    Compiling serde v1.0.217
[INFO] [stderr]    Compiling sync_wrapper v1.0.2
[INFO] [stderr]    Compiling hashbrown v0.12.3
[INFO] [stderr]    Compiling mime v0.3.17
[INFO] [stderr]    Compiling memchr v2.7.4
[INFO] [stderr]    Compiling matchit v0.7.3
[INFO] [stderr]    Compiling paste v1.0.15
[INFO] [stderr]    Compiling http v1.2.0
[INFO] [stderr]    Compiling slab v0.4.9
[INFO] [stderr]    Compiling indexmap v1.9.3
[INFO] [stderr]    Compiling indexmap v2.7.1
[INFO] [stderr]    Compiling percent-encoding v2.3.1
[INFO] [stderr]    Compiling rustc_version v0.4.1
[INFO] [stderr]    Compiling prost v0.13.4
[INFO] [stderr]    Compiling bitflags v1.3.2
[INFO] [stderr]    Compiling base64 v0.22.1
[INFO] [stderr]    Compiling socket2 v0.5.8
[INFO] [stderr]    Compiling mio v1.0.3
[INFO] [stderr]    Compiling getrandom v0.2.15
[INFO] [stderr]    Compiling flatbuffers v24.12.23
[INFO] [stderr]    Compiling rand_core v0.6.4
[INFO] [stderr]    Compiling http-body v1.0.1
[INFO] [stderr]    Compiling http-body-util v0.1.2
[INFO] [stderr]    Compiling tower v0.5.2
[INFO] [stderr]    Compiling tokio-macros v2.5.0
[INFO] [stderr]    Compiling tracing-attributes v0.1.28
[INFO] [stderr]    Compiling zerocopy-derive v0.7.35
[INFO] [stderr]    Compiling pin-project-internal v1.1.8
[INFO] [stderr]    Compiling async-trait v0.1.85
[INFO] [stderr]    Compiling async-stream-impl v0.3.6
[INFO] [stderr]    Compiling async-stream v0.3.6
[INFO] [stderr]    Compiling tokio v1.43.0
[INFO] [stderr]    Compiling axum-core v0.4.5
[INFO] [stderr]    Compiling zerocopy v0.7.35
[INFO] [stderr]    Compiling pin-project v1.1.8
[INFO] [stderr]    Compiling tracing v0.1.41
[INFO] [stderr]    Compiling ppv-lite86 v0.2.20
[INFO] [stderr]    Compiling rand_chacha v0.3.1
[INFO] [stderr]    Compiling rand v0.8.5
[INFO] [stderr]    Compiling axum v0.7.9
[INFO] [stderr]    Compiling tokio-util v0.7.13
[INFO] [stderr]    Compiling tokio-stream v0.1.17
[INFO] [stderr]    Compiling h2 v0.4.7
[INFO] [stderr]    Compiling tower v0.4.13
[INFO] [stderr]    Compiling hyper v1.5.2
[INFO] [stderr]    Compiling hyper-util v0.1.10
[INFO] [stderr]    Compiling hyper-timeout v0.5.2
[INFO] [stderr]    Compiling tonic v0.12.3
[INFO] [stderr]    Compiling tonic-flatbuffers v0.1.0 (/opt/rustwide/workdir)
[INFO] [stderr]     Finished `dev` profile [unoptimized + debuginfo] target(s) in 19.62s
[INFO] running `Command { std: "docker" "inspect" "2a7ec159eb1e1da69426b77489ae33bd54e5f86669e1a634f6a2fe6bac103df7", kill_on_drop: false }`
[INFO] running `Command { std: "docker" "rm" "-f" "2a7ec159eb1e1da69426b77489ae33bd54e5f86669e1a634f6a2fe6bac103df7", kill_on_drop: false }`
[INFO] [stdout] 2a7ec159eb1e1da69426b77489ae33bd54e5f86669e1a634f6a2fe6bac103df7
[INFO] running `Command { std: "docker" "create" "-v" "/var/lib/crater-agent-workspace/builds/worker-5-tc2/target:/opt/rustwide/target:rw,Z" "-v" "/var/lib/crater-agent-workspace/builds/worker-5-tc2/source:/opt/rustwide/workdir:ro,Z" "-v" "/var/lib/crater-agent-workspace/cargo-home:/opt/rustwide/cargo-home:ro,Z" "-v" "/var/lib/crater-agent-workspace/rustup-home:/opt/rustwide/rustup-home:ro,Z" "-e" "SOURCE_DIR=/opt/rustwide/workdir" "-e" "CARGO_TARGET_DIR=/opt/rustwide/target" "-e" "CARGO_INCREMENTAL=0" "-e" "RUST_BACKTRACE=full" "-e" "RUSTFLAGS=--cap-lints=forbid -Zrandomize-layout" "-e" "RUSTDOCFLAGS=--cap-lints=forbid" "-e" "CARGO_HOME=/opt/rustwide/cargo-home" "-e" "RUSTUP_HOME=/opt/rustwide/rustup-home" "-w" "/opt/rustwide/workdir" "-m" "1610612736" "--user" "0:0" "--network" "none" "ghcr.io/rust-lang/crates-build-env/linux@sha256:819108c5571ea2e421544af4d832f968d213c87fbe3707a016657f43d2f853bc" "/opt/rustwide/cargo-home/bin/cargo" "+nightly-2025-01-18" "test" "--frozen" "--no-run" "--message-format=json", kill_on_drop: false }`
[INFO] [stdout] 0a260eb840252502430cde6fbf7c185056b84f8f2d78ae71e82ec46d2a6fa417
[INFO] running `Command { std: "docker" "start" "-a" "0a260eb840252502430cde6fbf7c185056b84f8f2d78ae71e82ec46d2a6fa417", kill_on_drop: false }`
[INFO] [stderr]    Compiling tonic-flatbuffers v0.1.0 (/opt/rustwide/workdir)
[INFO] [stderr]     Finished `test` profile [unoptimized + debuginfo] target(s) in 0.22s
[INFO] running `Command { std: "docker" "inspect" "0a260eb840252502430cde6fbf7c185056b84f8f2d78ae71e82ec46d2a6fa417", kill_on_drop: false }`
[INFO] running `Command { std: "docker" "rm" "-f" "0a260eb840252502430cde6fbf7c185056b84f8f2d78ae71e82ec46d2a6fa417", kill_on_drop: false }`
[INFO] [stdout] 0a260eb840252502430cde6fbf7c185056b84f8f2d78ae71e82ec46d2a6fa417
[INFO] running `Command { std: "docker" "create" "-v" "/var/lib/crater-agent-workspace/builds/worker-5-tc2/target:/opt/rustwide/target:rw,Z" "-v" "/var/lib/crater-agent-workspace/builds/worker-5-tc2/source:/opt/rustwide/workdir:ro,Z" "-v" "/var/lib/crater-agent-workspace/cargo-home:/opt/rustwide/cargo-home:ro,Z" "-v" "/var/lib/crater-agent-workspace/rustup-home:/opt/rustwide/rustup-home:ro,Z" "-e" "SOURCE_DIR=/opt/rustwide/workdir" "-e" "CARGO_TARGET_DIR=/opt/rustwide/target" "-e" "CARGO_INCREMENTAL=0" "-e" "RUST_BACKTRACE=full" "-e" "RUSTFLAGS=--cap-lints=forbid -Zrandomize-layout" "-e" "RUSTDOCFLAGS=--cap-lints=forbid" "-e" "CARGO_HOME=/opt/rustwide/cargo-home" "-e" "RUSTUP_HOME=/opt/rustwide/rustup-home" "-w" "/opt/rustwide/workdir" "-m" "1610612736" "--user" "0:0" "--network" "none" "ghcr.io/rust-lang/crates-build-env/linux@sha256:819108c5571ea2e421544af4d832f968d213c87fbe3707a016657f43d2f853bc" "/opt/rustwide/cargo-home/bin/cargo" "+nightly-2025-01-18" "test" "--frozen", kill_on_drop: false }`
[INFO] [stdout] f9dce4ebbeb695960f76d5253a4c06e497f2ce6f87e141315f32e4e892ee40fd
[INFO] running `Command { std: "docker" "start" "-a" "f9dce4ebbeb695960f76d5253a4c06e497f2ce6f87e141315f32e4e892ee40fd", kill_on_drop: false }`
[INFO] [stderr]     Finished `test` profile [unoptimized + debuginfo] target(s) in 0.12s
[INFO] [stderr]      Running unittests src/lib.rs (/opt/rustwide/target/debug/deps/tonic_flatbuffers-b36157c3a5978e2e)
[INFO] [stdout] 
[INFO] [stdout] running 0 tests
[INFO] [stdout] 
[INFO] [stdout] test result: ok. 0 passed; 0 failed; 0 ignored; 0 measured; 0 filtered out; finished in 0.00s
[INFO] [stdout] 
[INFO] [stderr]    Doc-tests tonic_flatbuffers
[INFO] [stdout] 
[INFO] [stdout] running 8 tests
[INFO] [stdout] test src/flatbuffers_owned.rs - flatbuffers_owned::RelaxedFlatBufferTrait (line 127) ... FAILED
[INFO] [stdout] test src/flatbuffers_owned.rs - flatbuffers_owned::RelaxedFollowTrait (line 92) ... FAILED
[INFO] [stdout] test src/flatbuffers_owned.rs - flatbuffers_owned (line 19) ... FAILED
[INFO] [stdout] test src/flatbuffers_owned.rs - flatbuffers_owned::__flatbuffers_owned (line 167) ... FAILED
[INFO] [stdout] test src/flatbuffers_owned.rs - flatbuffers_owned (line 26) ... FAILED
[INFO] [stdout] test src/flatbuffers_owned.rs - flatbuffers_owned (line 43) ... FAILED
[INFO] [stdout] test src/flatbuffers_owned.rs - flatbuffers_owned (line 68) ... FAILED
[INFO] [stdout] test src/flatbuffers_owned.rs - flatbuffers_owned (line 34) ... FAILED
[INFO] [stdout] 
[INFO] [stdout] failures:
[INFO] [stdout] 
[INFO] [stdout] ---- src/flatbuffers_owned.rs - flatbuffers_owned::RelaxedFlatBufferTrait (line 127) stdout ----
[INFO] [stdout] error[E0432]: unresolved import `flatbuffers_owned`
[INFO] [stdout]  --> src/flatbuffers_owned.rs:128:5
[INFO] [stdout]   |
[INFO] [stdout] 3 | use flatbuffers_owned::RelaxedFlatBufferTrait;
[INFO] [stdout]   |     ^^^^^^^^^^^^^^^^^ help: a similar path exists: `tonic_flatbuffers::flatbuffers_owned`
[INFO] [stdout] 
[INFO] [stdout] error: aborting due to 1 previous error
[INFO] [stdout] 
[INFO] [stdout] For more information about this error, try `rustc --explain E0432`.
[INFO] [stdout] Couldn't compile the test.
[INFO] [stdout] ---- src/flatbuffers_owned.rs - flatbuffers_owned::RelaxedFollowTrait (line 92) stdout ----
[INFO] [stdout] error[E0432]: unresolved import `flatbuffers_owned`
[INFO] [stdout]  --> src/flatbuffers_owned.rs:93:5
[INFO] [stdout]   |
[INFO] [stdout] 3 | use flatbuffers_owned::RelaxedFollowTrait;
[INFO] [stdout]   |     ^^^^^^^^^^^^^^^^^ help: a similar path exists: `tonic_flatbuffers::flatbuffers_owned`
[INFO] [stdout] 
[INFO] [stdout] error[E0412]: cannot find type `MyFlatBuffer` in this scope
[INFO] [stdout]  --> src/flatbuffers_owned.rs:95:29
[INFO] [stdout]   |
[INFO] [stdout] 5 | impl RelaxedFollowTrait for MyFlatBuffer<'_> {
[INFO] [stdout]   |                             ^^^^^^^^^^^^ not found in this scope
[INFO] [stdout] 
[INFO] [stdout] error[E0412]: cannot find type `MyFlatBuffer` in this scope
[INFO] [stdout]  --> src/flatbuffers_owned.rs:96:21
[INFO] [stdout]   |
[INFO] [stdout] 6 |    type Inner<'a> = MyFlatBuffer<'a>;
[INFO] [stdout]   |                     ^^^^^^^^^^^^ not found in this scope
[INFO] [stdout] 
[INFO] [stdout] error: aborting due to 3 previous errors
[INFO] [stdout] 
[INFO] [stdout] Some errors have detailed explanations: E0412, E0432.
[INFO] [stdout] For more information about an error, try `rustc --explain E0412`.
[INFO] [stdout] Couldn't compile the test.
[INFO] [stdout] ---- src/flatbuffers_owned.rs - flatbuffers_owned (line 19) stdout ----
[INFO] [stdout] error[E0432]: unresolved import `flatbuffers_owned`
[INFO] [stdout]  --> src/flatbuffers_owned.rs:20:5
[INFO] [stdout]   |
[INFO] [stdout] 3 | use flatbuffers_owned::*;
[INFO] [stdout]   |     ^^^^^^^^^^^^^^^^^ help: a similar path exists: `tonic_flatbuffers::flatbuffers_owned`
[INFO] [stdout] 
[INFO] [stdout] error: cannot find macro `flatbuffers_owned` in this scope
[INFO] [stdout]  --> src/flatbuffers_owned.rs:22:1
[INFO] [stdout]   |
[INFO] [stdout] 5 | flatbuffers_owned!(Message);
[INFO] [stdout]   | ^^^^^^^^^^^^^^^^^
[INFO] [stdout]   |
[INFO] [stdout] help: consider importing this macro
[INFO] [stdout]   |
[INFO] [stdout] 2 + use tonic_flatbuffers::flatbuffers_owned::flatbuffers_owned;
[INFO] [stdout]   |
[INFO] [stdout] 
[INFO] [stdout] error: aborting due to 2 previous errors
[INFO] [stdout] 
[INFO] [stdout] For more information about this error, try `rustc --explain E0432`.
[INFO] [stdout] Couldn't compile the test.
[INFO] [stdout] ---- src/flatbuffers_owned.rs - flatbuffers_owned::__flatbuffers_owned (line 167) stdout ----
[INFO] [stdout] error[E0432]: unresolved import `flatbuffers_owned`
[INFO] [stdout]  --> src/flatbuffers_owned.rs:168:5
[INFO] [stdout]   |
[INFO] [stdout] 3 | use flatbuffers_owned::flatbuffers_owned;
[INFO] [stdout]   |     ^^^^^^^^^^^^^^^^^ help: a similar path exists: `tonic_flatbuffers::flatbuffers_owned`
[INFO] [stdout] 
[INFO] [stdout] error: aborting due to 1 previous error
[INFO] [stdout] 
[INFO] [stdout] For more information about this error, try `rustc --explain E0432`.
[INFO] [stdout] Couldn't compile the test.
[INFO] [stdout] ---- src/flatbuffers_owned.rs - flatbuffers_owned (line 26) stdout ----
[INFO] [stdout] error[E0425]: cannot find function `receive_message_bytes` in this scope
[INFO] [stdout]  --> src/flatbuffers_owned.rs:27:28
[INFO] [stdout]   |
[INFO] [stdout] 3 | let message_bytes: &[u8] = receive_message_bytes();
[INFO] [stdout]   |                            ^^^^^^^^^^^^^^^^^^^^^ not found in this scope
[INFO] [stdout] 
[INFO] [stdout] error[E0433]: failed to resolve: use of undeclared type `OwnedMessage`
[INFO] [stdout]  --> src/flatbuffers_owned.rs:30:21
[INFO] [stdout]   |
[INFO] [stdout] 6 | let owned_message = OwnedMessage::new(message_bytes).unwrap();
[INFO] [stdout]   |                     ^^^^^^^^^^^^ use of undeclared type `OwnedMessage`
[INFO] [stdout] 
[INFO] [stdout] error: aborting due to 2 previous errors
[INFO] [stdout] 
[INFO] [stdout] Some errors have detailed explanations: E0425, E0433.
[INFO] [stdout] For more information about an error, try `rustc --explain E0425`.
[INFO] [stdout] Couldn't compile the test.
[INFO] [stdout] ---- src/flatbuffers_owned.rs - flatbuffers_owned (line 43) stdout ----
[INFO] [stdout] error[E0425]: cannot find value `message_ids` in this scope
[INFO] [stdout]  --> src/flatbuffers_owned.rs:44:11
[INFO] [stdout]   |
[INFO] [stdout] 3 | for id in message_ids {
[INFO] [stdout]   |           ^^^^^^^^^^^ not found in this scope
[INFO] [stdout] 
[INFO] [stdout] error[E0425]: cannot find function `receive_message_bytes` in this scope
[INFO] [stdout]  --> src/flatbuffers_owned.rs:45:35
[INFO] [stdout]   |
[INFO] [stdout] 4 |     let message_bytes = Box::from(receive_message_bytes());
[INFO] [stdout]   |                                   ^^^^^^^^^^^^^^^^^^^^^ not found in this scope
[INFO] [stdout] 
[INFO] [stdout] error[E0433]: failed to resolve: use of undeclared type `OwnedMessage`
[INFO] [stdout]  --> src/flatbuffers_owned.rs:47:25
[INFO] [stdout]   |
[INFO] [stdout] 6 |     let owned_message = OwnedMessage::new(message_bytes);
[INFO] [stdout]   |                         ^^^^^^^^^^^^ use of undeclared type `OwnedMessage`
[INFO] [stdout] 
[INFO] [stdout] error: aborting due to 3 previous errors
[INFO] [stdout] 
[INFO] [stdout] Some errors have detailed explanations: E0425, E0433.
[INFO] [stdout] For more information about an error, try `rustc --explain E0425`.
[INFO] [stdout] Couldn't compile the test.
[INFO] [stdout] ---- src/flatbuffers_owned.rs - flatbuffers_owned (line 68) stdout ----
[INFO] [stdout] error[E0412]: cannot find type `RelaxedMessage` in this scope
[INFO] [stdout]  --> src/flatbuffers_owned.rs:69:25
[INFO] [stdout]   |
[INFO] [stdout] 3 | pub type OwnedMessage = RelaxedMessage<Box<[u8]>>;
[INFO] [stdout]   |                         ^^^^^^^^^^^^^^ not found in this scope
[INFO] [stdout] 
[INFO] [stdout] error: aborting due to 1 previous error
[INFO] [stdout] 
[INFO] [stdout] For more information about this error, try `rustc --explain E0412`.
[INFO] [stdout] Couldn't compile the test.
[INFO] [stdout] ---- src/flatbuffers_owned.rs - flatbuffers_owned (line 34) stdout ----
[INFO] [stdout] error[E0412]: cannot find type `Message` in this scope
[INFO] [stdout]  --> src/flatbuffers_owned.rs:35:14
[INFO] [stdout]   |
[INFO] [stdout] 3 | let message: Message = owned_message.as_actual();
[INFO] [stdout]   |              ^^^^^^^ not found in this scope
[INFO] [stdout]   |
[INFO] [stdout] help: consider importing this trait
[INFO] [stdout]   |
[INFO] [stdout] 2 + use tonic_flatbuffers::codec::Message;
[INFO] [stdout]   |
[INFO] [stdout] 
[INFO] [stdout] error[E0425]: cannot find value `owned_message` in this scope
[INFO] [stdout]  --> src/flatbuffers_owned.rs:35:24
[INFO] [stdout]   |
[INFO] [stdout] 3 | let message: Message = owned_message.as_actual();
[INFO] [stdout]   |                        ^^^^^^^^^^^^^ not found in this scope
[INFO] [stdout] 
[INFO] [stdout] error: aborting due to 2 previous errors
[INFO] [stdout] 
[INFO] [stdout] Some errors have detailed explanations: E0412, E0425.
[INFO] [stdout] For more information about an error, try `rustc --explain E0412`.
[INFO] [stdout] Couldn't compile the test.
[INFO] [stdout] 
[INFO] [stdout] failures:
[INFO] [stdout]     src/flatbuffers_owned.rs - flatbuffers_owned (line 19)
[INFO] [stdout]     src/flatbuffers_owned.rs - flatbuffers_owned (line 26)
[INFO] [stdout]     src/flatbuffers_owned.rs - flatbuffers_owned (line 34)
[INFO] [stdout]     src/flatbuffers_owned.rs - flatbuffers_owned (line 43)
[INFO] [stdout]     src/flatbuffers_owned.rs - flatbuffers_owned (line 68)
[INFO] [stdout]     src/flatbuffers_owned.rs - flatbuffers_owned::RelaxedFlatBufferTrait (line 127)
[INFO] [stdout]     src/flatbuffers_owned.rs - flatbuffers_owned::RelaxedFollowTrait (line 92)
[INFO] [stdout]     src/flatbuffers_owned.rs - flatbuffers_owned::__flatbuffers_owned (line 167)
[INFO] [stdout] 
[INFO] [stdout] test result: FAILED. 0 passed; 8 failed; 0 ignored; 0 measured; 0 filtered out; finished in 0.15s
[INFO] [stdout] 
[INFO] [stderr] error: doctest failed, to rerun pass `--doc`
[INFO] running `Command { std: "docker" "inspect" "f9dce4ebbeb695960f76d5253a4c06e497f2ce6f87e141315f32e4e892ee40fd", kill_on_drop: false }`
[INFO] running `Command { std: "docker" "rm" "-f" "f9dce4ebbeb695960f76d5253a4c06e497f2ce6f87e141315f32e4e892ee40fd", kill_on_drop: false }`
[INFO] [stdout] f9dce4ebbeb695960f76d5253a4c06e497f2ce6f87e141315f32e4e892ee40fd
