[INFO] fetching crate three-d-text-builder 0.7.0...
[INFO] testing three-d-text-builder-0.7.0 against nightly-2025-01-18 for randomize-layout-2
[INFO] extracting crate three-d-text-builder 0.7.0 into /workspace/builds/worker-7-tc1/source
[INFO] validating manifest of crates.io crate three-d-text-builder 0.7.0 on toolchain nightly-2025-01-18
[INFO] running `Command { std: CARGO_HOME="/workspace/cargo-home" RUSTUP_HOME="/workspace/rustup-home" "/workspace/cargo-home/bin/cargo" "+nightly-2025-01-18" "metadata" "--manifest-path" "Cargo.toml" "--no-deps", kill_on_drop: false }`
[INFO] started tweaking crates.io crate three-d-text-builder 0.7.0
[INFO] removed 4 missing examples
[INFO] finished tweaking crates.io crate three-d-text-builder 0.7.0
[INFO] tweaked toml for crates.io crate three-d-text-builder 0.7.0 written to /workspace/builds/worker-7-tc1/source/Cargo.toml
[INFO] crate crates.io crate three-d-text-builder 0.7.0 already has a lockfile, it will not be regenerated
[INFO] running `Command { std: CARGO_HOME="/workspace/cargo-home" RUSTUP_HOME="/workspace/rustup-home" "/workspace/cargo-home/bin/cargo" "+nightly-2025-01-18" "fetch" "--manifest-path" "Cargo.toml", kill_on_drop: false }`
[INFO] [stderr]     Updating crates.io index
[INFO] [stderr]     Blocking waiting for file lock on package cache
[INFO] [stderr]  Downloading crates ...
[INFO] [stderr]   Downloaded glutin_egl_sys v0.5.1
[INFO] [stderr]   Downloaded glutin_glx_sys v0.4.0
[INFO] [stderr]   Downloaded glutin_wgl_sys v0.4.0
[INFO] [stderr]   Downloaded approx v0.4.0
[INFO] [stderr]   Downloaded three-d-asset v0.7.0
[INFO] [stderr]   Downloaded wayland-sys v0.30.1
[INFO] [stderr]   Downloaded ahash v0.8.10
[INFO] [stderr]   Downloaded glutin v0.30.10
[INFO] [stderr]   Downloaded cc v1.0.88
[INFO] [stderr]   Downloaded three-d v0.17.0
[INFO] [stderr]   Downloaded fontdue v0.8.0
[INFO] [stderr]   Downloaded sctk-adwaita v0.5.4
[INFO] [stderr]   Downloaded cgmath v0.18.0
[INFO] [stderr]   Downloaded zerocopy v0.6.6
[INFO] [stderr]   Downloaded tiny-skia v0.8.4
[INFO] [stderr]   Downloaded android-activity v0.4.3
[INFO] [stderr]   Downloaded tiny-skia-path v0.8.4
[INFO] [stderr]   Downloaded zerocopy-derive v0.6.6
[INFO] [stderr]   Downloaded winit v0.28.7
[INFO] running `Command { std: "docker" "create" "-v" "/var/lib/crater-agent-workspace/builds/worker-7-tc1/target:/opt/rustwide/target:rw,Z" "-v" "/var/lib/crater-agent-workspace/builds/worker-7-tc1/source:/opt/rustwide/workdir:ro,Z" "-v" "/var/lib/crater-agent-workspace/cargo-home:/opt/rustwide/cargo-home:ro,Z" "-v" "/var/lib/crater-agent-workspace/rustup-home:/opt/rustwide/rustup-home:ro,Z" "-e" "SOURCE_DIR=/opt/rustwide/workdir" "-e" "CARGO_TARGET_DIR=/opt/rustwide/target" "-e" "CARGO_HOME=/opt/rustwide/cargo-home" "-e" "RUSTUP_HOME=/opt/rustwide/rustup-home" "-w" "/opt/rustwide/workdir" "-m" "1610612736" "--user" "0:0" "--network" "none" "ghcr.io/rust-lang/crates-build-env/linux@sha256:819108c5571ea2e421544af4d832f968d213c87fbe3707a016657f43d2f853bc" "/opt/rustwide/cargo-home/bin/cargo" "+nightly-2025-01-18" "metadata" "--no-deps" "--format-version=1", kill_on_drop: false }`
[INFO] [stdout] 3b89f4a11c98aeae2e52b46fd5bd560d50587675d00aa4c4191ebbd6d5ab7322
[INFO] running `Command { std: "docker" "start" "-a" "3b89f4a11c98aeae2e52b46fd5bd560d50587675d00aa4c4191ebbd6d5ab7322", kill_on_drop: false }`
[INFO] running `Command { std: "docker" "inspect" "3b89f4a11c98aeae2e52b46fd5bd560d50587675d00aa4c4191ebbd6d5ab7322", kill_on_drop: false }`
[INFO] running `Command { std: "docker" "rm" "-f" "3b89f4a11c98aeae2e52b46fd5bd560d50587675d00aa4c4191ebbd6d5ab7322", kill_on_drop: false }`
[INFO] [stdout] 3b89f4a11c98aeae2e52b46fd5bd560d50587675d00aa4c4191ebbd6d5ab7322
[INFO] running `Command { std: "docker" "create" "-v" "/var/lib/crater-agent-workspace/builds/worker-7-tc1/target:/opt/rustwide/target:rw,Z" "-v" "/var/lib/crater-agent-workspace/builds/worker-7-tc1/source:/opt/rustwide/workdir:ro,Z" "-v" "/var/lib/crater-agent-workspace/cargo-home:/opt/rustwide/cargo-home:ro,Z" "-v" "/var/lib/crater-agent-workspace/rustup-home:/opt/rustwide/rustup-home:ro,Z" "-e" "SOURCE_DIR=/opt/rustwide/workdir" "-e" "CARGO_TARGET_DIR=/opt/rustwide/target" "-e" "CARGO_INCREMENTAL=0" "-e" "RUST_BACKTRACE=full" "-e" "RUSTFLAGS=--cap-lints=forbid" "-e" "RUSTDOCFLAGS=--cap-lints=forbid" "-e" "CARGO_HOME=/opt/rustwide/cargo-home" "-e" "RUSTUP_HOME=/opt/rustwide/rustup-home" "-w" "/opt/rustwide/workdir" "-m" "1610612736" "--user" "0:0" "--network" "none" "ghcr.io/rust-lang/crates-build-env/linux@sha256:819108c5571ea2e421544af4d832f968d213c87fbe3707a016657f43d2f853bc" "/opt/rustwide/cargo-home/bin/cargo" "+nightly-2025-01-18" "build" "--frozen" "--message-format=json", kill_on_drop: false }`
[INFO] [stdout] f3d290f88bb73039269e21ba7918e3f692ceb439cccbe0cfec2d77d6c046734b
[INFO] running `Command { std: "docker" "start" "-a" "f3d290f88bb73039269e21ba7918e3f692ceb439cccbe0cfec2d77d6c046734b", kill_on_drop: false }`
[INFO] [stderr]    Compiling proc-macro2 v1.0.78
[INFO] [stderr]    Compiling unicode-ident v1.0.12
[INFO] [stderr]    Compiling xml-rs v0.8.19
[INFO] [stderr]    Compiling pkg-config v0.3.30
[INFO] [stderr]    Compiling libc v0.2.153
[INFO] [stderr]    Compiling log v0.4.21
[INFO] [stderr]    Compiling once_cell v1.19.0
[INFO] [stderr]    Compiling libloading v0.8.1
[INFO] [stderr]    Compiling khronos_api v3.1.0
[INFO] [stderr]    Compiling thiserror v1.0.57
[INFO] [stderr]    Compiling crc32fast v1.4.0
[INFO] [stderr]    Compiling libm v0.2.8
[INFO] [stderr]    Compiling smallvec v1.13.1
[INFO] [stderr]    Compiling simd-adler32 v0.3.7
[INFO] [stderr]    Compiling slotmap v1.0.7
[INFO] [stderr]    Compiling num-traits v0.2.18
[INFO] [stderr]    Compiling cfg_aliases v0.1.1
[INFO] [stderr]    Compiling adler v1.0.2
[INFO] [stderr]    Compiling downcast-rs v1.2.0
[INFO] [stderr]    Compiling ttf-parser v0.20.0
[INFO] [stderr]    Compiling dlib v0.5.2
[INFO] [stderr]    Compiling strict-num v0.1.1
[INFO] [stderr]    Compiling miniz_oxide v0.7.2
[INFO] [stderr]    Compiling fdeflate v0.3.4
[INFO] [stderr]    Compiling vec_map v0.8.2
[INFO] [stderr]    Compiling arrayref v0.3.7
[INFO] [stderr]    Compiling bytemuck v1.14.3
[INFO] [stderr]    Compiling xcursor v0.3.5
[INFO] [stderr]    Compiling ahash v0.8.10
[INFO] [stderr]    Compiling byteorder v1.5.0
[INFO] [stderr]    Compiling ab_glyph_rasterizer v0.1.8
[INFO] [stderr]    Compiling arrayvec v0.7.4
[INFO] [stderr]    Compiling cgmath v0.18.0
[INFO] [stderr]    Compiling glutin v0.30.10
[INFO] [stderr]    Compiling zerocopy v0.7.32
[INFO] [stderr]    Compiling tiny-skia-path v0.8.4
[INFO] [stderr]    Compiling raw-window-handle v0.5.2
[INFO] [stderr]    Compiling instant v0.1.12
[INFO] [stderr]    Compiling libloading v0.7.4
[INFO] [stderr]    Compiling wayland-sys v0.29.5
[INFO] [stderr]    Compiling x11-dl v2.21.0
[INFO] [stderr]    Compiling smithay-client-toolkit v0.16.1
[INFO] [stderr]    Compiling flate2 v1.0.28
[INFO] [stderr]    Compiling wayland-sys v0.30.1
[INFO] [stderr]    Compiling quote v1.0.35
[INFO] [stderr]    Compiling allocator-api2 v0.2.16
[INFO] [stderr]    Compiling glow v0.13.1
[INFO] [stderr]    Compiling syn v2.0.52
[INFO] [stderr]    Compiling rectangle-pack v0.4.2
[INFO] [stderr]    Compiling png v0.17.13
[INFO] [stderr]    Compiling wayland-scanner v0.29.5
[INFO] [stderr]    Compiling gl_generator v0.14.0
[INFO] [stderr]    Compiling nix v0.24.3
[INFO] [stderr]    Compiling nix v0.25.1
[INFO] [stderr]    Compiling memmap2 v0.5.10
[INFO] [stderr]    Compiling approx v0.4.0
[INFO] [stderr]    Compiling mio v0.8.10
[INFO] [stderr]    Compiling hashbrown v0.14.3
[INFO] [stderr]    Compiling glutin_glx_sys v0.4.0
[INFO] [stderr]    Compiling glutin_egl_sys v0.5.1
[INFO] [stderr]    Compiling tiny-skia v0.8.4
[INFO] [stderr]    Compiling wayland-client v0.29.5
[INFO] [stderr]    Compiling wayland-protocols v0.29.5
[INFO] [stderr]    Compiling winit v0.28.7
[INFO] [stderr]    Compiling owned_ttf_parser v0.20.0
[INFO] [stderr]    Compiling fontdue v0.8.0
[INFO] [stderr]    Compiling ab_glyph v0.2.23
[INFO] [stderr]    Compiling thiserror-impl v1.0.57
[INFO] [stderr]    Compiling zerocopy-derive v0.6.6
[INFO] [stderr]    Compiling wayland-commons v0.29.5
[INFO] [stderr]    Compiling zerocopy v0.6.6
[INFO] [stderr]    Compiling half v2.4.0
[INFO] [stderr]    Compiling calloop v0.10.6
[INFO] [stderr]    Compiling three-d-asset v0.7.0
[INFO] [stderr]    Compiling wayland-cursor v0.29.5
[INFO] [stderr]    Compiling sctk-adwaita v0.5.4
[INFO] [stderr]    Compiling three-d v0.17.0
[INFO] [stderr]    Compiling three-d-text-builder v0.7.0 (/opt/rustwide/workdir)
[INFO] [stderr]     Finished `dev` profile [unoptimized + debuginfo] target(s) in 1m 44s
[INFO] running `Command { std: "docker" "inspect" "f3d290f88bb73039269e21ba7918e3f692ceb439cccbe0cfec2d77d6c046734b", kill_on_drop: false }`
[INFO] running `Command { std: "docker" "rm" "-f" "f3d290f88bb73039269e21ba7918e3f692ceb439cccbe0cfec2d77d6c046734b", kill_on_drop: false }`
[INFO] [stdout] f3d290f88bb73039269e21ba7918e3f692ceb439cccbe0cfec2d77d6c046734b
[INFO] running `Command { std: "docker" "create" "-v" "/var/lib/crater-agent-workspace/builds/worker-7-tc1/target:/opt/rustwide/target:rw,Z" "-v" "/var/lib/crater-agent-workspace/builds/worker-7-tc1/source:/opt/rustwide/workdir:ro,Z" "-v" "/var/lib/crater-agent-workspace/cargo-home:/opt/rustwide/cargo-home:ro,Z" "-v" "/var/lib/crater-agent-workspace/rustup-home:/opt/rustwide/rustup-home:ro,Z" "-e" "SOURCE_DIR=/opt/rustwide/workdir" "-e" "CARGO_TARGET_DIR=/opt/rustwide/target" "-e" "CARGO_INCREMENTAL=0" "-e" "RUST_BACKTRACE=full" "-e" "RUSTFLAGS=--cap-lints=forbid" "-e" "RUSTDOCFLAGS=--cap-lints=forbid" "-e" "CARGO_HOME=/opt/rustwide/cargo-home" "-e" "RUSTUP_HOME=/opt/rustwide/rustup-home" "-w" "/opt/rustwide/workdir" "-m" "1610612736" "--user" "0:0" "--network" "none" "ghcr.io/rust-lang/crates-build-env/linux@sha256:819108c5571ea2e421544af4d832f968d213c87fbe3707a016657f43d2f853bc" "/opt/rustwide/cargo-home/bin/cargo" "+nightly-2025-01-18" "test" "--frozen" "--no-run" "--message-format=json", kill_on_drop: false }`
[INFO] [stdout] b0abb3d744f7e4ed838677c4c3a2a2dc15984eb9fb2992127215b21ebdcbbef6
[INFO] running `Command { std: "docker" "start" "-a" "b0abb3d744f7e4ed838677c4c3a2a2dc15984eb9fb2992127215b21ebdcbbef6", kill_on_drop: false }`
[INFO] [stderr]    Compiling three-d-text-builder v0.7.0 (/opt/rustwide/workdir)
[INFO] [stderr]     Finished `test` profile [unoptimized + debuginfo] target(s) in 0.84s
[INFO] running `Command { std: "docker" "inspect" "b0abb3d744f7e4ed838677c4c3a2a2dc15984eb9fb2992127215b21ebdcbbef6", kill_on_drop: false }`
[INFO] running `Command { std: "docker" "rm" "-f" "b0abb3d744f7e4ed838677c4c3a2a2dc15984eb9fb2992127215b21ebdcbbef6", kill_on_drop: false }`
[INFO] [stdout] b0abb3d744f7e4ed838677c4c3a2a2dc15984eb9fb2992127215b21ebdcbbef6
[INFO] running `Command { std: "docker" "create" "-v" "/var/lib/crater-agent-workspace/builds/worker-7-tc1/target:/opt/rustwide/target:rw,Z" "-v" "/var/lib/crater-agent-workspace/builds/worker-7-tc1/source:/opt/rustwide/workdir:ro,Z" "-v" "/var/lib/crater-agent-workspace/cargo-home:/opt/rustwide/cargo-home:ro,Z" "-v" "/var/lib/crater-agent-workspace/rustup-home:/opt/rustwide/rustup-home:ro,Z" "-e" "SOURCE_DIR=/opt/rustwide/workdir" "-e" "CARGO_TARGET_DIR=/opt/rustwide/target" "-e" "CARGO_INCREMENTAL=0" "-e" "RUST_BACKTRACE=full" "-e" "RUSTFLAGS=--cap-lints=forbid" "-e" "RUSTDOCFLAGS=--cap-lints=forbid" "-e" "CARGO_HOME=/opt/rustwide/cargo-home" "-e" "RUSTUP_HOME=/opt/rustwide/rustup-home" "-w" "/opt/rustwide/workdir" "-m" "1610612736" "--user" "0:0" "--network" "none" "ghcr.io/rust-lang/crates-build-env/linux@sha256:819108c5571ea2e421544af4d832f968d213c87fbe3707a016657f43d2f853bc" "/opt/rustwide/cargo-home/bin/cargo" "+nightly-2025-01-18" "test" "--frozen", kill_on_drop: false }`
[INFO] [stdout] 832f27bb8978b7598f5c8efe350a163867b5f25c43d3934bd8e7eaa172312e8d
[INFO] running `Command { std: "docker" "start" "-a" "832f27bb8978b7598f5c8efe350a163867b5f25c43d3934bd8e7eaa172312e8d", kill_on_drop: false }`
[INFO] [stderr]     Finished `test` profile [unoptimized + debuginfo] target(s) in 0.14s
[INFO] [stderr]      Running unittests src/lib.rs (/opt/rustwide/target/debug/deps/three_d_text_builder-8f80ba1f1052b329)
[INFO] [stdout] 
[INFO] [stdout] running 0 tests
[INFO] [stdout] 
[INFO] [stdout] test result: ok. 0 passed; 0 failed; 0 ignored; 0 measured; 0 filtered out; finished in 0.00s
[INFO] [stdout] 
[INFO] [stderr]    Doc-tests three_d_text_builder
[INFO] [stdout] 
[INFO] [stdout] running 1 test
[INFO] [stdout] test src/lib.rs - (line 15) ... FAILED
[INFO] [stdout] 
[INFO] [stdout] failures:
[INFO] [stdout] 
[INFO] [stdout] ---- src/lib.rs - (line 15) stdout ----
[INFO] [stdout] error: couldn't read `src/font.ttf`: No such file or directory (os error 2)
[INFO] [stdout]  --> src/lib.rs:18:6
[INFO] [stdout]   |
[INFO] [stdout] 5 |     &include_str!("font.ttf"),
[INFO] [stdout]   |      ^^^^^^^^^^^^^^^^^^^^^^^^
[INFO] [stdout]   |
[INFO] [stdout]   = note: this error originates in the macro `include_str` (in Nightly builds, run with -Z macro-backtrace for more info)
[INFO] [stdout] 
[INFO] [stdout] error[E0433]: failed to resolve: use of undeclared type `TextBuilder`
[INFO] [stdout]  --> src/lib.rs:17:24
[INFO] [stdout]   |
[INFO] [stdout] 4 | let mut text_builder = TextBuilder::new(
[INFO] [stdout]   |                        ^^^^^^^^^^^ use of undeclared type `TextBuilder`
[INFO] [stdout]   |
[INFO] [stdout] help: consider importing this struct
[INFO] [stdout]   |
[INFO] [stdout] 3 + use three_d_text_builder::TextBuilder;
[INFO] [stdout]   |
[INFO] [stdout] 
[INFO] [stdout] error[E0433]: failed to resolve: use of undeclared type `TextBuilderSettings`
[INFO] [stdout]  --> src/lib.rs:19:5
[INFO] [stdout]   |
[INFO] [stdout] 6 |     TextBuilderSettings::default()
[INFO] [stdout]   |     ^^^^^^^^^^^^^^^^^^^ use of undeclared type `TextBuilderSettings`
[INFO] [stdout]   |
[INFO] [stdout] help: consider importing this struct
[INFO] [stdout]   |
[INFO] [stdout] 3 + use three_d_text_builder::TextBuilderSettings;
[INFO] [stdout]   |
[INFO] [stdout] 
[INFO] [stdout] error[E0422]: cannot find struct, variant or union type `TextRef` in this scope
[INFO] [stdout]   --> src/lib.rs:24:12
[INFO] [stdout]    |
[INFO] [stdout] 11 | let text = TextRef {
[INFO] [stdout]    |            ^^^^^^^ not found in this scope
[INFO] [stdout]    |
[INFO] [stdout] help: consider importing this struct
[INFO] [stdout]    |
[INFO] [stdout] 3  + use three_d_text_builder::TextRef;
[INFO] [stdout]    |
[INFO] [stdout] 
[INFO] [stdout] error[E0433]: failed to resolve: use of undeclared type `Srgba`
[INFO] [stdout]   --> src/lib.rs:28:12
[INFO] [stdout]    |
[INFO] [stdout] 15 |     color: Srgba::RED,
[INFO] [stdout]    |            ^^^^^ use of undeclared type `Srgba`
[INFO] [stdout]    |
[INFO] [stdout] help: consider importing one of these structs
[INFO] [stdout]    |
[INFO] [stdout] 3  + use three_d::Srgba;
[INFO] [stdout]    |
[INFO] [stdout] 3  + use three_d_asset::Srgba;
[INFO] [stdout]    |
[INFO] [stdout] 
[INFO] [stdout] error[E0433]: failed to resolve: use of undeclared type `TextAlign`
[INFO] [stdout]   --> src/lib.rs:30:12
[INFO] [stdout]    |
[INFO] [stdout] 17 |     align: TextAlign::Viewport(0, -1),
[INFO] [stdout]    |            ^^^^^^^^^ use of undeclared type `TextAlign`
[INFO] [stdout]    |
[INFO] [stdout] help: consider importing this enum
[INFO] [stdout]    |
[INFO] [stdout] 3  + use three_d_text_builder::TextAlign;
[INFO] [stdout]    |
[INFO] [stdout] 
[INFO] [stdout] error[E0425]: cannot find function `vec2` in this scope
[INFO] [stdout]   --> src/lib.rs:32:14
[INFO] [stdout]    |
[INFO] [stdout] 19 |     padding: vec2(0.0, 8.0),
[INFO] [stdout]    |              ^^^^ not found in this scope
[INFO] [stdout]    |
[INFO] [stdout] help: consider importing one of these functions
[INFO] [stdout]    |
[INFO] [stdout] 3  + use three_d::vec2;
[INFO] [stdout]    |
[INFO] [stdout] 3  + use three_d_asset::vec2;
[INFO] [stdout]    |
[INFO] [stdout] 
[INFO] [stdout] error[E0433]: failed to resolve: use of undeclared type `TextPosition`
[INFO] [stdout]   --> src/lib.rs:34:15
[INFO] [stdout]    |
[INFO] [stdout] 21 |     position: TextPosition::Percentage(vec2(0.0, 0.25)),
[INFO] [stdout]    |               ^^^^^^^^^^^^ use of undeclared type `TextPosition`
[INFO] [stdout]    |
[INFO] [stdout] help: consider importing this enum
[INFO] [stdout]    |
[INFO] [stdout] 3  + use three_d_text_builder::TextPosition;
[INFO] [stdout]    |
[INFO] [stdout] 
[INFO] [stdout] error[E0425]: cannot find function `vec2` in this scope
[INFO] [stdout]   --> src/lib.rs:34:40
[INFO] [stdout]    |
[INFO] [stdout] 21 |     position: TextPosition::Percentage(vec2(0.0, 0.25)),
[INFO] [stdout]    |                                        ^^^^ not found in this scope
[INFO] [stdout]    |
[INFO] [stdout] help: consider importing one of these functions
[INFO] [stdout]    |
[INFO] [stdout] 3  + use three_d::vec2;
[INFO] [stdout]    |
[INFO] [stdout] 3  + use three_d_asset::vec2;
[INFO] [stdout]    |
[INFO] [stdout] 
[INFO] [stdout] error[E0433]: failed to resolve: use of undeclared type `Srgba`
[INFO] [stdout]   --> src/lib.rs:36:19
[INFO] [stdout]    |
[INFO] [stdout] 23 |     shadow: Some((Srgba::BLACK, vec2(1.0, -1.0))),
[INFO] [stdout]    |                   ^^^^^ use of undeclared type `Srgba`
[INFO] [stdout]    |
[INFO] [stdout] help: consider importing one of these structs
[INFO] [stdout]    |
[INFO] [stdout] 3  + use three_d::Srgba;
[INFO] [stdout]    |
[INFO] [stdout] 3  + use three_d_asset::Srgba;
[INFO] [stdout]    |
[INFO] [stdout] 
[INFO] [stdout] error[E0425]: cannot find function `vec2` in this scope
[INFO] [stdout]   --> src/lib.rs:36:33
[INFO] [stdout]    |
[INFO] [stdout] 23 |     shadow: Some((Srgba::BLACK, vec2(1.0, -1.0))),
[INFO] [stdout]    |                                 ^^^^ not found in this scope
[INFO] [stdout]    |
[INFO] [stdout] help: consider importing one of these functions
[INFO] [stdout]    |
[INFO] [stdout] 3  + use three_d::vec2;
[INFO] [stdout]    |
[INFO] [stdout] 3  + use three_d_asset::vec2;
[INFO] [stdout]    |
[INFO] [stdout] 
[INFO] [stdout] error[E0425]: cannot find value `context` in this scope
[INFO] [stdout]   --> src/lib.rs:42:38
[INFO] [stdout]    |
[INFO] [stdout] 29 | let text_model = text_builder.build(&context, &[text]);
[INFO] [stdout]    |                                      ^^^^^^^ not found in this scope
[INFO] [stdout] 
[INFO] [stdout] error[E0425]: cannot find value `viewport` in this scope
[INFO] [stdout]   --> src/lib.rs:45:27
[INFO] [stdout]    |
[INFO] [stdout] 32 | text_builder.set_viewport(viewport);
[INFO] [stdout]    |                           ^^^^^^^^ not found in this scope
[INFO] [stdout] 
[INFO] [stdout] error[E0425]: cannot find value `render_target` in this scope
[INFO] [stdout]   --> src/lib.rs:48:1
[INFO] [stdout]    |
[INFO] [stdout] 35 | render_target.render(&camera, text_model, &[]);
[INFO] [stdout]    | ^^^^^^^^^^^^^ not found in this scope
[INFO] [stdout] 
[INFO] [stdout] error[E0425]: cannot find value `camera` in this scope
[INFO] [stdout]   --> src/lib.rs:48:23
[INFO] [stdout]    |
[INFO] [stdout] 35 | render_target.render(&camera, text_model, &[]);
[INFO] [stdout]    |                       ^^^^^^ not found in this scope
[INFO] [stdout] 
[INFO] [stdout] error: aborting due to 15 previous errors
[INFO] [stdout] 
[INFO] [stdout] Some errors have detailed explanations: E0422, E0425, E0433.
[INFO] [stdout] For more information about an error, try `rustc --explain E0422`.
[INFO] [stdout] Couldn't compile the test.
[INFO] [stdout] 
[INFO] [stdout] failures:
[INFO] [stdout]     src/lib.rs - (line 15)
[INFO] [stdout] 
[INFO] [stdout] test result: FAILED. 0 passed; 1 failed; 0 ignored; 0 measured; 0 filtered out; finished in 0.18s
[INFO] [stdout] 
[INFO] [stderr] error: doctest failed, to rerun pass `--doc`
[INFO] running `Command { std: "docker" "inspect" "832f27bb8978b7598f5c8efe350a163867b5f25c43d3934bd8e7eaa172312e8d", kill_on_drop: false }`
[INFO] running `Command { std: "docker" "rm" "-f" "832f27bb8978b7598f5c8efe350a163867b5f25c43d3934bd8e7eaa172312e8d", kill_on_drop: false }`
[INFO] [stdout] 832f27bb8978b7598f5c8efe350a163867b5f25c43d3934bd8e7eaa172312e8d
