[INFO] fetching crate thiserror-nostd-notrait 1.0.57...
[INFO] testing thiserror-nostd-notrait-1.0.57 against nightly-2025-01-18 for randomize-layout-2
[INFO] extracting crate thiserror-nostd-notrait 1.0.57 into /workspace/builds/worker-2-tc1/source
[INFO] validating manifest of crates.io crate thiserror-nostd-notrait 1.0.57 on toolchain nightly-2025-01-18
[INFO] running `Command { std: CARGO_HOME="/workspace/cargo-home" RUSTUP_HOME="/workspace/rustup-home" "/workspace/cargo-home/bin/cargo" "+nightly-2025-01-18" "metadata" "--manifest-path" "Cargo.toml" "--no-deps", kill_on_drop: false }`
[INFO] removed /workspace/builds/worker-2-tc1/source/rust-toolchain.toml
[INFO] started tweaking crates.io crate thiserror-nostd-notrait 1.0.57
[INFO] finished tweaking crates.io crate thiserror-nostd-notrait 1.0.57
[INFO] tweaked toml for crates.io crate thiserror-nostd-notrait 1.0.57 written to /workspace/builds/worker-2-tc1/source/Cargo.toml
[INFO] running `Command { std: CARGO_HOME="/workspace/cargo-home" RUSTUP_HOME="/workspace/rustup-home" "/workspace/cargo-home/bin/cargo" "+nightly-2025-01-18" "generate-lockfile" "--manifest-path" "Cargo.toml", kill_on_drop: false }`
[INFO] [stderr]     Updating crates.io index
[INFO] [stderr]      Locking 39 packages to latest compatible versions
[INFO] running `Command { std: CARGO_HOME="/workspace/cargo-home" RUSTUP_HOME="/workspace/rustup-home" "/workspace/cargo-home/bin/cargo" "+nightly-2025-01-18" "fetch" "--manifest-path" "Cargo.toml", kill_on_drop: false }`
[INFO] [stderr]  Downloading crates ...
[INFO] [stderr]   Downloaded thiserror-nostd-notrait-impl v1.0.57
[INFO] running `Command { std: "docker" "create" "-v" "/var/lib/crater-agent-workspace/builds/worker-2-tc1/target:/opt/rustwide/target:rw,Z" "-v" "/var/lib/crater-agent-workspace/builds/worker-2-tc1/source:/opt/rustwide/workdir:ro,Z" "-v" "/var/lib/crater-agent-workspace/cargo-home:/opt/rustwide/cargo-home:ro,Z" "-v" "/var/lib/crater-agent-workspace/rustup-home:/opt/rustwide/rustup-home:ro,Z" "-e" "SOURCE_DIR=/opt/rustwide/workdir" "-e" "CARGO_TARGET_DIR=/opt/rustwide/target" "-e" "CARGO_HOME=/opt/rustwide/cargo-home" "-e" "RUSTUP_HOME=/opt/rustwide/rustup-home" "-w" "/opt/rustwide/workdir" "-m" "1610612736" "--user" "0:0" "--network" "none" "ghcr.io/rust-lang/crates-build-env/linux@sha256:819108c5571ea2e421544af4d832f968d213c87fbe3707a016657f43d2f853bc" "/opt/rustwide/cargo-home/bin/cargo" "+nightly-2025-01-18" "metadata" "--no-deps" "--format-version=1", kill_on_drop: false }`
[INFO] [stdout] 6b43d2b660f3eda9d5f010110b649c93daa4d4b8f8362080356d5102c4d65b18
[INFO] running `Command { std: "docker" "start" "-a" "6b43d2b660f3eda9d5f010110b649c93daa4d4b8f8362080356d5102c4d65b18", kill_on_drop: false }`
[INFO] running `Command { std: "docker" "inspect" "6b43d2b660f3eda9d5f010110b649c93daa4d4b8f8362080356d5102c4d65b18", kill_on_drop: false }`
[INFO] running `Command { std: "docker" "rm" "-f" "6b43d2b660f3eda9d5f010110b649c93daa4d4b8f8362080356d5102c4d65b18", kill_on_drop: false }`
[INFO] [stdout] 6b43d2b660f3eda9d5f010110b649c93daa4d4b8f8362080356d5102c4d65b18
[INFO] running `Command { std: "docker" "create" "-v" "/var/lib/crater-agent-workspace/builds/worker-2-tc1/target:/opt/rustwide/target:rw,Z" "-v" "/var/lib/crater-agent-workspace/builds/worker-2-tc1/source:/opt/rustwide/workdir:ro,Z" "-v" "/var/lib/crater-agent-workspace/cargo-home:/opt/rustwide/cargo-home:ro,Z" "-v" "/var/lib/crater-agent-workspace/rustup-home:/opt/rustwide/rustup-home:ro,Z" "-e" "SOURCE_DIR=/opt/rustwide/workdir" "-e" "CARGO_TARGET_DIR=/opt/rustwide/target" "-e" "CARGO_INCREMENTAL=0" "-e" "RUST_BACKTRACE=full" "-e" "RUSTFLAGS=--cap-lints=forbid" "-e" "RUSTDOCFLAGS=--cap-lints=forbid" "-e" "CARGO_HOME=/opt/rustwide/cargo-home" "-e" "RUSTUP_HOME=/opt/rustwide/rustup-home" "-w" "/opt/rustwide/workdir" "-m" "1610612736" "--user" "0:0" "--network" "none" "ghcr.io/rust-lang/crates-build-env/linux@sha256:819108c5571ea2e421544af4d832f968d213c87fbe3707a016657f43d2f853bc" "/opt/rustwide/cargo-home/bin/cargo" "+nightly-2025-01-18" "build" "--frozen" "--message-format=json", kill_on_drop: false }`
[INFO] [stdout] da732082caf3e9a8a12d6bad87df8cc682c73e08186c036b0cdecbc147a92a1f
[INFO] running `Command { std: "docker" "start" "-a" "da732082caf3e9a8a12d6bad87df8cc682c73e08186c036b0cdecbc147a92a1f", kill_on_drop: false }`
[INFO] [stderr]    Compiling proc-macro2 v1.0.93
[INFO] [stderr]    Compiling unicode-ident v1.0.14
[INFO] [stderr]    Compiling thiserror-nostd-notrait v1.0.57 (/opt/rustwide/workdir)
[INFO] [stderr]    Compiling quote v1.0.38
[INFO] [stderr]    Compiling syn v2.0.96
[INFO] [stderr]    Compiling thiserror-nostd-notrait-impl v1.0.57
[INFO] [stdout] warning: unexpected `cfg` condition name: `error_generic_member_access`
[INFO] [stdout]    --> src/lib.rs:239:13
[INFO] [stdout]     |
[INFO] [stdout] 239 | #![cfg_attr(error_generic_member_access, feature(error_generic_member_access))]
[INFO] [stdout]     |             ^^^^^^^^^^^^^^^^^^^^^^^^^^^
[INFO] [stdout]     |
[INFO] [stdout]     = help: expected names are: `clippy`, `debug_assertions`, `doc`, `docsrs`, `doctest`, `feature`, `fmt_debug`, `miri`, `overflow_checks`, `panic`, `proc_macro`, `relocation_model`, `rustfmt`, `sanitize`, `sanitizer_cfi_generalize_pointers`, `sanitizer_cfi_normalize_integers`, `target_abi`, `target_arch`, `target_endian`, `target_env`, `target_family`, `target_feature`, `target_has_atomic`, `target_has_atomic_equal_alignment`, `target_has_atomic_load_store`, `target_os`, `target_pointer_width`, `target_thread_local`, `target_vendor`, `test`, `ub_checks`, `unix`, and `windows`
[INFO] [stdout]     = help: consider using a Cargo feature instead
[INFO] [stdout]     = help: or consider adding in `Cargo.toml` the `check-cfg` lint config for the lint:
[INFO] [stdout]              [lints.rust]
[INFO] [stdout]              unexpected_cfgs = { level = "warn", check-cfg = ['cfg(error_generic_member_access)'] }
[INFO] [stdout]     = help: or consider adding `println!("cargo::rustc-check-cfg=cfg(error_generic_member_access)");` to the top of the `build.rs`
[INFO] [stdout]     = note: see <https://doc.rust-lang.org/nightly/rustc/check-cfg/cargo-specifics.html> for more information about checking conditional configuration
[INFO] [stdout]     = note: `#[warn(unexpected_cfgs)]` on by default
[INFO] [stdout] 
[INFO] [stdout] 
[INFO] [stdout] warning: unexpected `cfg` condition name: `thiserror_nightly_testing`
[INFO] [stdout]    --> src/lib.rs:241:11
[INFO] [stdout]     |
[INFO] [stdout] 241 | #[cfg(all(thiserror_nightly_testing, not(error_generic_member_access)))]
[INFO] [stdout]     |           ^^^^^^^^^^^^^^^^^^^^^^^^^
[INFO] [stdout]     |
[INFO] [stdout]     = help: consider using a Cargo feature instead
[INFO] [stdout]     = help: or consider adding in `Cargo.toml` the `check-cfg` lint config for the lint:
[INFO] [stdout]              [lints.rust]
[INFO] [stdout]              unexpected_cfgs = { level = "warn", check-cfg = ['cfg(thiserror_nightly_testing)'] }
[INFO] [stdout]     = help: or consider adding `println!("cargo::rustc-check-cfg=cfg(thiserror_nightly_testing)");` to the top of the `build.rs`
[INFO] [stdout]     = note: see <https://doc.rust-lang.org/nightly/rustc/check-cfg/cargo-specifics.html> for more information about checking conditional configuration
[INFO] [stdout] 
[INFO] [stdout] 
[INFO] [stdout] warning: unexpected `cfg` condition name: `error_generic_member_access`
[INFO] [stdout]    --> src/lib.rs:241:42
[INFO] [stdout]     |
[INFO] [stdout] 241 | #[cfg(all(thiserror_nightly_testing, not(error_generic_member_access)))]
[INFO] [stdout]     |                                          ^^^^^^^^^^^^^^^^^^^^^^^^^^^
[INFO] [stdout]     |
[INFO] [stdout]     = help: consider using a Cargo feature instead
[INFO] [stdout]     = help: or consider adding in `Cargo.toml` the `check-cfg` lint config for the lint:
[INFO] [stdout]              [lints.rust]
[INFO] [stdout]              unexpected_cfgs = { level = "warn", check-cfg = ['cfg(error_generic_member_access)'] }
[INFO] [stdout]     = help: or consider adding `println!("cargo::rustc-check-cfg=cfg(error_generic_member_access)");` to the top of the `build.rs`
[INFO] [stdout]     = note: see <https://doc.rust-lang.org/nightly/rustc/check-cfg/cargo-specifics.html> for more information about checking conditional configuration
[INFO] [stdout] 
[INFO] [stdout] 
[INFO] [stdout] warning: unexpected `cfg` condition name: `error_generic_member_access`
[INFO] [stdout]    --> src/lib.rs:247:7
[INFO] [stdout]     |
[INFO] [stdout] 247 | #[cfg(error_generic_member_access)]
[INFO] [stdout]     |       ^^^^^^^^^^^^^^^^^^^^^^^^^^^
[INFO] [stdout]     |
[INFO] [stdout]     = help: consider using a Cargo feature instead
[INFO] [stdout]     = help: or consider adding in `Cargo.toml` the `check-cfg` lint config for the lint:
[INFO] [stdout]              [lints.rust]
[INFO] [stdout]              unexpected_cfgs = { level = "warn", check-cfg = ['cfg(error_generic_member_access)'] }
[INFO] [stdout]     = help: or consider adding `println!("cargo::rustc-check-cfg=cfg(error_generic_member_access)");` to the top of the `build.rs`
[INFO] [stdout]     = note: see <https://doc.rust-lang.org/nightly/rustc/check-cfg/cargo-specifics.html> for more information about checking conditional configuration
[INFO] [stdout] 
[INFO] [stdout] 
[INFO] [stdout] warning: unexpected `cfg` condition name: `error_generic_member_access`
[INFO] [stdout]    --> src/lib.rs:261:11
[INFO] [stdout]     |
[INFO] [stdout] 261 |     #[cfg(error_generic_member_access)]
[INFO] [stdout]     |           ^^^^^^^^^^^^^^^^^^^^^^^^^^^
[INFO] [stdout]     |
[INFO] [stdout]     = help: consider using a Cargo feature instead
[INFO] [stdout]     = help: or consider adding in `Cargo.toml` the `check-cfg` lint config for the lint:
[INFO] [stdout]              [lints.rust]
[INFO] [stdout]              unexpected_cfgs = { level = "warn", check-cfg = ['cfg(error_generic_member_access)'] }
[INFO] [stdout]     = help: or consider adding `println!("cargo::rustc-check-cfg=cfg(error_generic_member_access)");` to the top of the `build.rs`
[INFO] [stdout]     = note: see <https://doc.rust-lang.org/nightly/rustc/check-cfg/cargo-specifics.html> for more information about checking conditional configuration
[INFO] [stdout] 
[INFO] [stdout] 
[INFO] [stderr]     Finished `dev` profile [unoptimized + debuginfo] target(s) in 5.62s
[INFO] running `Command { std: "docker" "inspect" "da732082caf3e9a8a12d6bad87df8cc682c73e08186c036b0cdecbc147a92a1f", kill_on_drop: false }`
[INFO] running `Command { std: "docker" "rm" "-f" "da732082caf3e9a8a12d6bad87df8cc682c73e08186c036b0cdecbc147a92a1f", kill_on_drop: false }`
[INFO] [stdout] da732082caf3e9a8a12d6bad87df8cc682c73e08186c036b0cdecbc147a92a1f
[INFO] running `Command { std: "docker" "create" "-v" "/var/lib/crater-agent-workspace/builds/worker-2-tc1/target:/opt/rustwide/target:rw,Z" "-v" "/var/lib/crater-agent-workspace/builds/worker-2-tc1/source:/opt/rustwide/workdir:ro,Z" "-v" "/var/lib/crater-agent-workspace/cargo-home:/opt/rustwide/cargo-home:ro,Z" "-v" "/var/lib/crater-agent-workspace/rustup-home:/opt/rustwide/rustup-home:ro,Z" "-e" "SOURCE_DIR=/opt/rustwide/workdir" "-e" "CARGO_TARGET_DIR=/opt/rustwide/target" "-e" "CARGO_INCREMENTAL=0" "-e" "RUST_BACKTRACE=full" "-e" "RUSTFLAGS=--cap-lints=forbid" "-e" "RUSTDOCFLAGS=--cap-lints=forbid" "-e" "CARGO_HOME=/opt/rustwide/cargo-home" "-e" "RUSTUP_HOME=/opt/rustwide/rustup-home" "-w" "/opt/rustwide/workdir" "-m" "1610612736" "--user" "0:0" "--network" "none" "ghcr.io/rust-lang/crates-build-env/linux@sha256:819108c5571ea2e421544af4d832f968d213c87fbe3707a016657f43d2f853bc" "/opt/rustwide/cargo-home/bin/cargo" "+nightly-2025-01-18" "test" "--frozen" "--no-run" "--message-format=json", kill_on_drop: false }`
[INFO] [stdout] ce16a0fe1cd094ca223545a6fadbe92de7b94be95dbc2728a604331eb73d03ac
[INFO] running `Command { std: "docker" "start" "-a" "ce16a0fe1cd094ca223545a6fadbe92de7b94be95dbc2728a604331eb73d03ac", kill_on_drop: false }`
[INFO] [stderr]    Compiling serde v1.0.217
[INFO] [stderr]    Compiling equivalent v1.0.1
[INFO] [stderr]    Compiling hashbrown v0.15.2
[INFO] [stderr]    Compiling winnow v0.6.24
[INFO] [stderr]    Compiling target-triple v0.1.3
[INFO] [stderr]    Compiling serde_json v1.0.137
[INFO] [stderr]    Compiling rustversion v1.0.19
[INFO] [stderr]    Compiling ryu v1.0.18
[INFO] [stderr]    Compiling ref-cast v1.0.23
[INFO] [stderr]    Compiling anyhow v1.0.95
[INFO] [stderr]    Compiling memchr v2.7.4
[INFO] [stderr]    Compiling itoa v1.0.14
[INFO] [stderr]    Compiling dissimilar v1.0.9
[INFO] [stderr]    Compiling termcolor v1.4.1
[INFO] [stderr]    Compiling glob v0.3.2
[INFO] [stderr]    Compiling serde_derive v1.0.217
[INFO] [stderr]    Compiling ref-cast-impl v1.0.23
[INFO] [stdout] warning: unexpected `cfg` condition name: `error_generic_member_access`
[INFO] [stdout]    --> src/lib.rs:239:13
[INFO] [stdout]     |
[INFO] [stdout] 239 | #![cfg_attr(error_generic_member_access, feature(error_generic_member_access))]
[INFO] [stdout]     |             ^^^^^^^^^^^^^^^^^^^^^^^^^^^
[INFO] [stdout]     |
[INFO] [stdout]     = help: expected names are: `clippy`, `debug_assertions`, `doc`, `docsrs`, `doctest`, `feature`, `fmt_debug`, `miri`, `overflow_checks`, `panic`, `proc_macro`, `relocation_model`, `rustfmt`, `sanitize`, `sanitizer_cfi_generalize_pointers`, `sanitizer_cfi_normalize_integers`, `target_abi`, `target_arch`, `target_endian`, `target_env`, `target_family`, `target_feature`, `target_has_atomic`, `target_has_atomic_equal_alignment`, `target_has_atomic_load_store`, `target_os`, `target_pointer_width`, `target_thread_local`, `target_vendor`, `test`, `ub_checks`, `unix`, and `windows`
[INFO] [stdout]     = help: consider using a Cargo feature instead
[INFO] [stdout]     = help: or consider adding in `Cargo.toml` the `check-cfg` lint config for the lint:
[INFO] [stdout]              [lints.rust]
[INFO] [stdout]              unexpected_cfgs = { level = "warn", check-cfg = ['cfg(error_generic_member_access)'] }
[INFO] [stdout]     = help: or consider adding `println!("cargo::rustc-check-cfg=cfg(error_generic_member_access)");` to the top of the `build.rs`
[INFO] [stdout]     = note: see <https://doc.rust-lang.org/nightly/rustc/check-cfg/cargo-specifics.html> for more information about checking conditional configuration
[INFO] [stdout]     = note: `#[warn(unexpected_cfgs)]` on by default
[INFO] [stdout] 
[INFO] [stdout] 
[INFO] [stdout] warning: unexpected `cfg` condition name: `thiserror_nightly_testing`
[INFO] [stdout]    --> src/lib.rs:241:11
[INFO] [stdout]     |
[INFO] [stdout] 241 | #[cfg(all(thiserror_nightly_testing, not(error_generic_member_access)))]
[INFO] [stdout]     |           ^^^^^^^^^^^^^^^^^^^^^^^^^
[INFO] [stdout]     |
[INFO] [stdout]     = help: consider using a Cargo feature instead
[INFO] [stdout]     = help: or consider adding in `Cargo.toml` the `check-cfg` lint config for the lint:
[INFO] [stdout]              [lints.rust]
[INFO] [stdout]              unexpected_cfgs = { level = "warn", check-cfg = ['cfg(thiserror_nightly_testing)'] }
[INFO] [stdout]     = help: or consider adding `println!("cargo::rustc-check-cfg=cfg(thiserror_nightly_testing)");` to the top of the `build.rs`
[INFO] [stdout]     = note: see <https://doc.rust-lang.org/nightly/rustc/check-cfg/cargo-specifics.html> for more information about checking conditional configuration
[INFO] [stdout] 
[INFO] [stdout] 
[INFO] [stdout] warning: unexpected `cfg` condition name: `error_generic_member_access`
[INFO] [stdout]    --> src/lib.rs:241:42
[INFO] [stdout]     |
[INFO] [stdout] 241 | #[cfg(all(thiserror_nightly_testing, not(error_generic_member_access)))]
[INFO] [stdout]     |                                          ^^^^^^^^^^^^^^^^^^^^^^^^^^^
[INFO] [stdout]     |
[INFO] [stdout]     = help: consider using a Cargo feature instead
[INFO] [stdout]     = help: or consider adding in `Cargo.toml` the `check-cfg` lint config for the lint:
[INFO] [stdout]              [lints.rust]
[INFO] [stdout]              unexpected_cfgs = { level = "warn", check-cfg = ['cfg(error_generic_member_access)'] }
[INFO] [stdout]     = help: or consider adding `println!("cargo::rustc-check-cfg=cfg(error_generic_member_access)");` to the top of the `build.rs`
[INFO] [stdout]     = note: see <https://doc.rust-lang.org/nightly/rustc/check-cfg/cargo-specifics.html> for more information about checking conditional configuration
[INFO] [stdout] 
[INFO] [stdout] 
[INFO] [stdout] warning: unexpected `cfg` condition name: `error_generic_member_access`
[INFO] [stdout]    --> src/lib.rs:247:7
[INFO] [stdout]     |
[INFO] [stdout] 247 | #[cfg(error_generic_member_access)]
[INFO] [stdout]     |       ^^^^^^^^^^^^^^^^^^^^^^^^^^^
[INFO] [stdout]     |
[INFO] [stdout]     = help: consider using a Cargo feature instead
[INFO] [stdout]     = help: or consider adding in `Cargo.toml` the `check-cfg` lint config for the lint:
[INFO] [stdout]              [lints.rust]
[INFO] [stdout]              unexpected_cfgs = { level = "warn", check-cfg = ['cfg(error_generic_member_access)'] }
[INFO] [stdout]     = help: or consider adding `println!("cargo::rustc-check-cfg=cfg(error_generic_member_access)");` to the top of the `build.rs`
[INFO] [stdout]     = note: see <https://doc.rust-lang.org/nightly/rustc/check-cfg/cargo-specifics.html> for more information about checking conditional configuration
[INFO] [stdout] 
[INFO] [stdout] 
[INFO] [stdout] warning: unexpected `cfg` condition name: `error_generic_member_access`
[INFO] [stdout]    --> src/lib.rs:261:11
[INFO] [stdout]     |
[INFO] [stdout] 261 |     #[cfg(error_generic_member_access)]
[INFO] [stdout]     |           ^^^^^^^^^^^^^^^^^^^^^^^^^^^
[INFO] [stdout]     |
[INFO] [stdout]     = help: consider using a Cargo feature instead
[INFO] [stdout]     = help: or consider adding in `Cargo.toml` the `check-cfg` lint config for the lint:
[INFO] [stdout]              [lints.rust]
[INFO] [stdout]              unexpected_cfgs = { level = "warn", check-cfg = ['cfg(error_generic_member_access)'] }
[INFO] [stdout]     = help: or consider adding `println!("cargo::rustc-check-cfg=cfg(error_generic_member_access)");` to the top of the `build.rs`
[INFO] [stdout]     = note: see <https://doc.rust-lang.org/nightly/rustc/check-cfg/cargo-specifics.html> for more information about checking conditional configuration
[INFO] [stdout] 
[INFO] [stdout] 
[INFO] [stderr]    Compiling indexmap v2.7.1
[INFO] [stderr]    Compiling serde_spanned v0.6.8
[INFO] [stderr]    Compiling toml_datetime v0.6.8
[INFO] [stderr]    Compiling toml_edit v0.22.22
[INFO] [stderr]    Compiling toml v0.8.19
[INFO] [stderr]    Compiling trybuild v1.0.102
[INFO] [stderr]    Compiling thiserror-nostd-notrait v1.0.57 (/opt/rustwide/workdir)
[INFO] [stdout] warning: unexpected `cfg` condition name: `error_generic_member_access`
[INFO] [stdout]    --> src/lib.rs:239:13
[INFO] [stdout]     |
[INFO] [stdout] 239 | #![cfg_attr(error_generic_member_access, feature(error_generic_member_access))]
[INFO] [stdout]     |             ^^^^^^^^^^^^^^^^^^^^^^^^^^^
[INFO] [stdout]     |
[INFO] [stdout]     = help: expected names are: `clippy`, `debug_assertions`, `doc`, `docsrs`, `doctest`, `feature`, `fmt_debug`, `miri`, `overflow_checks`, `panic`, `proc_macro`, `relocation_model`, `rustfmt`, `sanitize`, `sanitizer_cfi_generalize_pointers`, `sanitizer_cfi_normalize_integers`, `target_abi`, `target_arch`, `target_endian`, `target_env`, `target_family`, `target_feature`, `target_has_atomic`, `target_has_atomic_equal_alignment`, `target_has_atomic_load_store`, `target_os`, `target_pointer_width`, `target_thread_local`, `target_vendor`, `test`, `ub_checks`, `unix`, and `windows`
[INFO] [stdout]     = help: consider using a Cargo feature instead
[INFO] [stdout]     = help: or consider adding in `Cargo.toml` the `check-cfg` lint config for the lint:
[INFO] [stdout]              [lints.rust]
[INFO] [stdout]              unexpected_cfgs = { level = "warn", check-cfg = ['cfg(error_generic_member_access)'] }
[INFO] [stdout]     = help: or consider adding `println!("cargo::rustc-check-cfg=cfg(error_generic_member_access)");` to the top of the `build.rs`
[INFO] [stdout]     = note: see <https://doc.rust-lang.org/nightly/rustc/check-cfg/cargo-specifics.html> for more information about checking conditional configuration
[INFO] [stdout]     = note: `#[warn(unexpected_cfgs)]` on by default
[INFO] [stdout] 
[INFO] [stdout] 
[INFO] [stdout] warning: unexpected `cfg` condition name: `thiserror_nightly_testing`
[INFO] [stdout]    --> src/lib.rs:241:11
[INFO] [stdout]     |
[INFO] [stdout] 241 | #[cfg(all(thiserror_nightly_testing, not(error_generic_member_access)))]
[INFO] [stdout]     |           ^^^^^^^^^^^^^^^^^^^^^^^^^
[INFO] [stdout]     |
[INFO] [stdout]     = help: consider using a Cargo feature instead
[INFO] [stdout]     = help: or consider adding in `Cargo.toml` the `check-cfg` lint config for the lint:
[INFO] [stdout]              [lints.rust]
[INFO] [stdout]              unexpected_cfgs = { level = "warn", check-cfg = ['cfg(thiserror_nightly_testing)'] }
[INFO] [stdout]     = help: or consider adding `println!("cargo::rustc-check-cfg=cfg(thiserror_nightly_testing)");` to the top of the `build.rs`
[INFO] [stdout]     = note: see <https://doc.rust-lang.org/nightly/rustc/check-cfg/cargo-specifics.html> for more information about checking conditional configuration
[INFO] [stdout] 
[INFO] [stdout] 
[INFO] [stdout] warning: unexpected `cfg` condition name: `error_generic_member_access`
[INFO] [stdout]    --> src/lib.rs:241:42
[INFO] [stdout]     |
[INFO] [stdout] 241 | #[cfg(all(thiserror_nightly_testing, not(error_generic_member_access)))]
[INFO] [stdout]     |                                          ^^^^^^^^^^^^^^^^^^^^^^^^^^^
[INFO] [stdout]     |
[INFO] [stdout]     = help: consider using a Cargo feature instead
[INFO] [stdout]     = help: or consider adding in `Cargo.toml` the `check-cfg` lint config for the lint:
[INFO] [stdout]              [lints.rust]
[INFO] [stdout]              unexpected_cfgs = { level = "warn", check-cfg = ['cfg(error_generic_member_access)'] }
[INFO] [stdout]     = help: or consider adding `println!("cargo::rustc-check-cfg=cfg(error_generic_member_access)");` to the top of the `build.rs`
[INFO] [stdout]     = note: see <https://doc.rust-lang.org/nightly/rustc/check-cfg/cargo-specifics.html> for more information about checking conditional configuration
[INFO] [stdout] 
[INFO] [stdout] 
[INFO] [stdout] warning: unexpected `cfg` condition name: `error_generic_member_access`
[INFO] [stdout]    --> src/lib.rs:247:7
[INFO] [stdout]     |
[INFO] [stdout] 247 | #[cfg(error_generic_member_access)]
[INFO] [stdout]     |       ^^^^^^^^^^^^^^^^^^^^^^^^^^^
[INFO] [stdout]     |
[INFO] [stdout]     = help: consider using a Cargo feature instead
[INFO] [stdout]     = help: or consider adding in `Cargo.toml` the `check-cfg` lint config for the lint:
[INFO] [stdout]              [lints.rust]
[INFO] [stdout]              unexpected_cfgs = { level = "warn", check-cfg = ['cfg(error_generic_member_access)'] }
[INFO] [stdout]     = help: or consider adding `println!("cargo::rustc-check-cfg=cfg(error_generic_member_access)");` to the top of the `build.rs`
[INFO] [stdout]     = note: see <https://doc.rust-lang.org/nightly/rustc/check-cfg/cargo-specifics.html> for more information about checking conditional configuration
[INFO] [stdout] 
[INFO] [stdout] 
[INFO] [stdout] warning: unexpected `cfg` condition name: `error_generic_member_access`
[INFO] [stdout]    --> src/lib.rs:261:11
[INFO] [stdout]     |
[INFO] [stdout] 261 |     #[cfg(error_generic_member_access)]
[INFO] [stdout]     |           ^^^^^^^^^^^^^^^^^^^^^^^^^^^
[INFO] [stdout]     |
[INFO] [stdout]     = help: consider using a Cargo feature instead
[INFO] [stdout]     = help: or consider adding in `Cargo.toml` the `check-cfg` lint config for the lint:
[INFO] [stdout]              [lints.rust]
[INFO] [stdout]              unexpected_cfgs = { level = "warn", check-cfg = ['cfg(error_generic_member_access)'] }
[INFO] [stdout]     = help: or consider adding `println!("cargo::rustc-check-cfg=cfg(error_generic_member_access)");` to the top of the `build.rs`
[INFO] [stdout]     = note: see <https://doc.rust-lang.org/nightly/rustc/check-cfg/cargo-specifics.html> for more information about checking conditional configuration
[INFO] [stdout] 
[INFO] [stdout] 
[INFO] [stdout] warning: unexpected `cfg` condition name: `thiserror_nightly_testing`
[INFO] [stdout]  --> tests/test_option.rs:1:13
[INFO] [stdout]   |
[INFO] [stdout] 1 | #![cfg_attr(thiserror_nightly_testing, feature(error_generic_member_access))]
[INFO] [stdout]   |             ^^^^^^^^^^^^^^^^^^^^^^^^^
[INFO] [stdout]   |
[INFO] [stdout]   = help: expected names are: `clippy`, `debug_assertions`, `doc`, `docsrs`, `doctest`, `feature`, `fmt_debug`, `miri`, `overflow_checks`, `panic`, `proc_macro`, `relocation_model`, `rustfmt`, `sanitize`, `sanitizer_cfi_generalize_pointers`, `sanitizer_cfi_normalize_integers`, `target_abi`, `target_arch`, `target_endian`, `target_env`, `target_family`, `target_feature`, `target_has_atomic`, `target_has_atomic_equal_alignment`, `target_has_atomic_load_store`, `target_os`, `target_pointer_width`, `target_thread_local`, `target_vendor`, `test`, `ub_checks`, `unix`, and `windows`
[INFO] [stdout]   = help: consider using a Cargo feature instead
[INFO] [stdout]   = help: or consider adding in `Cargo.toml` the `check-cfg` lint config for the lint:
[INFO] [stdout]            [lints.rust]
[INFO] [stdout]            unexpected_cfgs = { level = "warn", check-cfg = ['cfg(thiserror_nightly_testing)'] }
[INFO] [stdout]   = help: or consider adding `println!("cargo::rustc-check-cfg=cfg(thiserror_nightly_testing)");` to the top of the `build.rs`
[INFO] [stdout]   = note: see <https://doc.rust-lang.org/nightly/rustc/check-cfg/cargo-specifics.html> for more information about checking conditional configuration
[INFO] [stdout]   = note: `#[warn(unexpected_cfgs)]` on by default
[INFO] [stdout] 
[INFO] [stdout] 
[INFO] [stdout] warning: unexpected `cfg` condition name: `thiserror_nightly_testing`
[INFO] [stdout]  --> tests/test_option.rs:3:7
[INFO] [stdout]   |
[INFO] [stdout] 3 | #[cfg(thiserror_nightly_testing)]
[INFO] [stdout]   |       ^^^^^^^^^^^^^^^^^^^^^^^^^
[INFO] [stdout]   |
[INFO] [stdout]   = help: consider using a Cargo feature instead
[INFO] [stdout]   = help: or consider adding in `Cargo.toml` the `check-cfg` lint config for the lint:
[INFO] [stdout]            [lints.rust]
[INFO] [stdout]            unexpected_cfgs = { level = "warn", check-cfg = ['cfg(thiserror_nightly_testing)'] }
[INFO] [stdout]   = help: or consider adding `println!("cargo::rustc-check-cfg=cfg(thiserror_nightly_testing)");` to the top of the `build.rs`
[INFO] [stdout]   = note: see <https://doc.rust-lang.org/nightly/rustc/check-cfg/cargo-specifics.html> for more information about checking conditional configuration
[INFO] [stdout] 
[INFO] [stdout] 
[INFO] [stdout] warning: unexpected `cfg` condition name: `thiserror_nightly_testing`
[INFO] [stdout]   --> tests/test_option.rs:48:7
[INFO] [stdout]    |
[INFO] [stdout] 48 | #[cfg(thiserror_nightly_testing)]
[INFO] [stdout]    |       ^^^^^^^^^^^^^^^^^^^^^^^^^
[INFO] [stdout]    |
[INFO] [stdout]    = help: consider using a Cargo feature instead
[INFO] [stdout]    = help: or consider adding in `Cargo.toml` the `check-cfg` lint config for the lint:
[INFO] [stdout]             [lints.rust]
[INFO] [stdout]             unexpected_cfgs = { level = "warn", check-cfg = ['cfg(thiserror_nightly_testing)'] }
[INFO] [stdout]    = help: or consider adding `println!("cargo::rustc-check-cfg=cfg(thiserror_nightly_testing)");` to the top of the `build.rs`
[INFO] [stdout]    = note: see <https://doc.rust-lang.org/nightly/rustc/check-cfg/cargo-specifics.html> for more information about checking conditional configuration
[INFO] [stdout] 
[INFO] [stdout] 
[INFO] [stdout] warning: unexpected `cfg` condition name: `thiserror_nightly_testing`
[INFO] [stdout]    --> tests/test_option.rs:104:16
[INFO] [stdout]     |
[INFO] [stdout] 104 | #[cfg_attr(not(thiserror_nightly_testing), ignore)]
[INFO] [stdout]     |                ^^^^^^^^^^^^^^^^^^^^^^^^^
[INFO] [stdout]     |
[INFO] [stdout]     = help: consider using a Cargo feature instead
[INFO] [stdout]     = help: or consider adding in `Cargo.toml` the `check-cfg` lint config for the lint:
[INFO] [stdout]              [lints.rust]
[INFO] [stdout]              unexpected_cfgs = { level = "warn", check-cfg = ['cfg(thiserror_nightly_testing)'] }
[INFO] [stdout]     = help: or consider adding `println!("cargo::rustc-check-cfg=cfg(thiserror_nightly_testing)");` to the top of the `build.rs`
[INFO] [stdout]     = note: see <https://doc.rust-lang.org/nightly/rustc/check-cfg/cargo-specifics.html> for more information about checking conditional configuration
[INFO] [stdout] 
[INFO] [stdout] 
[INFO] [stdout] warning: unexpected `cfg` condition name: `thiserror_nightly_testing`
[INFO] [stdout]  --> tests/test_backtrace.rs:1:13
[INFO] [stdout]   |
[INFO] [stdout] 1 | #![cfg_attr(thiserror_nightly_testing, feature(error_generic_member_access))]
[INFO] [stdout]   |             ^^^^^^^^^^^^^^^^^^^^^^^^^
[INFO] [stdout]   |
[INFO] [stdout]   = help: expected names are: `clippy`, `debug_assertions`, `doc`, `docsrs`, `doctest`, `feature`, `fmt_debug`, `miri`, `overflow_checks`, `panic`, `proc_macro`, `relocation_model`, `rustfmt`, `sanitize`, `sanitizer_cfi_generalize_pointers`, `sanitizer_cfi_normalize_integers`, `target_abi`, `target_arch`, `target_endian`, `target_env`, `target_family`, `target_feature`, `target_has_atomic`, `target_has_atomic_equal_alignment`, `target_has_atomic_load_store`, `target_os`, `target_pointer_width`, `target_thread_local`, `target_vendor`, `test`, `ub_checks`, `unix`, and `windows`
[INFO] [stdout]   = help: consider using a Cargo feature instead
[INFO] [stdout]   = help: or consider adding in `Cargo.toml` the `check-cfg` lint config for the lint:
[INFO] [stdout]            [lints.rust]
[INFO] [stdout]            unexpected_cfgs = { level = "warn", check-cfg = ['cfg(thiserror_nightly_testing)'] }
[INFO] [stdout]   = help: or consider adding `println!("cargo::rustc-check-cfg=cfg(thiserror_nightly_testing)");` to the top of the `build.rs`
[INFO] [stdout]   = note: see <https://doc.rust-lang.org/nightly/rustc/check-cfg/cargo-specifics.html> for more information about checking conditional configuration
[INFO] [stdout]   = note: `#[warn(unexpected_cfgs)]` on by default
[INFO] [stdout] 
[INFO] [stdout] 
[INFO] [stdout] warning: unexpected `cfg` condition name: `thiserror_nightly_testing`
[INFO] [stdout]  --> tests/test_backtrace.rs:9:7
[INFO] [stdout]   |
[INFO] [stdout] 9 | #[cfg(thiserror_nightly_testing)]
[INFO] [stdout]   |       ^^^^^^^^^^^^^^^^^^^^^^^^^
[INFO] [stdout]   |
[INFO] [stdout]   = help: consider using a Cargo feature instead
[INFO] [stdout]   = help: or consider adding in `Cargo.toml` the `check-cfg` lint config for the lint:
[INFO] [stdout]            [lints.rust]
[INFO] [stdout]            unexpected_cfgs = { level = "warn", check-cfg = ['cfg(thiserror_nightly_testing)'] }
[INFO] [stdout]   = help: or consider adding `println!("cargo::rustc-check-cfg=cfg(thiserror_nightly_testing)");` to the top of the `build.rs`
[INFO] [stdout]   = note: see <https://doc.rust-lang.org/nightly/rustc/check-cfg/cargo-specifics.html> for more information about checking conditional configuration
[INFO] [stdout] 
[INFO] [stdout] 
[INFO] [stdout] warning: unexpected `cfg` condition name: `thiserror_nightly_testing`
[INFO] [stdout]   --> tests/test_backtrace.rs:16:7
[INFO] [stdout]    |
[INFO] [stdout] 16 | #[cfg(thiserror_nightly_testing)]
[INFO] [stdout]    |       ^^^^^^^^^^^^^^^^^^^^^^^^^
[INFO] [stdout]    |
[INFO] [stdout]    = help: consider using a Cargo feature instead
[INFO] [stdout]    = help: or consider adding in `Cargo.toml` the `check-cfg` lint config for the lint:
[INFO] [stdout]             [lints.rust]
[INFO] [stdout]             unexpected_cfgs = { level = "warn", check-cfg = ['cfg(thiserror_nightly_testing)'] }
[INFO] [stdout]    = help: or consider adding `println!("cargo::rustc-check-cfg=cfg(thiserror_nightly_testing)");` to the top of the `build.rs`
[INFO] [stdout]    = note: see <https://doc.rust-lang.org/nightly/rustc/check-cfg/cargo-specifics.html> for more information about checking conditional configuration
[INFO] [stdout] 
[INFO] [stdout] 
[INFO] [stdout] warning: unexpected `cfg` condition name: `thiserror_nightly_testing`
[INFO] [stdout]    --> tests/test_backtrace.rs:150:7
[INFO] [stdout]     |
[INFO] [stdout] 150 | #[cfg(thiserror_nightly_testing)]
[INFO] [stdout]     |       ^^^^^^^^^^^^^^^^^^^^^^^^^
[INFO] [stdout]     |
[INFO] [stdout]     = help: consider using a Cargo feature instead
[INFO] [stdout]     = help: or consider adding in `Cargo.toml` the `check-cfg` lint config for the lint:
[INFO] [stdout]              [lints.rust]
[INFO] [stdout]              unexpected_cfgs = { level = "warn", check-cfg = ['cfg(thiserror_nightly_testing)'] }
[INFO] [stdout]     = help: or consider adding `println!("cargo::rustc-check-cfg=cfg(thiserror_nightly_testing)");` to the top of the `build.rs`
[INFO] [stdout]     = note: see <https://doc.rust-lang.org/nightly/rustc/check-cfg/cargo-specifics.html> for more information about checking conditional configuration
[INFO] [stdout] 
[INFO] [stdout] 
[INFO] [stdout] warning: unexpected `cfg` condition name: `thiserror_nightly_testing`
[INFO] [stdout]    --> tests/test_backtrace.rs:273:16
[INFO] [stdout]     |
[INFO] [stdout] 273 | #[cfg_attr(not(thiserror_nightly_testing), ignore)]
[INFO] [stdout]     |                ^^^^^^^^^^^^^^^^^^^^^^^^^
[INFO] [stdout]     |
[INFO] [stdout]     = help: consider using a Cargo feature instead
[INFO] [stdout]     = help: or consider adding in `Cargo.toml` the `check-cfg` lint config for the lint:
[INFO] [stdout]              [lints.rust]
[INFO] [stdout]              unexpected_cfgs = { level = "warn", check-cfg = ['cfg(thiserror_nightly_testing)'] }
[INFO] [stdout]     = help: or consider adding `println!("cargo::rustc-check-cfg=cfg(thiserror_nightly_testing)");` to the top of the `build.rs`
[INFO] [stdout]     = note: see <https://doc.rust-lang.org/nightly/rustc/check-cfg/cargo-specifics.html> for more information about checking conditional configuration
[INFO] [stdout] 
[INFO] [stdout] 
[INFO] [stderr]     Finished `test` profile [unoptimized + debuginfo] target(s) in 16.97s
[INFO] running `Command { std: "docker" "inspect" "ce16a0fe1cd094ca223545a6fadbe92de7b94be95dbc2728a604331eb73d03ac", kill_on_drop: false }`
[INFO] running `Command { std: "docker" "rm" "-f" "ce16a0fe1cd094ca223545a6fadbe92de7b94be95dbc2728a604331eb73d03ac", kill_on_drop: false }`
[INFO] [stdout] ce16a0fe1cd094ca223545a6fadbe92de7b94be95dbc2728a604331eb73d03ac
[INFO] running `Command { std: "docker" "create" "-v" "/var/lib/crater-agent-workspace/builds/worker-2-tc1/target:/opt/rustwide/target:rw,Z" "-v" "/var/lib/crater-agent-workspace/builds/worker-2-tc1/source:/opt/rustwide/workdir:ro,Z" "-v" "/var/lib/crater-agent-workspace/cargo-home:/opt/rustwide/cargo-home:ro,Z" "-v" "/var/lib/crater-agent-workspace/rustup-home:/opt/rustwide/rustup-home:ro,Z" "-e" "SOURCE_DIR=/opt/rustwide/workdir" "-e" "CARGO_TARGET_DIR=/opt/rustwide/target" "-e" "CARGO_INCREMENTAL=0" "-e" "RUST_BACKTRACE=full" "-e" "RUSTFLAGS=--cap-lints=forbid" "-e" "RUSTDOCFLAGS=--cap-lints=forbid" "-e" "CARGO_HOME=/opt/rustwide/cargo-home" "-e" "RUSTUP_HOME=/opt/rustwide/rustup-home" "-w" "/opt/rustwide/workdir" "-m" "1610612736" "--user" "0:0" "--network" "none" "ghcr.io/rust-lang/crates-build-env/linux@sha256:819108c5571ea2e421544af4d832f968d213c87fbe3707a016657f43d2f853bc" "/opt/rustwide/cargo-home/bin/cargo" "+nightly-2025-01-18" "test" "--frozen", kill_on_drop: false }`
[INFO] [stdout] 8dd48db917a3b285c16242f83be52bf0d8b96c8d24ca535d46eea11a1b0705ab
[INFO] running `Command { std: "docker" "start" "-a" "8dd48db917a3b285c16242f83be52bf0d8b96c8d24ca535d46eea11a1b0705ab", kill_on_drop: false }`
[INFO] [stderr] warning: unexpected `cfg` condition name: `error_generic_member_access`
[INFO] [stderr]    --> src/lib.rs:239:13
[INFO] [stderr]     |
[INFO] [stderr] 239 | #![cfg_attr(error_generic_member_access, feature(error_generic_member_access))]
[INFO] [stderr]     |             ^^^^^^^^^^^^^^^^^^^^^^^^^^^
[INFO] [stderr]     |
[INFO] [stderr]     = help: expected names are: `clippy`, `debug_assertions`, `doc`, `docsrs`, `doctest`, `feature`, `fmt_debug`, `miri`, `overflow_checks`, `panic`, `proc_macro`, `relocation_model`, `rustfmt`, `sanitize`, `sanitizer_cfi_generalize_pointers`, `sanitizer_cfi_normalize_integers`, `target_abi`, `target_arch`, `target_endian`, `target_env`, `target_family`, `target_feature`, `target_has_atomic`, `target_has_atomic_equal_alignment`, `target_has_atomic_load_store`, `target_os`, `target_pointer_width`, `target_thread_local`, `target_vendor`, `test`, `ub_checks`, `unix`, and `windows`
[INFO] [stderr]     = help: consider using a Cargo feature instead
[INFO] [stderr]     = help: or consider adding in `Cargo.toml` the `check-cfg` lint config for the lint:
[INFO] [stderr]              [lints.rust]
[INFO] [stderr]              unexpected_cfgs = { level = "warn", check-cfg = ['cfg(error_generic_member_access)'] }
[INFO] [stderr]     = help: or consider adding `println!("cargo::rustc-check-cfg=cfg(error_generic_member_access)");` to the top of the `build.rs`
[INFO] [stderr]     = note: see <https://doc.rust-lang.org/nightly/rustc/check-cfg/cargo-specifics.html> for more information about checking conditional configuration
[INFO] [stderr]     = note: `#[warn(unexpected_cfgs)]` on by default
[INFO] [stderr] 
[INFO] [stderr] warning: unexpected `cfg` condition name: `thiserror_nightly_testing`
[INFO] [stderr]    --> src/lib.rs:241:11
[INFO] [stderr]     |
[INFO] [stderr] 241 | #[cfg(all(thiserror_nightly_testing, not(error_generic_member_access)))]
[INFO] [stderr]     |           ^^^^^^^^^^^^^^^^^^^^^^^^^
[INFO] [stderr]     |
[INFO] [stderr]     = help: consider using a Cargo feature instead
[INFO] [stderr]     = help: or consider adding in `Cargo.toml` the `check-cfg` lint config for the lint:
[INFO] [stderr]              [lints.rust]
[INFO] [stderr]              unexpected_cfgs = { level = "warn", check-cfg = ['cfg(thiserror_nightly_testing)'] }
[INFO] [stderr]     = help: or consider adding `println!("cargo::rustc-check-cfg=cfg(thiserror_nightly_testing)");` to the top of the `build.rs`
[INFO] [stderr]     = note: see <https://doc.rust-lang.org/nightly/rustc/check-cfg/cargo-specifics.html> for more information about checking conditional configuration
[INFO] [stderr] 
[INFO] [stderr] warning: unexpected `cfg` condition name: `error_generic_member_access`
[INFO] [stderr]    --> src/lib.rs:241:42
[INFO] [stderr]     |
[INFO] [stderr] 241 | #[cfg(all(thiserror_nightly_testing, not(error_generic_member_access)))]
[INFO] [stderr]     |                                          ^^^^^^^^^^^^^^^^^^^^^^^^^^^
[INFO] [stderr]     |
[INFO] [stderr]     = help: consider using a Cargo feature instead
[INFO] [stderr]     = help: or consider adding in `Cargo.toml` the `check-cfg` lint config for the lint:
[INFO] [stderr]              [lints.rust]
[INFO] [stderr]              unexpected_cfgs = { level = "warn", check-cfg = ['cfg(error_generic_member_access)'] }
[INFO] [stderr]     = help: or consider adding `println!("cargo::rustc-check-cfg=cfg(error_generic_member_access)");` to the top of the `build.rs`
[INFO] [stderr]     = note: see <https://doc.rust-lang.org/nightly/rustc/check-cfg/cargo-specifics.html> for more information about checking conditional configuration
[INFO] [stderr] 
[INFO] [stderr] warning: unexpected `cfg` condition name: `error_generic_member_access`
[INFO] [stderr]    --> src/lib.rs:247:7
[INFO] [stderr]     |
[INFO] [stderr] 247 | #[cfg(error_generic_member_access)]
[INFO] [stderr]     |       ^^^^^^^^^^^^^^^^^^^^^^^^^^^
[INFO] [stderr]     |
[INFO] [stderr]     = help: consider using a Cargo feature instead
[INFO] [stderr]     = help: or consider adding in `Cargo.toml` the `check-cfg` lint config for the lint:
[INFO] [stderr]              [lints.rust]
[INFO] [stderr]              unexpected_cfgs = { level = "warn", check-cfg = ['cfg(error_generic_member_access)'] }
[INFO] [stderr]     = help: or consider adding `println!("cargo::rustc-check-cfg=cfg(error_generic_member_access)");` to the top of the `build.rs`
[INFO] [stderr]     = note: see <https://doc.rust-lang.org/nightly/rustc/check-cfg/cargo-specifics.html> for more information about checking conditional configuration
[INFO] [stderr] 
[INFO] [stderr] warning: unexpected `cfg` condition name: `error_generic_member_access`
[INFO] [stderr]    --> src/lib.rs:261:11
[INFO] [stderr]     |
[INFO] [stderr] 261 |     #[cfg(error_generic_member_access)]
[INFO] [stderr]     |           ^^^^^^^^^^^^^^^^^^^^^^^^^^^
[INFO] [stderr]     |
[INFO] [stderr]     = help: consider using a Cargo feature instead
[INFO] [stderr]     = help: or consider adding in `Cargo.toml` the `check-cfg` lint config for the lint:
[INFO] [stderr]              [lints.rust]
[INFO] [stderr]              unexpected_cfgs = { level = "warn", check-cfg = ['cfg(error_generic_member_access)'] }
[INFO] [stderr]     = help: or consider adding `println!("cargo::rustc-check-cfg=cfg(error_generic_member_access)");` to the top of the `build.rs`
[INFO] [stderr]     = note: see <https://doc.rust-lang.org/nightly/rustc/check-cfg/cargo-specifics.html> for more information about checking conditional configuration
[INFO] [stderr] 
[INFO] [stderr] warning: `thiserror-nostd-notrait` (lib) generated 5 warnings
[INFO] [stderr] warning: unexpected `cfg` condition name: `thiserror_nightly_testing`
[INFO] [stderr]  --> tests/test_option.rs:1:13
[INFO] [stderr]   |
[INFO] [stderr] 1 | #![cfg_attr(thiserror_nightly_testing, feature(error_generic_member_access))]
[INFO] [stderr]   |             ^^^^^^^^^^^^^^^^^^^^^^^^^
[INFO] [stderr]   |
[INFO] [stderr]   = help: expected names are: `clippy`, `debug_assertions`, `doc`, `docsrs`, `doctest`, `feature`, `fmt_debug`, `miri`, `overflow_checks`, `panic`, `proc_macro`, `relocation_model`, `rustfmt`, `sanitize`, `sanitizer_cfi_generalize_pointers`, `sanitizer_cfi_normalize_integers`, `target_abi`, `target_arch`, `target_endian`, `target_env`, `target_family`, `target_feature`, `target_has_atomic`, `target_has_atomic_equal_alignment`, `target_has_atomic_load_store`, `target_os`, `target_pointer_width`, `target_thread_local`, `target_vendor`, `test`, `ub_checks`, `unix`, and `windows`
[INFO] [stderr]   = help: consider using a Cargo feature instead
[INFO] [stderr]   = help: or consider adding in `Cargo.toml` the `check-cfg` lint config for the lint:
[INFO] [stderr]            [lints.rust]
[INFO] [stderr]            unexpected_cfgs = { level = "warn", check-cfg = ['cfg(thiserror_nightly_testing)'] }
[INFO] [stderr]   = help: or consider adding `println!("cargo::rustc-check-cfg=cfg(thiserror_nightly_testing)");` to the top of the `build.rs`
[INFO] [stderr]   = note: see <https://doc.rust-lang.org/nightly/rustc/check-cfg/cargo-specifics.html> for more information about checking conditional configuration
[INFO] [stderr]   = note: `#[warn(unexpected_cfgs)]` on by default
[INFO] [stderr] 
[INFO] [stderr] warning: unexpected `cfg` condition name: `thiserror_nightly_testing`
[INFO] [stderr]  --> tests/test_option.rs:3:7
[INFO] [stderr]   |
[INFO] [stderr] 3 | #[cfg(thiserror_nightly_testing)]
[INFO] [stderr]   |       ^^^^^^^^^^^^^^^^^^^^^^^^^
[INFO] [stderr]   |
[INFO] [stderr]   = help: consider using a Cargo feature instead
[INFO] [stderr]   = help: or consider adding in `Cargo.toml` the `check-cfg` lint config for the lint:
[INFO] [stderr]            [lints.rust]
[INFO] [stderr]            unexpected_cfgs = { level = "warn", check-cfg = ['cfg(thiserror_nightly_testing)'] }
[INFO] [stderr]   = help: or consider adding `println!("cargo::rustc-check-cfg=cfg(thiserror_nightly_testing)");` to the top of the `build.rs`
[INFO] [stderr]   = note: see <https://doc.rust-lang.org/nightly/rustc/check-cfg/cargo-specifics.html> for more information about checking conditional configuration
[INFO] [stderr] 
[INFO] [stderr] warning: unexpected `cfg` condition name: `thiserror_nightly_testing`
[INFO] [stderr]   --> tests/test_option.rs:48:7
[INFO] [stderr]    |
[INFO] [stderr] 48 | #[cfg(thiserror_nightly_testing)]
[INFO] [stderr]    |       ^^^^^^^^^^^^^^^^^^^^^^^^^
[INFO] [stderr]    |
[INFO] [stderr]    = help: consider using a Cargo feature instead
[INFO] [stderr]    = help: or consider adding in `Cargo.toml` the `check-cfg` lint config for the lint:
[INFO] [stderr]             [lints.rust]
[INFO] [stderr]             unexpected_cfgs = { level = "warn", check-cfg = ['cfg(thiserror_nightly_testing)'] }
[INFO] [stderr]    = help: or consider adding `println!("cargo::rustc-check-cfg=cfg(thiserror_nightly_testing)");` to the top of the `build.rs`
[INFO] [stderr]    = note: see <https://doc.rust-lang.org/nightly/rustc/check-cfg/cargo-specifics.html> for more information about checking conditional configuration
[INFO] [stderr] 
[INFO] [stderr] warning: unexpected `cfg` condition name: `thiserror_nightly_testing`
[INFO] [stderr]    --> tests/test_option.rs:104:16
[INFO] [stderr]     |
[INFO] [stderr] 104 | #[cfg_attr(not(thiserror_nightly_testing), ignore)]
[INFO] [stderr]     |                ^^^^^^^^^^^^^^^^^^^^^^^^^
[INFO] [stderr]     |
[INFO] [stderr]     = help: consider using a Cargo feature instead
[INFO] [stderr]     = help: or consider adding in `Cargo.toml` the `check-cfg` lint config for the lint:
[INFO] [stderr]              [lints.rust]
[INFO] [stderr]              unexpected_cfgs = { level = "warn", check-cfg = ['cfg(thiserror_nightly_testing)'] }
[INFO] [stderr]     = help: or consider adding `println!("cargo::rustc-check-cfg=cfg(thiserror_nightly_testing)");` to the top of the `build.rs`
[INFO] [stderr]     = note: see <https://doc.rust-lang.org/nightly/rustc/check-cfg/cargo-specifics.html> for more information about checking conditional configuration
[INFO] [stderr] 
[INFO] [stderr] warning: unexpected `cfg` condition name: `thiserror_nightly_testing`
[INFO] [stderr]  --> tests/test_backtrace.rs:1:13
[INFO] [stderr]   |
[INFO] [stderr] 1 | #![cfg_attr(thiserror_nightly_testing, feature(error_generic_member_access))]
[INFO] [stderr]   |             ^^^^^^^^^^^^^^^^^^^^^^^^^
[INFO] [stderr]   |
[INFO] [stderr]   = help: expected names are: `clippy`, `debug_assertions`, `doc`, `docsrs`, `doctest`, `feature`, `fmt_debug`, `miri`, `overflow_checks`, `panic`, `proc_macro`, `relocation_model`, `rustfmt`, `sanitize`, `sanitizer_cfi_generalize_pointers`, `sanitizer_cfi_normalize_integers`, `target_abi`, `target_arch`, `target_endian`, `target_env`, `target_family`, `target_feature`, `target_has_atomic`, `target_has_atomic_equal_alignment`, `target_has_atomic_load_store`, `target_os`, `target_pointer_width`, `target_thread_local`, `target_vendor`, `test`, `ub_checks`, `unix`, and `windows`
[INFO] [stderr]   = help: consider using a Cargo feature instead
[INFO] [stderr]   = help: or consider adding in `Cargo.toml` the `check-cfg` lint config for the lint:
[INFO] [stderr]            [lints.rust]
[INFO] [stderr]            unexpected_cfgs = { level = "warn", check-cfg = ['cfg(thiserror_nightly_testing)'] }
[INFO] [stderr]   = help: or consider adding `println!("cargo::rustc-check-cfg=cfg(thiserror_nightly_testing)");` to the top of the `build.rs`
[INFO] [stderr]   = note: see <https://doc.rust-lang.org/nightly/rustc/check-cfg/cargo-specifics.html> for more information about checking conditional configuration
[INFO] [stderr]   = note: `#[warn(unexpected_cfgs)]` on by default
[INFO] [stderr] 
[INFO] [stderr] warning: unexpected `cfg` condition name: `thiserror_nightly_testing`
[INFO] [stderr]  --> tests/test_backtrace.rs:9:7
[INFO] [stderr]   |
[INFO] [stderr] 9 | #[cfg(thiserror_nightly_testing)]
[INFO] [stderr]   |       ^^^^^^^^^^^^^^^^^^^^^^^^^
[INFO] [stderr]   |
[INFO] [stderr]   = help: consider using a Cargo feature instead
[INFO] [stderr]   = help: or consider adding in `Cargo.toml` the `check-cfg` lint config for the lint:
[INFO] [stderr]            [lints.rust]
[INFO] [stderr]            unexpected_cfgs = { level = "warn", check-cfg = ['cfg(thiserror_nightly_testing)'] }
[INFO] [stderr]   = help: or consider adding `println!("cargo::rustc-check-cfg=cfg(thiserror_nightly_testing)");` to the top of the `build.rs`
[INFO] [stderr]   = note: see <https://doc.rust-lang.org/nightly/rustc/check-cfg/cargo-specifics.html> for more information about checking conditional configuration
[INFO] [stderr] 
[INFO] [stderr] warning: unexpected `cfg` condition name: `thiserror_nightly_testing`
[INFO] [stderr]   --> tests/test_backtrace.rs:16:7
[INFO] [stderr]    |
[INFO] [stderr] 16 | #[cfg(thiserror_nightly_testing)]
[INFO] [stderr]    |       ^^^^^^^^^^^^^^^^^^^^^^^^^
[INFO] [stderr]    |
[INFO] [stderr]    = help: consider using a Cargo feature instead
[INFO] [stderr]    = help: or consider adding in `Cargo.toml` the `check-cfg` lint config for the lint:
[INFO] [stderr]             [lints.rust]
[INFO] [stderr]             unexpected_cfgs = { level = "warn", check-cfg = ['cfg(thiserror_nightly_testing)'] }
[INFO] [stderr]    = help: or consider adding `println!("cargo::rustc-check-cfg=cfg(thiserror_nightly_testing)");` to the top of the `build.rs`
[INFO] [stderr]    = note: see <https://doc.rust-lang.org/nightly/rustc/check-cfg/cargo-specifics.html> for more information about checking conditional configuration
[INFO] [stderr] 
[INFO] [stderr] warning: unexpected `cfg` condition name: `thiserror_nightly_testing`
[INFO] [stderr]    --> tests/test_backtrace.rs:150:7
[INFO] [stderr]     |
[INFO] [stderr] 150 | #[cfg(thiserror_nightly_testing)]
[INFO] [stderr]     |       ^^^^^^^^^^^^^^^^^^^^^^^^^
[INFO] [stderr]     |
[INFO] [stderr]     = help: consider using a Cargo feature instead
[INFO] [stderr]     = help: or consider adding in `Cargo.toml` the `check-cfg` lint config for the lint:
[INFO] [stderr]              [lints.rust]
[INFO] [stderr]              unexpected_cfgs = { level = "warn", check-cfg = ['cfg(thiserror_nightly_testing)'] }
[INFO] [stderr]     = help: or consider adding `println!("cargo::rustc-check-cfg=cfg(thiserror_nightly_testing)");` to the top of the `build.rs`
[INFO] [stderr]     = note: see <https://doc.rust-lang.org/nightly/rustc/check-cfg/cargo-specifics.html> for more information about checking conditional configuration
[INFO] [stderr] 
[INFO] [stderr] warning: unexpected `cfg` condition name: `thiserror_nightly_testing`
[INFO] [stderr]    --> tests/test_backtrace.rs:273:16
[INFO] [stderr]     |
[INFO] [stderr] 273 | #[cfg_attr(not(thiserror_nightly_testing), ignore)]
[INFO] [stderr]     |                ^^^^^^^^^^^^^^^^^^^^^^^^^
[INFO] [stderr]     |
[INFO] [stderr]     = help: consider using a Cargo feature instead
[INFO] [stderr]     = help: or consider adding in `Cargo.toml` the `check-cfg` lint config for the lint:
[INFO] [stderr]              [lints.rust]
[INFO] [stderr]              unexpected_cfgs = { level = "warn", check-cfg = ['cfg(thiserror_nightly_testing)'] }
[INFO] [stderr]     = help: or consider adding `println!("cargo::rustc-check-cfg=cfg(thiserror_nightly_testing)");` to the top of the `build.rs`
[INFO] [stderr]     = note: see <https://doc.rust-lang.org/nightly/rustc/check-cfg/cargo-specifics.html> for more information about checking conditional configuration
[INFO] [stderr] 
[INFO] [stderr] warning: `thiserror-nostd-notrait` (lib test) generated 5 warnings (5 duplicates)
[INFO] [stderr] warning: `thiserror-nostd-notrait` (test "test_option") generated 4 warnings
[INFO] [stderr] warning: `thiserror-nostd-notrait` (test "test_backtrace") generated 5 warnings
[INFO] [stderr]     Finished `test` profile [unoptimized + debuginfo] target(s) in 0.05s
[INFO] [stderr]      Running unittests src/lib.rs (/opt/rustwide/target/debug/deps/thiserror_nostd_notrait-98142f9328cf9b78)
[INFO] [stderr]      Running tests/compiletest.rs (/opt/rustwide/target/debug/deps/compiletest-69a0f67decd65366)
[INFO] [stdout] 
[INFO] [stdout] running 0 tests
[INFO] [stdout] 
[INFO] [stdout] test result: ok. 0 passed; 0 failed; 0 ignored; 0 measured; 0 filtered out; finished in 0.00s
[INFO] [stdout] 
[INFO] [stdout] 
[INFO] [stdout] running 1 test
[INFO] [stderr]    Compiling proc-macro2 v1.0.93
[INFO] [stderr]    Compiling unicode-ident v1.0.14
[INFO] [stderr]    Compiling ref-cast v1.0.23
[INFO] [stderr]    Compiling anyhow v1.0.95
[INFO] [stderr]    Compiling thiserror-nostd-notrait v1.0.57 (/opt/rustwide/workdir)
[INFO] [stderr]    Compiling rustversion v1.0.19
[INFO] [stderr]    Compiling quote v1.0.38
[INFO] [stderr]    Compiling syn v2.0.96
[INFO] [stderr]    Compiling ref-cast-impl v1.0.23
[INFO] [stderr]    Compiling thiserror-nostd-notrait-impl v1.0.57
[INFO] [stderr] warning: unexpected `cfg` condition name: `error_generic_member_access`
[INFO] [stderr]    --> /opt/rustwide/workdir/src/lib.rs:239:13
[INFO] [stderr]     |
[INFO] [stderr] 239 | #![cfg_attr(error_generic_member_access, feature(error_generic_member_access))]
[INFO] [stderr]     |             ^^^^^^^^^^^^^^^^^^^^^^^^^^^
[INFO] [stderr]     |
[INFO] [stderr]     = help: expected names are: `clippy`, `debug_assertions`, `doc`, `docsrs`, `doctest`, `feature`, `fmt_debug`, `miri`, `overflow_checks`, `panic`, `proc_macro`, `relocation_model`, `rustfmt`, `sanitize`, `sanitizer_cfi_generalize_pointers`, `sanitizer_cfi_normalize_integers`, `target_abi`, `target_arch`, `target_endian`, `target_env`, `target_family`, `target_feature`, `target_has_atomic`, `target_has_atomic_equal_alignment`, `target_has_atomic_load_store`, `target_os`, `target_pointer_width`, `target_thread_local`, `target_vendor`, `test`, `ub_checks`, `unix`, and `windows`
[INFO] [stderr]     = help: consider using a Cargo feature instead
[INFO] [stderr]     = help: or consider adding in `Cargo.toml` the `check-cfg` lint config for the lint:
[INFO] [stderr]              [lints.rust]
[INFO] [stderr]              unexpected_cfgs = { level = "warn", check-cfg = ['cfg(error_generic_member_access)'] }
[INFO] [stderr]     = help: or consider adding `println!("cargo::rustc-check-cfg=cfg(error_generic_member_access)");` to the top of the `build.rs`
[INFO] [stderr]     = note: see <https://doc.rust-lang.org/nightly/rustc/check-cfg/cargo-specifics.html> for more information about checking conditional configuration
[INFO] [stderr]     = note: `#[warn(unexpected_cfgs)]` on by default
[INFO] [stderr] 
[INFO] [stderr] warning: unexpected `cfg` condition name: `thiserror_nightly_testing`
[INFO] [stderr]    --> /opt/rustwide/workdir/src/lib.rs:241:11
[INFO] [stderr]     |
[INFO] [stderr] 241 | #[cfg(all(thiserror_nightly_testing, not(error_generic_member_access)))]
[INFO] [stderr]     |           ^^^^^^^^^^^^^^^^^^^^^^^^^
[INFO] [stderr]     |
[INFO] [stderr]     = help: consider using a Cargo feature instead
[INFO] [stderr]     = help: or consider adding in `Cargo.toml` the `check-cfg` lint config for the lint:
[INFO] [stderr]              [lints.rust]
[INFO] [stderr]              unexpected_cfgs = { level = "warn", check-cfg = ['cfg(thiserror_nightly_testing)'] }
[INFO] [stderr]     = help: or consider adding `println!("cargo::rustc-check-cfg=cfg(thiserror_nightly_testing)");` to the top of the `build.rs`
[INFO] [stderr]     = note: see <https://doc.rust-lang.org/nightly/rustc/check-cfg/cargo-specifics.html> for more information about checking conditional configuration
[INFO] [stderr] 
[INFO] [stderr] warning: unexpected `cfg` condition name: `error_generic_member_access`
[INFO] [stderr]    --> /opt/rustwide/workdir/src/lib.rs:241:42
[INFO] [stderr]     |
[INFO] [stderr] 241 | #[cfg(all(thiserror_nightly_testing, not(error_generic_member_access)))]
[INFO] [stderr]     |                                          ^^^^^^^^^^^^^^^^^^^^^^^^^^^
[INFO] [stderr]     |
[INFO] [stderr]     = help: consider using a Cargo feature instead
[INFO] [stderr]     = help: or consider adding in `Cargo.toml` the `check-cfg` lint config for the lint:
[INFO] [stderr]              [lints.rust]
[INFO] [stderr]              unexpected_cfgs = { level = "warn", check-cfg = ['cfg(error_generic_member_access)'] }
[INFO] [stderr]     = help: or consider adding `println!("cargo::rustc-check-cfg=cfg(error_generic_member_access)");` to the top of the `build.rs`
[INFO] [stderr]     = note: see <https://doc.rust-lang.org/nightly/rustc/check-cfg/cargo-specifics.html> for more information about checking conditional configuration
[INFO] [stderr] 
[INFO] [stderr] warning: unexpected `cfg` condition name: `error_generic_member_access`
[INFO] [stderr]    --> /opt/rustwide/workdir/src/lib.rs:247:7
[INFO] [stderr]     |
[INFO] [stderr] 247 | #[cfg(error_generic_member_access)]
[INFO] [stderr]     |       ^^^^^^^^^^^^^^^^^^^^^^^^^^^
[INFO] [stderr]     |
[INFO] [stderr]     = help: consider using a Cargo feature instead
[INFO] [stderr]     = help: or consider adding in `Cargo.toml` the `check-cfg` lint config for the lint:
[INFO] [stderr]              [lints.rust]
[INFO] [stderr]              unexpected_cfgs = { level = "warn", check-cfg = ['cfg(error_generic_member_access)'] }
[INFO] [stderr]     = help: or consider adding `println!("cargo::rustc-check-cfg=cfg(error_generic_member_access)");` to the top of the `build.rs`
[INFO] [stderr]     = note: see <https://doc.rust-lang.org/nightly/rustc/check-cfg/cargo-specifics.html> for more information about checking conditional configuration
[INFO] [stderr] 
[INFO] [stderr] warning: unexpected `cfg` condition name: `error_generic_member_access`
[INFO] [stderr]    --> /opt/rustwide/workdir/src/lib.rs:261:11
[INFO] [stderr]     |
[INFO] [stderr] 261 |     #[cfg(error_generic_member_access)]
[INFO] [stderr]     |           ^^^^^^^^^^^^^^^^^^^^^^^^^^^
[INFO] [stderr]     |
[INFO] [stderr]     = help: consider using a Cargo feature instead
[INFO] [stderr]     = help: or consider adding in `Cargo.toml` the `check-cfg` lint config for the lint:
[INFO] [stderr]              [lints.rust]
[INFO] [stderr]              unexpected_cfgs = { level = "warn", check-cfg = ['cfg(error_generic_member_access)'] }
[INFO] [stderr]     = help: or consider adding `println!("cargo::rustc-check-cfg=cfg(error_generic_member_access)");` to the top of the `build.rs`
[INFO] [stderr]     = note: see <https://doc.rust-lang.org/nightly/rustc/check-cfg/cargo-specifics.html> for more information about checking conditional configuration
[INFO] [stderr] 
[INFO] [stderr] warning: `thiserror-nostd-notrait` (lib) generated 5 warnings
[INFO] [stderr]     Checking thiserror-nostd-notrait-tests v0.0.0 (/opt/rustwide/target/tests/trybuild/thiserror-nostd-notrait)
[INFO] [stderr]     Finished `dev` profile [unoptimized + debuginfo] target(s) in 6.15s
[INFO] [stderr] 
[INFO] [stderr] 
[INFO] [stderr] test tests/ui/bad-field-attr.rs ... ok
[INFO] [stderr] test tests/ui/concat-display.rs ... ok
[INFO] [stderr] test tests/ui/duplicate-enum-source.rs ... ok
[INFO] [stderr] test tests/ui/duplicate-fmt.rs ... ok
[INFO] [stderr] test tests/ui/duplicate-struct-source.rs ... ok
[INFO] [stderr] test tests/ui/duplicate-transparent.rs ... ok
[INFO] [stderr] test tests/ui/fallback-impl-with-display.rs ... mismatch
[INFO] [stderr] 
[INFO] [stderr] EXPECTED:
[INFO] [stderr] ┈┈┈┈┈┈┈┈┈┈┈┈┈┈┈┈┈┈┈┈┈┈┈┈┈┈┈┈┈┈┈┈┈┈┈┈┈┈┈┈┈┈┈┈┈┈┈┈┈┈┈┈┈┈┈┈┈┈┈┈
[INFO] [stderr] error: expected attribute arguments in parentheses: #[error(...)]
[INFO] [stderr]  --> tests/ui/fallback-impl-with-display.rs:5:3
[INFO] [stderr]   |
[INFO] [stderr] 5 | #[error]
[INFO] [stderr]   |   ^^^^^
[INFO] [stderr] 
[INFO] [stderr] error[E0119]: conflicting implementations of trait `std::fmt::Display` for type `MyError`
[INFO] [stderr]  --> tests/ui/fallback-impl-with-display.rs:4:10
[INFO] [stderr]   |
[INFO] [stderr] 4 | #[derive(Error, Debug)]
[INFO] [stderr]   |          ^^^^^ conflicting implementation for `MyError`
[INFO] [stderr] ...
[INFO] [stderr] 8 | impl Display for MyError {
[INFO] [stderr]   | ------------------------ first implementation here
[INFO] [stderr]   |
[INFO] [stderr]   = note: this error originates in the derive macro `Error` (in Nightly builds, run with -Z macro-backtrace for more info)
[INFO] [stderr] ┈┈┈┈┈┈┈┈┈┈┈┈┈┈┈┈┈┈┈┈┈┈┈┈┈┈┈┈┈┈┈┈┈┈┈┈┈┈┈┈┈┈┈┈┈┈┈┈┈┈┈┈┈┈┈┈┈┈┈┈
[INFO] [stderr] 
[INFO] [stderr] ACTUAL OUTPUT:
[INFO] [stderr] ┈┈┈┈┈┈┈┈┈┈┈┈┈┈┈┈┈┈┈┈┈┈┈┈┈┈┈┈┈┈┈┈┈┈┈┈┈┈┈┈┈┈┈┈┈┈┈┈┈┈┈┈┈┈┈┈┈┈┈┈
[INFO] [stderr] error[E0432]: unresolved import `thiserror`
[INFO] [stderr]  --> tests/ui/fallback-impl-with-display.rs:2:5
[INFO] [stderr]   |
[INFO] [stderr] 2 | use thiserror::Error;
[INFO] [stderr]   |     ^^^^^^^^^ use of undeclared crate or module `thiserror`
[INFO] [stderr] 
[INFO] [stderr] error: cannot find attribute `error` in this scope
[INFO] [stderr]  --> tests/ui/fallback-impl-with-display.rs:5:3
[INFO] [stderr]   |
[INFO] [stderr] 5 | #[error]
[INFO] [stderr]   |   ^^^^^
[INFO] [stderr] ┈┈┈┈┈┈┈┈┈┈┈┈┈┈┈┈┈┈┈┈┈┈┈┈┈┈┈┈┈┈┈┈┈┈┈┈┈┈┈┈┈┈┈┈┈┈┈┈┈┈┈┈┈┈┈┈┈┈┈┈
[INFO] [stderr] note: If the actual output is the correct output you can bless it by rerunning
[INFO] [stderr]       your test with the environment variable TRYBUILD=overwrite
[INFO] [stderr] 
[INFO] [stderr] test tests/ui/from-backtrace-backtrace.rs ... ok
[INFO] [stderr] test tests/ui/from-not-source.rs ... ok
[INFO] [stderr] test tests/ui/invalid-input-impl-anyway.rs ... mismatch
[INFO] [stderr] 
[INFO] [stderr] EXPECTED:
[INFO] [stderr] ┈┈┈┈┈┈┈┈┈┈┈┈┈┈┈┈┈┈┈┈┈┈┈┈┈┈┈┈┈┈┈┈┈┈┈┈┈┈┈┈┈┈┈┈┈┈┈┈┈┈┈┈┈┈┈┈┈┈┈┈
[INFO] [stderr] error: expected attribute arguments in parentheses: #[error(...)]
[INFO] [stderr]  --> tests/ui/invalid-input-impl-anyway.rs:4:3
[INFO] [stderr]   |
[INFO] [stderr] 4 | #[error]
[INFO] [stderr]   |   ^^^^^
[INFO] [stderr] ┈┈┈┈┈┈┈┈┈┈┈┈┈┈┈┈┈┈┈┈┈┈┈┈┈┈┈┈┈┈┈┈┈┈┈┈┈┈┈┈┈┈┈┈┈┈┈┈┈┈┈┈┈┈┈┈┈┈┈┈
[INFO] [stderr] 
[INFO] [stderr] ACTUAL OUTPUT:
[INFO] [stderr] ┈┈┈┈┈┈┈┈┈┈┈┈┈┈┈┈┈┈┈┈┈┈┈┈┈┈┈┈┈┈┈┈┈┈┈┈┈┈┈┈┈┈┈┈┈┈┈┈┈┈┈┈┈┈┈┈┈┈┈┈
[INFO] [stderr] error[E0432]: unresolved import `thiserror`
[INFO] [stderr]  --> tests/ui/invalid-input-impl-anyway.rs:1:5
[INFO] [stderr]   |
[INFO] [stderr] 1 | use thiserror::Error;
[INFO] [stderr]   |     ^^^^^^^^^ use of undeclared crate or module `thiserror`
[INFO] [stderr] 
[INFO] [stderr] error: cannot find attribute `error` in this scope
[INFO] [stderr]  --> tests/ui/invalid-input-impl-anyway.rs:4:3
[INFO] [stderr]   |
[INFO] [stderr] 4 | #[error]
[INFO] [stderr]   |   ^^^^^
[INFO] [stderr] 
[INFO] [stderr] error[E0277]: the trait bound `MyError: std::error::Error` is not satisfied
[INFO] [stderr]   --> tests/ui/invalid-input-impl-anyway.rs:10:9
[INFO] [stderr]    |
[INFO] [stderr] 10 |     _ = &MyError as &dyn std::error::Error;
[INFO] [stderr]    |         ^^^^^^^^ the trait `std::error::Error` is not implemented for `MyError`
[INFO] [stderr]    |
[INFO] [stderr]    = note: required for the cast from `&MyError` to `&dyn std::error::Error`
[INFO] [stderr] ┈┈┈┈┈┈┈┈┈┈┈┈┈┈┈┈┈┈┈┈┈┈┈┈┈┈┈┈┈┈┈┈┈┈┈┈┈┈┈┈┈┈┈┈┈┈┈┈┈┈┈┈┈┈┈┈┈┈┈┈
[INFO] [stderr] note: If the actual output is the correct output you can bless it by rerunning
[INFO] [stderr]       your test with the environment variable TRYBUILD=overwrite
[INFO] [stderr] 
[INFO] [stderr] test tests/ui/lifetime.rs ... ok
[INFO] [stderr] test tests/ui/missing-display.rs ... mismatch
[INFO] [stderr] 
[INFO] [stderr] EXPECTED:
[INFO] [stderr] ┈┈┈┈┈┈┈┈┈┈┈┈┈┈┈┈┈┈┈┈┈┈┈┈┈┈┈┈┈┈┈┈┈┈┈┈┈┈┈┈┈┈┈┈┈┈┈┈┈┈┈┈┈┈┈┈┈┈┈┈
[INFO] [stderr] error[E0277]: `MyError` doesn't implement `std::fmt::Display`
[INFO] [stderr]  --> tests/ui/missing-display.rs:4:10
[INFO] [stderr]   |
[INFO] [stderr] 4 | pub enum MyError {
[INFO] [stderr]   |          ^^^^^^^ `MyError` cannot be formatted with the default formatter
[INFO] [stderr]   |
[INFO] [stderr]   = help: the trait `std::fmt::Display` is not implemented for `MyError`
[INFO] [stderr]   = note: in format strings you may be able to use `{:?}` (or {:#?} for pretty-print) instead
[INFO] [stderr] note: required by a bound in `std::error::Error`
[INFO] [stderr]  --> $RUST/core/src/error.rs
[INFO] [stderr]   |
[INFO] [stderr]   | pub trait Error: Debug + Display {
[INFO] [stderr]   |                          ^^^^^^^ required by this bound in `Error`
[INFO] [stderr] ┈┈┈┈┈┈┈┈┈┈┈┈┈┈┈┈┈┈┈┈┈┈┈┈┈┈┈┈┈┈┈┈┈┈┈┈┈┈┈┈┈┈┈┈┈┈┈┈┈┈┈┈┈┈┈┈┈┈┈┈
[INFO] [stderr] 
[INFO] [stderr] ACTUAL OUTPUT:
[INFO] [stderr] ┈┈┈┈┈┈┈┈┈┈┈┈┈┈┈┈┈┈┈┈┈┈┈┈┈┈┈┈┈┈┈┈┈┈┈┈┈┈┈┈┈┈┈┈┈┈┈┈┈┈┈┈┈┈┈┈┈┈┈┈
[INFO] [stderr] error[E0432]: unresolved import `thiserror`
[INFO] [stderr]  --> tests/ui/missing-display.rs:1:5
[INFO] [stderr]   |
[INFO] [stderr] 1 | use thiserror::Error;
[INFO] [stderr]   |     ^^^^^^^^^ use of undeclared crate or module `thiserror`
[INFO] [stderr] ┈┈┈┈┈┈┈┈┈┈┈┈┈┈┈┈┈┈┈┈┈┈┈┈┈┈┈┈┈┈┈┈┈┈┈┈┈┈┈┈┈┈┈┈┈┈┈┈┈┈┈┈┈┈┈┈┈┈┈┈
[INFO] [stderr] note: If the actual output is the correct output you can bless it by rerunning
[INFO] [stderr]       your test with the environment variable TRYBUILD=overwrite
[INFO] [stderr] 
[INFO] [stderr] test tests/ui/missing-fmt.rs ... ok
[INFO] [stderr] test tests/ui/no-display.rs ... mismatch
[INFO] [stderr] 
[INFO] [stderr] EXPECTED:
[INFO] [stderr] ┈┈┈┈┈┈┈┈┈┈┈┈┈┈┈┈┈┈┈┈┈┈┈┈┈┈┈┈┈┈┈┈┈┈┈┈┈┈┈┈┈┈┈┈┈┈┈┈┈┈┈┈┈┈┈┈┈┈┈┈
[INFO] [stderr] error[E0599]: the method `as_display` exists for reference `&NoDisplay`, but its trait bounds were not satisfied
[INFO] [stderr]  --> tests/ui/no-display.rs:7:9
[INFO] [stderr]   |
[INFO] [stderr] 4 | struct NoDisplay;
[INFO] [stderr]   | ---------------- doesn't satisfy `NoDisplay: std::fmt::Display`
[INFO] [stderr] ...
[INFO] [stderr] 7 | #[error("thread: {thread}")]
[INFO] [stderr]   |         ^^^^^^^^^^^^^^^^^^ method cannot be called on `&NoDisplay` due to unsatisfied trait bounds
[INFO] [stderr]   |
[INFO] [stderr]   = note: the following trait bounds were not satisfied:
[INFO] [stderr]           `NoDisplay: std::fmt::Display`
[INFO] [stderr]           which is required by `&NoDisplay: AsDisplay<'_>`
[INFO] [stderr] note: the trait `std::fmt::Display` must be implemented
[INFO] [stderr]  --> $RUST/core/src/fmt/mod.rs
[INFO] [stderr]   |
[INFO] [stderr]   | pub trait Display {
[INFO] [stderr]   | ^^^^^^^^^^^^^^^^^
[INFO] [stderr]   = help: items from traits can only be used if the trait is implemented and in scope
[INFO] [stderr]   = note: the following trait defines an item `as_display`, perhaps you need to implement it:
[INFO] [stderr]           candidate #1: `AsDisplay`
[INFO] [stderr] ┈┈┈┈┈┈┈┈┈┈┈┈┈┈┈┈┈┈┈┈┈┈┈┈┈┈┈┈┈┈┈┈┈┈┈┈┈┈┈┈┈┈┈┈┈┈┈┈┈┈┈┈┈┈┈┈┈┈┈┈
[INFO] [stderr] 
[INFO] [stderr] ACTUAL OUTPUT:
[INFO] [stderr] ┈┈┈┈┈┈┈┈┈┈┈┈┈┈┈┈┈┈┈┈┈┈┈┈┈┈┈┈┈┈┈┈┈┈┈┈┈┈┈┈┈┈┈┈┈┈┈┈┈┈┈┈┈┈┈┈┈┈┈┈
[INFO] [stderr] error[E0599]: the method `as_display` exists for reference `&NoDisplay`, but its trait bounds were not satisfied
[INFO] [stderr]  --> tests/ui/no-display.rs:7:9
[INFO] [stderr]   |
[INFO] [stderr] 4 | struct NoDisplay;
[INFO] [stderr]   | ---------------- doesn't satisfy `NoDisplay: std::fmt::Display`
[INFO] [stderr] ...
[INFO] [stderr] 7 | #[error("thread: {thread}")]
[INFO] [stderr]   |         ^^^^^^^^^^^^^^^^^^ method cannot be called on `&NoDisplay` due to unsatisfied trait bounds
[INFO] [stderr]   |
[INFO] [stderr]   = note: the following trait bounds were not satisfied:
[INFO] [stderr]           `NoDisplay: std::fmt::Display`
[INFO] [stderr]           which is required by `&NoDisplay: AsDisplay<'_>`
[INFO] [stderr] note: the trait `std::fmt::Display` must be implemented
[INFO] [stderr]  --> $RUST/core/src/fmt/mod.rs
[INFO] [stderr]   = help: items from traits can only be used if the trait is implemented and in scope
[INFO] [stderr]   = note: the following trait defines an item `as_display`, perhaps you need to implement it:
[INFO] [stderr]           candidate #1: `AsDisplay`
[INFO] [stderr] ┈┈┈┈┈┈┈┈┈┈┈┈┈┈┈┈┈┈┈┈┈┈┈┈┈┈┈┈┈┈┈┈┈┈┈┈┈┈┈┈┈┈┈┈┈┈┈┈┈┈┈┈┈┈┈┈┈┈┈┈
[INFO] [stderr] note: If the actual output is the correct output you can bless it by rerunning
[INFO] [stderr]       your test with the environment variable TRYBUILD=overwrite
[INFO] [stderr] 
[INFO] [stderr] test tests/ui/source-enum-not-error.rs ... mismatch
[INFO] [stderr] 
[INFO] [stderr] EXPECTED:
[INFO] [stderr] ┈┈┈┈┈┈┈┈┈┈┈┈┈┈┈┈┈┈┈┈┈┈┈┈┈┈┈┈┈┈┈┈┈┈┈┈┈┈┈┈┈┈┈┈┈┈┈┈┈┈┈┈┈┈┈┈┈┈┈┈
[INFO] [stderr] error[E0599]: the method `as_dyn_error` exists for reference `&NotError`, but its trait bounds were not satisfied
[INFO] [stderr]  --> tests/ui/source-enum-not-error.rs:9:14
[INFO] [stderr]   |
[INFO] [stderr] 4 | pub struct NotError;
[INFO] [stderr]   | ------------------- doesn't satisfy `NotError: AsDynError<'_>` or `NotError: std::error::Error`
[INFO] [stderr] ...
[INFO] [stderr] 9 |     Broken { source: NotError },
[INFO] [stderr]   |              ^^^^^^ method cannot be called on `&NotError` due to unsatisfied trait bounds
[INFO] [stderr]   |
[INFO] [stderr]   = note: the following trait bounds were not satisfied:
[INFO] [stderr]           `NotError: std::error::Error`
[INFO] [stderr]           which is required by `NotError: AsDynError<'_>`
[INFO] [stderr]           `&NotError: std::error::Error`
[INFO] [stderr]           which is required by `&NotError: AsDynError<'_>`
[INFO] [stderr] note: the trait `std::error::Error` must be implemented
[INFO] [stderr]  --> $RUST/core/src/error.rs
[INFO] [stderr]   |
[INFO] [stderr]   | pub trait Error: Debug + Display {
[INFO] [stderr]   | ^^^^^^^^^^^^^^^^^^^^^^^^^^^^^^^^
[INFO] [stderr]   = help: items from traits can only be used if the trait is implemented and in scope
[INFO] [stderr]   = note: the following trait defines an item `as_dyn_error`, perhaps you need to implement it:
[INFO] [stderr]           candidate #1: `AsDynError`
[INFO] [stderr] ┈┈┈┈┈┈┈┈┈┈┈┈┈┈┈┈┈┈┈┈┈┈┈┈┈┈┈┈┈┈┈┈┈┈┈┈┈┈┈┈┈┈┈┈┈┈┈┈┈┈┈┈┈┈┈┈┈┈┈┈
[INFO] [stderr] 
[INFO] [stderr] ACTUAL OUTPUT:
[INFO] [stderr] ┈┈┈┈┈┈┈┈┈┈┈┈┈┈┈┈┈┈┈┈┈┈┈┈┈┈┈┈┈┈┈┈┈┈┈┈┈┈┈┈┈┈┈┈┈┈┈┈┈┈┈┈┈┈┈┈┈┈┈┈
[INFO] [stderr] error[E0599]: the method `as_dyn_error` exists for reference `&NotError`, but its trait bounds were not satisfied
[INFO] [stderr]  --> tests/ui/source-enum-not-error.rs:9:14
[INFO] [stderr]   |
[INFO] [stderr] 4 | pub struct NotError;
[INFO] [stderr]   | ------------------- doesn't satisfy `NotError: AsDynError<'_>` or `NotError: std::error::Error`
[INFO] [stderr] ...
[INFO] [stderr] 9 |     Broken { source: NotError },
[INFO] [stderr]   |              ^^^^^^ method cannot be called on `&NotError` due to unsatisfied trait bounds
[INFO] [stderr]   |
[INFO] [stderr]   = note: the following trait bounds were not satisfied:
[INFO] [stderr]           `NotError: std::error::Error`
[INFO] [stderr]           which is required by `NotError: AsDynError<'_>`
[INFO] [stderr]           `&NotError: std::error::Error`
[INFO] [stderr]           which is required by `&NotError: AsDynError<'_>`
[INFO] [stderr] note: the trait `std::error::Error` must be implemented
[INFO] [stderr]  --> $RUST/core/src/error.rs
[INFO] [stderr]   = help: items from traits can only be used if the trait is implemented and in scope
[INFO] [stderr]   = note: the following trait defines an item `as_dyn_error`, perhaps you need to implement it:
[INFO] [stderr]           candidate #1: `AsDynError`
[INFO] [stderr] ┈┈┈┈┈┈┈┈┈┈┈┈┈┈┈┈┈┈┈┈┈┈┈┈┈┈┈┈┈┈┈┈┈┈┈┈┈┈┈┈┈┈┈┈┈┈┈┈┈┈┈┈┈┈┈┈┈┈┈┈
[INFO] [stderr] note: If the actual output is the correct output you can bless it by rerunning
[INFO] [stderr]       your test with the environment variable TRYBUILD=overwrite
[INFO] [stderr] 
[INFO] [stderr] test tests/ui/source-enum-unnamed-field-not-error.rs ... mismatch
[INFO] [stderr] 
[INFO] [stderr] EXPECTED:
[INFO] [stderr] ┈┈┈┈┈┈┈┈┈┈┈┈┈┈┈┈┈┈┈┈┈┈┈┈┈┈┈┈┈┈┈┈┈┈┈┈┈┈┈┈┈┈┈┈┈┈┈┈┈┈┈┈┈┈┈┈┈┈┈┈
[INFO] [stderr] error[E0599]: the method `as_dyn_error` exists for reference `&NotError`, but its trait bounds were not satisfied
[INFO] [stderr]  --> tests/ui/source-enum-unnamed-field-not-error.rs:9:14
[INFO] [stderr]   |
[INFO] [stderr] 4 | pub struct NotError;
[INFO] [stderr]   | ------------------- doesn't satisfy `NotError: AsDynError<'_>` or `NotError: std::error::Error`
[INFO] [stderr] ...
[INFO] [stderr] 9 |     Broken(#[source] NotError),
[INFO] [stderr]   |              ^^^^^^ method cannot be called on `&NotError` due to unsatisfied trait bounds
[INFO] [stderr]   |
[INFO] [stderr]   = note: the following trait bounds were not satisfied:
[INFO] [stderr]           `NotError: std::error::Error`
[INFO] [stderr]           which is required by `NotError: AsDynError<'_>`
[INFO] [stderr]           `&NotError: std::error::Error`
[INFO] [stderr]           which is required by `&NotError: AsDynError<'_>`
[INFO] [stderr] note: the trait `std::error::Error` must be implemented
[INFO] [stderr]  --> $RUST/core/src/error.rs
[INFO] [stderr]   |
[INFO] [stderr]   | pub trait Error: Debug + Display {
[INFO] [stderr]   | ^^^^^^^^^^^^^^^^^^^^^^^^^^^^^^^^
[INFO] [stderr]   = help: items from traits can only be used if the trait is implemented and in scope
[INFO] [stderr]   = note: the following trait defines an item `as_dyn_error`, perhaps you need to implement it:
[INFO] [stderr]           candidate #1: `AsDynError`
[INFO] [stderr] ┈┈┈┈┈┈┈┈┈┈┈┈┈┈┈┈┈┈┈┈┈┈┈┈┈┈┈┈┈┈┈┈┈┈┈┈┈┈┈┈┈┈┈┈┈┈┈┈┈┈┈┈┈┈┈┈┈┈┈┈
[INFO] [stderr] 
[INFO] [stderr] ACTUAL OUTPUT:
[INFO] [stderr] ┈┈┈┈┈┈┈┈┈┈┈┈┈┈┈┈┈┈┈┈┈┈┈┈┈┈┈┈┈┈┈┈┈┈┈┈┈┈┈┈┈┈┈┈┈┈┈┈┈┈┈┈┈┈┈┈┈┈┈┈
[INFO] [stderr] error[E0599]: the method `as_dyn_error` exists for reference `&NotError`, but its trait bounds were not satisfied
[INFO] [stderr]  --> tests/ui/source-enum-unnamed-field-not-error.rs:9:14
[INFO] [stderr]   |
[INFO] [stderr] 4 | pub struct NotError;
[INFO] [stderr]   | ------------------- doesn't satisfy `NotError: AsDynError<'_>` or `NotError: std::error::Error`
[INFO] [stderr] ...
[INFO] [stderr] 9 |     Broken(#[source] NotError),
[INFO] [stderr]   |              ^^^^^^ method cannot be called on `&NotError` due to unsatisfied trait bounds
[INFO] [stderr]   |
[INFO] [stderr]   = note: the following trait bounds were not satisfied:
[INFO] [stderr]           `NotError: std::error::Error`
[INFO] [stderr]           which is required by `NotError: AsDynError<'_>`
[INFO] [stderr]           `&NotError: std::error::Error`
[INFO] [stderr]           which is required by `&NotError: AsDynError<'_>`
[INFO] [stderr] note: the trait `std::error::Error` must be implemented
[INFO] [stderr]  --> $RUST/core/src/error.rs
[INFO] [stderr]   = help: items from traits can only be used if the trait is implemented and in scope
[INFO] [stderr]   = note: the following trait defines an item `as_dyn_error`, perhaps you need to implement it:
[INFO] [stderr]           candidate #1: `AsDynError`
[INFO] [stderr] ┈┈┈┈┈┈┈┈┈┈┈┈┈┈┈┈┈┈┈┈┈┈┈┈┈┈┈┈┈┈┈┈┈┈┈┈┈┈┈┈┈┈┈┈┈┈┈┈┈┈┈┈┈┈┈┈┈┈┈┈
[INFO] [stderr] note: If the actual output is the correct output you can bless it by rerunning
[INFO] [stderr]       your test with the environment variable TRYBUILD=overwrite
[INFO] [stderr] 
[INFO] [stderr] test tests/ui/source-struct-not-error.rs ... mismatch
[INFO] [stderr] 
[INFO] [stderr] EXPECTED:
[INFO] [stderr] ┈┈┈┈┈┈┈┈┈┈┈┈┈┈┈┈┈┈┈┈┈┈┈┈┈┈┈┈┈┈┈┈┈┈┈┈┈┈┈┈┈┈┈┈┈┈┈┈┈┈┈┈┈┈┈┈┈┈┈┈
[INFO] [stderr] error[E0599]: the method `as_dyn_error` exists for struct `NotError`, but its trait bounds were not satisfied
[INFO] [stderr]  --> tests/ui/source-struct-not-error.rs:9:5
[INFO] [stderr]   |
[INFO] [stderr] 4 | struct NotError;
[INFO] [stderr]   | --------------- method `as_dyn_error` not found for this struct because it doesn't satisfy `NotError: AsDynError<'_>` or `NotError: std::error::Error`
[INFO] [stderr] ...
[INFO] [stderr] 9 |     source: NotError,
[INFO] [stderr]   |     ^^^^^^ method cannot be called on `NotError` due to unsatisfied trait bounds
[INFO] [stderr]   |
[INFO] [stderr]   = note: the following trait bounds were not satisfied:
[INFO] [stderr]           `NotError: std::error::Error`
[INFO] [stderr]           which is required by `NotError: AsDynError<'_>`
[INFO] [stderr] note: the trait `std::error::Error` must be implemented
[INFO] [stderr]  --> $RUST/core/src/error.rs
[INFO] [stderr]   |
[INFO] [stderr]   | pub trait Error: Debug + Display {
[INFO] [stderr]   | ^^^^^^^^^^^^^^^^^^^^^^^^^^^^^^^^
[INFO] [stderr]   = help: items from traits can only be used if the trait is implemented and in scope
[INFO] [stderr]   = note: the following trait defines an item `as_dyn_error`, perhaps you need to implement it:
[INFO] [stderr]           candidate #1: `AsDynError`
[INFO] [stderr] ┈┈┈┈┈┈┈┈┈┈┈┈┈┈┈┈┈┈┈┈┈┈┈┈┈┈┈┈┈┈┈┈┈┈┈┈┈┈┈┈┈┈┈┈┈┈┈┈┈┈┈┈┈┈┈┈┈┈┈┈
[INFO] [stderr] 
[INFO] [stderr] ACTUAL OUTPUT:
[INFO] [stderr] ┈┈┈┈┈┈┈┈┈┈┈┈┈┈┈┈┈┈┈┈┈┈┈┈┈┈┈┈┈┈┈┈┈┈┈┈┈┈┈┈┈┈┈┈┈┈┈┈┈┈┈┈┈┈┈┈┈┈┈┈
[INFO] [stderr] error[E0599]: the method `as_dyn_error` exists for struct `NotError`, but its trait bounds were not satisfied
[INFO] [stderr]  --> tests/ui/source-struct-not-error.rs:9:5
[INFO] [stderr]   |
[INFO] [stderr] 4 | struct NotError;
[INFO] [stderr]   | --------------- method `as_dyn_error` not found for this struct because it doesn't satisfy `NotError: AsDynError<'_>` or `NotError: std::error::Error`
[INFO] [stderr] ...
[INFO] [stderr] 9 |     source: NotError,
[INFO] [stderr]   |     ^^^^^^ method cannot be called on `NotError` due to unsatisfied trait bounds
[INFO] [stderr]   |
[INFO] [stderr]   = note: the following trait bounds were not satisfied:
[INFO] [stderr]           `NotError: std::error::Error`
[INFO] [stderr]           which is required by `NotError: AsDynError<'_>`
[INFO] [stderr] note: the trait `std::error::Error` must be implemented
[INFO] [stderr]  --> $RUST/core/src/error.rs
[INFO] [stderr]   = help: items from traits can only be used if the trait is implemented and in scope
[INFO] [stderr]   = note: the following trait defines an item `as_dyn_error`, perhaps you need to implement it:
[INFO] [stderr]           candidate #1: `AsDynError`
[INFO] [stderr] ┈┈┈┈┈┈┈┈┈┈┈┈┈┈┈┈┈┈┈┈┈┈┈┈┈┈┈┈┈┈┈┈┈┈┈┈┈┈┈┈┈┈┈┈┈┈┈┈┈┈┈┈┈┈┈┈┈┈┈┈
[INFO] [stderr] note: If the actual output is the correct output you can bless it by rerunning
[INFO] [stderr]       your test with the environment variable TRYBUILD=overwrite
[INFO] [stderr] 
[INFO] [stderr] test tests/ui/source-struct-unnamed-field-not-error.rs ... mismatch
[INFO] [stderr] 
[INFO] [stderr] EXPECTED:
[INFO] [stderr] ┈┈┈┈┈┈┈┈┈┈┈┈┈┈┈┈┈┈┈┈┈┈┈┈┈┈┈┈┈┈┈┈┈┈┈┈┈┈┈┈┈┈┈┈┈┈┈┈┈┈┈┈┈┈┈┈┈┈┈┈
[INFO] [stderr] error[E0599]: the method `as_dyn_error` exists for struct `NotError`, but its trait bounds were not satisfied
[INFO] [stderr]  --> tests/ui/source-struct-unnamed-field-not-error.rs:8:26
[INFO] [stderr]   |
[INFO] [stderr] 4 | struct NotError;
[INFO] [stderr]   | --------------- method `as_dyn_error` not found for this struct because it doesn't satisfy `NotError: AsDynError<'_>` or `NotError: std::error::Error`
[INFO] [stderr] ...
[INFO] [stderr] 8 | pub struct ErrorStruct(#[source] NotError);
[INFO] [stderr]   |                          ^^^^^^ method cannot be called on `NotError` due to unsatisfied trait bounds
[INFO] [stderr]   |
[INFO] [stderr]   = note: the following trait bounds were not satisfied:
[INFO] [stderr]           `NotError: std::error::Error`
[INFO] [stderr]           which is required by `NotError: AsDynError<'_>`
[INFO] [stderr] note: the trait `std::error::Error` must be implemented
[INFO] [stderr]  --> $RUST/core/src/error.rs
[INFO] [stderr]   |
[INFO] [stderr]   | pub trait Error: Debug + Display {
[INFO] [stderr]   | ^^^^^^^^^^^^^^^^^^^^^^^^^^^^^^^^
[INFO] [stderr]   = help: items from traits can only be used if the trait is implemented and in scope
[INFO] [stderr]   = note: the following trait defines an item `as_dyn_error`, perhaps you need to implement it:
[INFO] [stderr]           candidate #1: `AsDynError`
[INFO] [stderr] ┈┈┈┈┈┈┈┈┈┈┈┈┈┈┈┈┈┈┈┈┈┈┈┈┈┈┈┈┈┈┈┈┈┈┈┈┈┈┈┈┈┈┈┈┈┈┈┈┈┈┈┈┈┈┈┈┈┈┈┈
[INFO] [stderr] 
[INFO] [stderr] ACTUAL OUTPUT:
[INFO] [stderr] ┈┈┈┈┈┈┈┈┈┈┈┈┈┈┈┈┈┈┈┈┈┈┈┈┈┈┈┈┈┈┈┈┈┈┈┈┈┈┈┈┈┈┈┈┈┈┈┈┈┈┈┈┈┈┈┈┈┈┈┈
[INFO] [stderr] error[E0599]: the method `as_dyn_error` exists for struct `NotError`, but its trait bounds were not satisfied
[INFO] [stderr]  --> tests/ui/source-struct-unnamed-field-not-error.rs:8:26
[INFO] [stderr]   |
[INFO] [stderr] 4 | struct NotError;
[INFO] [stderr]   | --------------- method `as_dyn_error` not found for this struct because it doesn't satisfy `NotError: AsDynError<'_>` or `NotError: std::error::Error`
[INFO] [stderr] ...
[INFO] [stderr] 8 | pub struct ErrorStruct(#[source] NotError);
[INFO] [stderr]   |                          ^^^^^^ method cannot be called on `NotError` due to unsatisfied trait bounds
[INFO] [stderr]   |
[INFO] [stderr]   = note: the following trait bounds were not satisfied:
[INFO] [stderr]           `NotError: std::error::Error`
[INFO] [stderr]           which is required by `NotError: AsDynError<'_>`
[INFO] [stderr] note: the trait `std::error::Error` must be implemented
[INFO] [stderr]  --> $RUST/core/src/error.rs
[INFO] [stderr]   = help: items from traits can only be used if the trait is implemented and in scope
[INFO] [stderr]   = note: the following trait defines an item `as_dyn_error`, perhaps you need to implement it:
[INFO] [stderr]           candidate #1: `AsDynError`
[INFO] [stderr] ┈┈┈┈┈┈┈┈┈┈┈┈┈┈┈┈┈┈┈┈┈┈┈┈┈┈┈┈┈┈┈┈┈┈┈┈┈┈┈┈┈┈┈┈┈┈┈┈┈┈┈┈┈┈┈┈┈┈┈┈
[INFO] [stderr] note: If the actual output is the correct output you can bless it by rerunning
[INFO] [stderr]       your test with the environment variable TRYBUILD=overwrite
[INFO] [stderr] 
[INFO] [stderr] test tests/ui/transparent-display.rs ... ok
[INFO] [stderr] test tests/ui/transparent-enum-many.rs ... ok
[INFO] [stderr] test tests/ui/transparent-enum-not-error.rs ... mismatch
[INFO] [stderr] 
[INFO] [stderr] EXPECTED:
[INFO] [stderr] ┈┈┈┈┈┈┈┈┈┈┈┈┈┈┈┈┈┈┈┈┈┈┈┈┈┈┈┈┈┈┈┈┈┈┈┈┈┈┈┈┈┈┈┈┈┈┈┈┈┈┈┈┈┈┈┈┈┈┈┈
[INFO] [stderr] error[E0599]: the method `as_dyn_error` exists for reference `&String`, but its trait bounds were not satisfied
[INFO] [stderr]  --> tests/ui/transparent-enum-not-error.rs:5:13
[INFO] [stderr]   |
[INFO] [stderr] 5 |     #[error(transparent)]
[INFO] [stderr]   |             ^^^^^^^^^^^ method cannot be called on `&String` due to unsatisfied trait bounds
[INFO] [stderr]   |
[INFO] [stderr]  ::: $RUST/alloc/src/string.rs
[INFO] [stderr]   |
[INFO] [stderr]   | pub struct String {
[INFO] [stderr]   | ----------------- doesn't satisfy `String: AsDynError<'_>` or `String: std::error::Error`
[INFO] [stderr]   |
[INFO] [stderr]   = note: the following trait bounds were not satisfied:
[INFO] [stderr]           `String: std::error::Error`
[INFO] [stderr]           which is required by `String: AsDynError<'_>`
[INFO] [stderr]           `&String: std::error::Error`
[INFO] [stderr]           which is required by `&String: AsDynError<'_>`
[INFO] [stderr]           `str: Sized`
[INFO] [stderr]           which is required by `str: AsDynError<'_>`
[INFO] [stderr]           `str: std::error::Error`
[INFO] [stderr]           which is required by `str: AsDynError<'_>`
[INFO] [stderr] ┈┈┈┈┈┈┈┈┈┈┈┈┈┈┈┈┈┈┈┈┈┈┈┈┈┈┈┈┈┈┈┈┈┈┈┈┈┈┈┈┈┈┈┈┈┈┈┈┈┈┈┈┈┈┈┈┈┈┈┈
[INFO] [stderr] 
[INFO] [stderr] ACTUAL OUTPUT:
[INFO] [stderr] ┈┈┈┈┈┈┈┈┈┈┈┈┈┈┈┈┈┈┈┈┈┈┈┈┈┈┈┈┈┈┈┈┈┈┈┈┈┈┈┈┈┈┈┈┈┈┈┈┈┈┈┈┈┈┈┈┈┈┈┈
[INFO] [stderr] error[E0599]: the method `as_dyn_error` exists for reference `&String`, but its trait bounds were not satisfied
[INFO] [stderr]  --> tests/ui/transparent-enum-not-error.rs:5:13
[INFO] [stderr]   |
[INFO] [stderr] 5 |     #[error(transparent)]
[INFO] [stderr]   |             ^^^^^^^^^^^ method cannot be called on `&String` due to unsatisfied trait bounds
[INFO] [stderr]   |
[INFO] [stderr]   = note: the following trait bounds were not satisfied:
[INFO] [stderr]           `String: std::error::Error`
[INFO] [stderr]           which is required by `String: AsDynError<'_>`
[INFO] [stderr]           `&String: std::error::Error`
[INFO] [stderr]           which is required by `&String: AsDynError<'_>`
[INFO] [stderr]           `str: Sized`
[INFO] [stderr]           which is required by `str: AsDynError<'_>`
[INFO] [stderr]           `str: std::error::Error`
[INFO] [stderr]           which is required by `str: AsDynError<'_>`
[INFO] [stderr] ┈┈┈┈┈┈┈┈┈┈┈┈┈┈┈┈┈┈┈┈┈┈┈┈┈┈┈┈┈┈┈┈┈┈┈┈┈┈┈┈┈┈┈┈┈┈┈┈┈┈┈┈┈┈┈┈┈┈┈┈
[INFO] [stderr] note: If the actual output is the correct output you can bless it by rerunning
[INFO] [stderr]       your test with the environment variable TRYBUILD=overwrite
[INFO] [stderr] 
[INFO] [stderr] test tests/ui/transparent-enum-source.rs ... ok
[INFO] [stderr] test tests/ui/transparent-enum-unnamed-field-not-error.rs ... mismatch
[INFO] [stderr] 
[INFO] [stderr] EXPECTED:
[INFO] [stderr] ┈┈┈┈┈┈┈┈┈┈┈┈┈┈┈┈┈┈┈┈┈┈┈┈┈┈┈┈┈┈┈┈┈┈┈┈┈┈┈┈┈┈┈┈┈┈┈┈┈┈┈┈┈┈┈┈┈┈┈┈
[INFO] [stderr] error[E0599]: the method `as_dyn_error` exists for reference `&String`, but its trait bounds were not satisfied
[INFO] [stderr]  --> tests/ui/transparent-enum-unnamed-field-not-error.rs:5:13
[INFO] [stderr]   |
[INFO] [stderr] 5 |     #[error(transparent)]
[INFO] [stderr]   |             ^^^^^^^^^^^ method cannot be called on `&String` due to unsatisfied trait bounds
[INFO] [stderr]   |
[INFO] [stderr]  ::: $RUST/alloc/src/string.rs
[INFO] [stderr]   |
[INFO] [stderr]   | pub struct String {
[INFO] [stderr]   | ----------------- doesn't satisfy `String: AsDynError<'_>` or `String: std::error::Error`
[INFO] [stderr]   |
[INFO] [stderr]   = note: the following trait bounds were not satisfied:
[INFO] [stderr]           `String: std::error::Error`
[INFO] [stderr]           which is required by `String: AsDynError<'_>`
[INFO] [stderr]           `&String: std::error::Error`
[INFO] [stderr]           which is required by `&String: AsDynError<'_>`
[INFO] [stderr]           `str: Sized`
[INFO] [stderr]           which is required by `str: AsDynError<'_>`
[INFO] [stderr]           `str: std::error::Error`
[INFO] [stderr]           which is required by `str: AsDynError<'_>`
[INFO] [stderr] ┈┈┈┈┈┈┈┈┈┈┈┈┈┈┈┈┈┈┈┈┈┈┈┈┈┈┈┈┈┈┈┈┈┈┈┈┈┈┈┈┈┈┈┈┈┈┈┈┈┈┈┈┈┈┈┈┈┈┈┈
[INFO] [stderr] 
[INFO] [stderr] ACTUAL OUTPUT:
[INFO] [stderr] ┈┈┈┈┈┈┈┈┈┈┈┈┈┈┈┈┈┈┈┈┈┈┈┈┈┈┈┈┈┈┈┈┈┈┈┈┈┈┈┈┈┈┈┈┈┈┈┈┈┈┈┈┈┈┈┈┈┈┈┈
[INFO] [stderr] error[E0599]: the method `as_dyn_error` exists for reference `&String`, but its trait bounds were not satisfied
[INFO] [stderr]  --> tests/ui/transparent-enum-unnamed-field-not-error.rs:5:13
[INFO] [stderr]   |
[INFO] [stderr] 5 |     #[error(transparent)]
[INFO] [stderr]   |             ^^^^^^^^^^^ method cannot be called on `&String` due to unsatisfied trait bounds
[INFO] [stderr]   |
[INFO] [stderr]   = note: the following trait bounds were not satisfied:
[INFO] [stderr]           `String: std::error::Error`
[INFO] [stderr]           which is required by `String: AsDynError<'_>`
[INFO] [stderr]           `&String: std::error::Error`
[INFO] [stderr]           which is required by `&String: AsDynError<'_>`
[INFO] [stderr]           `str: Sized`
[INFO] [stderr]           which is required by `str: AsDynError<'_>`
[INFO] [stderr]           `str: std::error::Error`
[INFO] [stderr]           which is required by `str: AsDynError<'_>`
[INFO] [stderr] ┈┈┈┈┈┈┈┈┈┈┈┈┈┈┈┈┈┈┈┈┈┈┈┈┈┈┈┈┈┈┈┈┈┈┈┈┈┈┈┈┈┈┈┈┈┈┈┈┈┈┈┈┈┈┈┈┈┈┈┈
[INFO] [stderr] note: If the actual output is the correct output you can bless it by rerunning
[INFO] [stderr]       your test with the environment variable TRYBUILD=overwrite
[INFO] [stderr] 
[INFO] [stderr] test tests/ui/transparent-struct-many.rs ... ok
[INFO] [stderr] test tests/ui/transparent-struct-not-error.rs ... mismatch
[INFO] [stderr] 
[INFO] [stderr] EXPECTED:
[INFO] [stderr] ┈┈┈┈┈┈┈┈┈┈┈┈┈┈┈┈┈┈┈┈┈┈┈┈┈┈┈┈┈┈┈┈┈┈┈┈┈┈┈┈┈┈┈┈┈┈┈┈┈┈┈┈┈┈┈┈┈┈┈┈
[INFO] [stderr] error[E0599]: the method `as_dyn_error` exists for struct `String`, but its trait bounds were not satisfied
[INFO] [stderr]  --> tests/ui/transparent-struct-not-error.rs:4:9
[INFO] [stderr]   |
[INFO] [stderr] 4 | #[error(transparent)]
[INFO] [stderr]   |         ^^^^^^^^^^^ method cannot be called on `String` due to unsatisfied trait bounds
[INFO] [stderr]   |
[INFO] [stderr]  ::: $RUST/alloc/src/string.rs
[INFO] [stderr]   |
[INFO] [stderr]   | pub struct String {
[INFO] [stderr]   | ----------------- doesn't satisfy `String: AsDynError<'_>` or `String: std::error::Error`
[INFO] [stderr]   |
[INFO] [stderr]   = note: the following trait bounds were not satisfied:
[INFO] [stderr]           `String: std::error::Error`
[INFO] [stderr]           which is required by `String: AsDynError<'_>`
[INFO] [stderr]           `str: Sized`
[INFO] [stderr]           which is required by `str: AsDynError<'_>`
[INFO] [stderr]           `str: std::error::Error`
[INFO] [stderr]           which is required by `str: AsDynError<'_>`
[INFO] [stderr] ┈┈┈┈┈┈┈┈┈┈┈┈┈┈┈┈┈┈┈┈┈┈┈┈┈┈┈┈┈┈┈┈┈┈┈┈┈┈┈┈┈┈┈┈┈┈┈┈┈┈┈┈┈┈┈┈┈┈┈┈
[INFO] [stderr] 
[INFO] [stderr] ACTUAL OUTPUT:
[INFO] [stderr] ┈┈┈┈┈┈┈┈┈┈┈┈┈┈┈┈┈┈┈┈┈┈┈┈┈┈┈┈┈┈┈┈┈┈┈┈┈┈┈┈┈┈┈┈┈┈┈┈┈┈┈┈┈┈┈┈┈┈┈┈
[INFO] [stderr] error[E0599]: the method `as_dyn_error` exists for struct `String`, but its trait bounds were not satisfied
[INFO] [stderr]  --> tests/ui/transparent-struct-not-error.rs:4:9
[INFO] [stderr]   |
[INFO] [stderr] 4 | #[error(transparent)]
[INFO] [stderr]   |         ^^^^^^^^^^^ method cannot be called on `String` due to unsatisfied trait bounds
[INFO] [stderr]   |
[INFO] [stderr]   = note: the following trait bounds were not satisfied:
[INFO] [stderr]           `String: std::error::Error`
[INFO] [stderr]           which is required by `String: AsDynError<'_>`
[INFO] [stderr]           `str: Sized`
[INFO] [stderr]           which is required by `str: AsDynError<'_>`
[INFO] [stderr]           `str: std::error::Error`
[INFO] [stderr]           which is required by `str: AsDynError<'_>`
[INFO] [stderr] ┈┈┈┈┈┈┈┈┈┈┈┈┈┈┈┈┈┈┈┈┈┈┈┈┈┈┈┈┈┈┈┈┈┈┈┈┈┈┈┈┈┈┈┈┈┈┈┈┈┈┈┈┈┈┈┈┈┈┈┈
[INFO] [stderr] note: If the actual output is the correct output you can bless it by rerunning
[INFO] [stderr]       your test with the environment variable TRYBUILD=overwrite
[INFO] [stderr] 
[INFO] [stderr] test tests/ui/transparent-struct-source.rs ... ok
[INFO] [stderr] test tests/ui/transparent-struct-unnamed-field-not-error.rs ... mismatch
[INFO] [stderr] 
[INFO] [stderr] EXPECTED:
[INFO] [stderr] ┈┈┈┈┈┈┈┈┈┈┈┈┈┈┈┈┈┈┈┈┈┈┈┈┈┈┈┈┈┈┈┈┈┈┈┈┈┈┈┈┈┈┈┈┈┈┈┈┈┈┈┈┈┈┈┈┈┈┈┈
[INFO] [stderr] error[E0599]: the method `as_dyn_error` exists for struct `String`, but its trait bounds were not satisfied
[INFO] [stderr]  --> tests/ui/transparent-struct-unnamed-field-not-error.rs:4:9
[INFO] [stderr]   |
[INFO] [stderr] 4 | #[error(transparent)]
[INFO] [stderr]   |         ^^^^^^^^^^^ method cannot be called on `String` due to unsatisfied trait bounds
[INFO] [stderr]   |
[INFO] [stderr]  ::: $RUST/alloc/src/string.rs
[INFO] [stderr]   |
[INFO] [stderr]   | pub struct String {
[INFO] [stderr]   | ----------------- doesn't satisfy `String: AsDynError<'_>` or `String: std::error::Error`
[INFO] [stderr]   |
[INFO] [stderr]   = note: the following trait bounds were not satisfied:
[INFO] [stderr]           `String: std::error::Error`
[INFO] [stderr]           which is required by `String: AsDynError<'_>`
[INFO] [stderr]           `str: Sized`
[INFO] [stderr]           which is required by `str: AsDynError<'_>`
[INFO] [stderr]           `str: std::error::Error`
[INFO] [stderr]           which is required by `str: AsDynError<'_>`
[INFO] [stderr] ┈┈┈┈┈┈┈┈┈┈┈┈┈┈┈┈┈┈┈┈┈┈┈┈┈┈┈┈┈┈┈┈┈┈┈┈┈┈┈┈┈┈┈┈┈┈┈┈┈┈┈┈┈┈┈┈┈┈┈┈
[INFO] [stderr] 
[INFO] [stderr] ACTUAL OUTPUT:
[INFO] [stderr] ┈┈┈┈┈┈┈┈┈┈┈┈┈┈┈┈┈┈┈┈┈┈┈┈┈┈┈┈┈┈┈┈┈┈┈┈┈┈┈┈┈┈┈┈┈┈┈┈┈┈┈┈┈┈┈┈┈┈┈┈
[INFO] [stderr] error[E0599]: the method `as_dyn_error` exists for struct `String`, but its trait bounds were not satisfied
[INFO] [stderr]  --> tests/ui/transparent-struct-unnamed-field-not-error.rs:4:9
[INFO] [stderr]   |
[INFO] [stderr] 4 | #[error(transparent)]
[INFO] [stderr]   |         ^^^^^^^^^^^ method cannot be called on `String` due to unsatisfied trait bounds
[INFO] [stderr]   |
[INFO] [stderr]   = note: the following trait bounds were not satisfied:
[INFO] [stderr]           `String: std::error::Error`
[INFO] [stderr]           which is required by `String: AsDynError<'_>`
[INFO] [stderr]           `str: Sized`
[INFO] [stderr]           which is required by `str: AsDynError<'_>`
[INFO] [stderr]           `str: std::error::Error`
[INFO] [stderr]           which is required by `str: AsDynError<'_>`
[INFO] [stderr] ┈┈┈┈┈┈┈┈┈┈┈┈┈┈┈┈┈┈┈┈┈┈┈┈┈┈┈┈┈┈┈┈┈┈┈┈┈┈┈┈┈┈┈┈┈┈┈┈┈┈┈┈┈┈┈┈┈┈┈┈
[INFO] [stderr] note: If the actual output is the correct output you can bless it by rerunning
[INFO] [stderr]       your test with the environment variable TRYBUILD=overwrite
[INFO] [stderr] 
[INFO] [stderr] test tests/ui/unexpected-field-fmt.rs ... ok
[INFO] [stderr] test tests/ui/unexpected-struct-source.rs ... ok
[INFO] [stderr] test tests/ui/union.rs ... ok
[INFO] [stderr] 
[INFO] [stderr] 
[INFO] [stdout] test ui ... FAILED
[INFO] [stdout] 
[INFO] [stdout] failures:
[INFO] [stdout] 
[INFO] [stdout] ---- ui stdout ----
[INFO] [stdout] 
[INFO] [stdout] thread 'ui' panicked at /opt/rustwide/cargo-home/registry/src/index.crates.io-1949cf8c6b5b557f/trybuild-1.0.102/src/run.rs:102:13:
[INFO] [stdout] 12 of 30 tests failed
[INFO] [stdout] stack backtrace:
[INFO] [stdout]    0:     0x6074d878071a - std::backtrace_rs::backtrace::libunwind::trace::hb059275cfc8d6126
[INFO] [stdout]                                at /rustc/6067b36314ab5eb2eb47cecc464545ba58e1ad24/library/std/src/../../backtrace/src/backtrace/libunwind.rs:116:5
[INFO] [stdout]    1:     0x6074d878071a - std::backtrace_rs::backtrace::trace_unsynchronized::h2da071e4327ce3ee
[INFO] [stdout]                                at /rustc/6067b36314ab5eb2eb47cecc464545ba58e1ad24/library/std/src/../../backtrace/src/backtrace/mod.rs:66:5
[INFO] [stdout]    2:     0x6074d878071a - std::sys::backtrace::_print_fmt::h842a1474e6f8d23f
[INFO] [stdout]                                at /rustc/6067b36314ab5eb2eb47cecc464545ba58e1ad24/library/std/src/sys/backtrace.rs:66:9
[INFO] [stdout]    3:     0x6074d878071a - <std::sys::backtrace::BacktraceLock::print::DisplayBacktrace as core::fmt::Display>::fmt::h71a62eb3b9696b12
[INFO] [stdout]                                at /rustc/6067b36314ab5eb2eb47cecc464545ba58e1ad24/library/std/src/sys/backtrace.rs:39:26
[INFO] [stdout]    4:     0x6074d87ac263 - core::fmt::rt::Argument::fmt::hdb6b616786b41dc1
[INFO] [stdout]                                at /rustc/6067b36314ab5eb2eb47cecc464545ba58e1ad24/library/core/src/fmt/rt.rs:177:76
[INFO] [stdout]    5:     0x6074d87ac263 - core::fmt::write::h2cc1698af7e2d686
[INFO] [stdout]                                at /rustc/6067b36314ab5eb2eb47cecc464545ba58e1ad24/library/core/src/fmt/mod.rs:1440:21
[INFO] [stdout]    6:     0x6074d877c643 - std::io::Write::write_fmt::hab1b4cd059a79022
[INFO] [stdout]                                at /rustc/6067b36314ab5eb2eb47cecc464545ba58e1ad24/library/std/src/io/mod.rs:1887:15
[INFO] [stdout]    7:     0x6074d8780562 - std::sys::backtrace::BacktraceLock::print::h147fe35b4ea13b08
[INFO] [stdout]                                at /rustc/6067b36314ab5eb2eb47cecc464545ba58e1ad24/library/std/src/sys/backtrace.rs:42:9
[INFO] [stdout]    8:     0x6074d878213f - std::panicking::default_hook::{{closure}}::hbd44223dbdc0d208
[INFO] [stdout]                                at /rustc/6067b36314ab5eb2eb47cecc464545ba58e1ad24/library/std/src/panicking.rs:298:22
[INFO] [stdout]    9:     0x6074d8781f58 - std::panicking::default_hook::h20f81eb0576efcec
[INFO] [stdout]                                at /rustc/6067b36314ab5eb2eb47cecc464545ba58e1ad24/library/std/src/panicking.rs:322:9
[INFO] [stdout]   10:     0x6074d8747b03 - <alloc::boxed::Box<F,A> as core::ops::function::Fn<Args>>::call::hdb53814c496a4d34
[INFO] [stdout]                                at /rustc/6067b36314ab5eb2eb47cecc464545ba58e1ad24/library/alloc/src/boxed.rs:2027:9
[INFO] [stdout]   11:     0x6074d8747b03 - test::test_main::{{closure}}::hc0a4963c59427c24
[INFO] [stdout]                                at /rustc/6067b36314ab5eb2eb47cecc464545ba58e1ad24/library/test/src/lib.rs:134:21
[INFO] [stdout]   12:     0x6074d8782c33 - <alloc::boxed::Box<F,A> as core::ops::function::Fn<Args>>::call::h591b2225413a77e9
[INFO] [stdout]                                at /rustc/6067b36314ab5eb2eb47cecc464545ba58e1ad24/library/alloc/src/boxed.rs:2027:9
[INFO] [stdout]   13:     0x6074d8782c33 - std::panicking::rust_panic_with_hook::h625eea43051b2edc
[INFO] [stdout]                                at /rustc/6067b36314ab5eb2eb47cecc464545ba58e1ad24/library/std/src/panicking.rs:839:13
[INFO] [stdout]   14:     0x6074d87828ea - std::panicking::begin_panic_handler::{{closure}}::h4f9159cfbc3f6bd3
[INFO] [stdout]                                at /rustc/6067b36314ab5eb2eb47cecc464545ba58e1ad24/library/std/src/panicking.rs:704:13
[INFO] [stdout]   15:     0x6074d8780c19 - std::sys::backtrace::__rust_end_short_backtrace::h0390abce48353151
[INFO] [stdout]                                at /rustc/6067b36314ab5eb2eb47cecc464545ba58e1ad24/library/std/src/sys/backtrace.rs:168:18
[INFO] [stdout]   16:     0x6074d878257d - rust_begin_unwind
[INFO] [stdout]                                at /rustc/6067b36314ab5eb2eb47cecc464545ba58e1ad24/library/std/src/panicking.rs:695:5
[INFO] [stdout]   17:     0x6074d87aa580 - core::panicking::panic_fmt::h9e7c637e9e5f29c9
[INFO] [stdout]                                at /rustc/6067b36314ab5eb2eb47cecc464545ba58e1ad24/library/core/src/panicking.rs:75:14
[INFO] [stdout]   18:     0x6074d8457f14 - trybuild::run::<impl trybuild::Runner>::run::h324c514f6c0783b5
[INFO] [stdout]                                at /opt/rustwide/cargo-home/registry/src/index.crates.io-1949cf8c6b5b557f/trybuild-1.0.102/src/run.rs:102:13
[INFO] [stdout]   19:     0x6074d845d6d8 - <trybuild::TestCases as core::ops::drop::Drop>::drop::hf6f3beb571928ecc
[INFO] [stdout]                                at /opt/rustwide/cargo-home/registry/src/index.crates.io-1949cf8c6b5b557f/trybuild-1.0.102/src/lib.rs:340:13
[INFO] [stdout]   20:     0x6074d844a377 - core::ptr::drop_in_place<trybuild::TestCases>::h361777f51c6d16f8
[INFO] [stdout]                                at /rustc/6067b36314ab5eb2eb47cecc464545ba58e1ad24/library/core/src/ptr/mod.rs:523:1
[INFO] [stdout]   21:     0x6074d844aa83 - compiletest::ui::hae07d0da2e862859
[INFO] [stdout]                                at /opt/rustwide/workdir/tests/compiletest.rs:7:1
[INFO] [stdout]   22:     0x6074d844aa17 - compiletest::ui::{{closure}}::h97825eb0cf682207
[INFO] [stdout]                                at /opt/rustwide/workdir/tests/compiletest.rs:4:8
[INFO] [stdout]   23:     0x6074d844a2e6 - core::ops::function::FnOnce::call_once::h23f322063af7c08b
[INFO] [stdout]                                at /rustc/6067b36314ab5eb2eb47cecc464545ba58e1ad24/library/core/src/ops/function.rs:250:5
[INFO] [stdout]   24:     0x6074d874d25b - core::ops::function::FnOnce::call_once::he27718dfdd183f43
[INFO] [stdout]                                at /rustc/6067b36314ab5eb2eb47cecc464545ba58e1ad24/library/core/src/ops/function.rs:250:5
[INFO] [stdout]   25:     0x6074d874d25b - test::__rust_begin_short_backtrace::h4e84902998457a5d
[INFO] [stdout]                                at /rustc/6067b36314ab5eb2eb47cecc464545ba58e1ad24/library/test/src/lib.rs:632:18
[INFO] [stdout]   26:     0x6074d874c193 - test::run_test_in_process::{{closure}}::h7176fd18fc1feca0
[INFO] [stdout]                                at /rustc/6067b36314ab5eb2eb47cecc464545ba58e1ad24/library/test/src/lib.rs:655:60
[INFO] [stdout]   27:     0x6074d874c193 - <core::panic::unwind_safe::AssertUnwindSafe<F> as core::ops::function::FnOnce<()>>::call_once::hf79cff2a624d8cf7
[INFO] [stdout]                                at /rustc/6067b36314ab5eb2eb47cecc464545ba58e1ad24/library/core/src/panic/unwind_safe.rs:272:9
[INFO] [stdout]   28:     0x6074d874c193 - std::panicking::try::do_call::h3da0561d9ab99c25
[INFO] [stdout]                                at /rustc/6067b36314ab5eb2eb47cecc464545ba58e1ad24/library/std/src/panicking.rs:587:40
[INFO] [stdout]   29:     0x6074d874c193 - std::panicking::try::h41c9fa508bc61df6
[INFO] [stdout]                                at /rustc/6067b36314ab5eb2eb47cecc464545ba58e1ad24/library/std/src/panicking.rs:550:19
[INFO] [stdout]   30:     0x6074d874c193 - std::panic::catch_unwind::h6b3ff07bb5afad93
[INFO] [stdout]                                at /rustc/6067b36314ab5eb2eb47cecc464545ba58e1ad24/library/std/src/panic.rs:358:14
[INFO] [stdout]   31:     0x6074d874c193 - test::run_test_in_process::hc7253dd11b39b9f4
[INFO] [stdout]                                at /rustc/6067b36314ab5eb2eb47cecc464545ba58e1ad24/library/test/src/lib.rs:655:27
[INFO] [stdout]   32:     0x6074d874c193 - test::run_test::{{closure}}::hfb2007f8649c30bb
[INFO] [stdout]                                at /rustc/6067b36314ab5eb2eb47cecc464545ba58e1ad24/library/test/src/lib.rs:576:43
[INFO] [stdout]   33:     0x6074d870f275 - test::run_test::{{closure}}::h56a17aa7a282a9f4
[INFO] [stdout]                                at /rustc/6067b36314ab5eb2eb47cecc464545ba58e1ad24/library/test/src/lib.rs:606:41
[INFO] [stdout]   34:     0x6074d870f275 - std::sys::backtrace::__rust_begin_short_backtrace::hd2d2d2fb8e8c6aac
[INFO] [stdout]                                at /rustc/6067b36314ab5eb2eb47cecc464545ba58e1ad24/library/std/src/sys/backtrace.rs:152:18
[INFO] [stdout]   35:     0x6074d8712b5a - std::thread::Builder::spawn_unchecked_::{{closure}}::{{closure}}::h4faa3f9db6133423
[INFO] [stdout]                                at /rustc/6067b36314ab5eb2eb47cecc464545ba58e1ad24/library/std/src/thread/mod.rs:559:17
[INFO] [stdout]   36:     0x6074d8712b5a - <core::panic::unwind_safe::AssertUnwindSafe<F> as core::ops::function::FnOnce<()>>::call_once::hf2e855a36a4ea846
[INFO] [stdout]                                at /rustc/6067b36314ab5eb2eb47cecc464545ba58e1ad24/library/core/src/panic/unwind_safe.rs:272:9
[INFO] [stdout]   37:     0x6074d8712b5a - std::panicking::try::do_call::h2f73af3616c35465
[INFO] [stdout]                                at /rustc/6067b36314ab5eb2eb47cecc464545ba58e1ad24/library/std/src/panicking.rs:587:40
[INFO] [stdout]   38:     0x6074d8712b5a - std::panicking::try::hd1660ce9efadef5a
[INFO] [stdout]                                at /rustc/6067b36314ab5eb2eb47cecc464545ba58e1ad24/library/std/src/panicking.rs:550:19
[INFO] [stdout]   39:     0x6074d8712b5a - std::panic::catch_unwind::h5ee8d7823b8ca744
[INFO] [stdout]                                at /rustc/6067b36314ab5eb2eb47cecc464545ba58e1ad24/library/std/src/panic.rs:358:14
[INFO] [stdout]   40:     0x6074d8712b5a - std::thread::Builder::spawn_unchecked_::{{closure}}::h53c3a1894dce8407
[INFO] [stdout]                                at /rustc/6067b36314ab5eb2eb47cecc464545ba58e1ad24/library/std/src/thread/mod.rs:557:30
[INFO] [stdout]   41:     0x6074d8712b5a - core::ops::function::FnOnce::call_once{{vtable.shim}}::h048ce291ad4f62bf
[INFO] [stdout]                                at /rustc/6067b36314ab5eb2eb47cecc464545ba58e1ad24/library/core/src/ops/function.rs:250:5
[INFO] [stdout]   42:     0x6074d878813b - <alloc::boxed::Box<F,A> as core::ops::function::FnOnce<Args>>::call_once::ha52bedf99a3b4981
[INFO] [stdout]                                at /rustc/6067b36314ab5eb2eb47cecc464545ba58e1ad24/library/alloc/src/boxed.rs:2013:9
[INFO] [stdout]   43:     0x6074d878813b - <alloc::boxed::Box<F,A> as core::ops::function::FnOnce<Args>>::call_once::h567748934d80ccf8
[INFO] [stdout]                                at /rustc/6067b36314ab5eb2eb47cecc464545ba58e1ad24/library/alloc/src/boxed.rs:2013:9
[INFO] [stdout]   44:     0x6074d878813b - std::sys::pal::unix::thread::Thread::new::thread_start::h2d970728ae887adc
[INFO] [stdout]                                at /rustc/6067b36314ab5eb2eb47cecc464545ba58e1ad24/library/std/src/sys/pal/unix/thread.rs:106:17
[INFO] [stdout]   45:     0x7de40389dac3 - <unknown>
[INFO] [stdout]   46:     0x7de40392ea04 - clone
[INFO] [stdout]   47:                0x0 - <unknown>
[INFO] [stdout] 
[INFO] [stdout] 
[INFO] [stdout] failures:
[INFO] [stdout]     ui
[INFO] [stdout] 
[INFO] [stdout] test result: FAILED. 0 passed; 1 failed; 0 ignored; 0 measured; 0 filtered out; finished in 6.73s
[INFO] [stdout] 
[INFO] [stderr] error: test failed, to rerun pass `--test compiletest`
[INFO] running `Command { std: "docker" "inspect" "8dd48db917a3b285c16242f83be52bf0d8b96c8d24ca535d46eea11a1b0705ab", kill_on_drop: false }`
[INFO] running `Command { std: "docker" "rm" "-f" "8dd48db917a3b285c16242f83be52bf0d8b96c8d24ca535d46eea11a1b0705ab", kill_on_drop: false }`
[INFO] [stdout] 8dd48db917a3b285c16242f83be52bf0d8b96c8d24ca535d46eea11a1b0705ab
