[INFO] fetching crate talrost 0.1.2...
[INFO] testing talrost-0.1.2 against nightly-2025-01-18 for randomize-layout-2
[INFO] extracting crate talrost 0.1.2 into /workspace/builds/worker-4-tc1/source
[INFO] validating manifest of crates.io crate talrost 0.1.2 on toolchain nightly-2025-01-18
[INFO] running `Command { std: CARGO_HOME="/workspace/cargo-home" RUSTUP_HOME="/workspace/rustup-home" "/workspace/cargo-home/bin/cargo" "+nightly-2025-01-18" "metadata" "--manifest-path" "Cargo.toml" "--no-deps", kill_on_drop: false }`
[INFO] removed /workspace/builds/worker-4-tc1/source/rust-toolchain.toml
[INFO] started tweaking crates.io crate talrost 0.1.2
[INFO] finished tweaking crates.io crate talrost 0.1.2
[INFO] tweaked toml for crates.io crate talrost 0.1.2 written to /workspace/builds/worker-4-tc1/source/Cargo.toml
[INFO] crate crates.io crate talrost 0.1.2 already has a lockfile, it will not be regenerated
[INFO] running `Command { std: CARGO_HOME="/workspace/cargo-home" RUSTUP_HOME="/workspace/rustup-home" "/workspace/cargo-home/bin/cargo" "+nightly-2025-01-18" "fetch" "--manifest-path" "Cargo.toml", kill_on_drop: false }`
[INFO] running `Command { std: "docker" "create" "-v" "/var/lib/crater-agent-workspace/builds/worker-4-tc1/target:/opt/rustwide/target:rw,Z" "-v" "/var/lib/crater-agent-workspace/builds/worker-4-tc1/source:/opt/rustwide/workdir:ro,Z" "-v" "/var/lib/crater-agent-workspace/cargo-home:/opt/rustwide/cargo-home:ro,Z" "-v" "/var/lib/crater-agent-workspace/rustup-home:/opt/rustwide/rustup-home:ro,Z" "-e" "SOURCE_DIR=/opt/rustwide/workdir" "-e" "CARGO_TARGET_DIR=/opt/rustwide/target" "-e" "CARGO_HOME=/opt/rustwide/cargo-home" "-e" "RUSTUP_HOME=/opt/rustwide/rustup-home" "-w" "/opt/rustwide/workdir" "-m" "1610612736" "--user" "0:0" "--network" "none" "ghcr.io/rust-lang/crates-build-env/linux@sha256:819108c5571ea2e421544af4d832f968d213c87fbe3707a016657f43d2f853bc" "/opt/rustwide/cargo-home/bin/cargo" "+nightly-2025-01-18" "metadata" "--no-deps" "--format-version=1", kill_on_drop: false }`
[INFO] [stdout] ba49a29a9a0925b9eaa2bc8bc73e90ef48ff1284c6695ab7a804fd98301f1edf
[INFO] running `Command { std: "docker" "start" "-a" "ba49a29a9a0925b9eaa2bc8bc73e90ef48ff1284c6695ab7a804fd98301f1edf", kill_on_drop: false }`
[INFO] running `Command { std: "docker" "inspect" "ba49a29a9a0925b9eaa2bc8bc73e90ef48ff1284c6695ab7a804fd98301f1edf", kill_on_drop: false }`
[INFO] running `Command { std: "docker" "rm" "-f" "ba49a29a9a0925b9eaa2bc8bc73e90ef48ff1284c6695ab7a804fd98301f1edf", kill_on_drop: false }`
[INFO] [stdout] ba49a29a9a0925b9eaa2bc8bc73e90ef48ff1284c6695ab7a804fd98301f1edf
[INFO] running `Command { std: "docker" "create" "-v" "/var/lib/crater-agent-workspace/builds/worker-4-tc1/target:/opt/rustwide/target:rw,Z" "-v" "/var/lib/crater-agent-workspace/builds/worker-4-tc1/source:/opt/rustwide/workdir:ro,Z" "-v" "/var/lib/crater-agent-workspace/cargo-home:/opt/rustwide/cargo-home:ro,Z" "-v" "/var/lib/crater-agent-workspace/rustup-home:/opt/rustwide/rustup-home:ro,Z" "-e" "SOURCE_DIR=/opt/rustwide/workdir" "-e" "CARGO_TARGET_DIR=/opt/rustwide/target" "-e" "CARGO_INCREMENTAL=0" "-e" "RUST_BACKTRACE=full" "-e" "RUSTFLAGS=--cap-lints=forbid" "-e" "RUSTDOCFLAGS=--cap-lints=forbid" "-e" "CARGO_HOME=/opt/rustwide/cargo-home" "-e" "RUSTUP_HOME=/opt/rustwide/rustup-home" "-w" "/opt/rustwide/workdir" "-m" "1610612736" "--user" "0:0" "--network" "none" "ghcr.io/rust-lang/crates-build-env/linux@sha256:819108c5571ea2e421544af4d832f968d213c87fbe3707a016657f43d2f853bc" "/opt/rustwide/cargo-home/bin/cargo" "+nightly-2025-01-18" "build" "--frozen" "--message-format=json", kill_on_drop: false }`
[INFO] [stdout] 07328663e8cde801bd7f24315713d604140cf8db925c4a2793739171c63178c0
[INFO] running `Command { std: "docker" "start" "-a" "07328663e8cde801bd7f24315713d604140cf8db925c4a2793739171c63178c0", kill_on_drop: false }`
[INFO] [stderr]    Compiling talrost v0.1.2 (/opt/rustwide/workdir)
[INFO] [stdout] warning: the feature `associated_type_bounds` has been stable since 1.79.0 and no longer requires an attribute to enable
[INFO] [stdout]   --> src/lib.rs:11:12
[INFO] [stdout]    |
[INFO] [stdout] 11 | #![feature(associated_type_bounds)]
[INFO] [stdout]    |            ^^^^^^^^^^^^^^^^^^^^^^
[INFO] [stdout]    |
[INFO] [stdout]    = note: `#[warn(stable_features)]` on by default
[INFO] [stdout] 
[INFO] [stdout] 
[INFO] [stdout] warning: the feature `const_float_bits_conv` has been stable since 1.83.0 and no longer requires an attribute to enable
[INFO] [stdout]   --> src/lib.rs:15:12
[INFO] [stdout]    |
[INFO] [stdout] 15 | #![feature(const_float_bits_conv)]
[INFO] [stdout]    |            ^^^^^^^^^^^^^^^^^^^^^
[INFO] [stdout] 
[INFO] [stdout] 
[INFO] [stdout] warning: unused variable: `y1`
[INFO] [stdout]   --> src/solvers/yuksel.rs:40:5
[INFO] [stdout]    |
[INFO] [stdout] 40 |     y1: f64,
[INFO] [stdout]    |     ^^ help: if this is intentional, prefix it with an underscore: `_y1`
[INFO] [stdout]    |
[INFO] [stdout]    = note: `#[warn(unused_variables)]` on by default
[INFO] [stdout] 
[INFO] [stdout] 
[INFO] [stdout] warning: variable does not need to be mutable
[INFO] [stdout]   --> src/solvers/yuksel.rs:37:5
[INFO] [stdout]    |
[INFO] [stdout] 37 |     mut x0: f64,
[INFO] [stdout]    |     ----^^
[INFO] [stdout]    |     |
[INFO] [stdout]    |     help: remove this `mut`
[INFO] [stdout]    |
[INFO] [stdout]    = note: `#[warn(unused_mut)]` on by default
[INFO] [stdout] 
[INFO] [stdout] 
[INFO] [stdout] warning: variable does not need to be mutable
[INFO] [stdout]   --> src/solvers/yuksel.rs:38:5
[INFO] [stdout]    |
[INFO] [stdout] 38 |     mut x1: f64,
[INFO] [stdout]    |     ----^^
[INFO] [stdout]    |     |
[INFO] [stdout]    |     help: remove this `mut`
[INFO] [stdout] 
[INFO] [stdout] 
[INFO] [stdout] warning: variable does not need to be mutable
[INFO] [stdout]    --> src/solvers/yuksel.rs:143:5
[INFO] [stdout]     |
[INFO] [stdout] 143 |     mut x0: f64,
[INFO] [stdout]     |     ----^^
[INFO] [stdout]     |     |
[INFO] [stdout]     |     help: remove this `mut`
[INFO] [stdout] 
[INFO] [stdout] 
[INFO] [stdout] warning: variable does not need to be mutable
[INFO] [stdout]    --> src/solvers/yuksel.rs:144:5
[INFO] [stdout]     |
[INFO] [stdout] 144 |     mut y0: f64,
[INFO] [stdout]     |     ----^^
[INFO] [stdout]     |     |
[INFO] [stdout]     |     help: remove this `mut`
[INFO] [stdout] 
[INFO] [stdout] 
[INFO] [stdout] warning: variable does not need to be mutable
[INFO] [stdout]    --> src/solvers/yuksel.rs:154:5
[INFO] [stdout]     |
[INFO] [stdout] 154 |     mut x1: f64,
[INFO] [stdout]     |     ----^^
[INFO] [stdout]     |     |
[INFO] [stdout]     |     help: remove this `mut`
[INFO] [stdout] 
[INFO] [stdout] 
[INFO] [stdout] warning: variable does not need to be mutable
[INFO] [stdout]    --> src/solvers/yuksel.rs:155:5
[INFO] [stdout]     |
[INFO] [stdout] 155 |     mut y1: f64,
[INFO] [stdout]     |     ----^^
[INFO] [stdout]     |     |
[INFO] [stdout]     |     help: remove this `mut`
[INFO] [stdout] 
[INFO] [stdout] 
[INFO] [stdout] warning: variable `N` should have a snake case name
[INFO] [stdout]   --> src/solvers/yuksel.rs:34:5
[INFO] [stdout]    |
[INFO] [stdout] 34 |     N: usize,
[INFO] [stdout]    |     ^ help: convert the identifier to snake case: `n`
[INFO] [stdout]    |
[INFO] [stdout]    = note: `#[warn(non_snake_case)]` on by default
[INFO] [stdout] 
[INFO] [stdout] 
[INFO] [stdout] warning: variable `N` should have a snake case name
[INFO] [stdout]    --> src/solvers/yuksel.rs:140:5
[INFO] [stdout]     |
[INFO] [stdout] 140 |     N: usize,
[INFO] [stdout]     |     ^ help: convert the identifier to snake case: `n`
[INFO] [stdout] 
[INFO] [stdout] 
[INFO] [stdout] warning: variable `N` should have a snake case name
[INFO] [stdout]    --> src/solvers/yuksel.rs:151:5
[INFO] [stdout]     |
[INFO] [stdout] 151 |     N: usize,
[INFO] [stdout]     |     ^ help: convert the identifier to snake case: `n`
[INFO] [stdout] 
[INFO] [stdout] 
[INFO] [stdout] warning: variable `N` should have a snake case name
[INFO] [stdout]    --> src/solvers/yuksel.rs:163:5
[INFO] [stdout]     |
[INFO] [stdout] 163 |     N: usize,
[INFO] [stdout]     |     ^ help: convert the identifier to snake case: `n`
[INFO] [stdout] 
[INFO] [stdout] 
[INFO] [stdout] warning: variable `openMin` should have a snake case name
[INFO] [stdout]    --> src/solvers/yuksel.rs:170:5
[INFO] [stdout]     |
[INFO] [stdout] 170 |     openMin: bool,
[INFO] [stdout]     |     ^^^^^^^ help: convert the identifier to snake case: `open_min`
[INFO] [stdout] 
[INFO] [stdout] 
[INFO] [stdout] warning: variable `derivRoots` should have a snake case name
[INFO] [stdout]    --> src/solvers/yuksel.rs:298:9
[INFO] [stdout]     |
[INFO] [stdout] 298 |     let derivRoots = roots_cubic(&df, tol);
[INFO] [stdout]     |         ^^^^^^^^^^ help: convert the identifier to snake case: `deriv_roots`
[INFO] [stdout] 
[INFO] [stdout] 
[INFO] [stdout] warning: variable `A` should have a snake case name
[INFO] [stdout]   --> src/solvers/blinn.rs:20:14
[INFO] [stdout]    |
[INFO] [stdout] 20 |         let [A, B, C] = [p.c[0], p.c[1] / (T::ONE + T::ONE), p.c[2]];
[INFO] [stdout]    |              ^ help: convert the identifier to snake case: `a`
[INFO] [stdout] 
[INFO] [stdout] 
[INFO] [stdout] warning: variable `B` should have a snake case name
[INFO] [stdout]   --> src/solvers/blinn.rs:20:17
[INFO] [stdout]    |
[INFO] [stdout] 20 |         let [A, B, C] = [p.c[0], p.c[1] / (T::ONE + T::ONE), p.c[2]];
[INFO] [stdout]    |                 ^ help: convert the identifier to snake case: `b`
[INFO] [stdout] 
[INFO] [stdout] 
[INFO] [stdout] warning: variable `C` should have a snake case name
[INFO] [stdout]   --> src/solvers/blinn.rs:20:20
[INFO] [stdout]    |
[INFO] [stdout] 20 |         let [A, B, C] = [p.c[0], p.c[1] / (T::ONE + T::ONE), p.c[2]];
[INFO] [stdout]    |                    ^ help: convert the identifier to snake case (notice the capitalization): `c`
[INFO] [stdout] 
[INFO] [stdout] 
[INFO] [stdout] warning: variable `D` should have a snake case name
[INFO] [stdout]   --> src/solvers/blinn.rs:21:13
[INFO] [stdout]    |
[INFO] [stdout] 21 |         let D = B.mul_add(B, -(A * C));
[INFO] [stdout]    |             ^ help: convert the identifier to snake case: `d`
[INFO] [stdout] 
[INFO] [stdout] 
[INFO] [stdout] warning: variable `E` should have a snake case name
[INFO] [stdout]   --> src/solvers/blinn.rs:24:17
[INFO] [stdout]    |
[INFO] [stdout] 24 |             let E = D.sqrt();
[INFO] [stdout]    |                 ^ help: convert the identifier to snake case: `e`
[INFO] [stdout] 
[INFO] [stdout] 
[INFO] [stdout] warning: variable `F` should have a snake case name
[INFO] [stdout]   --> src/solvers/blinn.rs:31:21
[INFO] [stdout]    |
[INFO] [stdout] 31 |                 let F = -B + E;
[INFO] [stdout]    |                     ^ help: convert the identifier to snake case (notice the capitalization): `f`
[INFO] [stdout] 
[INFO] [stdout] 
[INFO] [stdout] warning: variable `F` should have a snake case name
[INFO] [stdout]   --> src/solvers/blinn.rs:36:25
[INFO] [stdout]    |
[INFO] [stdout] 36 |                     let F = (-A * C).sqrt();
[INFO] [stdout]    |                         ^ help: convert the identifier to snake case (notice the capitalization): `f`
[INFO] [stdout] 
[INFO] [stdout] 
[INFO] [stdout] warning: variable `F` should have a snake case name
[INFO] [stdout]   --> src/solvers/blinn.rs:40:25
[INFO] [stdout]    |
[INFO] [stdout] 40 |                     let F = (-A * C).sqrt();
[INFO] [stdout]    |                         ^ help: convert the identifier to snake case (notice the capitalization): `f`
[INFO] [stdout] 
[INFO] [stdout] 
[INFO] [stdout] warning: variable `A` should have a snake case name
[INFO] [stdout]   --> src/solvers/blinn.rs:59:14
[INFO] [stdout]    |
[INFO] [stdout] 59 |         let [A, B, C] = [a, b / (T::ONE + T::ONE), c];
[INFO] [stdout]    |              ^ help: convert the identifier to snake case: `a`
[INFO] [stdout] 
[INFO] [stdout] 
[INFO] [stdout] warning: variable `B` should have a snake case name
[INFO] [stdout]   --> src/solvers/blinn.rs:59:17
[INFO] [stdout]    |
[INFO] [stdout] 59 |         let [A, B, C] = [a, b / (T::ONE + T::ONE), c];
[INFO] [stdout]    |                 ^ help: convert the identifier to snake case: `b`
[INFO] [stdout] 
[INFO] [stdout] 
[INFO] [stdout] warning: variable `C` should have a snake case name
[INFO] [stdout]   --> src/solvers/blinn.rs:59:20
[INFO] [stdout]    |
[INFO] [stdout] 59 |         let [A, B, C] = [a, b / (T::ONE + T::ONE), c];
[INFO] [stdout]    |                    ^ help: convert the identifier to snake case (notice the capitalization): `c`
[INFO] [stdout] 
[INFO] [stdout] 
[INFO] [stdout] warning: variable `D` should have a snake case name
[INFO] [stdout]   --> src/solvers/blinn.rs:60:13
[INFO] [stdout]    |
[INFO] [stdout] 60 |         let D = B.mul_add(B, -(A * C));
[INFO] [stdout]    |             ^ help: convert the identifier to snake case: `d`
[INFO] [stdout] 
[INFO] [stdout] 
[INFO] [stdout] warning: variable `E` should have a snake case name
[INFO] [stdout]   --> src/solvers/blinn.rs:63:17
[INFO] [stdout]    |
[INFO] [stdout] 63 |             let E = D.sqrt();
[INFO] [stdout]    |                 ^ help: convert the identifier to snake case: `e`
[INFO] [stdout] 
[INFO] [stdout] 
[INFO] [stdout] warning: variable `F` should have a snake case name
[INFO] [stdout]   --> src/solvers/blinn.rs:70:21
[INFO] [stdout]    |
[INFO] [stdout] 70 |                 let F = -B + E;
[INFO] [stdout]    |                     ^ help: convert the identifier to snake case (notice the capitalization): `f`
[INFO] [stdout] 
[INFO] [stdout] 
[INFO] [stdout] warning: variable `F` should have a snake case name
[INFO] [stdout]   --> src/solvers/blinn.rs:75:25
[INFO] [stdout]    |
[INFO] [stdout] 75 |                     let F = (-A * C).sqrt();
[INFO] [stdout]    |                         ^ help: convert the identifier to snake case (notice the capitalization): `f`
[INFO] [stdout] 
[INFO] [stdout] 
[INFO] [stdout] warning: variable `F` should have a snake case name
[INFO] [stdout]   --> src/solvers/blinn.rs:79:25
[INFO] [stdout]    |
[INFO] [stdout] 79 |                     let F = (-A * C).sqrt();
[INFO] [stdout]    |                         ^ help: convert the identifier to snake case (notice the capitalization): `f`
[INFO] [stdout] 
[INFO] [stdout] 
[INFO] [stdout] warning: variable `ONE_THIRD` should have a snake case name
[INFO] [stdout]   --> src/solvers/blinn.rs:97:13
[INFO] [stdout]    |
[INFO] [stdout] 97 |         let ONE_THIRD: T = T::ONE / (T::ONE + T::ONE + T::ONE); // Should be const but can't use T here
[INFO] [stdout]    |             ^^^^^^^^^ help: convert the identifier to snake case: `one_third`
[INFO] [stdout] 
[INFO] [stdout] 
[INFO] [stderr]     Finished `dev` profile [unoptimized + debuginfo] target(s) in 0.58s
[INFO] running `Command { std: "docker" "inspect" "07328663e8cde801bd7f24315713d604140cf8db925c4a2793739171c63178c0", kill_on_drop: false }`
[INFO] running `Command { std: "docker" "rm" "-f" "07328663e8cde801bd7f24315713d604140cf8db925c4a2793739171c63178c0", kill_on_drop: false }`
[INFO] [stdout] 07328663e8cde801bd7f24315713d604140cf8db925c4a2793739171c63178c0
[INFO] running `Command { std: "docker" "create" "-v" "/var/lib/crater-agent-workspace/builds/worker-4-tc1/target:/opt/rustwide/target:rw,Z" "-v" "/var/lib/crater-agent-workspace/builds/worker-4-tc1/source:/opt/rustwide/workdir:ro,Z" "-v" "/var/lib/crater-agent-workspace/cargo-home:/opt/rustwide/cargo-home:ro,Z" "-v" "/var/lib/crater-agent-workspace/rustup-home:/opt/rustwide/rustup-home:ro,Z" "-e" "SOURCE_DIR=/opt/rustwide/workdir" "-e" "CARGO_TARGET_DIR=/opt/rustwide/target" "-e" "CARGO_INCREMENTAL=0" "-e" "RUST_BACKTRACE=full" "-e" "RUSTFLAGS=--cap-lints=forbid" "-e" "RUSTDOCFLAGS=--cap-lints=forbid" "-e" "CARGO_HOME=/opt/rustwide/cargo-home" "-e" "RUSTUP_HOME=/opt/rustwide/rustup-home" "-w" "/opt/rustwide/workdir" "-m" "1610612736" "--user" "0:0" "--network" "none" "ghcr.io/rust-lang/crates-build-env/linux@sha256:819108c5571ea2e421544af4d832f968d213c87fbe3707a016657f43d2f853bc" "/opt/rustwide/cargo-home/bin/cargo" "+nightly-2025-01-18" "test" "--frozen" "--no-run" "--message-format=json", kill_on_drop: false }`
[INFO] [stdout] 7a36209b000fdcd28943e88f00304f8dcfcce701e412f766885acf6cd9537b3b
[INFO] running `Command { std: "docker" "start" "-a" "7a36209b000fdcd28943e88f00304f8dcfcce701e412f766885acf6cd9537b3b", kill_on_drop: false }`
[INFO] [stdout] warning: the feature `associated_type_bounds` has been stable since 1.79.0 and no longer requires an attribute to enable
[INFO] [stdout]   --> src/lib.rs:11:12
[INFO] [stdout]    |
[INFO] [stdout] 11 | #![feature(associated_type_bounds)]
[INFO] [stdout]    |            ^^^^^^^^^^^^^^^^^^^^^^
[INFO] [stdout]    |
[INFO] [stdout]    = note: `#[warn(stable_features)]` on by default
[INFO] [stdout] 
[INFO] [stdout] 
[INFO] [stdout] warning: the feature `const_float_bits_conv` has been stable since 1.83.0 and no longer requires an attribute to enable
[INFO] [stdout]   --> src/lib.rs:15:12
[INFO] [stdout]    |
[INFO] [stdout] 15 | #![feature(const_float_bits_conv)]
[INFO] [stdout]    |            ^^^^^^^^^^^^^^^^^^^^^
[INFO] [stdout] 
[INFO] [stdout] 
[INFO] [stdout] warning: unused variable: `y1`
[INFO] [stdout]   --> src/solvers/yuksel.rs:40:5
[INFO] [stdout]    |
[INFO] [stdout] 40 |     y1: f64,
[INFO] [stdout]    |     ^^ help: if this is intentional, prefix it with an underscore: `_y1`
[INFO] [stdout]    |
[INFO] [stdout]    = note: `#[warn(unused_variables)]` on by default
[INFO] [stdout] 
[INFO] [stdout] 
[INFO] [stdout] warning: variable does not need to be mutable
[INFO] [stdout]   --> src/solvers/yuksel.rs:37:5
[INFO] [stdout]    |
[INFO] [stdout] 37 |     mut x0: f64,
[INFO] [stdout]    |     ----^^
[INFO] [stdout]    |     |
[INFO] [stdout]    |     help: remove this `mut`
[INFO] [stdout]    |
[INFO] [stdout]    = note: `#[warn(unused_mut)]` on by default
[INFO] [stdout] 
[INFO] [stdout] 
[INFO] [stdout] warning: variable does not need to be mutable
[INFO] [stdout]   --> src/solvers/yuksel.rs:38:5
[INFO] [stdout]    |
[INFO] [stdout] 38 |     mut x1: f64,
[INFO] [stdout]    |     ----^^
[INFO] [stdout]    |     |
[INFO] [stdout]    |     help: remove this `mut`
[INFO] [stdout] 
[INFO] [stdout] 
[INFO] [stdout] warning: variable does not need to be mutable
[INFO] [stdout]    --> src/solvers/yuksel.rs:143:5
[INFO] [stdout]     |
[INFO] [stdout] 143 |     mut x0: f64,
[INFO] [stdout]     |     ----^^
[INFO] [stdout]     |     |
[INFO] [stdout]     |     help: remove this `mut`
[INFO] [stdout] 
[INFO] [stdout] 
[INFO] [stdout] warning: variable does not need to be mutable
[INFO] [stdout]    --> src/solvers/yuksel.rs:144:5
[INFO] [stdout]     |
[INFO] [stdout] 144 |     mut y0: f64,
[INFO] [stdout]     |     ----^^
[INFO] [stdout]     |     |
[INFO] [stdout]     |     help: remove this `mut`
[INFO] [stdout] 
[INFO] [stdout] 
[INFO] [stdout] warning: variable does not need to be mutable
[INFO] [stdout]    --> src/solvers/yuksel.rs:154:5
[INFO] [stdout]     |
[INFO] [stdout] 154 |     mut x1: f64,
[INFO] [stdout]     |     ----^^
[INFO] [stdout]     |     |
[INFO] [stdout]     |     help: remove this `mut`
[INFO] [stdout] 
[INFO] [stdout] 
[INFO] [stdout] warning: variable does not need to be mutable
[INFO] [stdout]    --> src/solvers/yuksel.rs:155:5
[INFO] [stdout]     |
[INFO] [stdout] 155 |     mut y1: f64,
[INFO] [stdout]     |     ----^^
[INFO] [stdout]     |     |
[INFO] [stdout]     |     help: remove this `mut`
[INFO] [stdout] 
[INFO] [stdout] 
[INFO] [stdout] warning: variable `N` should have a snake case name
[INFO] [stdout]   --> src/solvers/yuksel.rs:34:5
[INFO] [stdout]    |
[INFO] [stdout] 34 |     N: usize,
[INFO] [stdout]    |     ^ help: convert the identifier to snake case: `n`
[INFO] [stdout]    |
[INFO] [stdout]    = note: `#[warn(non_snake_case)]` on by default
[INFO] [stdout] 
[INFO] [stdout] 
[INFO] [stdout] warning: variable `N` should have a snake case name
[INFO] [stdout]    --> src/solvers/yuksel.rs:140:5
[INFO] [stdout]     |
[INFO] [stdout] 140 |     N: usize,
[INFO] [stdout]     |     ^ help: convert the identifier to snake case: `n`
[INFO] [stdout] 
[INFO] [stdout] 
[INFO] [stdout] warning: variable `N` should have a snake case name
[INFO] [stdout]    --> src/solvers/yuksel.rs:151:5
[INFO] [stdout]     |
[INFO] [stdout] 151 |     N: usize,
[INFO] [stdout]     |     ^ help: convert the identifier to snake case: `n`
[INFO] [stdout] 
[INFO] [stdout] 
[INFO] [stdout] warning: variable `N` should have a snake case name
[INFO] [stdout]    --> src/solvers/yuksel.rs:163:5
[INFO] [stdout]     |
[INFO] [stdout] 163 |     N: usize,
[INFO] [stdout]     |     ^ help: convert the identifier to snake case: `n`
[INFO] [stdout] 
[INFO] [stdout] 
[INFO] [stdout] warning: variable `openMin` should have a snake case name
[INFO] [stdout]    --> src/solvers/yuksel.rs:170:5
[INFO] [stdout]     |
[INFO] [stdout] 170 |     openMin: bool,
[INFO] [stdout]     |     ^^^^^^^ help: convert the identifier to snake case: `open_min`
[INFO] [stdout] 
[INFO] [stdout] 
[INFO] [stderr]    Compiling talrost v0.1.2 (/opt/rustwide/workdir)
[INFO] [stdout] warning: variable `derivRoots` should have a snake case name
[INFO] [stdout]    --> src/solvers/yuksel.rs:298:9
[INFO] [stdout]     |
[INFO] [stdout] 298 |     let derivRoots = roots_cubic(&df, tol);
[INFO] [stdout]     |         ^^^^^^^^^^ help: convert the identifier to snake case: `deriv_roots`
[INFO] [stdout] 
[INFO] [stdout] 
[INFO] [stdout] warning: variable `A` should have a snake case name
[INFO] [stdout]   --> src/solvers/blinn.rs:20:14
[INFO] [stdout]    |
[INFO] [stdout] 20 |         let [A, B, C] = [p.c[0], p.c[1] / (T::ONE + T::ONE), p.c[2]];
[INFO] [stdout]    |              ^ help: convert the identifier to snake case: `a`
[INFO] [stdout] 
[INFO] [stdout] 
[INFO] [stdout] warning: variable `B` should have a snake case name
[INFO] [stdout]   --> src/solvers/blinn.rs:20:17
[INFO] [stdout]    |
[INFO] [stdout] 20 |         let [A, B, C] = [p.c[0], p.c[1] / (T::ONE + T::ONE), p.c[2]];
[INFO] [stdout]    |                 ^ help: convert the identifier to snake case: `b`
[INFO] [stdout] 
[INFO] [stdout] 
[INFO] [stdout] warning: variable `C` should have a snake case name
[INFO] [stdout]   --> src/solvers/blinn.rs:20:20
[INFO] [stdout]    |
[INFO] [stdout] 20 |         let [A, B, C] = [p.c[0], p.c[1] / (T::ONE + T::ONE), p.c[2]];
[INFO] [stdout]    |                    ^ help: convert the identifier to snake case (notice the capitalization): `c`
[INFO] [stdout] 
[INFO] [stdout] 
[INFO] [stdout] warning: variable `D` should have a snake case name
[INFO] [stdout]   --> src/solvers/blinn.rs:21:13
[INFO] [stdout]    |
[INFO] [stdout] 21 |         let D = B.mul_add(B, -(A * C));
[INFO] [stdout]    |             ^ help: convert the identifier to snake case: `d`
[INFO] [stdout] 
[INFO] [stdout] 
[INFO] [stdout] warning: variable `E` should have a snake case name
[INFO] [stdout]   --> src/solvers/blinn.rs:24:17
[INFO] [stdout]    |
[INFO] [stdout] 24 |             let E = D.sqrt();
[INFO] [stdout]    |                 ^ help: convert the identifier to snake case: `e`
[INFO] [stdout] 
[INFO] [stdout] 
[INFO] [stdout] warning: variable `F` should have a snake case name
[INFO] [stdout]   --> src/solvers/blinn.rs:31:21
[INFO] [stdout]    |
[INFO] [stdout] 31 |                 let F = -B + E;
[INFO] [stdout]    |                     ^ help: convert the identifier to snake case (notice the capitalization): `f`
[INFO] [stdout] 
[INFO] [stdout] 
[INFO] [stdout] warning: variable `F` should have a snake case name
[INFO] [stdout]   --> src/solvers/blinn.rs:36:25
[INFO] [stdout]    |
[INFO] [stdout] 36 |                     let F = (-A * C).sqrt();
[INFO] [stdout]    |                         ^ help: convert the identifier to snake case (notice the capitalization): `f`
[INFO] [stdout] 
[INFO] [stdout] 
[INFO] [stdout] warning: variable `F` should have a snake case name
[INFO] [stdout]   --> src/solvers/blinn.rs:40:25
[INFO] [stdout]    |
[INFO] [stdout] 40 |                     let F = (-A * C).sqrt();
[INFO] [stdout]    |                         ^ help: convert the identifier to snake case (notice the capitalization): `f`
[INFO] [stdout] 
[INFO] [stdout] 
[INFO] [stdout] warning: variable `A` should have a snake case name
[INFO] [stdout]   --> src/solvers/blinn.rs:59:14
[INFO] [stdout]    |
[INFO] [stdout] 59 |         let [A, B, C] = [a, b / (T::ONE + T::ONE), c];
[INFO] [stdout]    |              ^ help: convert the identifier to snake case: `a`
[INFO] [stdout] 
[INFO] [stdout] 
[INFO] [stdout] warning: variable `B` should have a snake case name
[INFO] [stdout]   --> src/solvers/blinn.rs:59:17
[INFO] [stdout]    |
[INFO] [stdout] 59 |         let [A, B, C] = [a, b / (T::ONE + T::ONE), c];
[INFO] [stdout]    |                 ^ help: convert the identifier to snake case: `b`
[INFO] [stdout] 
[INFO] [stdout] 
[INFO] [stdout] warning: variable `C` should have a snake case name
[INFO] [stdout]   --> src/solvers/blinn.rs:59:20
[INFO] [stdout]    |
[INFO] [stdout] 59 |         let [A, B, C] = [a, b / (T::ONE + T::ONE), c];
[INFO] [stdout]    |                    ^ help: convert the identifier to snake case (notice the capitalization): `c`
[INFO] [stdout] 
[INFO] [stdout] 
[INFO] [stdout] warning: variable `D` should have a snake case name
[INFO] [stdout]   --> src/solvers/blinn.rs:60:13
[INFO] [stdout]    |
[INFO] [stdout] 60 |         let D = B.mul_add(B, -(A * C));
[INFO] [stdout]    |             ^ help: convert the identifier to snake case: `d`
[INFO] [stdout] 
[INFO] [stdout] 
[INFO] [stdout] warning: variable `E` should have a snake case name
[INFO] [stdout]   --> src/solvers/blinn.rs:63:17
[INFO] [stdout]    |
[INFO] [stdout] 63 |             let E = D.sqrt();
[INFO] [stdout]    |                 ^ help: convert the identifier to snake case: `e`
[INFO] [stdout] 
[INFO] [stdout] 
[INFO] [stdout] warning: variable `F` should have a snake case name
[INFO] [stdout]   --> src/solvers/blinn.rs:70:21
[INFO] [stdout]    |
[INFO] [stdout] 70 |                 let F = -B + E;
[INFO] [stdout]    |                     ^ help: convert the identifier to snake case (notice the capitalization): `f`
[INFO] [stdout] 
[INFO] [stdout] 
[INFO] [stdout] warning: variable `F` should have a snake case name
[INFO] [stdout]   --> src/solvers/blinn.rs:75:25
[INFO] [stdout]    |
[INFO] [stdout] 75 |                     let F = (-A * C).sqrt();
[INFO] [stdout]    |                         ^ help: convert the identifier to snake case (notice the capitalization): `f`
[INFO] [stdout] 
[INFO] [stdout] 
[INFO] [stdout] warning: variable `F` should have a snake case name
[INFO] [stdout]   --> src/solvers/blinn.rs:79:25
[INFO] [stdout]    |
[INFO] [stdout] 79 |                     let F = (-A * C).sqrt();
[INFO] [stdout]    |                         ^ help: convert the identifier to snake case (notice the capitalization): `f`
[INFO] [stdout] 
[INFO] [stdout] 
[INFO] [stdout] warning: variable `ONE_THIRD` should have a snake case name
[INFO] [stdout]   --> src/solvers/blinn.rs:97:13
[INFO] [stdout]    |
[INFO] [stdout] 97 |         let ONE_THIRD: T = T::ONE / (T::ONE + T::ONE + T::ONE); // Should be const but can't use T here
[INFO] [stdout]    |             ^^^^^^^^^ help: convert the identifier to snake case: `one_third`
[INFO] [stdout] 
[INFO] [stdout] 
[INFO] [stdout] warning: the feature `associated_type_bounds` has been stable since 1.79.0 and no longer requires an attribute to enable
[INFO] [stdout]   --> src/lib.rs:11:12
[INFO] [stdout]    |
[INFO] [stdout] 11 | #![feature(associated_type_bounds)]
[INFO] [stdout]    |            ^^^^^^^^^^^^^^^^^^^^^^
[INFO] [stdout]    |
[INFO] [stdout]    = note: `#[warn(stable_features)]` on by default
[INFO] [stdout] 
[INFO] [stdout] 
[INFO] [stdout] warning: the feature `const_float_bits_conv` has been stable since 1.83.0 and no longer requires an attribute to enable
[INFO] [stdout]   --> src/lib.rs:15:12
[INFO] [stdout]    |
[INFO] [stdout] 15 | #![feature(const_float_bits_conv)]
[INFO] [stdout]    |            ^^^^^^^^^^^^^^^^^^^^^
[INFO] [stdout] 
[INFO] [stdout] 
[INFO] [stdout] warning: unused variable: `y1`
[INFO] [stdout]   --> src/solvers/yuksel.rs:40:5
[INFO] [stdout]    |
[INFO] [stdout] 40 |     y1: f64,
[INFO] [stdout]    |     ^^ help: if this is intentional, prefix it with an underscore: `_y1`
[INFO] [stdout]    |
[INFO] [stdout]    = note: `#[warn(unused_variables)]` on by default
[INFO] [stdout] 
[INFO] [stdout] 
[INFO] [stdout] warning: variable does not need to be mutable
[INFO] [stdout]   --> src/solvers/yuksel.rs:37:5
[INFO] [stdout]    |
[INFO] [stdout] 37 |     mut x0: f64,
[INFO] [stdout]    |     ----^^
[INFO] [stdout]    |     |
[INFO] [stdout]    |     help: remove this `mut`
[INFO] [stdout]    |
[INFO] [stdout]    = note: `#[warn(unused_mut)]` on by default
[INFO] [stdout] 
[INFO] [stdout] 
[INFO] [stdout] warning: variable does not need to be mutable
[INFO] [stdout]   --> src/solvers/yuksel.rs:38:5
[INFO] [stdout]    |
[INFO] [stdout] 38 |     mut x1: f64,
[INFO] [stdout]    |     ----^^
[INFO] [stdout]    |     |
[INFO] [stdout]    |     help: remove this `mut`
[INFO] [stdout] 
[INFO] [stdout] 
[INFO] [stdout] warning: variable does not need to be mutable
[INFO] [stdout]    --> src/solvers/yuksel.rs:143:5
[INFO] [stdout]     |
[INFO] [stdout] 143 |     mut x0: f64,
[INFO] [stdout]     |     ----^^
[INFO] [stdout]     |     |
[INFO] [stdout]     |     help: remove this `mut`
[INFO] [stdout] 
[INFO] [stdout] 
[INFO] [stdout] warning: variable does not need to be mutable
[INFO] [stdout]    --> src/solvers/yuksel.rs:144:5
[INFO] [stdout]     |
[INFO] [stdout] 144 |     mut y0: f64,
[INFO] [stdout]     |     ----^^
[INFO] [stdout]     |     |
[INFO] [stdout]     |     help: remove this `mut`
[INFO] [stdout] 
[INFO] [stdout] 
[INFO] [stdout] warning: variable does not need to be mutable
[INFO] [stdout]    --> src/solvers/yuksel.rs:154:5
[INFO] [stdout]     |
[INFO] [stdout] 154 |     mut x1: f64,
[INFO] [stdout]     |     ----^^
[INFO] [stdout]     |     |
[INFO] [stdout]     |     help: remove this `mut`
[INFO] [stdout] 
[INFO] [stdout] 
[INFO] [stdout] warning: variable does not need to be mutable
[INFO] [stdout]    --> src/solvers/yuksel.rs:155:5
[INFO] [stdout]     |
[INFO] [stdout] 155 |     mut y1: f64,
[INFO] [stdout]     |     ----^^
[INFO] [stdout]     |     |
[INFO] [stdout]     |     help: remove this `mut`
[INFO] [stdout] 
[INFO] [stdout] 
[INFO] [stdout] warning: variable `N` should have a snake case name
[INFO] [stdout]   --> src/solvers/yuksel.rs:34:5
[INFO] [stdout]    |
[INFO] [stdout] 34 |     N: usize,
[INFO] [stdout]    |     ^ help: convert the identifier to snake case: `n`
[INFO] [stdout]    |
[INFO] [stdout]    = note: `#[warn(non_snake_case)]` on by default
[INFO] [stdout] 
[INFO] [stdout] 
[INFO] [stdout] warning: variable `N` should have a snake case name
[INFO] [stdout]    --> src/solvers/yuksel.rs:140:5
[INFO] [stdout]     |
[INFO] [stdout] 140 |     N: usize,
[INFO] [stdout]     |     ^ help: convert the identifier to snake case: `n`
[INFO] [stdout] 
[INFO] [stdout] 
[INFO] [stdout] warning: variable `N` should have a snake case name
[INFO] [stdout]    --> src/solvers/yuksel.rs:151:5
[INFO] [stdout]     |
[INFO] [stdout] 151 |     N: usize,
[INFO] [stdout]     |     ^ help: convert the identifier to snake case: `n`
[INFO] [stdout] 
[INFO] [stdout] 
[INFO] [stdout] warning: variable `N` should have a snake case name
[INFO] [stdout]    --> src/solvers/yuksel.rs:163:5
[INFO] [stdout]     |
[INFO] [stdout] 163 |     N: usize,
[INFO] [stdout]     |     ^ help: convert the identifier to snake case: `n`
[INFO] [stdout] 
[INFO] [stdout] 
[INFO] [stdout] warning: variable `openMin` should have a snake case name
[INFO] [stdout]    --> src/solvers/yuksel.rs:170:5
[INFO] [stdout]     |
[INFO] [stdout] 170 |     openMin: bool,
[INFO] [stdout]     |     ^^^^^^^ help: convert the identifier to snake case: `open_min`
[INFO] [stdout] 
[INFO] [stdout] 
[INFO] [stdout] warning: variable `derivRoots` should have a snake case name
[INFO] [stdout]    --> src/solvers/yuksel.rs:298:9
[INFO] [stdout]     |
[INFO] [stdout] 298 |     let derivRoots = roots_cubic(&df, tol);
[INFO] [stdout]     |         ^^^^^^^^^^ help: convert the identifier to snake case: `deriv_roots`
[INFO] [stdout] 
[INFO] [stdout] 
[INFO] [stdout] warning: variable `A` should have a snake case name
[INFO] [stdout]   --> src/solvers/blinn.rs:20:14
[INFO] [stdout]    |
[INFO] [stdout] 20 |         let [A, B, C] = [p.c[0], p.c[1] / (T::ONE + T::ONE), p.c[2]];
[INFO] [stdout]    |              ^ help: convert the identifier to snake case: `a`
[INFO] [stdout] 
[INFO] [stdout] 
[INFO] [stdout] warning: variable `B` should have a snake case name
[INFO] [stdout]   --> src/solvers/blinn.rs:20:17
[INFO] [stdout]    |
[INFO] [stdout] 20 |         let [A, B, C] = [p.c[0], p.c[1] / (T::ONE + T::ONE), p.c[2]];
[INFO] [stdout]    |                 ^ help: convert the identifier to snake case: `b`
[INFO] [stdout] 
[INFO] [stdout] 
[INFO] [stdout] warning: variable `C` should have a snake case name
[INFO] [stdout]   --> src/solvers/blinn.rs:20:20
[INFO] [stdout]    |
[INFO] [stdout] 20 |         let [A, B, C] = [p.c[0], p.c[1] / (T::ONE + T::ONE), p.c[2]];
[INFO] [stdout]    |                    ^ help: convert the identifier to snake case (notice the capitalization): `c`
[INFO] [stdout] 
[INFO] [stdout] 
[INFO] [stdout] warning: variable `D` should have a snake case name
[INFO] [stdout]   --> src/solvers/blinn.rs:21:13
[INFO] [stdout]    |
[INFO] [stdout] 21 |         let D = B.mul_add(B, -(A * C));
[INFO] [stdout]    |             ^ help: convert the identifier to snake case: `d`
[INFO] [stdout] 
[INFO] [stdout] 
[INFO] [stdout] warning: variable `E` should have a snake case name
[INFO] [stdout]   --> src/solvers/blinn.rs:24:17
[INFO] [stdout]    |
[INFO] [stdout] 24 |             let E = D.sqrt();
[INFO] [stdout]    |                 ^ help: convert the identifier to snake case: `e`
[INFO] [stdout] 
[INFO] [stdout] 
[INFO] [stdout] warning: variable `F` should have a snake case name
[INFO] [stdout]   --> src/solvers/blinn.rs:31:21
[INFO] [stdout]    |
[INFO] [stdout] 31 |                 let F = -B + E;
[INFO] [stdout]    |                     ^ help: convert the identifier to snake case (notice the capitalization): `f`
[INFO] [stdout] 
[INFO] [stdout] 
[INFO] [stdout] warning: variable `F` should have a snake case name
[INFO] [stdout]   --> src/solvers/blinn.rs:36:25
[INFO] [stdout]    |
[INFO] [stdout] 36 |                     let F = (-A * C).sqrt();
[INFO] [stdout]    |                         ^ help: convert the identifier to snake case (notice the capitalization): `f`
[INFO] [stdout] 
[INFO] [stdout] 
[INFO] [stdout] warning: variable `F` should have a snake case name
[INFO] [stdout]   --> src/solvers/blinn.rs:40:25
[INFO] [stdout]    |
[INFO] [stdout] 40 |                     let F = (-A * C).sqrt();
[INFO] [stdout]    |                         ^ help: convert the identifier to snake case (notice the capitalization): `f`
[INFO] [stdout] 
[INFO] [stdout] 
[INFO] [stdout] warning: variable `A` should have a snake case name
[INFO] [stdout]   --> src/solvers/blinn.rs:59:14
[INFO] [stdout]    |
[INFO] [stdout] 59 |         let [A, B, C] = [a, b / (T::ONE + T::ONE), c];
[INFO] [stdout]    |              ^ help: convert the identifier to snake case: `a`
[INFO] [stdout] 
[INFO] [stdout] 
[INFO] [stdout] warning: variable `B` should have a snake case name
[INFO] [stdout]   --> src/solvers/blinn.rs:59:17
[INFO] [stdout]    |
[INFO] [stdout] 59 |         let [A, B, C] = [a, b / (T::ONE + T::ONE), c];
[INFO] [stdout]    |                 ^ help: convert the identifier to snake case: `b`
[INFO] [stdout] 
[INFO] [stdout] 
[INFO] [stdout] warning: variable `C` should have a snake case name
[INFO] [stdout]   --> src/solvers/blinn.rs:59:20
[INFO] [stdout]    |
[INFO] [stdout] 59 |         let [A, B, C] = [a, b / (T::ONE + T::ONE), c];
[INFO] [stdout]    |                    ^ help: convert the identifier to snake case (notice the capitalization): `c`
[INFO] [stdout] 
[INFO] [stdout] 
[INFO] [stdout] warning: variable `D` should have a snake case name
[INFO] [stdout]   --> src/solvers/blinn.rs:60:13
[INFO] [stdout]    |
[INFO] [stdout] 60 |         let D = B.mul_add(B, -(A * C));
[INFO] [stdout]    |             ^ help: convert the identifier to snake case: `d`
[INFO] [stdout] 
[INFO] [stdout] 
[INFO] [stdout] warning: variable `E` should have a snake case name
[INFO] [stdout]   --> src/solvers/blinn.rs:63:17
[INFO] [stdout]    |
[INFO] [stdout] 63 |             let E = D.sqrt();
[INFO] [stdout]    |                 ^ help: convert the identifier to snake case: `e`
[INFO] [stdout] 
[INFO] [stdout] 
[INFO] [stdout] warning: variable `F` should have a snake case name
[INFO] [stdout]   --> src/solvers/blinn.rs:70:21
[INFO] [stdout]    |
[INFO] [stdout] 70 |                 let F = -B + E;
[INFO] [stdout]    |                     ^ help: convert the identifier to snake case (notice the capitalization): `f`
[INFO] [stdout] 
[INFO] [stdout] 
[INFO] [stdout] warning: variable `F` should have a snake case name
[INFO] [stdout]   --> src/solvers/blinn.rs:75:25
[INFO] [stdout]    |
[INFO] [stdout] 75 |                     let F = (-A * C).sqrt();
[INFO] [stdout]    |                         ^ help: convert the identifier to snake case (notice the capitalization): `f`
[INFO] [stdout] 
[INFO] [stdout] 
[INFO] [stdout] warning: variable `F` should have a snake case name
[INFO] [stdout]   --> src/solvers/blinn.rs:79:25
[INFO] [stdout]    |
[INFO] [stdout] 79 |                     let F = (-A * C).sqrt();
[INFO] [stdout]    |                         ^ help: convert the identifier to snake case (notice the capitalization): `f`
[INFO] [stdout] 
[INFO] [stdout] 
[INFO] [stdout] warning: variable `ONE_THIRD` should have a snake case name
[INFO] [stdout]   --> src/solvers/blinn.rs:97:13
[INFO] [stdout]    |
[INFO] [stdout] 97 |         let ONE_THIRD: T = T::ONE / (T::ONE + T::ONE + T::ONE); // Should be const but can't use T here
[INFO] [stdout]    |             ^^^^^^^^^ help: convert the identifier to snake case: `one_third`
[INFO] [stdout] 
[INFO] [stdout] 
[INFO] [stderr]     Finished `test` profile [unoptimized + debuginfo] target(s) in 1.09s
[INFO] running `Command { std: "docker" "inspect" "7a36209b000fdcd28943e88f00304f8dcfcce701e412f766885acf6cd9537b3b", kill_on_drop: false }`
[INFO] running `Command { std: "docker" "rm" "-f" "7a36209b000fdcd28943e88f00304f8dcfcce701e412f766885acf6cd9537b3b", kill_on_drop: false }`
[INFO] [stdout] 7a36209b000fdcd28943e88f00304f8dcfcce701e412f766885acf6cd9537b3b
[INFO] running `Command { std: "docker" "create" "-v" "/var/lib/crater-agent-workspace/builds/worker-4-tc1/target:/opt/rustwide/target:rw,Z" "-v" "/var/lib/crater-agent-workspace/builds/worker-4-tc1/source:/opt/rustwide/workdir:ro,Z" "-v" "/var/lib/crater-agent-workspace/cargo-home:/opt/rustwide/cargo-home:ro,Z" "-v" "/var/lib/crater-agent-workspace/rustup-home:/opt/rustwide/rustup-home:ro,Z" "-e" "SOURCE_DIR=/opt/rustwide/workdir" "-e" "CARGO_TARGET_DIR=/opt/rustwide/target" "-e" "CARGO_INCREMENTAL=0" "-e" "RUST_BACKTRACE=full" "-e" "RUSTFLAGS=--cap-lints=forbid" "-e" "RUSTDOCFLAGS=--cap-lints=forbid" "-e" "CARGO_HOME=/opt/rustwide/cargo-home" "-e" "RUSTUP_HOME=/opt/rustwide/rustup-home" "-w" "/opt/rustwide/workdir" "-m" "1610612736" "--user" "0:0" "--network" "none" "ghcr.io/rust-lang/crates-build-env/linux@sha256:819108c5571ea2e421544af4d832f968d213c87fbe3707a016657f43d2f853bc" "/opt/rustwide/cargo-home/bin/cargo" "+nightly-2025-01-18" "test" "--frozen", kill_on_drop: false }`
[INFO] [stdout] c47c0db3d65ecd6482eb6aed36ca2f5949eb7ba3d05591984fa3ec4206662b6f
[INFO] running `Command { std: "docker" "start" "-a" "c47c0db3d65ecd6482eb6aed36ca2f5949eb7ba3d05591984fa3ec4206662b6f", kill_on_drop: false }`
[INFO] [stderr] warning: the feature `associated_type_bounds` has been stable since 1.79.0 and no longer requires an attribute to enable
[INFO] [stderr]   --> src/lib.rs:11:12
[INFO] [stderr]    |
[INFO] [stderr] 11 | #![feature(associated_type_bounds)]
[INFO] [stderr]    |            ^^^^^^^^^^^^^^^^^^^^^^
[INFO] [stderr]    |
[INFO] [stderr]    = note: `#[warn(stable_features)]` on by default
[INFO] [stderr] 
[INFO] [stderr] warning: the feature `const_float_bits_conv` has been stable since 1.83.0 and no longer requires an attribute to enable
[INFO] [stderr]   --> src/lib.rs:15:12
[INFO] [stderr]    |
[INFO] [stderr] 15 | #![feature(const_float_bits_conv)]
[INFO] [stderr]    |            ^^^^^^^^^^^^^^^^^^^^^
[INFO] [stderr] 
[INFO] [stderr] warning: unused variable: `y1`
[INFO] [stderr]   --> src/solvers/yuksel.rs:40:5
[INFO] [stderr]    |
[INFO] [stderr] 40 |     y1: f64,
[INFO] [stderr]    |     ^^ help: if this is intentional, prefix it with an underscore: `_y1`
[INFO] [stderr]    |
[INFO] [stderr]    = note: `#[warn(unused_variables)]` on by default
[INFO] [stderr] 
[INFO] [stderr] warning: variable does not need to be mutable
[INFO] [stderr]   --> src/solvers/yuksel.rs:37:5
[INFO] [stderr]    |
[INFO] [stderr] 37 |     mut x0: f64,
[INFO] [stderr]    |     ----^^
[INFO] [stderr]    |     |
[INFO] [stderr]    |     help: remove this `mut`
[INFO] [stderr]    |
[INFO] [stderr]    = note: `#[warn(unused_mut)]` on by default
[INFO] [stderr] 
[INFO] [stderr] warning: variable does not need to be mutable
[INFO] [stderr]   --> src/solvers/yuksel.rs:38:5
[INFO] [stderr]    |
[INFO] [stderr] 38 |     mut x1: f64,
[INFO] [stderr]    |     ----^^
[INFO] [stderr]    |     |
[INFO] [stderr]    |     help: remove this `mut`
[INFO] [stderr] 
[INFO] [stderr] warning: variable does not need to be mutable
[INFO] [stderr]    --> src/solvers/yuksel.rs:143:5
[INFO] [stderr]     |
[INFO] [stderr] 143 |     mut x0: f64,
[INFO] [stderr]     |     ----^^
[INFO] [stderr]     |     |
[INFO] [stderr]     |     help: remove this `mut`
[INFO] [stderr] 
[INFO] [stderr] warning: variable does not need to be mutable
[INFO] [stderr]    --> src/solvers/yuksel.rs:144:5
[INFO] [stderr]     |
[INFO] [stderr] 144 |     mut y0: f64,
[INFO] [stderr]     |     ----^^
[INFO] [stderr]     |     |
[INFO] [stderr]     |     help: remove this `mut`
[INFO] [stderr] 
[INFO] [stderr] warning: variable does not need to be mutable
[INFO] [stderr]    --> src/solvers/yuksel.rs:154:5
[INFO] [stderr]     |
[INFO] [stderr] 154 |     mut x1: f64,
[INFO] [stderr]     |     ----^^
[INFO] [stderr]     |     |
[INFO] [stderr]     |     help: remove this `mut`
[INFO] [stderr] 
[INFO] [stderr] warning: variable does not need to be mutable
[INFO] [stderr]    --> src/solvers/yuksel.rs:155:5
[INFO] [stderr]     |
[INFO] [stderr] 155 |     mut y1: f64,
[INFO] [stderr]     |     ----^^
[INFO] [stderr]     |     |
[INFO] [stderr]     |     help: remove this `mut`
[INFO] [stderr] 
[INFO] [stderr] warning: variable `N` should have a snake case name
[INFO] [stderr]   --> src/solvers/yuksel.rs:34:5
[INFO] [stderr]    |
[INFO] [stderr] 34 |     N: usize,
[INFO] [stderr]    |     ^ help: convert the identifier to snake case: `n`
[INFO] [stderr]    |
[INFO] [stderr]    = note: `#[warn(non_snake_case)]` on by default
[INFO] [stderr] 
[INFO] [stderr] warning: variable `N` should have a snake case name
[INFO] [stderr]    --> src/solvers/yuksel.rs:140:5
[INFO] [stderr]     |
[INFO] [stderr] 140 |     N: usize,
[INFO] [stderr]     |     ^ help: convert the identifier to snake case: `n`
[INFO] [stderr] 
[INFO] [stderr] warning: variable `N` should have a snake case name
[INFO] [stderr]    --> src/solvers/yuksel.rs:151:5
[INFO] [stderr]     |
[INFO] [stderr] 151 |     N: usize,
[INFO] [stderr]     |     ^ help: convert the identifier to snake case: `n`
[INFO] [stderr] 
[INFO] [stderr] warning: variable `N` should have a snake case name
[INFO] [stderr]    --> src/solvers/yuksel.rs:163:5
[INFO] [stderr]     |
[INFO] [stderr] 163 |     N: usize,
[INFO] [stderr]     |     ^ help: convert the identifier to snake case: `n`
[INFO] [stderr] 
[INFO] [stderr] warning: variable `openMin` should have a snake case name
[INFO] [stderr]    --> src/solvers/yuksel.rs:170:5
[INFO] [stderr]     |
[INFO] [stderr] 170 |     openMin: bool,
[INFO] [stderr]     |     ^^^^^^^ help: convert the identifier to snake case: `open_min`
[INFO] [stderr] 
[INFO] [stderr] warning: variable `derivRoots` should have a snake case name
[INFO] [stderr]    --> src/solvers/yuksel.rs:298:9
[INFO] [stderr]     |
[INFO] [stderr] 298 |     let derivRoots = roots_cubic(&df, tol);
[INFO] [stderr]     |         ^^^^^^^^^^ help: convert the identifier to snake case: `deriv_roots`
[INFO] [stderr] 
[INFO] [stderr] warning: variable `A` should have a snake case name
[INFO] [stderr]   --> src/solvers/blinn.rs:20:14
[INFO] [stderr]    |
[INFO] [stderr] 20 |         let [A, B, C] = [p.c[0], p.c[1] / (T::ONE + T::ONE), p.c[2]];
[INFO] [stderr]    |              ^ help: convert the identifier to snake case: `a`
[INFO] [stderr] 
[INFO] [stderr] warning: variable `B` should have a snake case name
[INFO] [stderr]   --> src/solvers/blinn.rs:20:17
[INFO] [stderr]    |
[INFO] [stderr] 20 |         let [A, B, C] = [p.c[0], p.c[1] / (T::ONE + T::ONE), p.c[2]];
[INFO] [stderr]    |                 ^ help: convert the identifier to snake case: `b`
[INFO] [stderr] 
[INFO] [stderr] warning: variable `C` should have a snake case name
[INFO] [stderr]   --> src/solvers/blinn.rs:20:20
[INFO] [stderr]    |
[INFO] [stderr] 20 |         let [A, B, C] = [p.c[0], p.c[1] / (T::ONE + T::ONE), p.c[2]];
[INFO] [stderr]    |                    ^ help: convert the identifier to snake case (notice the capitalization): `c`
[INFO] [stderr] 
[INFO] [stderr] warning: variable `D` should have a snake case name
[INFO] [stderr]   --> src/solvers/blinn.rs:21:13
[INFO] [stderr]    |
[INFO] [stderr] 21 |         let D = B.mul_add(B, -(A * C));
[INFO] [stderr]    |             ^ help: convert the identifier to snake case: `d`
[INFO] [stderr] 
[INFO] [stderr] warning: variable `E` should have a snake case name
[INFO] [stderr]   --> src/solvers/blinn.rs:24:17
[INFO] [stderr]    |
[INFO] [stderr] 24 |             let E = D.sqrt();
[INFO] [stderr]    |                 ^ help: convert the identifier to snake case: `e`
[INFO] [stderr] 
[INFO] [stderr] warning: variable `F` should have a snake case name
[INFO] [stderr]   --> src/solvers/blinn.rs:31:21
[INFO] [stderr]    |
[INFO] [stderr] 31 |                 let F = -B + E;
[INFO] [stderr]    |                     ^ help: convert the identifier to snake case (notice the capitalization): `f`
[INFO] [stderr] 
[INFO] [stderr] warning: variable `F` should have a snake case name
[INFO] [stderr]   --> src/solvers/blinn.rs:36:25
[INFO] [stderr]    |
[INFO] [stderr] 36 |                     let F = (-A * C).sqrt();
[INFO] [stderr]    |                         ^ help: convert the identifier to snake case (notice the capitalization): `f`
[INFO] [stderr] 
[INFO] [stderr] warning: variable `F` should have a snake case name
[INFO] [stderr]   --> src/solvers/blinn.rs:40:25
[INFO] [stderr]    |
[INFO] [stderr] 40 |                     let F = (-A * C).sqrt();
[INFO] [stderr]    |                         ^ help: convert the identifier to snake case (notice the capitalization): `f`
[INFO] [stderr] 
[INFO] [stderr] warning: variable `A` should have a snake case name
[INFO] [stderr]   --> src/solvers/blinn.rs:59:14
[INFO] [stderr]    |
[INFO] [stderr] 59 |         let [A, B, C] = [a, b / (T::ONE + T::ONE), c];
[INFO] [stderr]    |              ^ help: convert the identifier to snake case: `a`
[INFO] [stderr] 
[INFO] [stderr] warning: variable `B` should have a snake case name
[INFO] [stderr]   --> src/solvers/blinn.rs:59:17
[INFO] [stderr]    |
[INFO] [stderr] 59 |         let [A, B, C] = [a, b / (T::ONE + T::ONE), c];
[INFO] [stderr]    |                 ^ help: convert the identifier to snake case: `b`
[INFO] [stderr] 
[INFO] [stderr] warning: variable `C` should have a snake case name
[INFO] [stderr]   --> src/solvers/blinn.rs:59:20
[INFO] [stderr]    |
[INFO] [stderr] 59 |         let [A, B, C] = [a, b / (T::ONE + T::ONE), c];
[INFO] [stderr]    |                    ^ help: convert the identifier to snake case (notice the capitalization): `c`
[INFO] [stderr] 
[INFO] [stderr] warning: variable `D` should have a snake case name
[INFO] [stderr]   --> src/solvers/blinn.rs:60:13
[INFO] [stderr]    |
[INFO] [stderr] 60 |         let D = B.mul_add(B, -(A * C));
[INFO] [stderr]    |             ^ help: convert the identifier to snake case: `d`
[INFO] [stderr] 
[INFO] [stderr] warning: variable `E` should have a snake case name
[INFO] [stderr]   --> src/solvers/blinn.rs:63:17
[INFO] [stderr]    |
[INFO] [stderr] 63 |             let E = D.sqrt();
[INFO] [stderr]    |                 ^ help: convert the identifier to snake case: `e`
[INFO] [stderr] 
[INFO] [stderr] warning: variable `F` should have a snake case name
[INFO] [stderr]   --> src/solvers/blinn.rs:70:21
[INFO] [stderr]    |
[INFO] [stderr] 70 |                 let F = -B + E;
[INFO] [stderr]    |                     ^ help: convert the identifier to snake case (notice the capitalization): `f`
[INFO] [stderr] 
[INFO] [stderr] warning: variable `F` should have a snake case name
[INFO] [stderr]   --> src/solvers/blinn.rs:75:25
[INFO] [stderr]    |
[INFO] [stderr] 75 |                     let F = (-A * C).sqrt();
[INFO] [stderr]    |                         ^ help: convert the identifier to snake case (notice the capitalization): `f`
[INFO] [stderr] 
[INFO] [stderr] warning: variable `F` should have a snake case name
[INFO] [stderr]   --> src/solvers/blinn.rs:79:25
[INFO] [stderr]    |
[INFO] [stderr] 79 |                     let F = (-A * C).sqrt();
[INFO] [stderr]    |                         ^ help: convert the identifier to snake case (notice the capitalization): `f`
[INFO] [stderr] 
[INFO] [stderr] warning: variable `ONE_THIRD` should have a snake case name
[INFO] [stderr]   --> src/solvers/blinn.rs:97:13
[INFO] [stderr]    |
[INFO] [stderr] 97 |         let ONE_THIRD: T = T::ONE / (T::ONE + T::ONE + T::ONE); // Should be const but can't use T here
[INFO] [stderr]    |             ^^^^^^^^^ help: convert the identifier to snake case: `one_third`
[INFO] [stderr] 
[INFO] [stderr] warning: `talrost` (lib) generated 32 warnings (run `cargo fix --lib -p talrost` to apply 6 suggestions)
[INFO] [stderr] warning: `talrost` (lib test) generated 32 warnings (32 duplicates)
[INFO] [stderr]     Finished `test` profile [unoptimized + debuginfo] target(s) in 0.02s
[INFO] [stderr]      Running unittests src/lib.rs (/opt/rustwide/target/debug/deps/talrost-be6b0ddfd0e95a8b)
[INFO] [stdout] 
[INFO] [stdout] running 34 tests
[INFO] [stdout] test complex::tests::test_c32_powi ... ok
[INFO] [stdout] test complex::tests::test_c32_multiplication ... ok
[INFO] [stdout] test complex::tests::test_c32_subtraction ... ok
[INFO] [stdout] test complex::tests::test_c32_division ... ok
[INFO] [stdout] test complex::tests::test_c32_negation ... ok
[INFO] [stdout] test complex::tests::test_c32_sqrt ... ok
[INFO] [stdout] test complex::tests::test_c32_addition ... ok
[INFO] [stdout] test complex::tests::test_c64_addition ... ok
[INFO] [stdout] test complex::tests::test_c64_multiplication ... ok
[INFO] [stdout] test complex::tests::test_c64_subtraction ... ok
[INFO] [stdout] test float::tests::test_float_trait ... ok
[INFO] [stdout] test integer::tests::test_ints ... ok
[INFO] [stdout] test complex::tests::test_f32_sqrt ... ok
[INFO] [stdout] test matrix::tests::det_3x3 ... ok
[INFO] [stdout] test matrix::tests::more_matrix_tests_assorted ... ok
[INFO] [stdout] test matrix::tests::mult_2x2 ... ok
[INFO] [stdout] test matrix::tests::mult_4x4 ... ok
[INFO] [stdout] test number::tests::test_numbers ... ok
[INFO] [stdout] test polynomial::tests::roots_0 ... ok
[INFO] [stdout] test polynomial::tests::roots_1 ... ok
[INFO] [stdout] test polynomial::tests::roots_2_yuksel ... ok
[INFO] [stdout] test polynomial::tests::roots_2_default ... ok
[INFO] [stdout] test polynomial::tests::roots_3_blinn ... ok
[INFO] [stdout] test polynomial::tests::roots_3_yuksel ... ok
[INFO] [stdout] test polynomial::tests::test_c32_polynomials ... ok
[INFO] [stdout] test polynomial::tests::test_f64_polynomials ... ok
[INFO] [stdout] test vector::tests::test_vector ... ok
[INFO] [stdout] test vector::tests::test_cross ... ok
[INFO] [stdout] test natural::tests::test_natural_trait ... ok
[INFO] [stdout] test vector::tests::test_complex_vectors ... ok
[INFO] [stdout] test matrix::tests::mult_3x3 ... ok
[INFO] [stdout] test matrix::tests::det_2x2 ... ok
[INFO] [stdout] test complex::tests::test_constants ... ok
[INFO] [stdout] test polynomial::tests::roots_3_generic ... FAILED
[INFO] [stdout] 
[INFO] [stdout] failures:
[INFO] [stdout] 
[INFO] [stdout] ---- polynomial::tests::roots_3_generic stdout ----
[INFO] [stdout] 
[INFO] [stdout] thread 'polynomial::tests::roots_3_generic' panicked at src/polynomial.rs:259:9:
[INFO] [stdout] assertion `left == right` failed
[INFO] [stdout]   left: NaN
[INFO] [stdout]  right: -7.0
[INFO] [stdout] stack backtrace:
[INFO] [stdout]    0:     0x60d449462fda - std::backtrace_rs::backtrace::libunwind::trace::hb059275cfc8d6126
[INFO] [stdout]                                at /rustc/6067b36314ab5eb2eb47cecc464545ba58e1ad24/library/std/src/../../backtrace/src/backtrace/libunwind.rs:116:5
[INFO] [stdout]    1:     0x60d449462fda - std::backtrace_rs::backtrace::trace_unsynchronized::h2da071e4327ce3ee
[INFO] [stdout]                                at /rustc/6067b36314ab5eb2eb47cecc464545ba58e1ad24/library/std/src/../../backtrace/src/backtrace/mod.rs:66:5
[INFO] [stdout]    2:     0x60d449462fda - std::sys::backtrace::_print_fmt::h842a1474e6f8d23f
[INFO] [stdout]                                at /rustc/6067b36314ab5eb2eb47cecc464545ba58e1ad24/library/std/src/sys/backtrace.rs:66:9
[INFO] [stdout]    3:     0x60d449462fda - <std::sys::backtrace::BacktraceLock::print::DisplayBacktrace as core::fmt::Display>::fmt::h71a62eb3b9696b12
[INFO] [stdout]                                at /rustc/6067b36314ab5eb2eb47cecc464545ba58e1ad24/library/std/src/sys/backtrace.rs:39:26
[INFO] [stdout]    4:     0x60d44948b3d3 - core::fmt::rt::Argument::fmt::hdb6b616786b41dc1
[INFO] [stdout]                                at /rustc/6067b36314ab5eb2eb47cecc464545ba58e1ad24/library/core/src/fmt/rt.rs:177:76
[INFO] [stdout]    5:     0x60d44948b3d3 - core::fmt::write::h2cc1698af7e2d686
[INFO] [stdout]                                at /rustc/6067b36314ab5eb2eb47cecc464545ba58e1ad24/library/core/src/fmt/mod.rs:1440:21
[INFO] [stdout]    6:     0x60d44945fb33 - std::io::Write::write_fmt::hab1b4cd059a79022
[INFO] [stdout]                                at /rustc/6067b36314ab5eb2eb47cecc464545ba58e1ad24/library/std/src/io/mod.rs:1887:15
[INFO] [stdout]    7:     0x60d449462e22 - std::sys::backtrace::BacktraceLock::print::h147fe35b4ea13b08
[INFO] [stdout]                                at /rustc/6067b36314ab5eb2eb47cecc464545ba58e1ad24/library/std/src/sys/backtrace.rs:42:9
[INFO] [stdout]    8:     0x60d4494643ff - std::panicking::default_hook::{{closure}}::hbd44223dbdc0d208
[INFO] [stdout]                                at /rustc/6067b36314ab5eb2eb47cecc464545ba58e1ad24/library/std/src/panicking.rs:298:22
[INFO] [stdout]    9:     0x60d449464218 - std::panicking::default_hook::h20f81eb0576efcec
[INFO] [stdout]                                at /rustc/6067b36314ab5eb2eb47cecc464545ba58e1ad24/library/std/src/panicking.rs:322:9
[INFO] [stdout]   10:     0x60d44942d033 - <alloc::boxed::Box<F,A> as core::ops::function::Fn<Args>>::call::hdb53814c496a4d34
[INFO] [stdout]                                at /rustc/6067b36314ab5eb2eb47cecc464545ba58e1ad24/library/alloc/src/boxed.rs:2027:9
[INFO] [stdout]   11:     0x60d44942d033 - test::test_main::{{closure}}::hc0a4963c59427c24
[INFO] [stdout]                                at /rustc/6067b36314ab5eb2eb47cecc464545ba58e1ad24/library/test/src/lib.rs:134:21
[INFO] [stdout]   12:     0x60d449464ef3 - <alloc::boxed::Box<F,A> as core::ops::function::Fn<Args>>::call::h591b2225413a77e9
[INFO] [stdout]                                at /rustc/6067b36314ab5eb2eb47cecc464545ba58e1ad24/library/alloc/src/boxed.rs:2027:9
[INFO] [stdout]   13:     0x60d449464ef3 - std::panicking::rust_panic_with_hook::h625eea43051b2edc
[INFO] [stdout]                                at /rustc/6067b36314ab5eb2eb47cecc464545ba58e1ad24/library/std/src/panicking.rs:839:13
[INFO] [stdout]   14:     0x60d449464baa - std::panicking::begin_panic_handler::{{closure}}::h4f9159cfbc3f6bd3
[INFO] [stdout]                                at /rustc/6067b36314ab5eb2eb47cecc464545ba58e1ad24/library/std/src/panicking.rs:704:13
[INFO] [stdout]   15:     0x60d4494634d9 - std::sys::backtrace::__rust_end_short_backtrace::h0390abce48353151
[INFO] [stdout]                                at /rustc/6067b36314ab5eb2eb47cecc464545ba58e1ad24/library/std/src/sys/backtrace.rs:168:18
[INFO] [stdout]   16:     0x60d44946483d - rust_begin_unwind
[INFO] [stdout]                                at /rustc/6067b36314ab5eb2eb47cecc464545ba58e1ad24/library/std/src/panicking.rs:695:5
[INFO] [stdout]   17:     0x60d449489040 - core::panicking::panic_fmt::h9e7c637e9e5f29c9
[INFO] [stdout]                                at /rustc/6067b36314ab5eb2eb47cecc464545ba58e1ad24/library/core/src/panicking.rs:75:14
[INFO] [stdout]   18:     0x60d449489392 - core::panicking::assert_failed_inner::h538bec7c1374cd9c
[INFO] [stdout]   19:     0x60d4493e7f60 - core::panicking::assert_failed::h46d7e5d49a615bd6
[INFO] [stdout]                                at /rustc/6067b36314ab5eb2eb47cecc464545ba58e1ad24/library/core/src/panicking.rs:364:5
[INFO] [stdout]   20:     0x60d4493e304c - talrost::polynomial::tests::roots_3_generic::he40ef3023394e467
[INFO] [stdout]                                at /opt/rustwide/workdir/src/polynomial.rs:259:9
[INFO] [stdout]   21:     0x60d4493e2f57 - talrost::polynomial::tests::roots_3_generic::{{closure}}::h4fab344302717e84
[INFO] [stdout]                                at /opt/rustwide/workdir/src/polynomial.rs:253:25
[INFO] [stdout]   22:     0x60d4493ef836 - core::ops::function::FnOnce::call_once::hb02ccc76e1278bd4
[INFO] [stdout]                                at /rustc/6067b36314ab5eb2eb47cecc464545ba58e1ad24/library/core/src/ops/function.rs:250:5
[INFO] [stdout]   23:     0x60d44943278b - core::ops::function::FnOnce::call_once::he27718dfdd183f43
[INFO] [stdout]                                at /rustc/6067b36314ab5eb2eb47cecc464545ba58e1ad24/library/core/src/ops/function.rs:250:5
[INFO] [stdout]   24:     0x60d44943278b - test::__rust_begin_short_backtrace::h4e84902998457a5d
[INFO] [stdout]                                at /rustc/6067b36314ab5eb2eb47cecc464545ba58e1ad24/library/test/src/lib.rs:632:18
[INFO] [stdout]   25:     0x60d4494316c3 - test::run_test_in_process::{{closure}}::h7176fd18fc1feca0
[INFO] [stdout]                                at /rustc/6067b36314ab5eb2eb47cecc464545ba58e1ad24/library/test/src/lib.rs:655:60
[INFO] [stdout]   26:     0x60d4494316c3 - <core::panic::unwind_safe::AssertUnwindSafe<F> as core::ops::function::FnOnce<()>>::call_once::hf79cff2a624d8cf7
[INFO] [stdout]                                at /rustc/6067b36314ab5eb2eb47cecc464545ba58e1ad24/library/core/src/panic/unwind_safe.rs:272:9
[INFO] [stdout]   27:     0x60d4494316c3 - std::panicking::try::do_call::h3da0561d9ab99c25
[INFO] [stdout]                                at /rustc/6067b36314ab5eb2eb47cecc464545ba58e1ad24/library/std/src/panicking.rs:587:40
[INFO] [stdout]   28:     0x60d4494316c3 - std::panicking::try::h41c9fa508bc61df6
[INFO] [stdout]                                at /rustc/6067b36314ab5eb2eb47cecc464545ba58e1ad24/library/std/src/panicking.rs:550:19
[INFO] [stdout]   29:     0x60d4494316c3 - std::panic::catch_unwind::h6b3ff07bb5afad93
[INFO] [stdout]                                at /rustc/6067b36314ab5eb2eb47cecc464545ba58e1ad24/library/std/src/panic.rs:358:14
[INFO] [stdout]   30:     0x60d4494316c3 - test::run_test_in_process::hc7253dd11b39b9f4
[INFO] [stdout]                                at /rustc/6067b36314ab5eb2eb47cecc464545ba58e1ad24/library/test/src/lib.rs:655:27
[INFO] [stdout]   31:     0x60d4494316c3 - test::run_test::{{closure}}::hfb2007f8649c30bb
[INFO] [stdout]                                at /rustc/6067b36314ab5eb2eb47cecc464545ba58e1ad24/library/test/src/lib.rs:576:43
[INFO] [stdout]   32:     0x60d4493f47a5 - test::run_test::{{closure}}::h56a17aa7a282a9f4
[INFO] [stdout]                                at /rustc/6067b36314ab5eb2eb47cecc464545ba58e1ad24/library/test/src/lib.rs:606:41
[INFO] [stdout]   33:     0x60d4493f47a5 - std::sys::backtrace::__rust_begin_short_backtrace::hd2d2d2fb8e8c6aac
[INFO] [stdout]                                at /rustc/6067b36314ab5eb2eb47cecc464545ba58e1ad24/library/std/src/sys/backtrace.rs:152:18
[INFO] [stdout]   34:     0x60d4493f808a - std::thread::Builder::spawn_unchecked_::{{closure}}::{{closure}}::h4faa3f9db6133423
[INFO] [stdout]                                at /rustc/6067b36314ab5eb2eb47cecc464545ba58e1ad24/library/std/src/thread/mod.rs:559:17
[INFO] [stdout]   35:     0x60d4493f808a - <core::panic::unwind_safe::AssertUnwindSafe<F> as core::ops::function::FnOnce<()>>::call_once::hf2e855a36a4ea846
[INFO] [stdout]                                at /rustc/6067b36314ab5eb2eb47cecc464545ba58e1ad24/library/core/src/panic/unwind_safe.rs:272:9
[INFO] [stdout]   36:     0x60d4493f808a - std::panicking::try::do_call::h2f73af3616c35465
[INFO] [stdout]                                at /rustc/6067b36314ab5eb2eb47cecc464545ba58e1ad24/library/std/src/panicking.rs:587:40
[INFO] [stdout]   37:     0x60d4493f808a - std::panicking::try::hd1660ce9efadef5a
[INFO] [stdout]                                at /rustc/6067b36314ab5eb2eb47cecc464545ba58e1ad24/library/std/src/panicking.rs:550:19
[INFO] [stdout]   38:     0x60d4493f808a - std::panic::catch_unwind::h5ee8d7823b8ca744
[INFO] [stdout]                                at /rustc/6067b36314ab5eb2eb47cecc464545ba58e1ad24/library/std/src/panic.rs:358:14
[INFO] [stdout]   39:     0x60d4493f808a - std::thread::Builder::spawn_unchecked_::{{closure}}::h53c3a1894dce8407
[INFO] [stdout]                                at /rustc/6067b36314ab5eb2eb47cecc464545ba58e1ad24/library/std/src/thread/mod.rs:557:30
[INFO] [stdout]   40:     0x60d4493f808a - core::ops::function::FnOnce::call_once{{vtable.shim}}::h048ce291ad4f62bf
[INFO] [stdout]                                at /rustc/6067b36314ab5eb2eb47cecc464545ba58e1ad24/library/core/src/ops/function.rs:250:5
[INFO] [stdout]   41:     0x60d449468e2b - <alloc::boxed::Box<F,A> as core::ops::function::FnOnce<Args>>::call_once::ha52bedf99a3b4981
[INFO] [stdout]                                at /rustc/6067b36314ab5eb2eb47cecc464545ba58e1ad24/library/alloc/src/boxed.rs:2013:9
[INFO] [stdout]   42:     0x60d449468e2b - <alloc::boxed::Box<F,A> as core::ops::function::FnOnce<Args>>::call_once::h567748934d80ccf8
[INFO] [stdout]                                at /rustc/6067b36314ab5eb2eb47cecc464545ba58e1ad24/library/alloc/src/boxed.rs:2013:9
[INFO] [stdout]   43:     0x60d449468e2b - std::sys::pal::unix::thread::Thread::new::thread_start::h2d970728ae887adc
[INFO] [stdout]                                at /rustc/6067b36314ab5eb2eb47cecc464545ba58e1ad24/library/std/src/sys/pal/unix/thread.rs:106:17
[INFO] [stdout]   44:     0x7167896c4ac3 - <unknown>
[INFO] [stdout]   45:     0x716789755a04 - clone
[INFO] [stdout]   46:                0x0 - <unknown>
[INFO] [stdout] 
[INFO] [stdout] 
[INFO] [stdout] failures:
[INFO] [stdout]     polynomial::tests::roots_3_generic
[INFO] [stdout] 
[INFO] [stdout] test result: FAILED. 33 passed; 1 failed; 0 ignored; 0 measured; 0 filtered out; finished in 0.06s
[INFO] [stdout] 
[INFO] [stderr] error: test failed, to rerun pass `--lib`
[INFO] running `Command { std: "docker" "inspect" "c47c0db3d65ecd6482eb6aed36ca2f5949eb7ba3d05591984fa3ec4206662b6f", kill_on_drop: false }`
[INFO] running `Command { std: "docker" "rm" "-f" "c47c0db3d65ecd6482eb6aed36ca2f5949eb7ba3d05591984fa3ec4206662b6f", kill_on_drop: false }`
[INFO] [stdout] c47c0db3d65ecd6482eb6aed36ca2f5949eb7ba3d05591984fa3ec4206662b6f
