[INFO] fetching crate taitan-orm 0.1.9...
[INFO] testing taitan-orm-0.1.9 against nightly-2025-01-18 for randomize-layout-2
[INFO] extracting crate taitan-orm 0.1.9 into /workspace/builds/worker-0-tc1/source
[INFO] validating manifest of crates.io crate taitan-orm 0.1.9 on toolchain nightly-2025-01-18
[INFO] running `Command { std: CARGO_HOME="/workspace/cargo-home" RUSTUP_HOME="/workspace/rustup-home" "/workspace/cargo-home/bin/cargo" "+nightly-2025-01-18" "metadata" "--manifest-path" "Cargo.toml" "--no-deps", kill_on_drop: false }`
[INFO] started tweaking crates.io crate taitan-orm 0.1.9
[INFO] removed 0 missing tests
[INFO] finished tweaking crates.io crate taitan-orm 0.1.9
[INFO] tweaked toml for crates.io crate taitan-orm 0.1.9 written to /workspace/builds/worker-0-tc1/source/Cargo.toml
[INFO] running `Command { std: CARGO_HOME="/workspace/cargo-home" RUSTUP_HOME="/workspace/rustup-home" "/workspace/cargo-home/bin/cargo" "+nightly-2025-01-18" "generate-lockfile" "--manifest-path" "Cargo.toml", kill_on_drop: false }`
[INFO] [stderr]     Blocking waiting for file lock on package cache
[INFO] [stderr]     Updating crates.io index
[INFO] [stderr]      Locking 262 packages to latest compatible versions
[INFO] running `Command { std: CARGO_HOME="/workspace/cargo-home" RUSTUP_HOME="/workspace/rustup-home" "/workspace/cargo-home/bin/cargo" "+nightly-2025-01-18" "fetch" "--manifest-path" "Cargo.toml", kill_on_drop: false }`
[INFO] [stderr]  Downloading crates ...
[INFO] [stderr]   Downloaded sqlx-sqlite v0.8.3
[INFO] [stderr]   Downloaded bigdecimal v0.4.7
[INFO] [stderr]   Downloaded taitan-orm-trait v0.1.9
[INFO] [stderr]   Downloaded sqlx-mysql v0.8.3
[INFO] [stderr]   Downloaded taitan-orm-macro v0.1.9
[INFO] running `Command { std: "docker" "create" "-v" "/var/lib/crater-agent-workspace/builds/worker-0-tc1/target:/opt/rustwide/target:rw,Z" "-v" "/var/lib/crater-agent-workspace/builds/worker-0-tc1/source:/opt/rustwide/workdir:ro,Z" "-v" "/var/lib/crater-agent-workspace/cargo-home:/opt/rustwide/cargo-home:ro,Z" "-v" "/var/lib/crater-agent-workspace/rustup-home:/opt/rustwide/rustup-home:ro,Z" "-e" "SOURCE_DIR=/opt/rustwide/workdir" "-e" "CARGO_TARGET_DIR=/opt/rustwide/target" "-e" "CARGO_HOME=/opt/rustwide/cargo-home" "-e" "RUSTUP_HOME=/opt/rustwide/rustup-home" "-w" "/opt/rustwide/workdir" "-m" "1610612736" "--user" "0:0" "--network" "none" "ghcr.io/rust-lang/crates-build-env/linux@sha256:819108c5571ea2e421544af4d832f968d213c87fbe3707a016657f43d2f853bc" "/opt/rustwide/cargo-home/bin/cargo" "+nightly-2025-01-18" "metadata" "--no-deps" "--format-version=1", kill_on_drop: false }`
[INFO] [stdout] b7cba604d39fac6e48ad95b8c483ba124610497478e6977feca2df52228e7864
[INFO] running `Command { std: "docker" "start" "-a" "b7cba604d39fac6e48ad95b8c483ba124610497478e6977feca2df52228e7864", kill_on_drop: false }`
[INFO] running `Command { std: "docker" "inspect" "b7cba604d39fac6e48ad95b8c483ba124610497478e6977feca2df52228e7864", kill_on_drop: false }`
[INFO] running `Command { std: "docker" "rm" "-f" "b7cba604d39fac6e48ad95b8c483ba124610497478e6977feca2df52228e7864", kill_on_drop: false }`
[INFO] [stdout] b7cba604d39fac6e48ad95b8c483ba124610497478e6977feca2df52228e7864
[INFO] running `Command { std: "docker" "create" "-v" "/var/lib/crater-agent-workspace/builds/worker-0-tc1/target:/opt/rustwide/target:rw,Z" "-v" "/var/lib/crater-agent-workspace/builds/worker-0-tc1/source:/opt/rustwide/workdir:ro,Z" "-v" "/var/lib/crater-agent-workspace/cargo-home:/opt/rustwide/cargo-home:ro,Z" "-v" "/var/lib/crater-agent-workspace/rustup-home:/opt/rustwide/rustup-home:ro,Z" "-e" "SOURCE_DIR=/opt/rustwide/workdir" "-e" "CARGO_TARGET_DIR=/opt/rustwide/target" "-e" "CARGO_INCREMENTAL=0" "-e" "RUST_BACKTRACE=full" "-e" "RUSTFLAGS=--cap-lints=forbid" "-e" "RUSTDOCFLAGS=--cap-lints=forbid" "-e" "CARGO_HOME=/opt/rustwide/cargo-home" "-e" "RUSTUP_HOME=/opt/rustwide/rustup-home" "-w" "/opt/rustwide/workdir" "-m" "1610612736" "--user" "0:0" "--network" "none" "ghcr.io/rust-lang/crates-build-env/linux@sha256:819108c5571ea2e421544af4d832f968d213c87fbe3707a016657f43d2f853bc" "/opt/rustwide/cargo-home/bin/cargo" "+nightly-2025-01-18" "build" "--frozen" "--message-format=json", kill_on_drop: false }`
[INFO] [stdout] a73c25e44875ca5d57880d30869c0407092bb55bac638ec6f3dfbe431ee6dd52
[INFO] running `Command { std: "docker" "start" "-a" "a73c25e44875ca5d57880d30869c0407092bb55bac638ec6f3dfbe431ee6dd52", kill_on_drop: false }`
[INFO] [stderr]    Compiling proc-macro2 v1.0.93
[INFO] [stderr]    Compiling unicode-ident v1.0.14
[INFO] [stderr]    Compiling serde v1.0.217
[INFO] [stderr]    Compiling autocfg v1.4.0
[INFO] [stderr]    Compiling libc v0.2.169
[INFO] [stderr]    Compiling cfg-if v1.0.0
[INFO] [stderr]    Compiling typenum v1.17.0
[INFO] [stderr]    Compiling version_check v0.9.5
[INFO] [stderr]    Compiling const-oid v0.9.6
[INFO] [stderr]    Compiling stable_deref_trait v1.2.0
[INFO] [stderr]    Compiling libm v0.2.11
[INFO] [stderr]    Compiling subtle v2.6.1
[INFO] [stderr]    Compiling scopeguard v1.2.0
[INFO] [stderr]    Compiling writeable v0.5.5
[INFO] [stderr]    Compiling litemap v0.7.4
[INFO] [stderr]    Compiling memchr v2.7.4
[INFO] [stderr]    Compiling once_cell v1.20.2
[INFO] [stderr]    Compiling pin-project-lite v0.2.16
[INFO] [stderr]    Compiling futures-core v0.3.31
[INFO] [stderr]    Compiling icu_locid_transform_data v1.5.0
[INFO] [stderr]    Compiling icu_properties_data v1.5.0
[INFO] [stderr]    Compiling itoa v1.0.14
[INFO] [stderr]    Compiling crossbeam-utils v0.8.21
[INFO] [stderr]    Compiling utf16_iter v1.0.5
[INFO] [stderr]    Compiling utf8_iter v1.0.4
[INFO] [stderr]    Compiling parking_lot_core v0.9.10
[INFO] [stderr]    Compiling powerfmt v0.2.0
[INFO] [stderr]    Compiling futures-sink v0.3.31
[INFO] [stderr]    Compiling percent-encoding v2.3.1
[INFO] [stderr]    Compiling icu_normalizer_data v1.5.0
[INFO] [stderr]    Compiling write16 v1.0.0
[INFO] [stderr]    Compiling time-core v0.1.2
[INFO] [stderr]    Compiling allocator-api2 v0.2.21
[INFO] [stderr]    Compiling equivalent v1.0.1
[INFO] [stderr]    Compiling cpufeatures v0.2.16
[INFO] [stderr]    Compiling num-conv v0.1.0
[INFO] [stderr]    Compiling foldhash v0.1.4
[INFO] [stderr]    Compiling form_urlencoded v1.2.1
[INFO] [stderr]    Compiling generic-array v0.14.7
[INFO] [stderr]    Compiling tracing-core v0.1.33
[INFO] [stderr]    Compiling ryu v1.0.18
[INFO] [stderr]    Compiling log v0.4.25
[INFO] [stderr]    Compiling thiserror v2.0.11
[INFO] [stderr]    Compiling futures-io v0.3.31
[INFO] [stderr]    Compiling bytes v1.9.0
[INFO] [stderr]    Compiling time-macros v0.2.19
[INFO] [stderr]    Compiling num-traits v0.2.19
[INFO] [stderr]    Compiling lock_api v0.4.12
[INFO] [stderr]    Compiling slab v0.4.9
[INFO] [stderr]    Compiling hashbrown v0.15.2
[INFO] [stderr]    Compiling bigdecimal v0.4.7
[INFO] [stderr]    Compiling serde_json v1.0.137
[INFO] [stderr]    Compiling pin-utils v0.1.0
[INFO] [stderr]    Compiling byteorder v1.5.0
[INFO] [stderr]    Compiling futures-task v0.3.31
[INFO] [stderr]    Compiling concurrent-queue v2.5.0
[INFO] [stderr]    Compiling crc-catalog v2.4.0
[INFO] [stderr]    Compiling parking v2.2.1
[INFO] [stderr]    Compiling spin v0.9.8
[INFO] [stderr]    Compiling crossbeam-queue v0.3.12
[INFO] [stderr]    Compiling crc v3.2.1
[INFO] [stderr]    Compiling base64ct v1.6.0
[INFO] [stderr]    Compiling event-listener v5.4.0
[INFO] [stderr]    Compiling indexmap v2.7.1
[INFO] [stderr]    Compiling hashlink v0.10.0
[INFO] [stderr]    Compiling zeroize v1.8.1
[INFO] [stderr]    Compiling quote v1.0.38
[INFO] [stderr]    Compiling futures-util v0.3.31
[INFO] [stderr]    Compiling tinyvec_macros v0.1.1
[INFO] [stderr]    Compiling pem-rfc7468 v0.7.0
[INFO] [stderr]    Compiling tinyvec v1.8.1
[INFO] [stderr]    Compiling getrandom v0.2.15
[INFO] [stderr]    Compiling socket2 v0.5.8
[INFO] [stderr]    Compiling mio v1.0.3
[INFO] [stderr]    Compiling futures-channel v0.3.31
[INFO] [stderr]    Compiling shlex v1.3.0
[INFO] [stderr]    Compiling syn v2.0.96
[INFO] [stderr]    Compiling num-integer v0.1.46
[INFO] [stderr]    Compiling rand_core v0.6.4
[INFO] [stderr]    Compiling atoi v2.0.0
[INFO] [stderr]    Compiling der v0.7.9
[INFO] [stderr]    Compiling cc v1.2.10
[INFO] [stderr]    Compiling deranged v0.3.11
[INFO] [stderr]    Compiling unicode-normalization v0.1.24
[INFO] [stderr]    Compiling num-bigint-dig v0.8.4
[INFO] [stderr]    Compiling crypto-common v0.1.6
[INFO] [stderr]    Compiling block-buffer v0.10.4
[INFO] [stderr]    Compiling digest v0.10.7
[INFO] [stderr]    Compiling vcpkg v0.2.15
[INFO] [stderr]    Compiling unicode-properties v0.1.3
[INFO] [stderr]    Compiling pkg-config v0.3.31
[INFO] [stderr]    Compiling num-bigint v0.4.6
[INFO] [stderr]    Compiling unicode-bidi v0.3.18
[INFO] [stderr]    Compiling num-iter v0.1.45
[INFO] [stderr]    Compiling hmac v0.12.1
[INFO] [stderr]    Compiling hkdf v0.12.4
[INFO] [stderr]    Compiling sha2 v0.10.8
[INFO] [stderr]    Compiling md-5 v0.10.6
[INFO] [stderr]    Compiling lazy_static v1.5.0
[INFO] [stderr]    Compiling tokio v1.43.0
[INFO] [stderr]    Compiling base64 v0.22.1
[INFO] [stderr]    Compiling whoami v1.5.2
[INFO] [stderr]    Compiling uuid v1.12.0
[INFO] [stderr]    Compiling stringprep v0.1.5
[INFO] [stderr]    Compiling hex v0.4.3
[INFO] [stderr]    Compiling dotenvy v0.15.7
[INFO] [stderr]    Compiling signature v2.2.0
[INFO] [stderr]    Compiling rustix v0.38.43
[INFO] [stderr]    Compiling spki v0.7.3
[INFO] [stderr]    Compiling sha1 v0.10.6
[INFO] [stderr]    Compiling pkcs8 v0.10.2
[INFO] [stderr]    Compiling flume v0.11.1
[INFO] [stderr]    Compiling linux-raw-sys v0.4.15
[INFO] [stderr]    Compiling home v0.5.11
[INFO] [stderr]    Compiling fastrand v2.3.0
[INFO] [stderr]    Compiling fnv v1.0.7
[INFO] [stderr]    Compiling unicase v2.8.1
[INFO] [stderr]    Compiling pkcs1 v0.7.5
[INFO] [stderr]    Compiling ident_case v1.0.1
[INFO] [stderr]    Compiling strsim v0.11.1
[INFO] [stderr]    Compiling mime_guess v2.0.5
[INFO] [stderr]    Compiling heck v0.5.0
[INFO] [stderr]    Compiling typeid v1.0.2
[INFO] [stderr]    Compiling minimal-lexical v0.2.1
[INFO] [stderr]    Compiling mime v0.3.17
[INFO] [stderr]    Compiling libsqlite3-sys v0.30.1
[INFO] [stderr]    Compiling rustc-hash v2.1.0
[INFO] [stderr]    Compiling humansize v2.1.3
[INFO] [stderr]    Compiling inventory v0.3.17
[INFO] [stderr]    Compiling bit-vec v0.8.0
[INFO] [stderr]    Compiling time v0.3.37
[INFO] [stderr]    Compiling path-dedot v3.1.1
[INFO] [stderr]    Compiling case v1.0.0
[INFO] [stderr]    Compiling nom v7.1.3
[INFO] [stderr]    Compiling path-absolutize v3.1.1
[INFO] [stderr]    Compiling futures-executor v0.3.31
[INFO] [stderr]    Compiling tokio-stream v0.1.17
[INFO] [stderr]    Compiling synstructure v0.13.1
[INFO] [stderr]    Compiling darling_core v0.20.10
[INFO] [stderr]    Compiling serde_derive v1.0.217
[INFO] [stderr]    Compiling zerofrom-derive v0.1.5
[INFO] [stderr]    Compiling yoke-derive v0.7.5
[INFO] [stderr]    Compiling zerovec-derive v0.10.3
[INFO] [stderr]    Compiling displaydoc v0.2.5
[INFO] [stderr]    Compiling icu_provider_macros v1.5.0
[INFO] [stderr]    Compiling tracing-attributes v0.1.28
[INFO] [stderr]    Compiling zerocopy-derive v0.7.35
[INFO] [stderr]    Compiling thiserror-impl v2.0.11
[INFO] [stderr]    Compiling typetag-impl v0.2.19
[INFO] [stderr]    Compiling tracing v0.1.41
[INFO] [stderr]    Compiling zerocopy v0.7.35
[INFO] [stderr]    Compiling zerofrom v0.1.5
[INFO] [stderr]    Compiling yoke v0.7.5
[INFO] [stderr]    Compiling zerovec v0.10.4
[INFO] [stderr]    Compiling darling_macro v0.20.10
[INFO] [stderr]    Compiling ppv-lite86 v0.2.20
[INFO] [stderr]    Compiling darling v0.20.10
[INFO] [stderr]    Compiling serde_with_macros v3.12.0
[INFO] [stderr]    Compiling rand_chacha v0.3.1
[INFO] [stderr]    Compiling rand v0.8.5
[INFO] [stderr]    Compiling tinystr v0.7.6
[INFO] [stderr]    Compiling icu_collections v1.5.0
[INFO] [stderr]    Compiling icu_locid v1.5.0
[INFO] [stderr]    Compiling icu_provider v1.5.0
[INFO] [stderr]    Compiling icu_locid_transform v1.5.0
[INFO] [stderr]    Compiling icu_properties v1.5.1
[INFO] [stderr]    Compiling smallvec v1.13.2
[INFO] [stderr]    Compiling either v1.13.0
[INFO] [stderr]    Compiling bitflags v2.8.0
[INFO] [stderr]    Compiling serde_urlencoded v0.7.1
[INFO] [stderr]    Compiling basic-toml v0.1.9
[INFO] [stderr]    Compiling rinja_parser v0.3.5
[INFO] [stderr]    Compiling erased-serde v0.4.5
[INFO] [stderr]    Compiling serde_with v3.12.0
[INFO] [stderr]    Compiling icu_normalizer v1.5.0
[INFO] [stderr]    Compiling parking_lot v0.12.3
[INFO] [stderr]    Compiling futures-intrusive v0.5.0
[INFO] [stderr]    Compiling idna_adapter v1.2.0
[INFO] [stderr]    Compiling idna v1.0.3
[INFO] [stderr]    Compiling typetag v0.2.19
[INFO] [stderr]    Compiling rsa v0.9.7
[INFO] [stderr]    Compiling url v2.5.4
[INFO] [stderr]    Compiling sqlx-core v0.8.3
[INFO] [stderr]    Compiling rinja_derive v0.3.5
[INFO] [stderr]    Compiling tempfile v3.15.0
[INFO] [stderr]    Compiling rinja v0.3.5
[INFO] [stderr]    Compiling sqlx-mysql v0.8.3
[INFO] [stderr]    Compiling sqlx-postgres v0.8.3
[INFO] [stderr]    Compiling sqlx-sqlite v0.8.3
[INFO] [stderr]    Compiling sqlx-macros-core v0.8.3
[INFO] [stderr]    Compiling sqlx-macros v0.8.3
[INFO] [stderr]    Compiling sqlx v0.8.3
[INFO] [stderr]    Compiling taitan-orm-trait v0.1.9
[INFO] [stderr]    Compiling taitan-orm-macro v0.1.9
[INFO] [stderr]    Compiling taitan-orm v0.1.9 (/opt/rustwide/workdir)
[INFO] [stderr]     Finished `dev` profile [unoptimized + debuginfo] target(s) in 59.58s
[INFO] running `Command { std: "docker" "inspect" "a73c25e44875ca5d57880d30869c0407092bb55bac638ec6f3dfbe431ee6dd52", kill_on_drop: false }`
[INFO] running `Command { std: "docker" "rm" "-f" "a73c25e44875ca5d57880d30869c0407092bb55bac638ec6f3dfbe431ee6dd52", kill_on_drop: false }`
[INFO] [stdout] a73c25e44875ca5d57880d30869c0407092bb55bac638ec6f3dfbe431ee6dd52
[INFO] running `Command { std: "docker" "create" "-v" "/var/lib/crater-agent-workspace/builds/worker-0-tc1/target:/opt/rustwide/target:rw,Z" "-v" "/var/lib/crater-agent-workspace/builds/worker-0-tc1/source:/opt/rustwide/workdir:ro,Z" "-v" "/var/lib/crater-agent-workspace/cargo-home:/opt/rustwide/cargo-home:ro,Z" "-v" "/var/lib/crater-agent-workspace/rustup-home:/opt/rustwide/rustup-home:ro,Z" "-e" "SOURCE_DIR=/opt/rustwide/workdir" "-e" "CARGO_TARGET_DIR=/opt/rustwide/target" "-e" "CARGO_INCREMENTAL=0" "-e" "RUST_BACKTRACE=full" "-e" "RUSTFLAGS=--cap-lints=forbid" "-e" "RUSTDOCFLAGS=--cap-lints=forbid" "-e" "CARGO_HOME=/opt/rustwide/cargo-home" "-e" "RUSTUP_HOME=/opt/rustwide/rustup-home" "-w" "/opt/rustwide/workdir" "-m" "1610612736" "--user" "0:0" "--network" "none" "ghcr.io/rust-lang/crates-build-env/linux@sha256:819108c5571ea2e421544af4d832f968d213c87fbe3707a016657f43d2f853bc" "/opt/rustwide/cargo-home/bin/cargo" "+nightly-2025-01-18" "test" "--frozen" "--no-run" "--message-format=json", kill_on_drop: false }`
[INFO] [stdout] c7ae985423cde0b57bf41407cc8d600ee10acba94062db61b626ec2ba1bf8a5d
[INFO] running `Command { std: "docker" "start" "-a" "c7ae985423cde0b57bf41407cc8d600ee10acba94062db61b626ec2ba1bf8a5d", kill_on_drop: false }`
[INFO] [stderr]    Compiling tracing-core v0.1.33
[INFO] [stderr]    Compiling log v0.4.25
[INFO] [stderr]    Compiling regex-syntax v0.8.5
[INFO] [stderr]    Compiling regex-syntax v0.6.29
[INFO] [stderr]    Compiling overload v0.1.1
[INFO] [stderr]    Compiling sharded-slab v0.1.7
[INFO] [stderr]    Compiling thread_local v1.1.8
[INFO] [stderr]    Compiling tracing-test-macro v0.2.5
[INFO] [stderr]    Compiling nu-ansi-term v0.46.0
[INFO] [stderr]    Compiling tracing v0.1.41
[INFO] [stderr]    Compiling tracing-log v0.2.0
[INFO] [stderr]    Compiling sqlx-core v0.8.3
[INFO] [stderr]    Compiling regex-automata v0.4.9
[INFO] [stderr]    Compiling regex-automata v0.1.10
[INFO] [stderr]    Compiling matchers v0.1.0
[INFO] [stderr]    Compiling sqlx-mysql v0.8.3
[INFO] [stderr]    Compiling sqlx-sqlite v0.8.3
[INFO] [stderr]    Compiling sqlx-postgres v0.8.3
[INFO] [stderr]    Compiling regex v1.11.1
[INFO] [stderr]    Compiling tracing-subscriber v0.3.19
[INFO] [stderr]    Compiling tracing-test v0.2.5
[INFO] [stderr]    Compiling sqlx-macros-core v0.8.3
[INFO] [stderr]    Compiling sqlx-macros v0.8.3
[INFO] [stderr]    Compiling sqlx v0.8.3
[INFO] [stderr]    Compiling taitan-orm-trait v0.1.9
[INFO] [stderr]    Compiling taitan-orm-macro v0.1.9
[INFO] [stderr]    Compiling taitan-orm v0.1.9 (/opt/rustwide/workdir)
[INFO] [stdout] warning: unused imports: `ColumnIndex`, `Decode`, `Row`, and `Type`
[INFO] [stdout]  --> tests/entities/user.rs:4:23
[INFO] [stdout]   |
[INFO] [stdout] 4 | use sqlx::{Arguments, ColumnIndex, Decode, Row, Type};
[INFO] [stdout]   |                       ^^^^^^^^^^^  ^^^^^^  ^^^  ^^^^
[INFO] [stdout]   |
[INFO] [stdout]   = note: `#[warn(unused_imports)]` on by default
[INFO] [stdout] 
[INFO] [stdout] 
[INFO] [stdout] warning: unused import: `sqlx::error::BoxDynError`
[INFO] [stdout]  --> tests/entities/user3.rs:1:5
[INFO] [stdout]   |
[INFO] [stdout] 1 | use sqlx::error::BoxDynError;
[INFO] [stdout]   |     ^^^^^^^^^^^^^^^^^^^^^^^^
[INFO] [stdout] 
[INFO] [stdout] 
[INFO] [stdout] warning: unused import: `sqlx::mysql::MySqlArguments`
[INFO] [stdout]  --> tests/entities/user3.rs:2:5
[INFO] [stdout]   |
[INFO] [stdout] 2 | use sqlx::mysql::MySqlArguments;
[INFO] [stdout]   |     ^^^^^^^^^^^^^^^^^^^^^^^^^^^
[INFO] [stdout] 
[INFO] [stdout] 
[INFO] [stdout] warning: unused import: `sqlx::postgres::PgArguments`
[INFO] [stdout]  --> tests/entities/user3.rs:3:5
[INFO] [stdout]   |
[INFO] [stdout] 3 | use sqlx::postgres::PgArguments;
[INFO] [stdout]   |     ^^^^^^^^^^^^^^^^^^^^^^^^^^^
[INFO] [stdout] 
[INFO] [stdout] 
[INFO] [stdout] warning: unused import: `sqlx::sqlite::SqliteArguments`
[INFO] [stdout]  --> tests/entities/user3.rs:4:5
[INFO] [stdout]   |
[INFO] [stdout] 4 | use sqlx::sqlite::SqliteArguments;
[INFO] [stdout]   |     ^^^^^^^^^^^^^^^^^^^^^^^^^^^^^
[INFO] [stdout] 
[INFO] [stdout] 
[INFO] [stdout] warning: unused import: `sqlx::Arguments`
[INFO] [stdout]  --> tests/entities/user3.rs:5:5
[INFO] [stdout]   |
[INFO] [stdout] 5 | use sqlx::Arguments;
[INFO] [stdout]   |     ^^^^^^^^^^^^^^^
[INFO] [stdout] 
[INFO] [stdout] 
[INFO] [stdout] warning: unused imports: `LocationExpr` and `Location`
[INFO] [stdout]  --> tests/entities/user3.rs:6:24
[INFO] [stdout]   |
[INFO] [stdout] 6 | use taitan_orm_trait::{Location, LocationExpr, Optional};
[INFO] [stdout]   |                        ^^^^^^^^  ^^^^^^^^^^^^
[INFO] [stdout] 
[INFO] [stdout] 
[INFO] [stdout] warning: unused import: `Selection`
[INFO] [stdout]  --> tests/entities/selected.rs:1:34
[INFO] [stdout]   |
[INFO] [stdout] 1 | use taitan_orm_trait::{Optional, Selection};
[INFO] [stdout]   |                                  ^^^^^^^^^
[INFO] [stdout] 
[INFO] [stdout] 
[INFO] [stdout] warning: unused import: `std::borrow::Cow`
[INFO] [stdout]  --> tests/entities/template_spec.rs:1:5
[INFO] [stdout]   |
[INFO] [stdout] 1 | use std::borrow::Cow;
[INFO] [stdout]   |     ^^^^^^^^^^^^^^^^
[INFO] [stdout] 
[INFO] [stdout] 
[INFO] [stdout] warning: unused import: `taitan_orm_macro::TemplateRecord`
[INFO] [stdout]  --> tests/entities/template_spec.rs:2:5
[INFO] [stdout]   |
[INFO] [stdout] 2 | use taitan_orm_macro::TemplateRecord;
[INFO] [stdout]   |     ^^^^^^^^^^^^^^^^^^^^^^^^^^^^^^^^
[INFO] [stdout] 
[INFO] [stdout] 
[INFO] [stdout] warning: unused import: `Sqlite`
[INFO] [stdout]  --> tests/macros/entity_spec.rs:2:25
[INFO] [stdout]   |
[INFO] [stdout] 2 | use sqlx::{sqlx_macros, Sqlite};
[INFO] [stdout]   |                         ^^^^^^
[INFO] [stdout] 
[INFO] [stdout] 
[INFO] [stdout] warning: unused import: `time::format_description::FormatItem::Optional`
[INFO] [stdout]  --> tests/macros/template_spec.rs:3:5
[INFO] [stdout]   |
[INFO] [stdout] 3 | use time::format_description::FormatItem::Optional;
[INFO] [stdout]   |     ^^^^^^^^^^^^^^^^^^^^^^^^^^^^^^^^^^^^^^^^^^^^^^
[INFO] [stdout] 
[INFO] [stdout] 
[INFO] [stdout] warning: unused import: `serde::Deserialize`
[INFO] [stdout]  --> tests/macros/selected.rs:1:5
[INFO] [stdout]   |
[INFO] [stdout] 1 | use serde::Deserialize;
[INFO] [stdout]   |     ^^^^^^^^^^^^^^^^^^
[INFO] [stdout] 
[INFO] [stdout] 
[INFO] [stdout] warning: unused import: `tracing::field::debug`
[INFO] [stdout]   --> tests/sqlite/sql_executor_spec.rs:54:5
[INFO] [stdout]    |
[INFO] [stdout] 54 | use tracing::field::debug;
[INFO] [stdout]    |     ^^^^^^^^^^^^^^^^^^^^^
[INFO] [stdout] 
[INFO] [stdout] 
[INFO] [stdout] warning: unused import: `taitan_orm::prelude:: ReaderMutApi`
[INFO] [stdout]  --> tests/sqlite/transaction_spec.rs:5:5
[INFO] [stdout]   |
[INFO] [stdout] 5 | use taitan_orm::prelude:: ReaderMutApi;
[INFO] [stdout]   |     ^^^^^^^^^^^^^^^^^^^^^^^^^^^^^^^^^^
[INFO] [stdout] 
[INFO] [stdout] 
[INFO] [stdout] warning: unused import: `sqlx::Arguments`
[INFO] [stdout]   --> tests/sqlite/sql_executor_spec.rs:49:5
[INFO] [stdout]    |
[INFO] [stdout] 49 | use sqlx::Arguments;
[INFO] [stdout]    |     ^^^^^^^^^^^^^^^
[INFO] [stdout] 
[INFO] [stdout] 
[INFO] [stdout] warning: unused import: `sqlx::Row`
[INFO] [stdout]   --> tests/sqlite/sql_executor_spec.rs:50:5
[INFO] [stdout]    |
[INFO] [stdout] 50 | use sqlx::Row;
[INFO] [stdout]    |     ^^^^^^^^^
[INFO] [stdout] 
[INFO] [stdout] 
[INFO] [stdout] warning: unused import: `taitan_orm::prelude::WriterApi`
[INFO] [stdout]  --> tests/sqlite/transaction_spec.rs:8:5
[INFO] [stdout]   |
[INFO] [stdout] 8 | use taitan_orm::prelude::WriterApi;
[INFO] [stdout]   |     ^^^^^^^^^^^^^^^^^^^^^^^^^^^^^^
[INFO] [stdout] 
[INFO] [stdout] 
[INFO] [stdout] warning: unused variable: `value`
[INFO] [stdout]   --> tests/entities/user.rs:76:44
[INFO] [stdout]    |
[INFO] [stdout] 76 |     fn set_auto_increment_field(&mut self, value: Option<i64>) -> bool {
[INFO] [stdout]    |                                            ^^^^^ help: if this is intentional, prefix it with an underscore: `_value`
[INFO] [stdout]    |
[INFO] [stdout]    = note: `#[warn(unused_variables)]` on by default
[INFO] [stdout] 
[INFO] [stdout] 
[INFO] [stdout] warning: value assigned to `i` is never read
[INFO] [stdout]    --> tests/entities/user.rs:277:13
[INFO] [stdout]     |
[INFO] [stdout] 277 |             i += 1;
[INFO] [stdout]     |             ^
[INFO] [stdout]     |
[INFO] [stdout]     = help: maybe it is overwritten before being read?
[INFO] [stdout]     = note: `#[warn(unused_assignments)]` on by default
[INFO] [stdout] 
[INFO] [stdout] 
[INFO] [stdout] warning: unused variable: `wrap_char`
[INFO] [stdout]    --> tests/entities/user.rs:428:9
[INFO] [stdout]     |
[INFO] [stdout] 428 |         wrap_char: char,
[INFO] [stdout]     |         ^^^^^^^^^ help: if this is intentional, prefix it with an underscore: `_wrap_char`
[INFO] [stdout] 
[INFO] [stdout] 
[INFO] [stdout] warning: unused variable: `place_holder`
[INFO] [stdout]    --> tests/entities/user.rs:429:9
[INFO] [stdout]     |
[INFO] [stdout] 429 |         place_holder: char,
[INFO] [stdout]     |         ^^^^^^^^^^^^ help: if this is intentional, prefix it with an underscore: `_place_holder`
[INFO] [stdout] 
[INFO] [stdout] 
[INFO] [stdout] warning: value assigned to `i` is never read
[INFO] [stdout]    --> tests/entities/user2.rs:621:9
[INFO] [stdout]     |
[INFO] [stdout] 621 |         i += 1;
[INFO] [stdout]     |         ^
[INFO] [stdout]     |
[INFO] [stdout]     = help: maybe it is overwritten before being read?
[INFO] [stdout] 
[INFO] [stdout] 
[INFO] [stdout] warning: value assigned to `i` is never read
[INFO] [stdout]    --> tests/entities/user2.rs:641:9
[INFO] [stdout]     |
[INFO] [stdout] 641 |         i += 1;
[INFO] [stdout]     |         ^
[INFO] [stdout]     |
[INFO] [stdout]     = help: maybe it is overwritten before being read?
[INFO] [stdout] 
[INFO] [stdout] 
[INFO] [stdout] warning: value assigned to `i` is never read
[INFO] [stdout]    --> tests/entities/user2.rs:662:9
[INFO] [stdout]     |
[INFO] [stdout] 662 |         i += 1;
[INFO] [stdout]     |         ^
[INFO] [stdout]     |
[INFO] [stdout]     = help: maybe it is overwritten before being read?
[INFO] [stdout] 
[INFO] [stdout] 
[INFO] [stdout] warning: unused variable: `age`
[INFO] [stdout]   --> tests/entities/user3.rs:30:48
[INFO] [stdout]    |
[INFO] [stdout] 30 |             taitan_orm::result::Optional::Some(age) => {
[INFO] [stdout]    |                                                ^^^ help: if this is intentional, prefix it with an underscore: `_age`
[INFO] [stdout] 
[INFO] [stdout] 
[INFO] [stdout] warning: unused variable: `birthday`
[INFO] [stdout]   --> tests/entities/user3.rs:40:48
[INFO] [stdout]    |
[INFO] [stdout] 40 |             taitan_orm::result::Optional::Some(birthday) => {
[INFO] [stdout]    |                                                ^^^^^^^^ help: if this is intentional, prefix it with an underscore: `_birthday`
[INFO] [stdout] 
[INFO] [stdout] 
[INFO] [stdout] warning: unused variable: `age`
[INFO] [stdout]   --> tests/entities/user3.rs:54:48
[INFO] [stdout]    |
[INFO] [stdout] 54 |             taitan_orm::result::Optional::Some(age) => {
[INFO] [stdout]    |                                                ^^^ help: if this is intentional, prefix it with an underscore: `_age`
[INFO] [stdout] 
[INFO] [stdout] 
[INFO] [stdout] warning: unused variable: `birthday`
[INFO] [stdout]   --> tests/entities/user3.rs:64:48
[INFO] [stdout]    |
[INFO] [stdout] 64 |             taitan_orm::result::Optional::Some(birthday) => {
[INFO] [stdout]    |                                                ^^^^^^^^ help: if this is intentional, prefix it with an underscore: `_birthday`
[INFO] [stdout] 
[INFO] [stdout] 
[INFO] [stdout] warning: unused variable: `value`
[INFO] [stdout]   --> tests/entities/user3.rs:77:44
[INFO] [stdout]    |
[INFO] [stdout] 77 |     fn set_auto_increment_field(&mut self, value: Option<i64>) -> bool {
[INFO] [stdout]    |                                            ^^^^^ help: if this is intentional, prefix it with an underscore: `_value`
[INFO] [stdout] 
[INFO] [stdout] 
[INFO] [stdout] warning: unused variable: `request_id`
[INFO] [stdout]    --> tests/entities/user3.rs:783:48
[INFO] [stdout]     |
[INFO] [stdout] 783 |             taitan_orm::result::Optional::Some(request_id) => {
[INFO] [stdout]     |                                                ^^^^^^^^^^ help: if this is intentional, prefix it with an underscore: `_request_id`
[INFO] [stdout] 
[INFO] [stdout] 
[INFO] [stdout] warning: unused variable: `age`
[INFO] [stdout]    --> tests/entities/user3.rs:792:48
[INFO] [stdout]     |
[INFO] [stdout] 792 |             taitan_orm::result::Optional::Some(age) => {
[INFO] [stdout]     |                                                ^^^ help: if this is intentional, prefix it with an underscore: `_age`
[INFO] [stdout] 
[INFO] [stdout] 
[INFO] [stdout] warning: unused variable: `name`
[INFO] [stdout]    --> tests/entities/user3.rs:801:48
[INFO] [stdout]     |
[INFO] [stdout] 801 |             taitan_orm::result::Optional::Some(name) => {
[INFO] [stdout]     |                                                ^^^^ help: if this is intentional, prefix it with an underscore: `_name`
[INFO] [stdout] 
[INFO] [stdout] 
[INFO] [stdout] warning: unused variable: `birthday`
[INFO] [stdout]    --> tests/entities/user3.rs:810:48
[INFO] [stdout]     |
[INFO] [stdout] 810 |             taitan_orm::result::Optional::Some(birthday) => {
[INFO] [stdout]     |                                                ^^^^^^^^ help: if this is intentional, prefix it with an underscore: `_birthday`
[INFO] [stdout] 
[INFO] [stdout] 
[INFO] [stdout] warning: value assigned to `i` is never read
[INFO] [stdout]    --> tests/entities/user3.rs:974:9
[INFO] [stdout]     |
[INFO] [stdout] 974 |     pub birthday: taitan_orm::result::Optional<PrimitiveDateTime>,
[INFO] [stdout]     |         ^^^^^^^^
[INFO] [stdout]     |
[INFO] [stdout]     = help: maybe it is overwritten before being read?
[INFO] [stdout] 
[INFO] [stdout] 
[INFO] [stdout] warning: value assigned to `i` is never read
[INFO] [stdout]   --> tests/entities/selected.rs:23:13
[INFO] [stdout]    |
[INFO] [stdout] 23 |             i += 1;
[INFO] [stdout]    |             ^
[INFO] [stdout]    |
[INFO] [stdout]    = help: maybe it is overwritten before being read?
[INFO] [stdout] 
[INFO] [stdout] 
[INFO] [stdout] warning: value assigned to `i` is never read
[INFO] [stdout]   --> tests/entities/selected.rs:36:9
[INFO] [stdout]    |
[INFO] [stdout] 36 |         i += 1;
[INFO] [stdout]    |         ^
[INFO] [stdout]    |
[INFO] [stdout]    = help: maybe it is overwritten before being read?
[INFO] [stdout] 
[INFO] [stdout] 
[INFO] [stdout] warning: value assigned to `i` is never read
[INFO] [stdout]   --> tests/entities/selected.rs:54:13
[INFO] [stdout]    |
[INFO] [stdout] 54 |             i += 1;
[INFO] [stdout]    |             ^
[INFO] [stdout]    |
[INFO] [stdout]    = help: maybe it is overwritten before being read?
[INFO] [stdout] 
[INFO] [stdout] 
[INFO] [stdout] warning: value assigned to `i` is never read
[INFO] [stdout]   --> tests/entities/selected.rs:67:9
[INFO] [stdout]    |
[INFO] [stdout] 67 |         i += 1;
[INFO] [stdout]    |         ^
[INFO] [stdout]    |
[INFO] [stdout]    = help: maybe it is overwritten before being read?
[INFO] [stdout] 
[INFO] [stdout] 
[INFO] [stdout] warning: value assigned to `i` is never read
[INFO] [stdout]   --> tests/entities/selected.rs:85:13
[INFO] [stdout]    |
[INFO] [stdout] 85 |             i += 1;
[INFO] [stdout]    |             ^
[INFO] [stdout]    |
[INFO] [stdout]    = help: maybe it is overwritten before being read?
[INFO] [stdout] 
[INFO] [stdout] 
[INFO] [stdout] warning: value assigned to `i` is never read
[INFO] [stdout]   --> tests/entities/selected.rs:98:9
[INFO] [stdout]    |
[INFO] [stdout] 98 |         i += 1;
[INFO] [stdout]    |         ^
[INFO] [stdout]    |
[INFO] [stdout]    = help: maybe it is overwritten before being read?
[INFO] [stdout] 
[INFO] [stdout] 
[INFO] [stdout] warning: unused variable: `age`
[INFO] [stdout]   --> tests/macros/entity_spec.rs:24:9
[INFO] [stdout]    |
[INFO] [stdout] 24 |     pub age: Optional<i32>,
[INFO] [stdout]    |         ^^^ help: if this is intentional, prefix it with an underscore: `_age`
[INFO] [stdout] 
[INFO] [stdout] 
[INFO] [stdout] warning: unused variable: `birthday`
[INFO] [stdout]   --> tests/macros/entity_spec.rs:28:9
[INFO] [stdout]    |
[INFO] [stdout] 28 |     pub birthday: Optional<PrimitiveDateTime>,
[INFO] [stdout]    |         ^^^^^^^^ help: if this is intentional, prefix it with an underscore: `_birthday`
[INFO] [stdout] 
[INFO] [stdout] 
[INFO] [stdout] warning: unused variable: `request_id`
[INFO] [stdout]   --> tests/macros/entity_spec.rs:22:9
[INFO] [stdout]    |
[INFO] [stdout] 22 |     pub request_id: Uuid,
[INFO] [stdout]    |         ^^^^^^^^^^ help: if this is intentional, prefix it with an underscore: `_request_id`
[INFO] [stdout] 
[INFO] [stdout] 
[INFO] [stdout] warning: unused variable: `name`
[INFO] [stdout]   --> tests/macros/entity_spec.rs:26:9
[INFO] [stdout]    |
[INFO] [stdout] 26 |     pub name: String,
[INFO] [stdout]    |         ^^^^ help: if this is intentional, prefix it with an underscore: `_name`
[INFO] [stdout] 
[INFO] [stdout] 
[INFO] [stdout] warning: value assigned to `i` is never read
[INFO] [stdout]   --> tests/macros/entity_spec.rs:28:9
[INFO] [stdout]    |
[INFO] [stdout] 28 |     pub birthday: Optional<PrimitiveDateTime>,
[INFO] [stdout]    |         ^^^^^^^^
[INFO] [stdout]    |
[INFO] [stdout]    = help: maybe it is overwritten before being read?
[INFO] [stdout] 
[INFO] [stdout] 
[INFO] [stdout] warning: unused variable: `se`
[INFO] [stdout]   --> tests/macros/entity_spec.rs:31:73
[INFO] [stdout]    |
[INFO] [stdout] 31 | fn check_is_selected_entity<DB: sqlx::Database, SE: SelectedEntity<DB>>(se: &SE) {}
[INFO] [stdout]    |                                                                         ^^ help: if this is intentional, prefix it with an underscore: `_se`
[INFO] [stdout] 
[INFO] [stdout] 
[INFO] [stdout] warning: value assigned to `i` is never read
[INFO] [stdout]  --> tests/macros/selected.rs:8:5
[INFO] [stdout]   |
[INFO] [stdout] 8 |     name: Optional<String>
[INFO] [stdout]   |     ^^^^
[INFO] [stdout]   |
[INFO] [stdout]   = help: maybe it is overwritten before being read?
[INFO] [stdout] 
[INFO] [stdout] 
[INFO] [stdout] warning: unused variable: `test_lock`
[INFO] [stdout]   --> tests/sqlite/sql_commander_spec.rs:16:9
[INFO] [stdout]    |
[INFO] [stdout] 16 |     let test_lock = test_mutex.lock();
[INFO] [stdout]    |         ^^^^^^^^^ help: if this is intentional, prefix it with an underscore: `_test_lock`
[INFO] [stdout] 
[INFO] [stdout] 
[INFO] [stdout] warning: unused variable: `test_lock`
[INFO] [stdout]    --> tests/sqlite/sql_executor_spec.rs:282:9
[INFO] [stdout]     |
[INFO] [stdout] 282 |     let test_lock = test_mutex.lock();
[INFO] [stdout]     |         ^^^^^^^^^ help: if this is intentional, prefix it with an underscore: `_test_lock`
[INFO] [stdout] 
[INFO] [stdout] 
[INFO] [stdout] warning: unused variable: `conn`
[INFO] [stdout]    --> tests/sqlite/sql_executor_spec.rs:292:9
[INFO] [stdout]     |
[INFO] [stdout] 292 |     let conn = pool.acquire().await.unwrap();
[INFO] [stdout]     |         ^^^^ help: if this is intentional, prefix it with an underscore: `_conn`
[INFO] [stdout] 
[INFO] [stdout] 
[INFO] [stdout] warning: unused variable: `test_lock`
[INFO] [stdout]   --> tests/sqlite/transaction_spec.rs:20:9
[INFO] [stdout]    |
[INFO] [stdout] 20 |     let test_lock = test_mutex.lock();
[INFO] [stdout]    |         ^^^^^^^^^ help: if this is intentional, prefix it with an underscore: `_test_lock`
[INFO] [stdout] 
[INFO] [stdout] 
[INFO] [stdout] warning: method `concat_where_clause` is never used
[INFO] [stdout]    --> tests/entities/user.rs:425:12
[INFO] [stdout]     |
[INFO] [stdout] 423 | impl UserLocation {
[INFO] [stdout]     | ----------------- method in this implementation
[INFO] [stdout] 424 |     #[inline(always)]
[INFO] [stdout] 425 |     pub fn concat_where_clause<T>(
[INFO] [stdout]     |            ^^^^^^^^^^^^^^^^^^^
[INFO] [stdout]     |
[INFO] [stdout]     = note: `#[warn(dead_code)]` on by default
[INFO] [stdout] 
[INFO] [stdout] 
[INFO] [stdout] warning: associated function `build` is never used
[INFO] [stdout]    --> tests/entities/user2.rs:682:12
[INFO] [stdout]     |
[INFO] [stdout] 681 | impl<'a> UserOrdering<'a> {
[INFO] [stdout]     | ------------------------- associated function in this implementation
[INFO] [stdout] 682 |     pub fn build<I, S>(fields: I) -> Result<Self, Box<dyn std::error::Error + 'static>>
[INFO] [stdout]     |            ^^^^^
[INFO] [stdout] 
[INFO] [stdout] 
[INFO] [stdout] warning: field `id` is never read
[INFO] [stdout]   --> tests/entities/user3.rs:12:9
[INFO] [stdout]    |
[INFO] [stdout] 11 | pub struct UserEntity {
[INFO] [stdout]    |            ---------- field in this struct
[INFO] [stdout] 12 |     pub id: Optional<i64>,
[INFO] [stdout]    |         ^^
[INFO] [stdout]    |
[INFO] [stdout]    = note: `UserEntity` has derived impls for the traits `Debug` and `Clone`, but these are intentionally ignored during dead code analysis
[INFO] [stdout] 
[INFO] [stdout] 
[INFO] [stdout] warning: variants `Id`, `RequestId`, `Age`, `Name`, and `Birthday` are never constructed
[INFO] [stdout]    --> tests/entities/user3.rs:624:5
[INFO] [stdout]     |
[INFO] [stdout] 623 | pub enum UserLocationExpr {
[INFO] [stdout]     |          ---------------- variants in this enum
[INFO] [stdout] 624 |     Id(taitan_orm::traits::LocationExpr<i64>),
[INFO] [stdout]     |     ^^
[INFO] [stdout] 625 |     RequestId(taitan_orm::traits::LocationExpr<Uuid>),
[INFO] [stdout]     |     ^^^^^^^^^
[INFO] [stdout] 626 |     Age(taitan_orm::traits::LocationExpr<i32>),
[INFO] [stdout]     |     ^^^
[INFO] [stdout] 627 |     Name(taitan_orm::traits::LocationExpr<String>),
[INFO] [stdout]     |     ^^^^
[INFO] [stdout] 628 |     Birthday(taitan_orm::traits::LocationExpr<PrimitiveDateTime>),
[INFO] [stdout]     |     ^^^^^^^^
[INFO] [stdout]     |
[INFO] [stdout]     = note: `UserLocationExpr` has derived impls for the traits `Clone` and `Debug`, but these are intentionally ignored during dead code analysis
[INFO] [stdout] 
[INFO] [stdout] 
[INFO] [stdout] warning: associated functions `id`, `request_id`, `age`, `name`, and `birthday` are never used
[INFO] [stdout]    --> tests/entities/user3.rs:631:12
[INFO] [stdout]     |
[INFO] [stdout] 630 | impl UserLocationExpr {
[INFO] [stdout]     | --------------------- associated functions in this implementation
[INFO] [stdout] 631 |     pub fn id(cmp: &str, val: i64) -> Result<Self, taitan_orm::error::TaitanOrmError> {
[INFO] [stdout]     |            ^^
[INFO] [stdout] ...
[INFO] [stdout] 634 |     pub fn request_id(cmp: &str, val: Uuid) -> Result<Self, taitan_orm::error::TaitanOrmError> {
[INFO] [stdout]     |            ^^^^^^^^^^
[INFO] [stdout] ...
[INFO] [stdout] 639 |     pub fn age(cmp: &str, val: i32) -> Result<Self, taitan_orm::error::TaitanOrmError> {
[INFO] [stdout]     |            ^^^
[INFO] [stdout] ...
[INFO] [stdout] 642 |     pub fn name(cmp: &str, val: String) -> Result<Self, taitan_orm::error::TaitanOrmError> {
[INFO] [stdout]     |            ^^^^
[INFO] [stdout] ...
[INFO] [stdout] 647 |     pub fn birthday(
[INFO] [stdout]     |            ^^^^^^^^
[INFO] [stdout] 
[INFO] [stdout] 
[INFO] [stdout] warning: associated function `build` is never used
[INFO] [stdout]    --> tests/entities/user3.rs:992:12
[INFO] [stdout]     |
[INFO] [stdout] 991 | impl<'a> UserOrdering<'a> {
[INFO] [stdout]     | ------------------------- associated function in this implementation
[INFO] [stdout] 992 |     pub fn build<I, S>(fields: I) -> Result<Self, Box<dyn std::error::Error + 'static>>
[INFO] [stdout]     |            ^^^^^
[INFO] [stdout] 
[INFO] [stdout] 
[INFO] [stdout] warning: struct `TestTemplate6` is never constructed
[INFO] [stdout]  --> tests/entities/template_spec.rs:6:12
[INFO] [stdout]   |
[INFO] [stdout] 6 | pub struct TestTemplate6 {
[INFO] [stdout]   |            ^^^^^^^^^^^^^
[INFO] [stdout]   |
[INFO] [stdout]   = note: `TestTemplate6` has derived impls for the traits `Debug` and `Clone`, but these are intentionally ignored during dead code analysis
[INFO] [stdout] 
[INFO] [stdout] 
[INFO] [stdout] warning: field `id` is never read
[INFO] [stdout]   --> tests/macros/entity_spec.rs:19:9
[INFO] [stdout]    |
[INFO] [stdout] 16 | pub struct UserEntity {
[INFO] [stdout]    |            ---------- field in this struct
[INFO] [stdout] ...
[INFO] [stdout] 19 |     pub id: Optional<i64>,
[INFO] [stdout]    |         ^^
[INFO] [stdout]    |
[INFO] [stdout]    = note: `UserEntity` has derived impls for the traits `Debug` and `Clone`, but these are intentionally ignored during dead code analysis
[INFO] [stdout] 
[INFO] [stdout] 
[INFO] [stdout] warning: function `check_is_selected_entity` is never used
[INFO] [stdout]   --> tests/macros/entity_spec.rs:31:4
[INFO] [stdout]    |
[INFO] [stdout] 31 | fn check_is_selected_entity<DB: sqlx::Database, SE: SelectedEntity<DB>>(se: &SE) {}
[INFO] [stdout]    |    ^^^^^^^^^^^^^^^^^^^^^^^^
[INFO] [stdout] 
[INFO] [stdout] 
[INFO] [stdout] warning: field `age` is never read
[INFO] [stdout]   --> tests/macros/template_spec.rs:24:5
[INFO] [stdout]    |
[INFO] [stdout] 22 | pub struct TestTemplate3<'a> {
[INFO] [stdout]    |            ------------- field in this struct
[INFO] [stdout] 23 |     name: Cow<'a, str>,
[INFO] [stdout] 24 |     age: i32,
[INFO] [stdout]    |     ^^^
[INFO] [stdout]    |
[INFO] [stdout]    = note: `TestTemplate3Template` has a derived impl for the trait `Clone`, but this is intentionally ignored during dead code analysis
[INFO] [stdout] 
[INFO] [stdout] 
[INFO] [stdout] warning: field `age` is never read
[INFO] [stdout]   --> tests/macros/template_spec.rs:31:5
[INFO] [stdout]    |
[INFO] [stdout] 29 | pub struct TestTemplate4<'a> {
[INFO] [stdout]    |            ------------- field in this struct
[INFO] [stdout] 30 |     name: Cow<'a, str>,
[INFO] [stdout] 31 |     age: i32,
[INFO] [stdout]    |     ^^^
[INFO] [stdout]    |
[INFO] [stdout]    = note: `TestTemplate4Template` has a derived impl for the trait `Clone`, but this is intentionally ignored during dead code analysis
[INFO] [stdout] 
[INFO] [stdout] 
[INFO] [stdout] warning: fields `age` and `page` are never read
[INFO] [stdout]   --> tests/macros/template_spec.rs:40:5
[INFO] [stdout]    |
[INFO] [stdout] 37 | pub struct TestTemplate5<'a> {
[INFO] [stdout]    |            ------------- fields in this struct
[INFO] [stdout] ...
[INFO] [stdout] 40 |     age: i32,
[INFO] [stdout]    |     ^^^
[INFO] [stdout] ...
[INFO] [stdout] 43 |     page: Pagination,
[INFO] [stdout]    |     ^^^^
[INFO] [stdout]    |
[INFO] [stdout]    = note: `TestTemplate5Template` has a derived impl for the trait `Clone`, but this is intentionally ignored during dead code analysis
[INFO] [stdout] 
[INFO] [stdout] 
[INFO] [stdout] warning: fields `age` and `page` are never read
[INFO] [stdout]   --> tests/macros/template_spec.rs:40:5
[INFO] [stdout]    |
[INFO] [stdout] 37 | pub struct TestTemplate5<'a> {
[INFO] [stdout]    |            ------------- fields in this struct
[INFO] [stdout] ...
[INFO] [stdout] 40 |     age: i32,
[INFO] [stdout]    |     ^^^
[INFO] [stdout] ...
[INFO] [stdout] 43 |     page: Pagination,
[INFO] [stdout]    |     ^^^^
[INFO] [stdout]    |
[INFO] [stdout]    = note: `TestTemplate5CountTemplate` has a derived impl for the trait `Clone`, but this is intentionally ignored during dead code analysis
[INFO] [stdout] 
[INFO] [stdout] 
[INFO] [stdout] warning: field `age` is never read
[INFO] [stdout]   --> tests/macros/template_spec.rs:51:5
[INFO] [stdout]    |
[INFO] [stdout] 49 | pub struct TestTemplate6 {
[INFO] [stdout]    |            ------------- field in this struct
[INFO] [stdout] 50 |     name: taitan_orm::result::Optional<String>,
[INFO] [stdout] 51 |     age: i32,
[INFO] [stdout]    |     ^^^
[INFO] [stdout]    |
[INFO] [stdout]    = note: `TestTemplate6Template` has a derived impl for the trait `Clone`, but this is intentionally ignored during dead code analysis
[INFO] [stdout] 
[INFO] [stdout] 
[INFO] [stdout] warning: static variable `logger_setup` should have an upper case name
[INFO] [stdout]  --> tests/setup/logger.rs:3:8
[INFO] [stdout]   |
[INFO] [stdout] 3 | static logger_setup: OnceLock<bool> = OnceLock::new();
[INFO] [stdout]   |        ^^^^^^^^^^^^ help: convert the identifier to upper case: `LOGGER_SETUP`
[INFO] [stdout]   |
[INFO] [stdout]   = note: `#[warn(non_upper_case_globals)]` on by default
[INFO] [stdout] 
[INFO] [stdout] 
[INFO] [stderr]     Finished `test` profile [unoptimized + debuginfo] target(s) in 29.57s
[INFO] running `Command { std: "docker" "inspect" "c7ae985423cde0b57bf41407cc8d600ee10acba94062db61b626ec2ba1bf8a5d", kill_on_drop: false }`
[INFO] running `Command { std: "docker" "rm" "-f" "c7ae985423cde0b57bf41407cc8d600ee10acba94062db61b626ec2ba1bf8a5d", kill_on_drop: false }`
[INFO] [stdout] c7ae985423cde0b57bf41407cc8d600ee10acba94062db61b626ec2ba1bf8a5d
[INFO] running `Command { std: "docker" "create" "-v" "/var/lib/crater-agent-workspace/builds/worker-0-tc1/target:/opt/rustwide/target:rw,Z" "-v" "/var/lib/crater-agent-workspace/builds/worker-0-tc1/source:/opt/rustwide/workdir:ro,Z" "-v" "/var/lib/crater-agent-workspace/cargo-home:/opt/rustwide/cargo-home:ro,Z" "-v" "/var/lib/crater-agent-workspace/rustup-home:/opt/rustwide/rustup-home:ro,Z" "-e" "SOURCE_DIR=/opt/rustwide/workdir" "-e" "CARGO_TARGET_DIR=/opt/rustwide/target" "-e" "CARGO_INCREMENTAL=0" "-e" "RUST_BACKTRACE=full" "-e" "RUSTFLAGS=--cap-lints=forbid" "-e" "RUSTDOCFLAGS=--cap-lints=forbid" "-e" "CARGO_HOME=/opt/rustwide/cargo-home" "-e" "RUSTUP_HOME=/opt/rustwide/rustup-home" "-w" "/opt/rustwide/workdir" "-m" "1610612736" "--user" "0:0" "--network" "none" "ghcr.io/rust-lang/crates-build-env/linux@sha256:819108c5571ea2e421544af4d832f968d213c87fbe3707a016657f43d2f853bc" "/opt/rustwide/cargo-home/bin/cargo" "+nightly-2025-01-18" "test" "--frozen", kill_on_drop: false }`
[INFO] [stdout] a2ef4aad117733e472a50d6fb37622229c919eea1bf86afc00a58d917f29d334
[INFO] running `Command { std: "docker" "start" "-a" "a2ef4aad117733e472a50d6fb37622229c919eea1bf86afc00a58d917f29d334", kill_on_drop: false }`
[INFO] [stderr] warning: unused imports: `ColumnIndex`, `Decode`, `Row`, and `Type`
[INFO] [stderr]  --> tests/entities/user.rs:4:23
[INFO] [stderr]   |
[INFO] [stderr] 4 | use sqlx::{Arguments, ColumnIndex, Decode, Row, Type};
[INFO] [stderr]   |                       ^^^^^^^^^^^  ^^^^^^  ^^^  ^^^^
[INFO] [stderr]   |
[INFO] [stderr]   = note: `#[warn(unused_imports)]` on by default
[INFO] [stderr] 
[INFO] [stderr] warning: unused import: `sqlx::error::BoxDynError`
[INFO] [stderr]  --> tests/entities/user3.rs:1:5
[INFO] [stderr]   |
[INFO] [stderr] 1 | use sqlx::error::BoxDynError;
[INFO] [stderr]   |     ^^^^^^^^^^^^^^^^^^^^^^^^
[INFO] [stderr] 
[INFO] [stderr] warning: unused import: `sqlx::mysql::MySqlArguments`
[INFO] [stderr]  --> tests/entities/user3.rs:2:5
[INFO] [stderr]   |
[INFO] [stderr] 2 | use sqlx::mysql::MySqlArguments;
[INFO] [stderr]   |     ^^^^^^^^^^^^^^^^^^^^^^^^^^^
[INFO] [stderr] 
[INFO] [stderr] warning: unused import: `sqlx::postgres::PgArguments`
[INFO] [stderr]  --> tests/entities/user3.rs:3:5
[INFO] [stderr]   |
[INFO] [stderr] 3 | use sqlx::postgres::PgArguments;
[INFO] [stderr]   |     ^^^^^^^^^^^^^^^^^^^^^^^^^^^
[INFO] [stderr] 
[INFO] [stderr] warning: unused import: `sqlx::sqlite::SqliteArguments`
[INFO] [stderr]  --> tests/entities/user3.rs:4:5
[INFO] [stderr]   |
[INFO] [stderr] 4 | use sqlx::sqlite::SqliteArguments;
[INFO] [stderr]   |     ^^^^^^^^^^^^^^^^^^^^^^^^^^^^^
[INFO] [stderr] 
[INFO] [stderr] warning: unused import: `sqlx::Arguments`
[INFO] [stderr]  --> tests/entities/user3.rs:5:5
[INFO] [stderr]   |
[INFO] [stderr] 5 | use sqlx::Arguments;
[INFO] [stderr]   |     ^^^^^^^^^^^^^^^
[INFO] [stderr] 
[INFO] [stderr] warning: unused imports: `LocationExpr` and `Location`
[INFO] [stderr]  --> tests/entities/user3.rs:6:24
[INFO] [stderr]   |
[INFO] [stderr] 6 | use taitan_orm_trait::{Location, LocationExpr, Optional};
[INFO] [stderr]   |                        ^^^^^^^^  ^^^^^^^^^^^^
[INFO] [stderr] 
[INFO] [stderr] warning: unused import: `Selection`
[INFO] [stderr]  --> tests/entities/selected.rs:1:34
[INFO] [stderr]   |
[INFO] [stderr] 1 | use taitan_orm_trait::{Optional, Selection};
[INFO] [stderr]   |                                  ^^^^^^^^^
[INFO] [stderr] 
[INFO] [stderr] warning: unused import: `std::borrow::Cow`
[INFO] [stderr]  --> tests/entities/template_spec.rs:1:5
[INFO] [stderr]   |
[INFO] [stderr] 1 | use std::borrow::Cow;
[INFO] [stderr]   |     ^^^^^^^^^^^^^^^^
[INFO] [stderr] 
[INFO] [stderr] warning: unused import: `taitan_orm_macro::TemplateRecord`
[INFO] [stderr]  --> tests/entities/template_spec.rs:2:5
[INFO] [stderr]   |
[INFO] [stderr] 2 | use taitan_orm_macro::TemplateRecord;
[INFO] [stderr]   |     ^^^^^^^^^^^^^^^^^^^^^^^^^^^^^^^^
[INFO] [stderr] 
[INFO] [stderr] warning: unused import: `Sqlite`
[INFO] [stderr]  --> tests/macros/entity_spec.rs:2:25
[INFO] [stderr]   |
[INFO] [stderr] 2 | use sqlx::{sqlx_macros, Sqlite};
[INFO] [stderr]   |                         ^^^^^^
[INFO] [stderr] 
[INFO] [stderr] warning: unused import: `time::format_description::FormatItem::Optional`
[INFO] [stderr]  --> tests/macros/template_spec.rs:3:5
[INFO] [stderr]   |
[INFO] [stderr] 3 | use time::format_description::FormatItem::Optional;
[INFO] [stderr]   |     ^^^^^^^^^^^^^^^^^^^^^^^^^^^^^^^^^^^^^^^^^^^^^^
[INFO] [stderr] 
[INFO] [stderr] warning: unused import: `serde::Deserialize`
[INFO] [stderr]  --> tests/macros/selected.rs:1:5
[INFO] [stderr]   |
[INFO] [stderr] 1 | use serde::Deserialize;
[INFO] [stderr]   |     ^^^^^^^^^^^^^^^^^^
[INFO] [stderr] 
[INFO] [stderr] warning: unused import: `tracing::field::debug`
[INFO] [stderr]   --> tests/sqlite/sql_executor_spec.rs:54:5
[INFO] [stderr]    |
[INFO] [stderr] 54 | use tracing::field::debug;
[INFO] [stderr]    |     ^^^^^^^^^^^^^^^^^^^^^
[INFO] [stderr] 
[INFO] [stderr] warning: unused import: `taitan_orm::prelude:: ReaderMutApi`
[INFO] [stderr]  --> tests/sqlite/transaction_spec.rs:5:5
[INFO] [stderr]   |
[INFO] [stderr] 5 | use taitan_orm::prelude:: ReaderMutApi;
[INFO] [stderr]   |     ^^^^^^^^^^^^^^^^^^^^^^^^^^^^^^^^^^
[INFO] [stderr] 
[INFO] [stderr] warning: unused import: `sqlx::Arguments`
[INFO] [stderr]   --> tests/sqlite/sql_executor_spec.rs:49:5
[INFO] [stderr]    |
[INFO] [stderr] 49 | use sqlx::Arguments;
[INFO] [stderr]    |     ^^^^^^^^^^^^^^^
[INFO] [stderr] 
[INFO] [stderr] warning: unused import: `sqlx::Row`
[INFO] [stderr]   --> tests/sqlite/sql_executor_spec.rs:50:5
[INFO] [stderr]    |
[INFO] [stderr] 50 | use sqlx::Row;
[INFO] [stderr]    |     ^^^^^^^^^
[INFO] [stderr] 
[INFO] [stderr] warning: unused import: `taitan_orm::prelude::WriterApi`
[INFO] [stderr]  --> tests/sqlite/transaction_spec.rs:8:5
[INFO] [stderr]   |
[INFO] [stderr] 8 | use taitan_orm::prelude::WriterApi;
[INFO] [stderr]   |     ^^^^^^^^^^^^^^^^^^^^^^^^^^^^^^
[INFO] [stderr] 
[INFO] [stderr] warning: unused variable: `value`
[INFO] [stderr]   --> tests/entities/user.rs:76:44
[INFO] [stderr]    |
[INFO] [stderr] 76 |     fn set_auto_increment_field(&mut self, value: Option<i64>) -> bool {
[INFO] [stderr]    |                                            ^^^^^ help: if this is intentional, prefix it with an underscore: `_value`
[INFO] [stderr]    |
[INFO] [stderr]    = note: `#[warn(unused_variables)]` on by default
[INFO] [stderr] 
[INFO] [stderr] warning: value assigned to `i` is never read
[INFO] [stderr]    --> tests/entities/user.rs:277:13
[INFO] [stderr]     |
[INFO] [stderr] 277 |             i += 1;
[INFO] [stderr]     |             ^
[INFO] [stderr]     |
[INFO] [stderr]     = help: maybe it is overwritten before being read?
[INFO] [stderr]     = note: `#[warn(unused_assignments)]` on by default
[INFO] [stderr] 
[INFO] [stderr] warning: unused variable: `wrap_char`
[INFO] [stderr]    --> tests/entities/user.rs:428:9
[INFO] [stderr]     |
[INFO] [stderr] 428 |         wrap_char: char,
[INFO] [stderr]     |         ^^^^^^^^^ help: if this is intentional, prefix it with an underscore: `_wrap_char`
[INFO] [stderr] 
[INFO] [stderr] warning: unused variable: `place_holder`
[INFO] [stderr]    --> tests/entities/user.rs:429:9
[INFO] [stderr]     |
[INFO] [stderr] 429 |         place_holder: char,
[INFO] [stderr]     |         ^^^^^^^^^^^^ help: if this is intentional, prefix it with an underscore: `_place_holder`
[INFO] [stderr] 
[INFO] [stderr] warning: value assigned to `i` is never read
[INFO] [stderr]    --> tests/entities/user2.rs:621:9
[INFO] [stderr]     |
[INFO] [stderr] 621 |         i += 1;
[INFO] [stderr]     |         ^
[INFO] [stderr]     |
[INFO] [stderr]     = help: maybe it is overwritten before being read?
[INFO] [stderr] 
[INFO] [stderr] warning: value assigned to `i` is never read
[INFO] [stderr]    --> tests/entities/user2.rs:641:9
[INFO] [stderr]     |
[INFO] [stderr] 641 |         i += 1;
[INFO] [stderr]     |         ^
[INFO] [stderr]     |
[INFO] [stderr]     = help: maybe it is overwritten before being read?
[INFO] [stderr] 
[INFO] [stderr] warning: value assigned to `i` is never read
[INFO] [stderr]    --> tests/entities/user2.rs:662:9
[INFO] [stderr]     |
[INFO] [stderr] 662 |         i += 1;
[INFO] [stderr]     |         ^
[INFO] [stderr]     |
[INFO] [stderr]     = help: maybe it is overwritten before being read?
[INFO] [stderr] 
[INFO] [stderr] warning: unused variable: `age`
[INFO] [stderr]   --> tests/entities/user3.rs:30:48
[INFO] [stderr]    |
[INFO] [stderr] 30 |             taitan_orm::result::Optional::Some(age) => {
[INFO] [stderr]    |                                                ^^^ help: if this is intentional, prefix it with an underscore: `_age`
[INFO] [stderr] 
[INFO] [stderr] warning: unused variable: `birthday`
[INFO] [stderr]   --> tests/entities/user3.rs:40:48
[INFO] [stderr]    |
[INFO] [stderr] 40 |             taitan_orm::result::Optional::Some(birthday) => {
[INFO] [stderr]    |                                                ^^^^^^^^ help: if this is intentional, prefix it with an underscore: `_birthday`
[INFO] [stderr] 
[INFO] [stderr] warning: unused variable: `age`
[INFO] [stderr]   --> tests/entities/user3.rs:54:48
[INFO] [stderr]    |
[INFO] [stderr] 54 |             taitan_orm::result::Optional::Some(age) => {
[INFO] [stderr]    |                                                ^^^ help: if this is intentional, prefix it with an underscore: `_age`
[INFO] [stderr] 
[INFO] [stderr] warning: unused variable: `birthday`
[INFO] [stderr]   --> tests/entities/user3.rs:64:48
[INFO] [stderr]    |
[INFO] [stderr] 64 |             taitan_orm::result::Optional::Some(birthday) => {
[INFO] [stderr]    |                                                ^^^^^^^^ help: if this is intentional, prefix it with an underscore: `_birthday`
[INFO] [stderr] 
[INFO] [stderr] warning: unused variable: `value`
[INFO] [stderr]   --> tests/entities/user3.rs:77:44
[INFO] [stderr]    |
[INFO] [stderr] 77 |     fn set_auto_increment_field(&mut self, value: Option<i64>) -> bool {
[INFO] [stderr]    |                                            ^^^^^ help: if this is intentional, prefix it with an underscore: `_value`
[INFO] [stderr] 
[INFO] [stderr] warning: unused variable: `request_id`
[INFO] [stderr]    --> tests/entities/user3.rs:783:48
[INFO] [stderr]     |
[INFO] [stderr] 783 |             taitan_orm::result::Optional::Some(request_id) => {
[INFO] [stderr]     |                                                ^^^^^^^^^^ help: if this is intentional, prefix it with an underscore: `_request_id`
[INFO] [stderr] 
[INFO] [stderr] warning: unused variable: `age`
[INFO] [stderr]    --> tests/entities/user3.rs:792:48
[INFO] [stderr]     |
[INFO] [stderr] 792 |             taitan_orm::result::Optional::Some(age) => {
[INFO] [stderr]     |                                                ^^^ help: if this is intentional, prefix it with an underscore: `_age`
[INFO] [stderr] 
[INFO] [stderr] warning: unused variable: `name`
[INFO] [stderr]    --> tests/entities/user3.rs:801:48
[INFO] [stderr]     |
[INFO] [stderr] 801 |             taitan_orm::result::Optional::Some(name) => {
[INFO] [stderr]     |                                                ^^^^ help: if this is intentional, prefix it with an underscore: `_name`
[INFO] [stderr] 
[INFO] [stderr] warning: unused variable: `birthday`
[INFO] [stderr]    --> tests/entities/user3.rs:810:48
[INFO] [stderr]     |
[INFO] [stderr] 810 |             taitan_orm::result::Optional::Some(birthday) => {
[INFO] [stderr]     |                                                ^^^^^^^^ help: if this is intentional, prefix it with an underscore: `_birthday`
[INFO] [stderr] 
[INFO] [stderr] warning: value assigned to `i` is never read
[INFO] [stderr]    --> tests/entities/user3.rs:974:9
[INFO] [stderr]     |
[INFO] [stderr] 974 |     pub birthday: taitan_orm::result::Optional<PrimitiveDateTime>,
[INFO] [stderr]     |         ^^^^^^^^
[INFO] [stderr]     |
[INFO] [stderr]     = help: maybe it is overwritten before being read?
[INFO] [stderr] 
[INFO] [stderr] warning: value assigned to `i` is never read
[INFO] [stderr]   --> tests/entities/selected.rs:23:13
[INFO] [stderr]    |
[INFO] [stderr] 23 |             i += 1;
[INFO] [stderr]    |             ^
[INFO] [stderr]    |
[INFO] [stderr]    = help: maybe it is overwritten before being read?
[INFO] [stderr] 
[INFO] [stderr] warning: value assigned to `i` is never read
[INFO] [stderr]   --> tests/entities/selected.rs:36:9
[INFO] [stderr]    |
[INFO] [stderr] 36 |         i += 1;
[INFO] [stderr]    |         ^
[INFO] [stderr]    |
[INFO] [stderr]    = help: maybe it is overwritten before being read?
[INFO] [stderr] 
[INFO] [stderr] warning: value assigned to `i` is never read
[INFO] [stderr]   --> tests/entities/selected.rs:54:13
[INFO] [stderr]    |
[INFO] [stderr] 54 |             i += 1;
[INFO] [stderr]    |             ^
[INFO] [stderr]    |
[INFO] [stderr]    = help: maybe it is overwritten before being read?
[INFO] [stderr] 
[INFO] [stderr] warning: value assigned to `i` is never read
[INFO] [stderr]   --> tests/entities/selected.rs:67:9
[INFO] [stderr]    |
[INFO] [stderr] 67 |         i += 1;
[INFO] [stderr]    |         ^
[INFO] [stderr]    |
[INFO] [stderr]    = help: maybe it is overwritten before being read?
[INFO] [stderr] 
[INFO] [stderr] warning: value assigned to `i` is never read
[INFO] [stderr]   --> tests/entities/selected.rs:85:13
[INFO] [stderr]    |
[INFO] [stderr] 85 |             i += 1;
[INFO] [stderr]    |             ^
[INFO] [stderr]    |
[INFO] [stderr]    = help: maybe it is overwritten before being read?
[INFO] [stderr] 
[INFO] [stderr] warning: value assigned to `i` is never read
[INFO] [stderr]   --> tests/entities/selected.rs:98:9
[INFO] [stderr]    |
[INFO] [stderr] 98 |         i += 1;
[INFO] [stderr]    |         ^
[INFO] [stderr]    |
[INFO] [stderr]    = help: maybe it is overwritten before being read?
[INFO] [stderr] 
[INFO] [stderr] warning: unused variable: `age`
[INFO] [stderr]   --> tests/macros/entity_spec.rs:24:9
[INFO] [stderr]    |
[INFO] [stderr] 24 |     pub age: Optional<i32>,
[INFO] [stderr]    |         ^^^ help: if this is intentional, prefix it with an underscore: `_age`
[INFO] [stderr] 
[INFO] [stderr] warning: unused variable: `birthday`
[INFO] [stderr]   --> tests/macros/entity_spec.rs:28:9
[INFO] [stderr]    |
[INFO] [stderr] 28 |     pub birthday: Optional<PrimitiveDateTime>,
[INFO] [stderr]    |         ^^^^^^^^ help: if this is intentional, prefix it with an underscore: `_birthday`
[INFO] [stderr] 
[INFO] [stderr] warning: unused variable: `request_id`
[INFO] [stderr]   --> tests/macros/entity_spec.rs:22:9
[INFO] [stderr]    |
[INFO] [stderr] 22 |     pub request_id: Uuid,
[INFO] [stderr]    |         ^^^^^^^^^^ help: if this is intentional, prefix it with an underscore: `_request_id`
[INFO] [stderr] 
[INFO] [stderr] warning: unused variable: `name`
[INFO] [stderr]   --> tests/macros/entity_spec.rs:26:9
[INFO] [stderr]    |
[INFO] [stderr] 26 |     pub name: String,
[INFO] [stderr]    |         ^^^^ help: if this is intentional, prefix it with an underscore: `_name`
[INFO] [stderr] 
[INFO] [stderr] warning: value assigned to `i` is never read
[INFO] [stderr]   --> tests/macros/entity_spec.rs:28:9
[INFO] [stderr]    |
[INFO] [stderr] 28 |     pub birthday: Optional<PrimitiveDateTime>,
[INFO] [stderr]    |         ^^^^^^^^
[INFO] [stderr]    |
[INFO] [stderr]    = help: maybe it is overwritten before being read?
[INFO] [stderr] 
[INFO] [stderr] warning: unused variable: `se`
[INFO] [stderr]   --> tests/macros/entity_spec.rs:31:73
[INFO] [stderr]    |
[INFO] [stderr] 31 | fn check_is_selected_entity<DB: sqlx::Database, SE: SelectedEntity<DB>>(se: &SE) {}
[INFO] [stderr]    |                                                                         ^^ help: if this is intentional, prefix it with an underscore: `_se`
[INFO] [stderr] 
[INFO] [stderr] warning: value assigned to `i` is never read
[INFO] [stderr]  --> tests/macros/selected.rs:8:5
[INFO] [stderr]   |
[INFO] [stderr] 8 |     name: Optional<String>
[INFO] [stderr]   |     ^^^^
[INFO] [stderr]   |
[INFO] [stderr]   = help: maybe it is overwritten before being read?
[INFO] [stderr] 
[INFO] [stderr] warning: unused variable: `test_lock`
[INFO] [stderr]   --> tests/sqlite/sql_commander_spec.rs:16:9
[INFO] [stderr]    |
[INFO] [stderr] 16 |     let test_lock = test_mutex.lock();
[INFO] [stderr]    |         ^^^^^^^^^ help: if this is intentional, prefix it with an underscore: `_test_lock`
[INFO] [stderr] 
[INFO] [stderr] warning: unused variable: `test_lock`
[INFO] [stderr]    --> tests/sqlite/sql_executor_spec.rs:282:9
[INFO] [stderr]     |
[INFO] [stderr] 282 |     let test_lock = test_mutex.lock();
[INFO] [stderr]     |         ^^^^^^^^^ help: if this is intentional, prefix it with an underscore: `_test_lock`
[INFO] [stderr] 
[INFO] [stderr] warning: unused variable: `conn`
[INFO] [stderr]    --> tests/sqlite/sql_executor_spec.rs:292:9
[INFO] [stderr]     |
[INFO] [stderr] 292 |     let conn = pool.acquire().await.unwrap();
[INFO] [stderr]     |         ^^^^ help: if this is intentional, prefix it with an underscore: `_conn`
[INFO] [stderr] 
[INFO] [stderr] warning: unused variable: `test_lock`
[INFO] [stderr]   --> tests/sqlite/transaction_spec.rs:20:9
[INFO] [stderr]    |
[INFO] [stderr] 20 |     let test_lock = test_mutex.lock();
[INFO] [stderr]    |         ^^^^^^^^^ help: if this is intentional, prefix it with an underscore: `_test_lock`
[INFO] [stderr] 
[INFO] [stderr] warning: method `concat_where_clause` is never used
[INFO] [stderr]    --> tests/entities/user.rs:425:12
[INFO] [stderr]     |
[INFO] [stderr] 423 | impl UserLocation {
[INFO] [stderr]     | ----------------- method in this implementation
[INFO] [stderr] 424 |     #[inline(always)]
[INFO] [stderr] 425 |     pub fn concat_where_clause<T>(
[INFO] [stderr]     |            ^^^^^^^^^^^^^^^^^^^
[INFO] [stderr]     |
[INFO] [stderr]     = note: `#[warn(dead_code)]` on by default
[INFO] [stderr] 
[INFO] [stderr] warning: associated function `build` is never used
[INFO] [stderr]    --> tests/entities/user2.rs:682:12
[INFO] [stderr]     |
[INFO] [stderr] 681 | impl<'a> UserOrdering<'a> {
[INFO] [stderr]     | ------------------------- associated function in this implementation
[INFO] [stderr] 682 |     pub fn build<I, S>(fields: I) -> Result<Self, Box<dyn std::error::Error + 'static>>
[INFO] [stderr]     |            ^^^^^
[INFO] [stderr] 
[INFO] [stderr] warning: field `id` is never read
[INFO] [stderr]   --> tests/entities/user3.rs:12:9
[INFO] [stderr]    |
[INFO] [stderr] 11 | pub struct UserEntity {
[INFO] [stderr]    |            ---------- field in this struct
[INFO] [stderr] 12 |     pub id: Optional<i64>,
[INFO] [stderr]    |         ^^
[INFO] [stderr]    |
[INFO] [stderr]    = note: `UserEntity` has derived impls for the traits `Debug` and `Clone`, but these are intentionally ignored during dead code analysis
[INFO] [stderr] 
[INFO] [stderr] warning: variants `Id`, `RequestId`, `Age`, `Name`, and `Birthday` are never constructed
[INFO] [stderr]    --> tests/entities/user3.rs:624:5
[INFO] [stderr]     |
[INFO] [stderr] 623 | pub enum UserLocationExpr {
[INFO] [stderr]     |          ---------------- variants in this enum
[INFO] [stderr] 624 |     Id(taitan_orm::traits::LocationExpr<i64>),
[INFO] [stderr]     |     ^^
[INFO] [stderr] 625 |     RequestId(taitan_orm::traits::LocationExpr<Uuid>),
[INFO] [stderr]     |     ^^^^^^^^^
[INFO] [stderr] 626 |     Age(taitan_orm::traits::LocationExpr<i32>),
[INFO] [stderr]     |     ^^^
[INFO] [stderr] 627 |     Name(taitan_orm::traits::LocationExpr<String>),
[INFO] [stderr]     |     ^^^^
[INFO] [stderr] 628 |     Birthday(taitan_orm::traits::LocationExpr<PrimitiveDateTime>),
[INFO] [stderr]     |     ^^^^^^^^
[INFO] [stderr]     |
[INFO] [stderr]     = note: `UserLocationExpr` has derived impls for the traits `Clone` and `Debug`, but these are intentionally ignored during dead code analysis
[INFO] [stderr] 
[INFO] [stderr] warning: associated functions `id`, `request_id`, `age`, `name`, and `birthday` are never used
[INFO] [stderr]    --> tests/entities/user3.rs:631:12
[INFO] [stderr]     |
[INFO] [stderr] 630 | impl UserLocationExpr {
[INFO] [stderr]     | --------------------- associated functions in this implementation
[INFO] [stderr] 631 |     pub fn id(cmp: &str, val: i64) -> Result<Self, taitan_orm::error::TaitanOrmError> {
[INFO] [stderr]     |            ^^
[INFO] [stderr] ...
[INFO] [stderr] 634 |     pub fn request_id(cmp: &str, val: Uuid) -> Result<Self, taitan_orm::error::TaitanOrmError> {
[INFO] [stderr]     |            ^^^^^^^^^^
[INFO] [stderr] ...
[INFO] [stderr] 639 |     pub fn age(cmp: &str, val: i32) -> Result<Self, taitan_orm::error::TaitanOrmError> {
[INFO] [stderr]     |            ^^^
[INFO] [stderr] ...
[INFO] [stderr] 642 |     pub fn name(cmp: &str, val: String) -> Result<Self, taitan_orm::error::TaitanOrmError> {
[INFO] [stderr]     |            ^^^^
[INFO] [stderr] ...
[INFO] [stderr] 647 |     pub fn birthday(
[INFO] [stderr]     |            ^^^^^^^^
[INFO] [stderr] 
[INFO] [stderr] warning: associated function `build` is never used
[INFO] [stderr]    --> tests/entities/user3.rs:992:12
[INFO] [stderr]     |
[INFO] [stderr] 991 | impl<'a> UserOrdering<'a> {
[INFO] [stderr]     | ------------------------- associated function in this implementation
[INFO] [stderr] 992 |     pub fn build<I, S>(fields: I) -> Result<Self, Box<dyn std::error::Error + 'static>>
[INFO] [stderr]     |            ^^^^^
[INFO] [stderr] 
[INFO] [stderr] warning: struct `TestTemplate6` is never constructed
[INFO] [stderr]  --> tests/entities/template_spec.rs:6:12
[INFO] [stderr]   |
[INFO] [stderr] 6 | pub struct TestTemplate6 {
[INFO] [stderr]   |            ^^^^^^^^^^^^^
[INFO] [stderr]   |
[INFO] [stderr]   = note: `TestTemplate6` has derived impls for the traits `Debug` and `Clone`, but these are intentionally ignored during dead code analysis
[INFO] [stderr] 
[INFO] [stderr] warning: field `id` is never read
[INFO] [stderr]   --> tests/macros/entity_spec.rs:19:9
[INFO] [stderr]    |
[INFO] [stderr] 16 | pub struct UserEntity {
[INFO] [stderr]    |            ---------- field in this struct
[INFO] [stderr] ...
[INFO] [stderr] 19 |     pub id: Optional<i64>,
[INFO] [stderr]    |         ^^
[INFO] [stderr]    |
[INFO] [stderr]    = note: `UserEntity` has derived impls for the traits `Debug` and `Clone`, but these are intentionally ignored during dead code analysis
[INFO] [stderr] 
[INFO] [stderr] warning: function `check_is_selected_entity` is never used
[INFO] [stderr]   --> tests/macros/entity_spec.rs:31:4
[INFO] [stderr]    |
[INFO] [stderr] 31 | fn check_is_selected_entity<DB: sqlx::Database, SE: SelectedEntity<DB>>(se: &SE) {}
[INFO] [stderr]    |    ^^^^^^^^^^^^^^^^^^^^^^^^
[INFO] [stderr] 
[INFO] [stderr] warning: field `age` is never read
[INFO] [stderr]   --> tests/macros/template_spec.rs:24:5
[INFO] [stderr]    |
[INFO] [stderr] 22 | pub struct TestTemplate3<'a> {
[INFO] [stderr]    |            ------------- field in this struct
[INFO] [stderr] 23 |     name: Cow<'a, str>,
[INFO] [stderr] 24 |     age: i32,
[INFO] [stderr]    |     ^^^
[INFO] [stderr]    |
[INFO] [stderr]    = note: `TestTemplate3Template` has a derived impl for the trait `Clone`, but this is intentionally ignored during dead code analysis
[INFO] [stderr] 
[INFO] [stderr] warning: field `age` is never read
[INFO] [stderr]   --> tests/macros/template_spec.rs:31:5
[INFO] [stderr]    |
[INFO] [stderr] 29 | pub struct TestTemplate4<'a> {
[INFO] [stderr]    |            ------------- field in this struct
[INFO] [stderr] 30 |     name: Cow<'a, str>,
[INFO] [stderr] 31 |     age: i32,
[INFO] [stderr]    |     ^^^
[INFO] [stderr]    |
[INFO] [stderr]    = note: `TestTemplate4Template` has a derived impl for the trait `Clone`, but this is intentionally ignored during dead code analysis
[INFO] [stderr] 
[INFO] [stderr] warning: fields `age` and `page` are never read
[INFO] [stderr]   --> tests/macros/template_spec.rs:40:5
[INFO] [stderr]    |
[INFO] [stderr] 37 | pub struct TestTemplate5<'a> {
[INFO] [stderr]    |            ------------- fields in this struct
[INFO] [stderr] ...
[INFO] [stderr] 40 |     age: i32,
[INFO] [stderr]    |     ^^^
[INFO] [stderr] ...
[INFO] [stderr] 43 |     page: Pagination,
[INFO] [stderr]    |     ^^^^
[INFO] [stderr]    |
[INFO] [stderr]    = note: `TestTemplate5Template` has a derived impl for the trait `Clone`, but this is intentionally ignored during dead code analysis
[INFO] [stderr] 
[INFO] [stderr] warning: fields `age` and `page` are never read
[INFO] [stderr]   --> tests/macros/template_spec.rs:40:5
[INFO] [stderr]    |
[INFO] [stderr] 37 | pub struct TestTemplate5<'a> {
[INFO] [stderr]    |            ------------- fields in this struct
[INFO] [stderr] ...
[INFO] [stderr] 40 |     age: i32,
[INFO] [stderr]    |     ^^^
[INFO] [stderr] ...
[INFO] [stderr] 43 |     page: Pagination,
[INFO] [stderr]    |     ^^^^
[INFO] [stderr]    |
[INFO] [stderr]    = note: `TestTemplate5CountTemplate` has a derived impl for the trait `Clone`, but this is intentionally ignored during dead code analysis
[INFO] [stderr] 
[INFO] [stderr] warning: field `age` is never read
[INFO] [stderr]   --> tests/macros/template_spec.rs:51:5
[INFO] [stderr]    |
[INFO] [stderr] 49 | pub struct TestTemplate6 {
[INFO] [stderr]    |            ------------- field in this struct
[INFO] [stderr] 50 |     name: taitan_orm::result::Optional<String>,
[INFO] [stderr] 51 |     age: i32,
[INFO] [stderr]    |     ^^^
[INFO] [stderr]    |
[INFO] [stderr]    = note: `TestTemplate6Template` has a derived impl for the trait `Clone`, but this is intentionally ignored during dead code analysis
[INFO] [stderr] 
[INFO] [stderr] warning: static variable `logger_setup` should have an upper case name
[INFO] [stderr]  --> tests/setup/logger.rs:3:8
[INFO] [stderr]   |
[INFO] [stderr] 3 | static logger_setup: OnceLock<bool> = OnceLock::new();
[INFO] [stderr]   |        ^^^^^^^^^^^^ help: convert the identifier to upper case: `LOGGER_SETUP`
[INFO] [stderr]   |
[INFO] [stderr]   = note: `#[warn(non_upper_case_globals)]` on by default
[INFO] [stderr] 
[INFO] [stderr] warning: `taitan-orm` (test "integration_tests") generated 67 warnings (run `cargo fix --test "integration_tests"` to apply 14 suggestions)
[INFO] [stderr]     Finished `test` profile [unoptimized + debuginfo] target(s) in 0.28s
[INFO] [stderr]      Running unittests src/lib.rs (/opt/rustwide/target/debug/deps/taitan_orm-021db5f1782a4a78)
[INFO] [stdout] 
[INFO] [stdout] running 0 tests
[INFO] [stdout] 
[INFO] [stdout] test result: ok. 0 passed; 0 failed; 0 ignored; 0 measured; 0 filtered out; finished in 0.00s
[INFO] [stdout] 
[INFO] [stderr]      Running tests/integration_tests.rs (/opt/rustwide/target/debug/deps/integration_tests-3676e05a6d6f6a3e)
[INFO] [stdout] 
[INFO] [stdout] running 5 tests
[INFO] [stdout] test macros::template_spec::template_macro_spec ... ok
[INFO] [stdout] test sqlite::transaction_spec::transaction_spec ... FAILED
[INFO] [stdout] test macros::entity_spec::entity_macro_spec ... ok
[INFO] [stdout] test sqlite::sql_commander_spec::sql_commander_spec ... FAILED
[INFO] [stdout] test sqlite::sql_executor_spec::sql_executor_spec ... FAILED
[INFO] [stderr] error: test failed, to rerun pass `--test integration_tests`
[INFO] [stdout] 
[INFO] [stdout] failures:
[INFO] [stdout] 
[INFO] [stdout] ---- sqlite::transaction_spec::transaction_spec stdout ----
[INFO] [stdout] Error: DatabaseInitFail("create dir fail")
[INFO] [stdout] 
[INFO] [stdout] ---- sqlite::sql_commander_spec::sql_commander_spec stdout ----
[INFO] [stdout] Error: DatabaseInitFail("create dir fail")
[INFO] [stdout] 
[INFO] [stdout] ---- sqlite::sql_executor_spec::sql_executor_spec stdout ----
[INFO] [stdout] 
[INFO] [stdout] thread 'sqlite::sql_executor_spec::sql_executor_spec' panicked at tests/sqlite/sql_executor_spec.rs:290:70:
[INFO] [stdout] called `Result::unwrap()` on an `Err` value: DatabaseInitFail("create dir fail")
[INFO] [stdout] stack backtrace:
[INFO] [stdout]    0:     0x633dea31caaa - std::backtrace_rs::backtrace::libunwind::trace::hb059275cfc8d6126
[INFO] [stdout]                                at /rustc/6067b36314ab5eb2eb47cecc464545ba58e1ad24/library/std/src/../../backtrace/src/backtrace/libunwind.rs:116:5
[INFO] [stdout]    1:     0x633dea31caaa - std::backtrace_rs::backtrace::trace_unsynchronized::h2da071e4327ce3ee
[INFO] [stdout]                                at /rustc/6067b36314ab5eb2eb47cecc464545ba58e1ad24/library/std/src/../../backtrace/src/backtrace/mod.rs:66:5
[INFO] [stdout]    2:     0x633dea31caaa - std::sys::backtrace::_print_fmt::h842a1474e6f8d23f
[INFO] [stdout]                                at /rustc/6067b36314ab5eb2eb47cecc464545ba58e1ad24/library/std/src/sys/backtrace.rs:66:9
[INFO] [stdout]    3:     0x633dea31caaa - <std::sys::backtrace::BacktraceLock::print::DisplayBacktrace as core::fmt::Display>::fmt::h71a62eb3b9696b12
[INFO] [stdout]                                at /rustc/6067b36314ab5eb2eb47cecc464545ba58e1ad24/library/std/src/sys/backtrace.rs:39:26
[INFO] [stdout]    4:     0x633dea3451f3 - core::fmt::rt::Argument::fmt::hdb6b616786b41dc1
[INFO] [stdout]                                at /rustc/6067b36314ab5eb2eb47cecc464545ba58e1ad24/library/core/src/fmt/rt.rs:177:76
[INFO] [stdout]    5:     0x633dea3451f3 - core::fmt::write::h2cc1698af7e2d686
[INFO] [stdout]                                at /rustc/6067b36314ab5eb2eb47cecc464545ba58e1ad24/library/core/src/fmt/mod.rs:1440:21
[INFO] [stdout]    6:     0x633dea3191c3 - std::io::Write::write_fmt::hab1b4cd059a79022
[INFO] [stdout]                                at /rustc/6067b36314ab5eb2eb47cecc464545ba58e1ad24/library/std/src/io/mod.rs:1887:15
[INFO] [stdout]    7:     0x633dea31c8f2 - std::sys::backtrace::BacktraceLock::print::h147fe35b4ea13b08
[INFO] [stdout]                                at /rustc/6067b36314ab5eb2eb47cecc464545ba58e1ad24/library/std/src/sys/backtrace.rs:42:9
[INFO] [stdout]    8:     0x633dea31decf - std::panicking::default_hook::{{closure}}::hbd44223dbdc0d208
[INFO] [stdout]                                at /rustc/6067b36314ab5eb2eb47cecc464545ba58e1ad24/library/std/src/panicking.rs:298:22
[INFO] [stdout]    9:     0x633dea31dce8 - std::panicking::default_hook::h20f81eb0576efcec
[INFO] [stdout]                                at /rustc/6067b36314ab5eb2eb47cecc464545ba58e1ad24/library/std/src/panicking.rs:322:9
[INFO] [stdout]   10:     0x633de9fbf053 - <alloc::boxed::Box<F,A> as core::ops::function::Fn<Args>>::call::hdb53814c496a4d34
[INFO] [stdout]                                at /rustc/6067b36314ab5eb2eb47cecc464545ba58e1ad24/library/alloc/src/boxed.rs:2027:9
[INFO] [stdout]   11:     0x633de9fbf053 - test::test_main::{{closure}}::hc0a4963c59427c24
[INFO] [stdout]                                at /rustc/6067b36314ab5eb2eb47cecc464545ba58e1ad24/library/test/src/lib.rs:134:21
[INFO] [stdout]   12:     0x633dea31e9c3 - <alloc::boxed::Box<F,A> as core::ops::function::Fn<Args>>::call::h591b2225413a77e9
[INFO] [stdout]                                at /rustc/6067b36314ab5eb2eb47cecc464545ba58e1ad24/library/alloc/src/boxed.rs:2027:9
[INFO] [stdout]   13:     0x633dea31e9c3 - std::panicking::rust_panic_with_hook::h625eea43051b2edc
[INFO] [stdout]                                at /rustc/6067b36314ab5eb2eb47cecc464545ba58e1ad24/library/std/src/panicking.rs:839:13
[INFO] [stdout]   14:     0x633dea31e67a - std::panicking::begin_panic_handler::{{closure}}::h4f9159cfbc3f6bd3
[INFO] [stdout]                                at /rustc/6067b36314ab5eb2eb47cecc464545ba58e1ad24/library/std/src/panicking.rs:704:13
[INFO] [stdout]   15:     0x633dea31cfa9 - std::sys::backtrace::__rust_end_short_backtrace::h0390abce48353151
[INFO] [stdout]                                at /rustc/6067b36314ab5eb2eb47cecc464545ba58e1ad24/library/std/src/sys/backtrace.rs:168:18
[INFO] [stdout]   16:     0x633dea31e30d - rust_begin_unwind
[INFO] [stdout]                                at /rustc/6067b36314ab5eb2eb47cecc464545ba58e1ad24/library/std/src/panicking.rs:695:5
[INFO] [stdout]   17:     0x633dea343250 - core::panicking::panic_fmt::h9e7c637e9e5f29c9
[INFO] [stdout]                                at /rustc/6067b36314ab5eb2eb47cecc464545ba58e1ad24/library/core/src/panicking.rs:75:14
[INFO] [stdout]   18:     0x633dea3436c6 - core::result::unwrap_failed::h7979f09313fe1849
[INFO] [stdout]                                at /rustc/6067b36314ab5eb2eb47cecc464545ba58e1ad24/library/core/src/result.rs:1704:5
[INFO] [stdout]   19:     0x633de9f30e83 - core::result::Result<T,E>::unwrap::he4b66290a2aa3a62
[INFO] [stdout]                                at /rustc/6067b36314ab5eb2eb47cecc464545ba58e1ad24/library/core/src/result.rs:1109:23
[INFO] [stdout]   20:     0x633de9f30e83 - integration_tests::sqlite::sql_executor_spec::sql_executor_spec::{{closure}}::h311530e95b4a0be8
[INFO] [stdout]                                at /opt/rustwide/workdir/tests/sqlite/sql_executor_spec.rs:290:34
[INFO] [stdout]   21:     0x633de9effa0b - <core::pin::Pin<P> as core::future::future::Future>::poll::h7edf5983a8c76746
[INFO] [stdout]                                at /rustc/6067b36314ab5eb2eb47cecc464545ba58e1ad24/library/core/src/future/future.rs:124:9
[INFO] [stdout]   22:     0x633de9eff90b - <core::pin::Pin<P> as core::future::future::Future>::poll::h1a43fc8f66f57f3c
[INFO] [stdout]                                at /rustc/6067b36314ab5eb2eb47cecc464545ba58e1ad24/library/core/src/future/future.rs:124:9
[INFO] [stdout]   23:     0x633de9eb3b0e - tokio::runtime::scheduler::current_thread::CoreGuard::block_on::{{closure}}::{{closure}}::{{closure}}::he4af91d13e8a653a
[INFO] [stdout]                                at /opt/rustwide/cargo-home/registry/src/index.crates.io-1949cf8c6b5b557f/tokio-1.43.0/src/runtime/scheduler/current_thread/mod.rs:729:57
[INFO] [stdout]   24:     0x633de9eb2a35 - tokio::runtime::coop::with_budget::h7311fd8d2e6e18fe
[INFO] [stdout]                                at /opt/rustwide/cargo-home/registry/src/index.crates.io-1949cf8c6b5b557f/tokio-1.43.0/src/runtime/coop.rs:107:5
[INFO] [stdout]   25:     0x633de9eb2a35 - tokio::runtime::coop::budget::h309a64c07ad9c4e0
[INFO] [stdout]                                at /opt/rustwide/cargo-home/registry/src/index.crates.io-1949cf8c6b5b557f/tokio-1.43.0/src/runtime/coop.rs:73:5
[INFO] [stdout]   26:     0x633de9eb2a35 - tokio::runtime::scheduler::current_thread::CoreGuard::block_on::{{closure}}::{{closure}}::h3210823f796f53c2
[INFO] [stdout]                                at /opt/rustwide/cargo-home/registry/src/index.crates.io-1949cf8c6b5b557f/tokio-1.43.0/src/runtime/scheduler/current_thread/mod.rs:729:25
[INFO] [stdout]   27:     0x633de9ea47cd - tokio::runtime::scheduler::current_thread::Context::enter::h5298e10d2841d12c
[INFO] [stdout]                                at /opt/rustwide/cargo-home/registry/src/index.crates.io-1949cf8c6b5b557f/tokio-1.43.0/src/runtime/scheduler/current_thread/mod.rs:428:19
[INFO] [stdout]   28:     0x633de9eb14eb - tokio::runtime::scheduler::current_thread::CoreGuard::block_on::{{closure}}::hea03181178a092e1
[INFO] [stdout]                                at /opt/rustwide/cargo-home/registry/src/index.crates.io-1949cf8c6b5b557f/tokio-1.43.0/src/runtime/scheduler/current_thread/mod.rs:728:36
[INFO] [stdout]   29:     0x633de9eac11b - tokio::runtime::scheduler::current_thread::CoreGuard::enter::{{closure}}::h2c2bb6b7f80ca096
[INFO] [stdout]                                at /opt/rustwide/cargo-home/registry/src/index.crates.io-1949cf8c6b5b557f/tokio-1.43.0/src/runtime/scheduler/current_thread/mod.rs:807:68
[INFO] [stdout]   30:     0x633de9ee231a - tokio::runtime::context::scoped::Scoped<T>::set::h949f2027fa721ac2
[INFO] [stdout]                                at /opt/rustwide/cargo-home/registry/src/index.crates.io-1949cf8c6b5b557f/tokio-1.43.0/src/runtime/context/scoped.rs:40:9
[INFO] [stdout]   31:     0x633de9eec21a - tokio::runtime::context::set_scheduler::{{closure}}::h4e4eb6c20b56961e
[INFO] [stdout]                                at /opt/rustwide/cargo-home/registry/src/index.crates.io-1949cf8c6b5b557f/tokio-1.43.0/src/runtime/context.rs:180:26
[INFO] [stdout]   32:     0x633de9f02b0e - std::thread::local::LocalKey<T>::try_with::h3fc7eed406b13944
[INFO] [stdout]                                at /rustc/6067b36314ab5eb2eb47cecc464545ba58e1ad24/library/std/src/thread/local.rs:308:12
[INFO] [stdout]   33:     0x633de9f01a6c - std::thread::local::LocalKey<T>::with::hd96009b17a062126
[INFO] [stdout]                                at /rustc/6067b36314ab5eb2eb47cecc464545ba58e1ad24/library/std/src/thread/local.rs:272:9
[INFO] [stdout]   34:     0x633de9eebe71 - tokio::runtime::context::set_scheduler::h70f959fcbc44d160
[INFO] [stdout]                                at /opt/rustwide/cargo-home/registry/src/index.crates.io-1949cf8c6b5b557f/tokio-1.43.0/src/runtime/context.rs:180:9
[INFO] [stdout]   35:     0x633de9ea962e - tokio::runtime::scheduler::current_thread::CoreGuard::enter::h09abdce90ad9dac4
[INFO] [stdout]                                at /opt/rustwide/cargo-home/registry/src/index.crates.io-1949cf8c6b5b557f/tokio-1.43.0/src/runtime/scheduler/current_thread/mod.rs:807:27
[INFO] [stdout]   36:     0x633de9eac348 - tokio::runtime::scheduler::current_thread::CoreGuard::block_on::h53c97b6431d73791
[INFO] [stdout]                                at /opt/rustwide/cargo-home/registry/src/index.crates.io-1949cf8c6b5b557f/tokio-1.43.0/src/runtime/scheduler/current_thread/mod.rs:716:19
[INFO] [stdout]   37:     0x633de9ea0bef - tokio::runtime::scheduler::current_thread::CurrentThread::block_on::{{closure}}::ha76b961fffa96bd2
[INFO] [stdout]                                at /opt/rustwide/cargo-home/registry/src/index.crates.io-1949cf8c6b5b557f/tokio-1.43.0/src/runtime/scheduler/current_thread/mod.rs:196:28
[INFO] [stdout]   38:     0x633de9f0bf88 - tokio::runtime::context::runtime::enter_runtime::he30a84d8154e7490
[INFO] [stdout]                                at /opt/rustwide/cargo-home/registry/src/index.crates.io-1949cf8c6b5b557f/tokio-1.43.0/src/runtime/context/runtime.rs:65:16
[INFO] [stdout]   39:     0x633de9e9ee48 - tokio::runtime::scheduler::current_thread::CurrentThread::block_on::hcc9816956e3e8274
[INFO] [stdout]                                at /opt/rustwide/cargo-home/registry/src/index.crates.io-1949cf8c6b5b557f/tokio-1.43.0/src/runtime/scheduler/current_thread/mod.rs:184:9
[INFO] [stdout]   40:     0x633de9f38575 - tokio::runtime::runtime::Runtime::block_on_inner::hd7afaaec98d9bf26
[INFO] [stdout]                                at /opt/rustwide/cargo-home/registry/src/index.crates.io-1949cf8c6b5b557f/tokio-1.43.0/src/runtime/runtime.rs:368:47
[INFO] [stdout]   41:     0x633de9f38dd7 - tokio::runtime::runtime::Runtime::block_on::h5638863a9d64a2bd
[INFO] [stdout]                                at /opt/rustwide/cargo-home/registry/src/index.crates.io-1949cf8c6b5b557f/tokio-1.43.0/src/runtime/runtime.rs:340:13
[INFO] [stdout]   42:     0x633de9f284ea - sqlx_core::rt::test_block_on::h95e0f260996f535e
[INFO] [stdout]                                at /opt/rustwide/cargo-home/registry/src/index.crates.io-1949cf8c6b5b557f/sqlx-core-0.8.3/src/rt/mod.rs:119:16
[INFO] [stdout]   43:     0x633de9f30947 - integration_tests::sqlite::sql_executor_spec::sql_executor_spec::h011698fe3a72ab30
[INFO] [stdout]                                at /opt/rustwide/workdir/tests/sqlite/sql_executor_spec.rs:279:1
[INFO] [stdout]   44:     0x633de9f308fd - integration_tests::sqlite::sql_executor_spec::sql_executor_spec::{{closure}}::h3b1729fbf0d5feed
[INFO] [stdout]                                at /opt/rustwide/workdir/tests/sqlite/sql_executor_spec.rs:280:37
[INFO] [stdout]   45:     0x633de9e96c76 - core::ops::function::FnOnce::call_once::h72a56687e12f00c8
[INFO] [stdout]                                at /rustc/6067b36314ab5eb2eb47cecc464545ba58e1ad24/library/core/src/ops/function.rs:250:5
[INFO] [stdout]   46:     0x633de9fc47ab - core::ops::function::FnOnce::call_once::he27718dfdd183f43
[INFO] [stdout]                                at /rustc/6067b36314ab5eb2eb47cecc464545ba58e1ad24/library/core/src/ops/function.rs:250:5
[INFO] [stdout]   47:     0x633de9fc47ab - test::__rust_begin_short_backtrace::h4e84902998457a5d
[INFO] [stdout]                                at /rustc/6067b36314ab5eb2eb47cecc464545ba58e1ad24/library/test/src/lib.rs:632:18
[INFO] [stdout]   48:     0x633de9fc36e3 - test::run_test_in_process::{{closure}}::h7176fd18fc1feca0
[INFO] [stdout]                                at /rustc/6067b36314ab5eb2eb47cecc464545ba58e1ad24/library/test/src/lib.rs:655:60
[INFO] [stdout]   49:     0x633de9fc36e3 - <core::panic::unwind_safe::AssertUnwindSafe<F> as core::ops::function::FnOnce<()>>::call_once::hf79cff2a624d8cf7
[INFO] [stdout]                                at /rustc/6067b36314ab5eb2eb47cecc464545ba58e1ad24/library/core/src/panic/unwind_safe.rs:272:9
[INFO] [stdout]   50:     0x633de9fc36e3 - std::panicking::try::do_call::h3da0561d9ab99c25
[INFO] [stdout]                                at /rustc/6067b36314ab5eb2eb47cecc464545ba58e1ad24/library/std/src/panicking.rs:587:40
[INFO] [stdout]   51:     0x633de9fc36e3 - std::panicking::try::h41c9fa508bc61df6
[INFO] [stdout]                                at /rustc/6067b36314ab5eb2eb47cecc464545ba58e1ad24/library/std/src/panicking.rs:550:19
[INFO] [stdout]   52:     0x633de9fc36e3 - std::panic::catch_unwind::h6b3ff07bb5afad93
[INFO] [stdout]                                at /rustc/6067b36314ab5eb2eb47cecc464545ba58e1ad24/library/std/src/panic.rs:358:14
[INFO] [stdout]   53:     0x633de9fc36e3 - test::run_test_in_process::hc7253dd11b39b9f4
[INFO] [stdout]                                at /rustc/6067b36314ab5eb2eb47cecc464545ba58e1ad24/library/test/src/lib.rs:655:27
[INFO] [stdout]   54:     0x633de9fc36e3 - test::run_test::{{closure}}::hfb2007f8649c30bb
[INFO] [stdout]                                at /rustc/6067b36314ab5eb2eb47cecc464545ba58e1ad24/library/test/src/lib.rs:576:43
[INFO] [stdout]   55:     0x633de9f867c5 - test::run_test::{{closure}}::h56a17aa7a282a9f4
[INFO] [stdout]                                at /rustc/6067b36314ab5eb2eb47cecc464545ba58e1ad24/library/test/src/lib.rs:606:41
[INFO] [stdout]   56:     0x633de9f867c5 - std::sys::backtrace::__rust_begin_short_backtrace::hd2d2d2fb8e8c6aac
[INFO] [stdout]                                at /rustc/6067b36314ab5eb2eb47cecc464545ba58e1ad24/library/std/src/sys/backtrace.rs:152:18
[INFO] [stdout]   57:     0x633de9f8a0aa - std::thread::Builder::spawn_unchecked_::{{closure}}::{{closure}}::h4faa3f9db6133423
[INFO] [stdout]                                at /rustc/6067b36314ab5eb2eb47cecc464545ba58e1ad24/library/std/src/thread/mod.rs:559:17
[INFO] [stdout]   58:     0x633de9f8a0aa - <core::panic::unwind_safe::AssertUnwindSafe<F> as core::ops::function::FnOnce<()>>::call_once::hf2e855a36a4ea846
[INFO] [stdout]                                at /rustc/6067b36314ab5eb2eb47cecc464545ba58e1ad24/library/core/src/panic/unwind_safe.rs:272:9
[INFO] [stdout]   59:     0x633de9f8a0aa - std::panicking::try::do_call::h2f73af3616c35465
[INFO] [stdout]                                at /rustc/6067b36314ab5eb2eb47cecc464545ba58e1ad24/library/std/src/panicking.rs:587:40
[INFO] [stdout]   60:     0x633de9f8a0aa - std::panicking::try::hd1660ce9efadef5a
[INFO] [stdout]                                at /rustc/6067b36314ab5eb2eb47cecc464545ba58e1ad24/library/std/src/panicking.rs:550:19
[INFO] [stdout]   61:     0x633de9f8a0aa - std::panic::catch_unwind::h5ee8d7823b8ca744
[INFO] [stdout]                                at /rustc/6067b36314ab5eb2eb47cecc464545ba58e1ad24/library/std/src/panic.rs:358:14
[INFO] [stdout]   62:     0x633de9f8a0aa - std::thread::Builder::spawn_unchecked_::{{closure}}::h53c3a1894dce8407
[INFO] [stdout]                                at /rustc/6067b36314ab5eb2eb47cecc464545ba58e1ad24/library/std/src/thread/mod.rs:557:30
[INFO] [stdout]   63:     0x633de9f8a0aa - core::ops::function::FnOnce::call_once{{vtable.shim}}::h048ce291ad4f62bf
[INFO] [stdout]                                at /rustc/6067b36314ab5eb2eb47cecc464545ba58e1ad24/library/core/src/ops/function.rs:250:5
[INFO] [stdout]   64:     0x633dea322b1b - <alloc::boxed::Box<F,A> as core::ops::function::FnOnce<Args>>::call_once::ha52bedf99a3b4981
[INFO] [stdout]                                at /rustc/6067b36314ab5eb2eb47cecc464545ba58e1ad24/library/alloc/src/boxed.rs:2013:9
[INFO] [stdout]   65:     0x633dea322b1b - <alloc::boxed::Box<F,A> as core::ops::function::FnOnce<Args>>::call_once::h567748934d80ccf8
[INFO] [stdout]                                at /rustc/6067b36314ab5eb2eb47cecc464545ba58e1ad24/library/alloc/src/boxed.rs:2013:9
[INFO] [stdout]   66:     0x633dea322b1b - std::sys::pal::unix::thread::Thread::new::thread_start::h2d970728ae887adc
[INFO] [stdout]                                at /rustc/6067b36314ab5eb2eb47cecc464545ba58e1ad24/library/std/src/sys/pal/unix/thread.rs:106:17
[INFO] [stdout]   67:     0x7efd6990bac3 - <unknown>
[INFO] [stdout]   68:     0x7efd6999ca04 - clone
[INFO] [stdout]   69:                0x0 - <unknown>
[INFO] [stdout] 
[INFO] [stdout] 
[INFO] [stdout] failures:
[INFO] [stdout]     sqlite::sql_commander_spec::sql_commander_spec
[INFO] [stdout]     sqlite::sql_executor_spec::sql_executor_spec
[INFO] [stdout]     sqlite::transaction_spec::transaction_spec
[INFO] [stdout] 
[INFO] [stdout] test result: FAILED. 2 passed; 3 failed; 0 ignored; 0 measured; 0 filtered out; finished in 0.11s
[INFO] [stdout] 
[INFO] running `Command { std: "docker" "inspect" "a2ef4aad117733e472a50d6fb37622229c919eea1bf86afc00a58d917f29d334", kill_on_drop: false }`
[INFO] running `Command { std: "docker" "rm" "-f" "a2ef4aad117733e472a50d6fb37622229c919eea1bf86afc00a58d917f29d334", kill_on_drop: false }`
[INFO] [stdout] a2ef4aad117733e472a50d6fb37622229c919eea1bf86afc00a58d917f29d334
