[INFO] fetching crate sys-info-extended 1.1.0...
[INFO] testing sys-info-extended-1.1.0 against nightly-2025-01-18 for randomize-layout-2
[INFO] extracting crate sys-info-extended 1.1.0 into /workspace/builds/worker-4-tc1/source
[INFO] validating manifest of crates.io crate sys-info-extended 1.1.0 on toolchain nightly-2025-01-18
[INFO] running `Command { std: CARGO_HOME="/workspace/cargo-home" RUSTUP_HOME="/workspace/rustup-home" "/workspace/cargo-home/bin/cargo" "+nightly-2025-01-18" "metadata" "--manifest-path" "Cargo.toml" "--no-deps", kill_on_drop: false }`
[INFO] started tweaking crates.io crate sys-info-extended 1.1.0
[INFO] finished tweaking crates.io crate sys-info-extended 1.1.0
[INFO] tweaked toml for crates.io crate sys-info-extended 1.1.0 written to /workspace/builds/worker-4-tc1/source/Cargo.toml
[INFO] running `Command { std: CARGO_HOME="/workspace/cargo-home" RUSTUP_HOME="/workspace/rustup-home" "/workspace/cargo-home/bin/cargo" "+nightly-2025-01-18" "generate-lockfile" "--manifest-path" "Cargo.toml", kill_on_drop: false }`
[INFO] [stderr]     Updating crates.io index
[INFO] [stderr]      Locking 4 packages to latest compatible versions
[INFO] running `Command { std: CARGO_HOME="/workspace/cargo-home" RUSTUP_HOME="/workspace/rustup-home" "/workspace/cargo-home/bin/cargo" "+nightly-2025-01-18" "fetch" "--manifest-path" "Cargo.toml", kill_on_drop: false }`
[INFO] [stderr] warning: no edition set: defaulting to the 2015 edition while the latest is 2024
[INFO] [stderr]  Downloading crates ...
[INFO] [stderr]   Downloaded palin v0.8.0
[INFO] running `Command { std: "docker" "create" "-v" "/var/lib/crater-agent-workspace/builds/worker-4-tc1/target:/opt/rustwide/target:rw,Z" "-v" "/var/lib/crater-agent-workspace/builds/worker-4-tc1/source:/opt/rustwide/workdir:ro,Z" "-v" "/var/lib/crater-agent-workspace/cargo-home:/opt/rustwide/cargo-home:ro,Z" "-v" "/var/lib/crater-agent-workspace/rustup-home:/opt/rustwide/rustup-home:ro,Z" "-e" "SOURCE_DIR=/opt/rustwide/workdir" "-e" "CARGO_TARGET_DIR=/opt/rustwide/target" "-e" "CARGO_HOME=/opt/rustwide/cargo-home" "-e" "RUSTUP_HOME=/opt/rustwide/rustup-home" "-w" "/opt/rustwide/workdir" "-m" "1610612736" "--user" "0:0" "--network" "none" "ghcr.io/rust-lang/crates-build-env/linux@sha256:819108c5571ea2e421544af4d832f968d213c87fbe3707a016657f43d2f853bc" "/opt/rustwide/cargo-home/bin/cargo" "+nightly-2025-01-18" "metadata" "--no-deps" "--format-version=1", kill_on_drop: false }`
[INFO] [stdout] 84dd39953da7c2c4fb93e79c149b97d5c468f583f9484f0bcca1ba93a87da94b
[INFO] running `Command { std: "docker" "start" "-a" "84dd39953da7c2c4fb93e79c149b97d5c468f583f9484f0bcca1ba93a87da94b", kill_on_drop: false }`
[INFO] running `Command { std: "docker" "inspect" "84dd39953da7c2c4fb93e79c149b97d5c468f583f9484f0bcca1ba93a87da94b", kill_on_drop: false }`
[INFO] running `Command { std: "docker" "rm" "-f" "84dd39953da7c2c4fb93e79c149b97d5c468f583f9484f0bcca1ba93a87da94b", kill_on_drop: false }`
[INFO] [stdout] 84dd39953da7c2c4fb93e79c149b97d5c468f583f9484f0bcca1ba93a87da94b
[INFO] running `Command { std: "docker" "create" "-v" "/var/lib/crater-agent-workspace/builds/worker-4-tc1/target:/opt/rustwide/target:rw,Z" "-v" "/var/lib/crater-agent-workspace/builds/worker-4-tc1/source:/opt/rustwide/workdir:ro,Z" "-v" "/var/lib/crater-agent-workspace/cargo-home:/opt/rustwide/cargo-home:ro,Z" "-v" "/var/lib/crater-agent-workspace/rustup-home:/opt/rustwide/rustup-home:ro,Z" "-e" "SOURCE_DIR=/opt/rustwide/workdir" "-e" "CARGO_TARGET_DIR=/opt/rustwide/target" "-e" "CARGO_INCREMENTAL=0" "-e" "RUST_BACKTRACE=full" "-e" "RUSTFLAGS=--cap-lints=forbid" "-e" "RUSTDOCFLAGS=--cap-lints=forbid" "-e" "CARGO_HOME=/opt/rustwide/cargo-home" "-e" "RUSTUP_HOME=/opt/rustwide/rustup-home" "-w" "/opt/rustwide/workdir" "-m" "1610612736" "--user" "0:0" "--network" "none" "ghcr.io/rust-lang/crates-build-env/linux@sha256:819108c5571ea2e421544af4d832f968d213c87fbe3707a016657f43d2f853bc" "/opt/rustwide/cargo-home/bin/cargo" "+nightly-2025-01-18" "build" "--frozen" "--message-format=json", kill_on_drop: false }`
[INFO] [stdout] 7dfc1d9435aa0ff8316e3d972b2341b104237a338e86be2bfee007510a1ed64c
[INFO] running `Command { std: "docker" "start" "-a" "7dfc1d9435aa0ff8316e3d972b2341b104237a338e86be2bfee007510a1ed64c", kill_on_drop: false }`
[INFO] [stderr] warning: no edition set: defaulting to the 2015 edition while the latest is 2024
[INFO] [stderr]    Compiling shlex v1.3.0
[INFO] [stderr]    Compiling libc v0.2.169
[INFO] [stderr]    Compiling palin v0.8.0
[INFO] [stderr]    Compiling cc v1.2.10
[INFO] [stderr]    Compiling sys-info-extended v1.1.0 (/opt/rustwide/workdir)
[INFO] [stdout] warning: unused import: `Output`
[INFO] [stdout]     --> lib.rs:1087:33
[INFO] [stdout]      |
[INFO] [stdout] 1087 |     use std::process::{Command, Output};
[INFO] [stdout]      |                                 ^^^^^^
[INFO] [stdout]      |
[INFO] [stdout]      = note: `#[warn(unused_imports)]` on by default
[INFO] [stdout] 
[INFO] [stdout] 
[INFO] [stdout] warning: unused import: `std::str`
[INFO] [stdout]     --> lib.rs:1088:9
[INFO] [stdout]      |
[INFO] [stdout] 1088 |     use std::str;
[INFO] [stdout]      |         ^^^^^^^^
[INFO] [stdout] 
[INFO] [stdout] 
[INFO] [stdout] warning: unreachable expression
[INFO] [stdout]    --> lib.rs:882:5
[INFO] [stdout]     |
[INFO] [stdout] 838 |         return Ok(bt);
[INFO] [stdout]     |         ------------- any code following this expression is unreachable
[INFO] [stdout] ...
[INFO] [stdout] 882 |     Err(Error::UnsupportedSystem)
[INFO] [stdout]     |     ^^^^^^^^^^^^^^^^^^^^^^^^^^^^^ unreachable expression
[INFO] [stdout]     |
[INFO] [stdout] note: the lint level is defined here
[INFO] [stdout]    --> lib.rs:881:12
[INFO] [stdout]     |
[INFO] [stdout] 881 |     #[warn(unreachable_code)]
[INFO] [stdout]     |            ^^^^^^^^^^^^^^^^
[INFO] [stdout] 
[INFO] [stdout] 
[INFO] [stdout] warning: value assigned to `result` is never read
[INFO] [stdout]     --> lib.rs:1089:13
[INFO] [stdout]      |
[INFO] [stdout] 1089 |     let mut result = "Unknown";
[INFO] [stdout]      |             ^^^^^^
[INFO] [stdout]      |
[INFO] [stdout]      = help: maybe it is overwritten before being read?
[INFO] [stdout]      = note: `#[warn(unused_assignments)]` on by default
[INFO] [stdout] 
[INFO] [stdout] 
[INFO] [stdout] warning: value assigned to `mhz` is never read
[INFO] [stdout]     --> lib.rs:1531:25
[INFO] [stdout]      |
[INFO] [stdout] 1531 |                 let mut mhz: i32 = 0;
[INFO] [stdout]      |                         ^^^
[INFO] [stdout]      |
[INFO] [stdout]      = help: maybe it is overwritten before being read?
[INFO] [stdout] 
[INFO] [stdout] 
[INFO] [stderr]     Finished `dev` profile [unoptimized + debuginfo] target(s) in 3.32s
[INFO] running `Command { std: "docker" "inspect" "7dfc1d9435aa0ff8316e3d972b2341b104237a338e86be2bfee007510a1ed64c", kill_on_drop: false }`
[INFO] running `Command { std: "docker" "rm" "-f" "7dfc1d9435aa0ff8316e3d972b2341b104237a338e86be2bfee007510a1ed64c", kill_on_drop: false }`
[INFO] [stdout] 7dfc1d9435aa0ff8316e3d972b2341b104237a338e86be2bfee007510a1ed64c
[INFO] running `Command { std: "docker" "create" "-v" "/var/lib/crater-agent-workspace/builds/worker-4-tc1/target:/opt/rustwide/target:rw,Z" "-v" "/var/lib/crater-agent-workspace/builds/worker-4-tc1/source:/opt/rustwide/workdir:ro,Z" "-v" "/var/lib/crater-agent-workspace/cargo-home:/opt/rustwide/cargo-home:ro,Z" "-v" "/var/lib/crater-agent-workspace/rustup-home:/opt/rustwide/rustup-home:ro,Z" "-e" "SOURCE_DIR=/opt/rustwide/workdir" "-e" "CARGO_TARGET_DIR=/opt/rustwide/target" "-e" "CARGO_INCREMENTAL=0" "-e" "RUST_BACKTRACE=full" "-e" "RUSTFLAGS=--cap-lints=forbid" "-e" "RUSTDOCFLAGS=--cap-lints=forbid" "-e" "CARGO_HOME=/opt/rustwide/cargo-home" "-e" "RUSTUP_HOME=/opt/rustwide/rustup-home" "-w" "/opt/rustwide/workdir" "-m" "1610612736" "--user" "0:0" "--network" "none" "ghcr.io/rust-lang/crates-build-env/linux@sha256:819108c5571ea2e421544af4d832f968d213c87fbe3707a016657f43d2f853bc" "/opt/rustwide/cargo-home/bin/cargo" "+nightly-2025-01-18" "test" "--frozen" "--no-run" "--message-format=json", kill_on_drop: false }`
[INFO] [stdout] 31a0814c3e96e9615cb0a10d2c025c571af9c877f76a58f840a661cab4680171
[INFO] running `Command { std: "docker" "start" "-a" "31a0814c3e96e9615cb0a10d2c025c571af9c877f76a58f840a661cab4680171", kill_on_drop: false }`
[INFO] [stderr] warning: no edition set: defaulting to the 2015 edition while the latest is 2024
[INFO] [stdout] warning: unused import: `Output`
[INFO] [stdout]     --> lib.rs:1087:33
[INFO] [stdout]      |
[INFO] [stdout] 1087 |     use std::process::{Command, Output};
[INFO] [stdout]      |                                 ^^^^^^
[INFO] [stdout]      |
[INFO] [stdout]      = note: `#[warn(unused_imports)]` on by default
[INFO] [stdout] 
[INFO] [stdout] 
[INFO] [stdout] warning: unused import: `std::str`
[INFO] [stdout]     --> lib.rs:1088:9
[INFO] [stdout]      |
[INFO] [stdout] 1088 |     use std::str;
[INFO] [stdout]      |         ^^^^^^^^
[INFO] [stdout] 
[INFO] [stdout] 
[INFO] [stdout] warning: unreachable expression
[INFO] [stdout]    --> lib.rs:882:5
[INFO] [stdout]     |
[INFO] [stdout] 838 |         return Ok(bt);
[INFO] [stdout]     |         ------------- any code following this expression is unreachable
[INFO] [stdout] ...
[INFO] [stdout] 882 |     Err(Error::UnsupportedSystem)
[INFO] [stdout]     |     ^^^^^^^^^^^^^^^^^^^^^^^^^^^^^ unreachable expression
[INFO] [stdout]     |
[INFO] [stdout] note: the lint level is defined here
[INFO] [stdout]    --> lib.rs:881:12
[INFO] [stdout]     |
[INFO] [stdout] 881 |     #[warn(unreachable_code)]
[INFO] [stdout]     |            ^^^^^^^^^^^^^^^^
[INFO] [stdout] 
[INFO] [stdout] 
[INFO] [stdout] warning: value assigned to `result` is never read
[INFO] [stdout]     --> lib.rs:1089:13
[INFO] [stdout]      |
[INFO] [stdout] 1089 |     let mut result = "Unknown";
[INFO] [stdout]      |             ^^^^^^
[INFO] [stdout]      |
[INFO] [stdout]      = help: maybe it is overwritten before being read?
[INFO] [stdout]      = note: `#[warn(unused_assignments)]` on by default
[INFO] [stdout] 
[INFO] [stdout] 
[INFO] [stdout] warning: value assigned to `mhz` is never read
[INFO] [stdout]     --> lib.rs:1531:25
[INFO] [stdout]      |
[INFO] [stdout] 1531 |                 let mut mhz: i32 = 0;
[INFO] [stdout]      |                         ^^^
[INFO] [stdout]      |
[INFO] [stdout]      = help: maybe it is overwritten before being read?
[INFO] [stdout] 
[INFO] [stdout] 
[INFO] [stderr]    Compiling sys-info-extended v1.1.0 (/opt/rustwide/workdir)
[INFO] [stdout] warning: unused import: `Output`
[INFO] [stdout]     --> lib.rs:1087:33
[INFO] [stdout]      |
[INFO] [stdout] 1087 |     use std::process::{Command, Output};
[INFO] [stdout]      |                                 ^^^^^^
[INFO] [stdout]      |
[INFO] [stdout]      = note: `#[warn(unused_imports)]` on by default
[INFO] [stdout] 
[INFO] [stdout] 
[INFO] [stdout] warning: unused import: `std::str`
[INFO] [stdout]     --> lib.rs:1088:9
[INFO] [stdout]      |
[INFO] [stdout] 1088 |     use std::str;
[INFO] [stdout]      |         ^^^^^^^^
[INFO] [stdout] 
[INFO] [stdout] 
[INFO] [stdout] warning: unreachable expression
[INFO] [stdout]    --> lib.rs:882:5
[INFO] [stdout]     |
[INFO] [stdout] 838 |         return Ok(bt);
[INFO] [stdout]     |         ------------- any code following this expression is unreachable
[INFO] [stdout] ...
[INFO] [stdout] 882 |     Err(Error::UnsupportedSystem)
[INFO] [stdout]     |     ^^^^^^^^^^^^^^^^^^^^^^^^^^^^^ unreachable expression
[INFO] [stdout]     |
[INFO] [stdout] note: the lint level is defined here
[INFO] [stdout]    --> lib.rs:881:12
[INFO] [stdout]     |
[INFO] [stdout] 881 |     #[warn(unreachable_code)]
[INFO] [stdout]     |            ^^^^^^^^^^^^^^^^
[INFO] [stdout] 
[INFO] [stdout] 
[INFO] [stdout] warning: value assigned to `result` is never read
[INFO] [stdout]     --> lib.rs:1089:13
[INFO] [stdout]      |
[INFO] [stdout] 1089 |     let mut result = "Unknown";
[INFO] [stdout]      |             ^^^^^^
[INFO] [stdout]      |
[INFO] [stdout]      = help: maybe it is overwritten before being read?
[INFO] [stdout]      = note: `#[warn(unused_assignments)]` on by default
[INFO] [stdout] 
[INFO] [stdout] 
[INFO] [stdout] warning: value assigned to `mhz` is never read
[INFO] [stdout]     --> lib.rs:1531:25
[INFO] [stdout]      |
[INFO] [stdout] 1531 |                 let mut mhz: i32 = 0;
[INFO] [stdout]      |                         ^^^
[INFO] [stdout]      |
[INFO] [stdout]      = help: maybe it is overwritten before being read?
[INFO] [stdout] 
[INFO] [stdout] 
[INFO] [stderr]     Finished `test` profile [unoptimized + debuginfo] target(s) in 0.68s
[INFO] running `Command { std: "docker" "inspect" "31a0814c3e96e9615cb0a10d2c025c571af9c877f76a58f840a661cab4680171", kill_on_drop: false }`
[INFO] running `Command { std: "docker" "rm" "-f" "31a0814c3e96e9615cb0a10d2c025c571af9c877f76a58f840a661cab4680171", kill_on_drop: false }`
[INFO] [stdout] 31a0814c3e96e9615cb0a10d2c025c571af9c877f76a58f840a661cab4680171
[INFO] running `Command { std: "docker" "create" "-v" "/var/lib/crater-agent-workspace/builds/worker-4-tc1/target:/opt/rustwide/target:rw,Z" "-v" "/var/lib/crater-agent-workspace/builds/worker-4-tc1/source:/opt/rustwide/workdir:ro,Z" "-v" "/var/lib/crater-agent-workspace/cargo-home:/opt/rustwide/cargo-home:ro,Z" "-v" "/var/lib/crater-agent-workspace/rustup-home:/opt/rustwide/rustup-home:ro,Z" "-e" "SOURCE_DIR=/opt/rustwide/workdir" "-e" "CARGO_TARGET_DIR=/opt/rustwide/target" "-e" "CARGO_INCREMENTAL=0" "-e" "RUST_BACKTRACE=full" "-e" "RUSTFLAGS=--cap-lints=forbid" "-e" "RUSTDOCFLAGS=--cap-lints=forbid" "-e" "CARGO_HOME=/opt/rustwide/cargo-home" "-e" "RUSTUP_HOME=/opt/rustwide/rustup-home" "-w" "/opt/rustwide/workdir" "-m" "1610612736" "--user" "0:0" "--network" "none" "ghcr.io/rust-lang/crates-build-env/linux@sha256:819108c5571ea2e421544af4d832f968d213c87fbe3707a016657f43d2f853bc" "/opt/rustwide/cargo-home/bin/cargo" "+nightly-2025-01-18" "test" "--frozen", kill_on_drop: false }`
[INFO] [stdout] e090e1509278688dd0cd9dc778f3debb30630d979ebcb2159ab8dd82c882e1bc
[INFO] running `Command { std: "docker" "start" "-a" "e090e1509278688dd0cd9dc778f3debb30630d979ebcb2159ab8dd82c882e1bc", kill_on_drop: false }`
[INFO] [stderr] warning: no edition set: defaulting to the 2015 edition while the latest is 2024
[INFO] [stderr] warning: unused import: `Output`
[INFO] [stderr]     --> lib.rs:1087:33
[INFO] [stderr]      |
[INFO] [stderr] 1087 |     use std::process::{Command, Output};
[INFO] [stderr]      |                                 ^^^^^^
[INFO] [stderr]      |
[INFO] [stderr]      = note: `#[warn(unused_imports)]` on by default
[INFO] [stderr] 
[INFO] [stderr] warning: unused import: `std::str`
[INFO] [stderr]     --> lib.rs:1088:9
[INFO] [stderr]      |
[INFO] [stderr] 1088 |     use std::str;
[INFO] [stderr]      |         ^^^^^^^^
[INFO] [stderr] 
[INFO] [stderr] warning: unreachable expression
[INFO] [stderr]    --> lib.rs:882:5
[INFO] [stderr]     |
[INFO] [stderr] 838 |         return Ok(bt);
[INFO] [stderr]     |         ------------- any code following this expression is unreachable
[INFO] [stderr] ...
[INFO] [stderr] 882 |     Err(Error::UnsupportedSystem)
[INFO] [stderr]     |     ^^^^^^^^^^^^^^^^^^^^^^^^^^^^^ unreachable expression
[INFO] [stderr]     |
[INFO] [stderr] note: the lint level is defined here
[INFO] [stderr]    --> lib.rs:881:12
[INFO] [stderr]     |
[INFO] [stderr] 881 |     #[warn(unreachable_code)]
[INFO] [stderr]     |            ^^^^^^^^^^^^^^^^
[INFO] [stderr] 
[INFO] [stderr] warning: value assigned to `result` is never read
[INFO] [stderr]     --> lib.rs:1089:13
[INFO] [stderr]      |
[INFO] [stderr] 1089 |     let mut result = "Unknown";
[INFO] [stderr]      |             ^^^^^^
[INFO] [stderr]      |
[INFO] [stderr]      = help: maybe it is overwritten before being read?
[INFO] [stderr]      = note: `#[warn(unused_assignments)]` on by default
[INFO] [stderr] 
[INFO] [stderr] warning: value assigned to `mhz` is never read
[INFO] [stderr]     --> lib.rs:1531:25
[INFO] [stderr]      |
[INFO] [stderr] 1531 |                 let mut mhz: i32 = 0;
[INFO] [stderr]      |                         ^^^
[INFO] [stderr]      |
[INFO] [stderr]      = help: maybe it is overwritten before being read?
[INFO] [stderr] 
[INFO] [stderr] warning: `sys-info-extended` (lib) generated 5 warnings (run `cargo fix --lib -p sys-info-extended` to apply 2 suggestions)
[INFO] [stderr] warning: `sys-info-extended` (lib test) generated 5 warnings (5 duplicates)
[INFO] [stderr]     Finished `test` profile [unoptimized + debuginfo] target(s) in 0.02s
[INFO] [stderr]      Running unittests lib.rs (/opt/rustwide/target/debug/deps/sys_info_extended-50090fbd27495b24)
[INFO] [stdout] 
[INFO] [stdout] running 14 tests
[INFO] [stdout] test test::test_boottime ... ok
[INFO] [stdout] test test::test_cpu_num ... ok
[INFO] [stdout] test test::test_disk_info ... ok
[INFO] [stdout] test test::test_hostname ... ok
[INFO] [stdout] test test::test_cpu_speed ... ok
[INFO] [stdout] test test::test_loadavg ... ok
[INFO] [stdout] test test::test_os_type ... ok
[INFO] [stdout] test test::test_os_release ... ok
[INFO] [stdout] test test::test_proc_total ... ok
[INFO] [stdout] test test::test_linux_os_release ... ok
[INFO] [stdout] test test::test_mem_info ... ok
[INFO] [stdout] test test::test_check_computer_type ... ok
[INFO] [stdout] test test::test_get_system_env_var ... ok
[INFO] [stderr] error: test failed, to rerun pass `--lib`
[INFO] [stdout] test test::test_get_public_ipv4_address ... FAILED
[INFO] [stdout] 
[INFO] [stdout] failures:
[INFO] [stdout] 
[INFO] [stdout] ---- test::test_get_public_ipv4_address stdout ----
[INFO] [stdout] 
[INFO] [stdout] thread 'test::test_get_public_ipv4_address' panicked at lib.rs:2053:9:
[INFO] [stdout] assertion `left != right` failed
[INFO] [stdout]   left: ""
[INFO] [stdout]  right: ""
[INFO] [stdout] stack backtrace:
[INFO] [stdout]    0:     0x5e8d63f5efea - std::backtrace_rs::backtrace::libunwind::trace::hb059275cfc8d6126
[INFO] [stdout]                                at /rustc/6067b36314ab5eb2eb47cecc464545ba58e1ad24/library/std/src/../../backtrace/src/backtrace/libunwind.rs:116:5
[INFO] [stdout]    1:     0x5e8d63f5efea - std::backtrace_rs::backtrace::trace_unsynchronized::h2da071e4327ce3ee
[INFO] [stdout]                                at /rustc/6067b36314ab5eb2eb47cecc464545ba58e1ad24/library/std/src/../../backtrace/src/backtrace/mod.rs:66:5
[INFO] [stdout]    2:     0x5e8d63f5efea - std::sys::backtrace::_print_fmt::h842a1474e6f8d23f
[INFO] [stdout]                                at /rustc/6067b36314ab5eb2eb47cecc464545ba58e1ad24/library/std/src/sys/backtrace.rs:66:9
[INFO] [stdout]    3:     0x5e8d63f5efea - <std::sys::backtrace::BacktraceLock::print::DisplayBacktrace as core::fmt::Display>::fmt::h71a62eb3b9696b12
[INFO] [stdout]                                at /rustc/6067b36314ab5eb2eb47cecc464545ba58e1ad24/library/std/src/sys/backtrace.rs:39:26
[INFO] [stdout]    4:     0x5e8d63f87bf3 - core::fmt::rt::Argument::fmt::hdb6b616786b41dc1
[INFO] [stdout]                                at /rustc/6067b36314ab5eb2eb47cecc464545ba58e1ad24/library/core/src/fmt/rt.rs:177:76
[INFO] [stdout]    5:     0x5e8d63f87bf3 - core::fmt::write::h2cc1698af7e2d686
[INFO] [stdout]                                at /rustc/6067b36314ab5eb2eb47cecc464545ba58e1ad24/library/core/src/fmt/mod.rs:1440:21
[INFO] [stdout]    6:     0x5e8d63f5bb43 - std::io::Write::write_fmt::hab1b4cd059a79022
[INFO] [stdout]                                at /rustc/6067b36314ab5eb2eb47cecc464545ba58e1ad24/library/std/src/io/mod.rs:1887:15
[INFO] [stdout]    7:     0x5e8d63f5ee32 - std::sys::backtrace::BacktraceLock::print::h147fe35b4ea13b08
[INFO] [stdout]                                at /rustc/6067b36314ab5eb2eb47cecc464545ba58e1ad24/library/std/src/sys/backtrace.rs:42:9
[INFO] [stdout]    8:     0x5e8d63f6040f - std::panicking::default_hook::{{closure}}::hbd44223dbdc0d208
[INFO] [stdout]                                at /rustc/6067b36314ab5eb2eb47cecc464545ba58e1ad24/library/std/src/panicking.rs:298:22
[INFO] [stdout]    9:     0x5e8d63f60228 - std::panicking::default_hook::h20f81eb0576efcec
[INFO] [stdout]                                at /rustc/6067b36314ab5eb2eb47cecc464545ba58e1ad24/library/std/src/panicking.rs:322:9
[INFO] [stdout]   10:     0x5e8d63f1d9b3 - <alloc::boxed::Box<F,A> as core::ops::function::Fn<Args>>::call::hdb53814c496a4d34
[INFO] [stdout]                                at /rustc/6067b36314ab5eb2eb47cecc464545ba58e1ad24/library/alloc/src/boxed.rs:2027:9
[INFO] [stdout]   11:     0x5e8d63f1d9b3 - test::test_main::{{closure}}::hc0a4963c59427c24
[INFO] [stdout]                                at /rustc/6067b36314ab5eb2eb47cecc464545ba58e1ad24/library/test/src/lib.rs:134:21
[INFO] [stdout]   12:     0x5e8d63f60f03 - <alloc::boxed::Box<F,A> as core::ops::function::Fn<Args>>::call::h591b2225413a77e9
[INFO] [stdout]                                at /rustc/6067b36314ab5eb2eb47cecc464545ba58e1ad24/library/alloc/src/boxed.rs:2027:9
[INFO] [stdout]   13:     0x5e8d63f60f03 - std::panicking::rust_panic_with_hook::h625eea43051b2edc
[INFO] [stdout]                                at /rustc/6067b36314ab5eb2eb47cecc464545ba58e1ad24/library/std/src/panicking.rs:839:13
[INFO] [stdout]   14:     0x5e8d63f60bba - std::panicking::begin_panic_handler::{{closure}}::h4f9159cfbc3f6bd3
[INFO] [stdout]                                at /rustc/6067b36314ab5eb2eb47cecc464545ba58e1ad24/library/std/src/panicking.rs:704:13
[INFO] [stdout]   15:     0x5e8d63f5f4e9 - std::sys::backtrace::__rust_end_short_backtrace::h0390abce48353151
[INFO] [stdout]                                at /rustc/6067b36314ab5eb2eb47cecc464545ba58e1ad24/library/std/src/sys/backtrace.rs:168:18
[INFO] [stdout]   16:     0x5e8d63f6084d - rust_begin_unwind
[INFO] [stdout]                                at /rustc/6067b36314ab5eb2eb47cecc464545ba58e1ad24/library/std/src/panicking.rs:695:5
[INFO] [stdout]   17:     0x5e8d63f862c0 - core::panicking::panic_fmt::h9e7c637e9e5f29c9
[INFO] [stdout]                                at /rustc/6067b36314ab5eb2eb47cecc464545ba58e1ad24/library/core/src/panicking.rs:75:14
[INFO] [stdout]   18:     0x5e8d63f86612 - core::panicking::assert_failed_inner::h538bec7c1374cd9c
[INFO] [stdout]   19:     0x5e8d63ee0a78 - core::panicking::assert_failed::hb280148e7d088830
[INFO] [stdout]                                at /rustc/6067b36314ab5eb2eb47cecc464545ba58e1ad24/library/core/src/panicking.rs:364:5
[INFO] [stdout]   20:     0x5e8d63ee2f01 - sys_info_extended::test::test_get_public_ipv4_address::h3756a225b37d44a0
[INFO] [stdout]                                at /opt/rustwide/workdir/lib.rs:2053:9
[INFO] [stdout]   21:     0x5e8d63ee2d37 - sys_info_extended::test::test_get_public_ipv4_address::{{closure}}::h9bab1182d5abccab
[INFO] [stdout]                                at /opt/rustwide/workdir/lib.rs:2052:42
[INFO] [stdout]   22:     0x5e8d63ed8fc6 - core::ops::function::FnOnce::call_once::ha897e78b72739569
[INFO] [stdout]                                at /rustc/6067b36314ab5eb2eb47cecc464545ba58e1ad24/library/core/src/ops/function.rs:250:5
[INFO] [stdout]   23:     0x5e8d63f2310b - core::ops::function::FnOnce::call_once::he27718dfdd183f43
[INFO] [stdout]                                at /rustc/6067b36314ab5eb2eb47cecc464545ba58e1ad24/library/core/src/ops/function.rs:250:5
[INFO] [stdout]   24:     0x5e8d63f2310b - test::__rust_begin_short_backtrace::h4e84902998457a5d
[INFO] [stdout]                                at /rustc/6067b36314ab5eb2eb47cecc464545ba58e1ad24/library/test/src/lib.rs:632:18
[INFO] [stdout]   25:     0x5e8d63f22043 - test::run_test_in_process::{{closure}}::h7176fd18fc1feca0
[INFO] [stdout]                                at /rustc/6067b36314ab5eb2eb47cecc464545ba58e1ad24/library/test/src/lib.rs:655:60
[INFO] [stdout]   26:     0x5e8d63f22043 - <core::panic::unwind_safe::AssertUnwindSafe<F> as core::ops::function::FnOnce<()>>::call_once::hf79cff2a624d8cf7
[INFO] [stdout]                                at /rustc/6067b36314ab5eb2eb47cecc464545ba58e1ad24/library/core/src/panic/unwind_safe.rs:272:9
[INFO] [stdout]   27:     0x5e8d63f22043 - std::panicking::try::do_call::h3da0561d9ab99c25
[INFO] [stdout]                                at /rustc/6067b36314ab5eb2eb47cecc464545ba58e1ad24/library/std/src/panicking.rs:587:40
[INFO] [stdout]   28:     0x5e8d63f22043 - std::panicking::try::h41c9fa508bc61df6
[INFO] [stdout]                                at /rustc/6067b36314ab5eb2eb47cecc464545ba58e1ad24/library/std/src/panicking.rs:550:19
[INFO] [stdout]   29:     0x5e8d63f22043 - std::panic::catch_unwind::h6b3ff07bb5afad93
[INFO] [stdout]                                at /rustc/6067b36314ab5eb2eb47cecc464545ba58e1ad24/library/std/src/panic.rs:358:14
[INFO] [stdout]   30:     0x5e8d63f22043 - test::run_test_in_process::hc7253dd11b39b9f4
[INFO] [stdout]                                at /rustc/6067b36314ab5eb2eb47cecc464545ba58e1ad24/library/test/src/lib.rs:655:27
[INFO] [stdout]   31:     0x5e8d63f22043 - test::run_test::{{closure}}::hfb2007f8649c30bb
[INFO] [stdout]                                at /rustc/6067b36314ab5eb2eb47cecc464545ba58e1ad24/library/test/src/lib.rs:576:43
[INFO] [stdout]   32:     0x5e8d63ee5125 - test::run_test::{{closure}}::h56a17aa7a282a9f4
[INFO] [stdout]                                at /rustc/6067b36314ab5eb2eb47cecc464545ba58e1ad24/library/test/src/lib.rs:606:41
[INFO] [stdout]   33:     0x5e8d63ee5125 - std::sys::backtrace::__rust_begin_short_backtrace::hd2d2d2fb8e8c6aac
[INFO] [stdout]                                at /rustc/6067b36314ab5eb2eb47cecc464545ba58e1ad24/library/std/src/sys/backtrace.rs:152:18
[INFO] [stdout]   34:     0x5e8d63ee8a0a - std::thread::Builder::spawn_unchecked_::{{closure}}::{{closure}}::h4faa3f9db6133423
[INFO] [stdout]                                at /rustc/6067b36314ab5eb2eb47cecc464545ba58e1ad24/library/std/src/thread/mod.rs:559:17
[INFO] [stdout]   35:     0x5e8d63ee8a0a - <core::panic::unwind_safe::AssertUnwindSafe<F> as core::ops::function::FnOnce<()>>::call_once::hf2e855a36a4ea846
[INFO] [stdout]                                at /rustc/6067b36314ab5eb2eb47cecc464545ba58e1ad24/library/core/src/panic/unwind_safe.rs:272:9
[INFO] [stdout]   36:     0x5e8d63ee8a0a - std::panicking::try::do_call::h2f73af3616c35465
[INFO] [stdout]                                at /rustc/6067b36314ab5eb2eb47cecc464545ba58e1ad24/library/std/src/panicking.rs:587:40
[INFO] [stdout]   37:     0x5e8d63ee8a0a - std::panicking::try::hd1660ce9efadef5a
[INFO] [stdout]                                at /rustc/6067b36314ab5eb2eb47cecc464545ba58e1ad24/library/std/src/panicking.rs:550:19
[INFO] [stdout]   38:     0x5e8d63ee8a0a - std::panic::catch_unwind::h5ee8d7823b8ca744
[INFO] [stdout]                                at /rustc/6067b36314ab5eb2eb47cecc464545ba58e1ad24/library/std/src/panic.rs:358:14
[INFO] [stdout]   39:     0x5e8d63ee8a0a - std::thread::Builder::spawn_unchecked_::{{closure}}::h53c3a1894dce8407
[INFO] [stdout]                                at /rustc/6067b36314ab5eb2eb47cecc464545ba58e1ad24/library/std/src/thread/mod.rs:557:30
[INFO] [stdout]   40:     0x5e8d63ee8a0a - core::ops::function::FnOnce::call_once{{vtable.shim}}::h048ce291ad4f62bf
[INFO] [stdout]                                at /rustc/6067b36314ab5eb2eb47cecc464545ba58e1ad24/library/core/src/ops/function.rs:250:5
[INFO] [stdout]   41:     0x5e8d63f64f8b - <alloc::boxed::Box<F,A> as core::ops::function::FnOnce<Args>>::call_once::ha52bedf99a3b4981
[INFO] [stdout]                                at /rustc/6067b36314ab5eb2eb47cecc464545ba58e1ad24/library/alloc/src/boxed.rs:2013:9
[INFO] [stdout]   42:     0x5e8d63f64f8b - <alloc::boxed::Box<F,A> as core::ops::function::FnOnce<Args>>::call_once::h567748934d80ccf8
[INFO] [stdout]                                at /rustc/6067b36314ab5eb2eb47cecc464545ba58e1ad24/library/alloc/src/boxed.rs:2013:9
[INFO] [stdout]   43:     0x5e8d63f64f8b - std::sys::pal::unix::thread::Thread::new::thread_start::h2d970728ae887adc
[INFO] [stdout]                                at /rustc/6067b36314ab5eb2eb47cecc464545ba58e1ad24/library/std/src/sys/pal/unix/thread.rs:106:17
[INFO] [stdout]   44:     0x728b04cb2ac3 - <unknown>
[INFO] [stdout]   45:     0x728b04d43a04 - clone
[INFO] [stdout]   46:                0x0 - <unknown>
[INFO] [stdout] 
[INFO] [stdout] 
[INFO] [stdout] failures:
[INFO] [stdout]     test::test_get_public_ipv4_address
[INFO] [stdout] 
[INFO] [stdout] test result: FAILED. 13 passed; 1 failed; 0 ignored; 0 measured; 0 filtered out; finished in 0.06s
[INFO] [stdout] 
[INFO] running `Command { std: "docker" "inspect" "e090e1509278688dd0cd9dc778f3debb30630d979ebcb2159ab8dd82c882e1bc", kill_on_drop: false }`
[INFO] running `Command { std: "docker" "rm" "-f" "e090e1509278688dd0cd9dc778f3debb30630d979ebcb2159ab8dd82c882e1bc", kill_on_drop: false }`
[INFO] [stdout] e090e1509278688dd0cd9dc778f3debb30630d979ebcb2159ab8dd82c882e1bc
