[INFO] fetching crate sudo-rs 0.2.3...
[INFO] testing sudo-rs-0.2.3 against nightly-2025-01-18+rustflags=-Zrandomize-layout for randomize-layout-2
[INFO] extracting crate sudo-rs 0.2.3 into /workspace/builds/worker-0-tc2/source
[INFO] validating manifest of crates.io crate sudo-rs 0.2.3 on toolchain nightly-2025-01-18
[INFO] running `Command { std: CARGO_HOME="/workspace/cargo-home" RUSTUP_HOME="/workspace/rustup-home" "/workspace/cargo-home/bin/cargo" "+nightly-2025-01-18" "metadata" "--manifest-path" "Cargo.toml" "--no-deps", kill_on_drop: false }`
[INFO] started tweaking crates.io crate sudo-rs 0.2.3
[INFO] finished tweaking crates.io crate sudo-rs 0.2.3
[INFO] tweaked toml for crates.io crate sudo-rs 0.2.3 written to /workspace/builds/worker-0-tc2/source/Cargo.toml
[INFO] crate crates.io crate sudo-rs 0.2.3 already has a lockfile, it will not be regenerated
[INFO] running `Command { std: CARGO_HOME="/workspace/cargo-home" RUSTUP_HOME="/workspace/rustup-home" "/workspace/cargo-home/bin/cargo" "+nightly-2025-01-18" "fetch" "--manifest-path" "Cargo.toml", kill_on_drop: false }`
[INFO] [stderr]     Blocking waiting for file lock on package cache
[INFO] [stderr]     Blocking waiting for file lock on package cache
[INFO] running `Command { std: "docker" "create" "-v" "/var/lib/crater-agent-workspace/builds/worker-0-tc2/target:/opt/rustwide/target:rw,Z" "-v" "/var/lib/crater-agent-workspace/builds/worker-0-tc2/source:/opt/rustwide/workdir:ro,Z" "-v" "/var/lib/crater-agent-workspace/cargo-home:/opt/rustwide/cargo-home:ro,Z" "-v" "/var/lib/crater-agent-workspace/rustup-home:/opt/rustwide/rustup-home:ro,Z" "-e" "SOURCE_DIR=/opt/rustwide/workdir" "-e" "CARGO_TARGET_DIR=/opt/rustwide/target" "-e" "CARGO_HOME=/opt/rustwide/cargo-home" "-e" "RUSTUP_HOME=/opt/rustwide/rustup-home" "-w" "/opt/rustwide/workdir" "-m" "1610612736" "--user" "0:0" "--network" "none" "ghcr.io/rust-lang/crates-build-env/linux@sha256:819108c5571ea2e421544af4d832f968d213c87fbe3707a016657f43d2f853bc" "/opt/rustwide/cargo-home/bin/cargo" "+nightly-2025-01-18" "metadata" "--no-deps" "--format-version=1", kill_on_drop: false }`
[INFO] [stdout] 79a0d6b14a87f2b2d39eb6d3a3016304c19900962d791a36176f027567ee4aea
[INFO] running `Command { std: "docker" "start" "-a" "79a0d6b14a87f2b2d39eb6d3a3016304c19900962d791a36176f027567ee4aea", kill_on_drop: false }`
[INFO] running `Command { std: "docker" "inspect" "79a0d6b14a87f2b2d39eb6d3a3016304c19900962d791a36176f027567ee4aea", kill_on_drop: false }`
[INFO] running `Command { std: "docker" "rm" "-f" "79a0d6b14a87f2b2d39eb6d3a3016304c19900962d791a36176f027567ee4aea", kill_on_drop: false }`
[INFO] [stdout] 79a0d6b14a87f2b2d39eb6d3a3016304c19900962d791a36176f027567ee4aea
[INFO] running `Command { std: "docker" "create" "-v" "/var/lib/crater-agent-workspace/builds/worker-0-tc2/target:/opt/rustwide/target:rw,Z" "-v" "/var/lib/crater-agent-workspace/builds/worker-0-tc2/source:/opt/rustwide/workdir:ro,Z" "-v" "/var/lib/crater-agent-workspace/cargo-home:/opt/rustwide/cargo-home:ro,Z" "-v" "/var/lib/crater-agent-workspace/rustup-home:/opt/rustwide/rustup-home:ro,Z" "-e" "SOURCE_DIR=/opt/rustwide/workdir" "-e" "CARGO_TARGET_DIR=/opt/rustwide/target" "-e" "CARGO_INCREMENTAL=0" "-e" "RUST_BACKTRACE=full" "-e" "RUSTFLAGS=--cap-lints=forbid -Zrandomize-layout" "-e" "RUSTDOCFLAGS=--cap-lints=forbid" "-e" "CARGO_HOME=/opt/rustwide/cargo-home" "-e" "RUSTUP_HOME=/opt/rustwide/rustup-home" "-w" "/opt/rustwide/workdir" "-m" "1610612736" "--user" "0:0" "--network" "none" "ghcr.io/rust-lang/crates-build-env/linux@sha256:819108c5571ea2e421544af4d832f968d213c87fbe3707a016657f43d2f853bc" "/opt/rustwide/cargo-home/bin/cargo" "+nightly-2025-01-18" "build" "--frozen" "--message-format=json", kill_on_drop: false }`
[INFO] [stdout] 7e1c124a92fd32b1bef531095e6e035cb8e2b9a7c0e28982eab308159317430b
[INFO] running `Command { std: "docker" "start" "-a" "7e1c124a92fd32b1bef531095e6e035cb8e2b9a7c0e28982eab308159317430b", kill_on_drop: false }`
[INFO] [stderr]    Compiling libc v0.2.155
[INFO] [stderr]    Compiling sudo-rs v0.2.3 (/opt/rustwide/workdir)
[INFO] [stderr]    Compiling glob v0.3.1
[INFO] [stderr]     Finished `dev` profile [unoptimized + debuginfo] target(s) in 7.67s
[INFO] running `Command { std: "docker" "inspect" "7e1c124a92fd32b1bef531095e6e035cb8e2b9a7c0e28982eab308159317430b", kill_on_drop: false }`
[INFO] running `Command { std: "docker" "rm" "-f" "7e1c124a92fd32b1bef531095e6e035cb8e2b9a7c0e28982eab308159317430b", kill_on_drop: false }`
[INFO] [stdout] 7e1c124a92fd32b1bef531095e6e035cb8e2b9a7c0e28982eab308159317430b
[INFO] running `Command { std: "docker" "create" "-v" "/var/lib/crater-agent-workspace/builds/worker-0-tc2/target:/opt/rustwide/target:rw,Z" "-v" "/var/lib/crater-agent-workspace/builds/worker-0-tc2/source:/opt/rustwide/workdir:ro,Z" "-v" "/var/lib/crater-agent-workspace/cargo-home:/opt/rustwide/cargo-home:ro,Z" "-v" "/var/lib/crater-agent-workspace/rustup-home:/opt/rustwide/rustup-home:ro,Z" "-e" "SOURCE_DIR=/opt/rustwide/workdir" "-e" "CARGO_TARGET_DIR=/opt/rustwide/target" "-e" "CARGO_INCREMENTAL=0" "-e" "RUST_BACKTRACE=full" "-e" "RUSTFLAGS=--cap-lints=forbid -Zrandomize-layout" "-e" "RUSTDOCFLAGS=--cap-lints=forbid" "-e" "CARGO_HOME=/opt/rustwide/cargo-home" "-e" "RUSTUP_HOME=/opt/rustwide/rustup-home" "-w" "/opt/rustwide/workdir" "-m" "1610612736" "--user" "0:0" "--network" "none" "ghcr.io/rust-lang/crates-build-env/linux@sha256:819108c5571ea2e421544af4d832f968d213c87fbe3707a016657f43d2f853bc" "/opt/rustwide/cargo-home/bin/cargo" "+nightly-2025-01-18" "test" "--frozen" "--no-run" "--message-format=json", kill_on_drop: false }`
[INFO] [stdout] da3e8833d12cfeb6bf55250b1d20b284509863285a27f4031269d32396a09cd8
[INFO] running `Command { std: "docker" "start" "-a" "da3e8833d12cfeb6bf55250b1d20b284509863285a27f4031269d32396a09cd8", kill_on_drop: false }`
[INFO] [stderr]    Compiling yansi v0.5.1
[INFO] [stderr]    Compiling diff v0.1.13
[INFO] [stderr]    Compiling pretty_assertions v1.4.0
[INFO] [stderr]    Compiling sudo-rs v0.2.3 (/opt/rustwide/workdir)
[INFO] [stdout] warning: non-local `impl` definition, `impl` blocks should be written at the same level as their item
[INFO] [stdout]    --> src/common/bin_serde.rs:118:9
[INFO] [stdout]     |
[INFO] [stdout] 117 |     pub fn different_types() {
[INFO] [stdout]     |     ------------------------ move the `impl` block outside of this function `different_types`
[INFO] [stdout] 118 |         impl DeSerialize for u8 {
[INFO] [stdout]     |         ^^^^^-----------^^^^^^^
[INFO] [stdout]     |              |
[INFO] [stdout]     |              `DeSerialize` is not local
[INFO] [stdout]     |
[INFO] [stdout]     = note: an `impl` is never scoped, even when it is nested inside an item, as it may impact type checking outside of that item, which can be the case if neither the trait or the self type are at the same nesting level as the `impl`
[INFO] [stdout]     = note: `#[warn(non_local_definitions)]` on by default
[INFO] [stdout] 
[INFO] [stdout] 
[INFO] [stdout] warning: non-local `impl` definition, `impl` blocks should be written at the same level as their item
[INFO] [stdout]    --> src/system/interface.rs:101:9
[INFO] [stdout]     |
[INFO] [stdout] 100 |     fn test_default() {
[INFO] [stdout]     |     ----------------- move the `impl` block outside of this function `test_default`
[INFO] [stdout] 101 |         impl UnixUser for () {}
[INFO] [stdout]     |         ^^^^^--------^^^^^^^
[INFO] [stdout]     |              |
[INFO] [stdout]     |              `UnixUser` is not local
[INFO] [stdout]     |
[INFO] [stdout]     = note: an `impl` is never scoped, even when it is nested inside an item, as it may impact type checking outside of that item, which can be the case if neither the trait or the self type are at the same nesting level as the `impl`
[INFO] [stdout] 
[INFO] [stdout] 
[INFO] [stderr]     Finished `test` profile [unoptimized + debuginfo] target(s) in 10.80s
[INFO] running `Command { std: "docker" "inspect" "da3e8833d12cfeb6bf55250b1d20b284509863285a27f4031269d32396a09cd8", kill_on_drop: false }`
[INFO] running `Command { std: "docker" "rm" "-f" "da3e8833d12cfeb6bf55250b1d20b284509863285a27f4031269d32396a09cd8", kill_on_drop: false }`
[INFO] [stdout] da3e8833d12cfeb6bf55250b1d20b284509863285a27f4031269d32396a09cd8
[INFO] running `Command { std: "docker" "create" "-v" "/var/lib/crater-agent-workspace/builds/worker-0-tc2/target:/opt/rustwide/target:rw,Z" "-v" "/var/lib/crater-agent-workspace/builds/worker-0-tc2/source:/opt/rustwide/workdir:ro,Z" "-v" "/var/lib/crater-agent-workspace/cargo-home:/opt/rustwide/cargo-home:ro,Z" "-v" "/var/lib/crater-agent-workspace/rustup-home:/opt/rustwide/rustup-home:ro,Z" "-e" "SOURCE_DIR=/opt/rustwide/workdir" "-e" "CARGO_TARGET_DIR=/opt/rustwide/target" "-e" "CARGO_INCREMENTAL=0" "-e" "RUST_BACKTRACE=full" "-e" "RUSTFLAGS=--cap-lints=forbid -Zrandomize-layout" "-e" "RUSTDOCFLAGS=--cap-lints=forbid" "-e" "CARGO_HOME=/opt/rustwide/cargo-home" "-e" "RUSTUP_HOME=/opt/rustwide/rustup-home" "-w" "/opt/rustwide/workdir" "-m" "1610612736" "--user" "0:0" "--network" "none" "ghcr.io/rust-lang/crates-build-env/linux@sha256:819108c5571ea2e421544af4d832f968d213c87fbe3707a016657f43d2f853bc" "/opt/rustwide/cargo-home/bin/cargo" "+nightly-2025-01-18" "test" "--frozen", kill_on_drop: false }`
[INFO] [stdout] 2b94c1a5deea5f4aa29dd49d93e98dd9ee7ced66157a6ee41e07ea6a0a8a76da
[INFO] running `Command { std: "docker" "start" "-a" "2b94c1a5deea5f4aa29dd49d93e98dd9ee7ced66157a6ee41e07ea6a0a8a76da", kill_on_drop: false }`
[INFO] [stderr] warning: non-local `impl` definition, `impl` blocks should be written at the same level as their item
[INFO] [stderr]    --> src/common/bin_serde.rs:118:9
[INFO] [stderr]     |
[INFO] [stderr] 117 |     pub fn different_types() {
[INFO] [stderr]     |     ------------------------ move the `impl` block outside of this function `different_types`
[INFO] [stderr] 118 |         impl DeSerialize for u8 {
[INFO] [stderr]     |         ^^^^^-----------^^^^^^^
[INFO] [stderr]     |              |
[INFO] [stderr]     |              `DeSerialize` is not local
[INFO] [stderr]     |
[INFO] [stderr]     = note: an `impl` is never scoped, even when it is nested inside an item, as it may impact type checking outside of that item, which can be the case if neither the trait or the self type are at the same nesting level as the `impl`
[INFO] [stderr]     = note: `#[warn(non_local_definitions)]` on by default
[INFO] [stderr] 
[INFO] [stderr] warning: non-local `impl` definition, `impl` blocks should be written at the same level as their item
[INFO] [stderr]    --> src/system/interface.rs:101:9
[INFO] [stderr]     |
[INFO] [stderr] 100 |     fn test_default() {
[INFO] [stderr]     |     ----------------- move the `impl` block outside of this function `test_default`
[INFO] [stderr] 101 |         impl UnixUser for () {}
[INFO] [stderr]     |         ^^^^^--------^^^^^^^
[INFO] [stderr]     |              |
[INFO] [stderr]     |              `UnixUser` is not local
[INFO] [stderr]     |
[INFO] [stderr]     = note: an `impl` is never scoped, even when it is nested inside an item, as it may impact type checking outside of that item, which can be the case if neither the trait or the self type are at the same nesting level as the `impl`
[INFO] [stderr] 
[INFO] [stderr] warning: `sudo-rs` (lib test) generated 2 warnings
[INFO] [stderr]     Finished `test` profile [unoptimized + debuginfo] target(s) in 0.04s
[INFO] [stderr]      Running unittests src/lib.rs (/opt/rustwide/target/debug/deps/sudo_rs-a3febe584cf55a35)
[INFO] [stdout] 
[INFO] [stdout] running 169 tests
[INFO] [stdout] test common::bin_serde::tests::different_types ... ok
[INFO] [stdout] test common::command::test::qualified_paths ... ok
[INFO] [stdout] test common::command::test::test_build_command_and_args ... ok
[INFO] [stdout] test common::resolve::test::canonicalization ... ok
[INFO] [stdout] test common::command::test::test_escaped ... ok
[INFO] [stdout] test common::resolve::tests::test_name_or_id ... ok
[INFO] [stdout] test common::resolve::tests::test_resolve_path ... ok
[INFO] [stdout] test common::string::tests::cstr_conversion ... ok
[INFO] [stdout] test common::string::tests::null_byte_is_utf8_encoded_as_a_single_byte ... ok
[INFO] [stdout] test common::string::tests::rejects_string_that_contains_interior_null ... ok
[INFO] [stdout] test common::string::tests::sanity_check ... ok
[INFO] [stdout] test cutils::test::miri_test_os_str_to_ptr ... ok
[INFO] [stdout] test defaults::test::check ... ok
[INFO] [stdout] test cutils::test::miri_test_str_to_ptr ... ok
[INFO] [stdout] test cutils::test::test_tty ... ok
[INFO] [stdout] test exec::use_pty::pipe::ring_buffer::tests::buffer_is_fifo ... ok
[INFO] [stdout] test exec::use_pty::pipe::ring_buffer::tests::full_buffer_is_full ... ok
[INFO] [stdout] test exec::use_pty::pipe::ring_buffer::tests::empty_buffer_is_empty ... ok
[INFO] [stdout] test common::bin_serde::tests::single_type ... ok
[INFO] [stdout] test exec::use_pty::pipe::ring_buffer::tests::insert_into_empty_buffer_with_offset ... ok
[INFO] [stdout] test exec::use_pty::pipe::ring_buffer::tests::insert_into_non_empty_non_wrapping_buffer ... ok
[INFO] [stdout] test exec::use_pty::pipe::ring_buffer::tests::insert_into_non_empty_wrapping_buffer ... ok
[INFO] [stdout] test log::simple_logger::tests::test_default_level ... ok
[INFO] [stdout] test log::simple_logger::tests::test_write_and_flush ... ok
[INFO] [stdout] test log::syslog::tests::can_handle_multiple_writes ... ok
[INFO] [stdout] test log::syslog::tests::can_truncate_syslog ... ok
[INFO] [stdout] test log::syslog::tests::can_truncate_syslog_with_no_spaces ... ok
[INFO] [stdout] test log::syslog::tests::can_write_to_syslog ... ok
[INFO] [stdout] test log::tests::can_construct_logger ... ok
[INFO] [stdout] test pam::error::test::isomorphy ... ok
[INFO] [stdout] test common::resolve::tests::test_resolve_target_user_and_group ... ok
[INFO] [stdout] test pam::rpassword::test::miri_test_longpwd ... ok
[INFO] [stdout] test pam::rpassword::test::miri_test_read ... ok
[INFO] [stdout] test pam::rpassword::test::miri_test_write ... ok
[INFO] [stdout] test pam::securemem::test::layout_does_not_panic ... ok
[INFO] [stdout] test pam::securemem::test::miri_test_leaky_cstring ... ok
[INFO] [stdout] test pam::securemem::test::miri_test_wipe ... ok
[INFO] [stdout] test pam::sys::bindgen_test_layout_pam_message ... ok
[INFO] [stdout] test pam::sys::bindgen_test_layout_pam_response ... ok
[INFO] [stdout] test su::cli::tests::flag_after_positional_argument ... ok
[INFO] [stdout] test su::cli::tests::flags_after_dash ... ok
[INFO] [stdout] test su::cli::tests::it_parses_an_user ... ok
[INFO] [stdout] test su::cli::tests::it_parses_arguments ... ok
[INFO] [stdout] test su::cli::tests::it_parses_combined_options ... ok
[INFO] [stdout] test su::cli::tests::it_parses_combined_options_and_arguments ... ok
[INFO] [stdout] test su::cli::tests::it_parses_command ... ok
[INFO] [stdout] test su::cli::tests::it_parses_group ... ok
[INFO] [stdout] test su::cli::tests::it_parses_help ... ok
[INFO] [stdout] test pam::sys::bindgen_test_layout_pam_conv ... ok
[INFO] [stdout] test common::context::tests::test_build_context ... ok
[INFO] [stdout] test su::cli::tests::it_parses_login ... ok
[INFO] [stdout] test su::cli::tests::it_parses_version ... ok
[INFO] [stdout] test su::cli::tests::it_parses_multiple_supplementary_groups ... ok
[INFO] [stdout] test su::cli::tests::it_parses_pty ... ok
[INFO] [stdout] test su::cli::tests::it_parses_whitelist_environment ... ok
[INFO] [stdout] test su::cli::tests::it_parses_whitelist ... ok
[INFO] [stdout] test su::cli::tests::long_flag_equal_whitespace ... ok
[INFO] [stdout] test su::cli::tests::it_parses_shell_default ... ok
[INFO] [stdout] test su::cli::tests::it_parses_supplementary_group ... ok
[INFO] [stdout] test su::cli::tests::it_parses_shell ... ok
[INFO] [stdout] test su::cli::tests::repeated_boolean_flag ... ok
[INFO] [stdout] test su::cli::tests::only_positional_args_after_dashdash ... ok
[INFO] [stdout] test su::cli::tests::short_flag_whitespace ... ok
[INFO] [stdout] test su::context::tests::invalid_shell ... ok
[INFO] [stdout] test su::cli::tests::short_flag_whitespace_positional_argument ... ok
[INFO] [stdout] test su::context::tests::su_to_root ... ok
[INFO] [stdout] test sudo::cli::tests::conflicting_arguments ... ok
[INFO] [stdout] test sudo::cli::tests::first_trailing_env_var_is_not_an_external_arg ... ok
[INFO] [stdout] test sudo::cli::tests::help ... ok
[INFO] [stdout] test sudo::cli::tests::invalid_option ... ok
[INFO] [stdout] test sudo::cli::tests::invalid_option_with_argument ... ok
[INFO] [stdout] test sudo::cli::tests::list ... ok
[INFO] [stdout] test sudo::cli::tests::directory ... ok
[INFO] [stdout] test sudo::cli::tests::login ... ok
[INFO] [stdout] test sudo::cli::tests::edit ... ok
[INFO] [stdout] test sudo::cli::tests::mix_env_variables_with_trailing_args_divided_by_known_flag ... ok
[INFO] [stdout] test sudo::cli::tests::mix_env_variables_with_trailing_args_divided_by_hyphens ... ok
[INFO] [stdout] test sudo::cli::tests::no_argument_provided ... ok
[INFO] [stdout] test sudo::cli::tests::other_user ... ok
[INFO] [stdout] test sudo::cli::tests::non_interactive ... ok
[INFO] [stdout] test sudo::cli::tests::preserve_env_boolean ... ok
[INFO] [stdout] test sudo::cli::tests::preserve_env_boolean_and_list ... ok
[INFO] [stdout] test sudo::cli::tests::preserve_env_repeated ... ok
[INFO] [stdout] test sudo::cli::tests::env_variable ... ok
[INFO] [stdout] test sudo::cli::tests::group ... ok
[INFO] [stdout] test sudo::cli::tests::preserve_env_with_var ... ok
[INFO] [stdout] test sudo::cli::tests::preserve_env_with_several_vars ... ok
[INFO] [stdout] test sudo::cli::tests::run_login ... ok
[INFO] [stdout] test sudo::cli::tests::run_no_command ... ok
[INFO] [stdout] test sudo::cli::tests::preserve_env_space ... ok
[INFO] [stdout] test sudo::cli::tests::run_reset_timestamp_login ... ok
[INFO] [stdout] test sudo::cli::tests::run_reset_timestamp_command ... ok
[INFO] [stdout] test sudo::cli::tests::run_shell ... ok
[INFO] [stdout] test sudo::cli::tests::shell ... ok
[INFO] [stdout] test sudo::cli::tests::several_env_variables ... ok
[INFO] [stdout] test sudo::cli::tests::shorthand_with_argument ... ok
[INFO] [stdout] test sudo::cli::tests::short_preserve_env_with_var_fails ... ok
[INFO] [stdout] test sudo::cli::tests::stdin ... ok
[INFO] [stdout] test sudo::cli::tests::single_env_var_declaration ... ok
[INFO] [stdout] test sudo::cli::tests::trailing_args_followed_by_known_flag ... ok
[INFO] [stdout] test sudo::cli::tests::trailing_args_hyphens_known_flag ... ok
[INFO] [stdout] test sudo::cli::tests::trailing_env_vars_are_external_args ... ok
[INFO] [stdout] test sudo::cli::tests::version ... ok
[INFO] [stdout] test sudo::env::environment::tests::test_tzinfo ... ok
[INFO] [stdout] test sudo::cli::tests::run_reset_timestamp_shell ... ok
[INFO] [stdout] test sudo::cli::tests::shorthand_with_direct_argument ... ok
[INFO] [stdout] test sudo::cli::tests::shorthand_without_argument ... ok
[INFO] [stdout] test sudo::cli::tests::validate ... ok
[INFO] [stdout] test sudo::env::wildcard_match::tests::test_wildcard_match ... ok
[INFO] [stdout] test sudo::env::environment::tests::test_filtering ... ok
[INFO] [stdout] test sudoers::basic_parser::test::comment_test ... ok
[INFO] [stdout] test sudoers::basic_parser::test::lines_test ... ok
[INFO] [stdout] test sudo::env::tests::test_environment_variable_filtering ... ok
[INFO] [stdout] test sudoers::basic_parser::test::whitespace_test ... ok
[INFO] [stdout] test sudoers::policy::test::chdir_test ... ok
[INFO] [stdout] test sudoers::char_stream::test::test_iter ... ok
[INFO] [stdout] test sudoers::test::alias_all_regression ... ok
[INFO] [stdout] test sudoers::test::ambiguous_spec ... ok
[INFO] [stdout] test sudoers::policy::test::authority_xlat_test ... ok
[INFO] [stdout] test pam::converse::test::miri_pam_gpt ... ok
[INFO] [stdout] test su::context::tests::group_as_non_root ... FAILED
[INFO] [stdout] test sudoers::test::defaults_regression ... ok
[INFO] [stdout] test sudoers::test::directive_test ... ok
[INFO] [stdout] test sudoers::test::gh676_percent_h_escape_unsupported ... ok
[INFO] [stdout] test sudoers::test::fuzz_topo_sort7 ... ok
[INFO] [stdout] test sudoers::test::gh674_at_include_quoted_backslash ... ok
[INFO] [stdout] test sudoers::test::hashsign_error ... ok
[INFO] [stdout] test sudoers::test::hashsign_test ... ok
[INFO] [stdout] test sudoers::test::default_set_test ... ok
[INFO] [stdout] test sudoers::test::default_multi_test ... ok
[INFO] [stdout] test sudoers::test::include_regression ... ok
[INFO] [stdout] test sudoers::test::default_bool_test ... ok
[INFO] [stdout] test sudoers::basic_parser::test::comment_test_fail - should panic ... ok
[INFO] [stdout] test sudoers::test::test_topo_positive ... ok
[INFO] [stdout] test sudoers::test::invalid_directive - should panic ... ok
[INFO] [stdout] test sudoers::test::useralias_underscore_regression ... ok
[INFO] [stdout] test sudoers::test::nullbyte_regression ... ok
[INFO] [stdout] test sudoers::test::test_topo_fail0 - should panic ... ok
[INFO] [stdout] test sudoers::test::test_topo_fail1 - should panic ... ok
[INFO] [stdout] test sudoers::test::test_topo_fail5 - should panic ... ok
[INFO] [stdout] test sudoers::test::test_topo_fail2 - should panic ... ok
[INFO] [stdout] test system::term::tests::open_pty ... ok
[INFO] [stdout] test system::interface::test::test_unix_group ... ok
[INFO] [stdout] test system::audit::test::secure_open_is_predictable ... FAILED
[INFO] [stdout] test system::file::lock::tests::test_locking_of_tmp_file ... ok
[INFO] [stdout] test system::interface::test::test_default ... ok
[INFO] [stdout] test system::interface::test::test_unix_user ... ok
[INFO] [stdout] test system::tests::get_process_tty_device ... ok
[INFO] [stdout] test system::tests::kill_test ... ok
[INFO] [stdout] test system::tests::get_process_start_time ... ok
[INFO] [stdout] test system::audit::test::test_secure_open_cookie_file ... FAILED
[INFO] [stdout] test system::term::tests::tcsetpgrp_and_tcgetpgrp_are_consistent ... ok
[INFO] [stdout] test system::tests::killpg_test ... ok
[INFO] [stdout] test system::time::tests::test_new_durations_and_times ... ok
[INFO] [stdout] test system::time::tests::test_time_ops ... ok
[INFO] [stdout] test system::tests::miri_test_group_impl ... ok
[INFO] [stdout] test system::tests::pgid_test ... ok
[INFO] [stdout] test system::tests::except_stdio_is_fine ... ok
[INFO] [stdout] test system::tests::test_get_user_and_group_by_id ... ok
[INFO] [stdout] test system::timestamp::tests::can_encode_and_decode ... ok
[INFO] [stdout] test system::timestamp::tests::can_create_and_update_valid_file ... ok
[INFO] [stdout] test system::timestamp::tests::timestamp_record_written_between_works ... ok
[INFO] [stdout] test system::tests::close_the_universe ... ok
[INFO] [stdout] test system::timestamp::tests::session_record_file_header_checks ... ok
[INFO] [stdout] test system::timestamp::tests::timestamp_record_matches_works ... ok
[INFO] [stdout] test sudoers::test::permission_test ... ok
[INFO] [stdout] test system::wait::tests::signals ... ok
[INFO] [stdout] test system::wait::tests::exit_status ... ok
[INFO] [stderr] error: test failed, to rerun pass `--lib`
[INFO] [stdout] test system::wait::tests::no_hang ... ok
[INFO] [stdout] 
[INFO] [stdout] failures:
[INFO] [stdout] 
[INFO] [stdout] ---- su::context::tests::group_as_non_root stdout ----
[INFO] [stdout] 
[INFO] [stdout] thread 'su::context::tests::group_as_non_root' panicked at src/su/context.rs:283:9:
[INFO] [stdout] assertion failed: result.is_err()
[INFO] [stdout] stack backtrace:
[INFO] [stdout]    0:     0x6006e8b4f7fa - std::backtrace_rs::backtrace::libunwind::trace::hb059275cfc8d6126
[INFO] [stdout]                                at /rustc/6067b36314ab5eb2eb47cecc464545ba58e1ad24/library/std/src/../../backtrace/src/backtrace/libunwind.rs:116:5
[INFO] [stdout]    1:     0x6006e8b4f7fa - std::backtrace_rs::backtrace::trace_unsynchronized::h2da071e4327ce3ee
[INFO] [stdout]                                at /rustc/6067b36314ab5eb2eb47cecc464545ba58e1ad24/library/std/src/../../backtrace/src/backtrace/mod.rs:66:5
[INFO] [stdout]    2:     0x6006e8b4f7fa - std::sys::backtrace::_print_fmt::h842a1474e6f8d23f
[INFO] [stdout]                                at /rustc/6067b36314ab5eb2eb47cecc464545ba58e1ad24/library/std/src/sys/backtrace.rs:66:9
[INFO] [stdout]    3:     0x6006e8b4f7fa - <std::sys::backtrace::BacktraceLock::print::DisplayBacktrace as core::fmt::Display>::fmt::h71a62eb3b9696b12
[INFO] [stdout]                                at /rustc/6067b36314ab5eb2eb47cecc464545ba58e1ad24/library/std/src/sys/backtrace.rs:39:26
[INFO] [stdout]    4:     0x6006e8b79073 - core::fmt::rt::Argument::fmt::hdb6b616786b41dc1
[INFO] [stdout]                                at /rustc/6067b36314ab5eb2eb47cecc464545ba58e1ad24/library/core/src/fmt/rt.rs:177:76
[INFO] [stdout]    5:     0x6006e8b79073 - core::fmt::write::h2cc1698af7e2d686
[INFO] [stdout]                                at /rustc/6067b36314ab5eb2eb47cecc464545ba58e1ad24/library/core/src/fmt/mod.rs:1440:21
[INFO] [stdout]    6:     0x6006e8b4b913 - std::io::Write::write_fmt::hab1b4cd059a79022
[INFO] [stdout]                                at /rustc/6067b36314ab5eb2eb47cecc464545ba58e1ad24/library/std/src/io/mod.rs:1887:15
[INFO] [stdout]    7:     0x6006e8b4f642 - std::sys::backtrace::BacktraceLock::print::h147fe35b4ea13b08
[INFO] [stdout]                                at /rustc/6067b36314ab5eb2eb47cecc464545ba58e1ad24/library/std/src/sys/backtrace.rs:42:9
[INFO] [stdout]    8:     0x6006e8b50c1f - std::panicking::default_hook::{{closure}}::hbd44223dbdc0d208
[INFO] [stdout]                                at /rustc/6067b36314ab5eb2eb47cecc464545ba58e1ad24/library/std/src/panicking.rs:298:22
[INFO] [stdout]    9:     0x6006e8b50a38 - std::panicking::default_hook::h20f81eb0576efcec
[INFO] [stdout]                                at /rustc/6067b36314ab5eb2eb47cecc464545ba58e1ad24/library/std/src/panicking.rs:322:9
[INFO] [stdout]   10:     0x6006e8b016b3 - <alloc::boxed::Box<F,A> as core::ops::function::Fn<Args>>::call::hdb53814c496a4d34
[INFO] [stdout]                                at /rustc/6067b36314ab5eb2eb47cecc464545ba58e1ad24/library/alloc/src/boxed.rs:2027:9
[INFO] [stdout]   11:     0x6006e8b016b3 - test::test_main::{{closure}}::hc0a4963c59427c24
[INFO] [stdout]                                at /rustc/6067b36314ab5eb2eb47cecc464545ba58e1ad24/library/test/src/lib.rs:134:21
[INFO] [stdout]   12:     0x6006e8b51713 - <alloc::boxed::Box<F,A> as core::ops::function::Fn<Args>>::call::h591b2225413a77e9
[INFO] [stdout]                                at /rustc/6067b36314ab5eb2eb47cecc464545ba58e1ad24/library/alloc/src/boxed.rs:2027:9
[INFO] [stdout]   13:     0x6006e8b51713 - std::panicking::rust_panic_with_hook::h625eea43051b2edc
[INFO] [stdout]                                at /rustc/6067b36314ab5eb2eb47cecc464545ba58e1ad24/library/std/src/panicking.rs:839:13
[INFO] [stdout]   14:     0x6006e8b51396 - std::panicking::begin_panic_handler::{{closure}}::h4f9159cfbc3f6bd3
[INFO] [stdout]                                at /rustc/6067b36314ab5eb2eb47cecc464545ba58e1ad24/library/std/src/panicking.rs:697:13
[INFO] [stdout]   15:     0x6006e8b4fcf9 - std::sys::backtrace::__rust_end_short_backtrace::h0390abce48353151
[INFO] [stdout]                                at /rustc/6067b36314ab5eb2eb47cecc464545ba58e1ad24/library/std/src/sys/backtrace.rs:168:18
[INFO] [stdout]   16:     0x6006e8b5105d - rust_begin_unwind
[INFO] [stdout]                                at /rustc/6067b36314ab5eb2eb47cecc464545ba58e1ad24/library/std/src/panicking.rs:695:5
[INFO] [stdout]   17:     0x6006e8b77470 - core::panicking::panic_fmt::h9e7c637e9e5f29c9
[INFO] [stdout]                                at /rustc/6067b36314ab5eb2eb47cecc464545ba58e1ad24/library/core/src/panicking.rs:75:14
[INFO] [stdout]   18:     0x6006e8b774fc - core::panicking::panic::haa3255ea20181a33
[INFO] [stdout]                                at /rustc/6067b36314ab5eb2eb47cecc464545ba58e1ad24/library/core/src/panicking.rs:145:5
[INFO] [stdout]   19:     0x6006e89badc8 - sudo_rs::su::context::tests::group_as_non_root::h270f99e70e7d9ef5
[INFO] [stdout]                                at /opt/rustwide/workdir/src/su/context.rs:283:9
[INFO] [stdout]   20:     0x6006e89bac97 - sudo_rs::su::context::tests::group_as_non_root::{{closure}}::h683fb00238fe1af6
[INFO] [stdout]                                at /opt/rustwide/workdir/src/su/context.rs:278:27
[INFO] [stdout]   21:     0x6006e896db26 - core::ops::function::FnOnce::call_once::hec0d398877e18162
[INFO] [stdout]                                at /rustc/6067b36314ab5eb2eb47cecc464545ba58e1ad24/library/core/src/ops/function.rs:250:5
[INFO] [stdout]   22:     0x6006e8b06e0b - core::ops::function::FnOnce::call_once::he27718dfdd183f43
[INFO] [stdout]                                at /rustc/6067b36314ab5eb2eb47cecc464545ba58e1ad24/library/core/src/ops/function.rs:250:5
[INFO] [stdout]   23:     0x6006e8b06e0b - test::__rust_begin_short_backtrace::h4e84902998457a5d
[INFO] [stdout]                                at /rustc/6067b36314ab5eb2eb47cecc464545ba58e1ad24/library/test/src/lib.rs:632:18
[INFO] [stdout]   24:     0x6006e8b05d43 - test::run_test_in_process::{{closure}}::h7176fd18fc1feca0
[INFO] [stdout]                                at /rustc/6067b36314ab5eb2eb47cecc464545ba58e1ad24/library/test/src/lib.rs:655:60
[INFO] [stdout]   25:     0x6006e8b05d43 - <core::panic::unwind_safe::AssertUnwindSafe<F> as core::ops::function::FnOnce<()>>::call_once::hf79cff2a624d8cf7
[INFO] [stdout]                                at /rustc/6067b36314ab5eb2eb47cecc464545ba58e1ad24/library/core/src/panic/unwind_safe.rs:272:9
[INFO] [stdout]   26:     0x6006e8b05d43 - std::panicking::try::do_call::h3da0561d9ab99c25
[INFO] [stdout]                                at /rustc/6067b36314ab5eb2eb47cecc464545ba58e1ad24/library/std/src/panicking.rs:587:40
[INFO] [stdout]   27:     0x6006e8b05d43 - std::panicking::try::h41c9fa508bc61df6
[INFO] [stdout]                                at /rustc/6067b36314ab5eb2eb47cecc464545ba58e1ad24/library/std/src/panicking.rs:550:19
[INFO] [stdout]   28:     0x6006e8b05d43 - std::panic::catch_unwind::h6b3ff07bb5afad93
[INFO] [stdout]                                at /rustc/6067b36314ab5eb2eb47cecc464545ba58e1ad24/library/std/src/panic.rs:358:14
[INFO] [stdout]   29:     0x6006e8b05d43 - test::run_test_in_process::hc7253dd11b39b9f4
[INFO] [stdout]                                at /rustc/6067b36314ab5eb2eb47cecc464545ba58e1ad24/library/test/src/lib.rs:655:27
[INFO] [stdout]   30:     0x6006e8b05d43 - test::run_test::{{closure}}::hfb2007f8649c30bb
[INFO] [stdout]                                at /rustc/6067b36314ab5eb2eb47cecc464545ba58e1ad24/library/test/src/lib.rs:576:43
[INFO] [stdout]   31:     0x6006e8ac8e25 - test::run_test::{{closure}}::h56a17aa7a282a9f4
[INFO] [stdout]                                at /rustc/6067b36314ab5eb2eb47cecc464545ba58e1ad24/library/test/src/lib.rs:606:41
[INFO] [stdout]   32:     0x6006e8ac8e25 - std::sys::backtrace::__rust_begin_short_backtrace::hd2d2d2fb8e8c6aac
[INFO] [stdout]                                at /rustc/6067b36314ab5eb2eb47cecc464545ba58e1ad24/library/std/src/sys/backtrace.rs:152:18
[INFO] [stdout]   33:     0x6006e8acc70a - std::thread::Builder::spawn_unchecked_::{{closure}}::{{closure}}::h4faa3f9db6133423
[INFO] [stdout]                                at /rustc/6067b36314ab5eb2eb47cecc464545ba58e1ad24/library/std/src/thread/mod.rs:559:17
[INFO] [stdout]   34:     0x6006e8acc70a - <core::panic::unwind_safe::AssertUnwindSafe<F> as core::ops::function::FnOnce<()>>::call_once::hf2e855a36a4ea846
[INFO] [stdout]                                at /rustc/6067b36314ab5eb2eb47cecc464545ba58e1ad24/library/core/src/panic/unwind_safe.rs:272:9
[INFO] [stdout]   35:     0x6006e8acc70a - std::panicking::try::do_call::h2f73af3616c35465
[INFO] [stdout]                                at /rustc/6067b36314ab5eb2eb47cecc464545ba58e1ad24/library/std/src/panicking.rs:587:40
[INFO] [stdout]   36:     0x6006e8acc70a - std::panicking::try::hd1660ce9efadef5a
[INFO] [stdout]                                at /rustc/6067b36314ab5eb2eb47cecc464545ba58e1ad24/library/std/src/panicking.rs:550:19
[INFO] [stdout]   37:     0x6006e8acc70a - std::panic::catch_unwind::h5ee8d7823b8ca744
[INFO] [stdout]                                at /rustc/6067b36314ab5eb2eb47cecc464545ba58e1ad24/library/std/src/panic.rs:358:14
[INFO] [stdout]   38:     0x6006e8acc70a - std::thread::Builder::spawn_unchecked_::{{closure}}::h53c3a1894dce8407
[INFO] [stdout]                                at /rustc/6067b36314ab5eb2eb47cecc464545ba58e1ad24/library/std/src/thread/mod.rs:557:30
[INFO] [stdout]   39:     0x6006e8acc70a - core::ops::function::FnOnce::call_once{{vtable.shim}}::h048ce291ad4f62bf
[INFO] [stdout]                                at /rustc/6067b36314ab5eb2eb47cecc464545ba58e1ad24/library/core/src/ops/function.rs:250:5
[INFO] [stdout]   40:     0x6006e8b55cab - <alloc::boxed::Box<F,A> as core::ops::function::FnOnce<Args>>::call_once::ha52bedf99a3b4981
[INFO] [stdout]                                at /rustc/6067b36314ab5eb2eb47cecc464545ba58e1ad24/library/alloc/src/boxed.rs:2013:9
[INFO] [stdout]   41:     0x6006e8b55cab - <alloc::boxed::Box<F,A> as core::ops::function::FnOnce<Args>>::call_once::h567748934d80ccf8
[INFO] [stdout]                                at /rustc/6067b36314ab5eb2eb47cecc464545ba58e1ad24/library/alloc/src/boxed.rs:2013:9
[INFO] [stdout]   42:     0x6006e8b55cab - std::sys::pal::unix::thread::Thread::new::thread_start::h2d970728ae887adc
[INFO] [stdout]                                at /rustc/6067b36314ab5eb2eb47cecc464545ba58e1ad24/library/std/src/sys/pal/unix/thread.rs:106:17
[INFO] [stdout]   43:     0x77d920c86ac3 - <unknown>
[INFO] [stdout]   44:     0x77d920d17a04 - clone
[INFO] [stdout]   45:                0x0 - <unknown>
[INFO] [stdout] 
[INFO] [stdout] ---- system::audit::test::secure_open_is_predictable stdout ----
[INFO] [stdout] 
[INFO] [stdout] thread 'system::audit::test::secure_open_is_predictable' panicked at src/system/audit.rs:119:9:
[INFO] [stdout] assertion failed: std::fs::File::open("/etc/shadow").is_err()
[INFO] [stdout] stack backtrace:
[INFO] [stdout]    0:     0x6006e8b4f7fa - std::backtrace_rs::backtrace::libunwind::trace::hb059275cfc8d6126
[INFO] [stdout]                                at /rustc/6067b36314ab5eb2eb47cecc464545ba58e1ad24/library/std/src/../../backtrace/src/backtrace/libunwind.rs:116:5
[INFO] [stdout]    1:     0x6006e8b4f7fa - std::backtrace_rs::backtrace::trace_unsynchronized::h2da071e4327ce3ee
[INFO] [stdout]                                at /rustc/6067b36314ab5eb2eb47cecc464545ba58e1ad24/library/std/src/../../backtrace/src/backtrace/mod.rs:66:5
[INFO] [stdout]    2:     0x6006e8b4f7fa - std::sys::backtrace::_print_fmt::h842a1474e6f8d23f
[INFO] [stdout]                                at /rustc/6067b36314ab5eb2eb47cecc464545ba58e1ad24/library/std/src/sys/backtrace.rs:66:9
[INFO] [stdout]    3:     0x6006e8b4f7fa - <std::sys::backtrace::BacktraceLock::print::DisplayBacktrace as core::fmt::Display>::fmt::h71a62eb3b9696b12
[INFO] [stdout]                                at /rustc/6067b36314ab5eb2eb47cecc464545ba58e1ad24/library/std/src/sys/backtrace.rs:39:26
[INFO] [stdout]    4:     0x6006e8b79073 - core::fmt::rt::Argument::fmt::hdb6b616786b41dc1
[INFO] [stdout]                                at /rustc/6067b36314ab5eb2eb47cecc464545ba58e1ad24/library/core/src/fmt/rt.rs:177:76
[INFO] [stdout]    5:     0x6006e8b79073 - core::fmt::write::h2cc1698af7e2d686
[INFO] [stdout]                                at /rustc/6067b36314ab5eb2eb47cecc464545ba58e1ad24/library/core/src/fmt/mod.rs:1440:21
[INFO] [stdout]    6:     0x6006e8b4b913 - std::io::Write::write_fmt::hab1b4cd059a79022
[INFO] [stdout]                                at /rustc/6067b36314ab5eb2eb47cecc464545ba58e1ad24/library/std/src/io/mod.rs:1887:15
[INFO] [stdout]    7:     0x6006e8b4f642 - std::sys::backtrace::BacktraceLock::print::h147fe35b4ea13b08
[INFO] [stdout]                                at /rustc/6067b36314ab5eb2eb47cecc464545ba58e1ad24/library/std/src/sys/backtrace.rs:42:9
[INFO] [stdout]    8:     0x6006e8b50c1f - std::panicking::default_hook::{{closure}}::hbd44223dbdc0d208
[INFO] [stdout]                                at /rustc/6067b36314ab5eb2eb47cecc464545ba58e1ad24/library/std/src/panicking.rs:298:22
[INFO] [stdout]    9:     0x6006e8b50a38 - std::panicking::default_hook::h20f81eb0576efcec
[INFO] [stdout]                                at /rustc/6067b36314ab5eb2eb47cecc464545ba58e1ad24/library/std/src/panicking.rs:322:9
[INFO] [stdout]   10:     0x6006e8b016b3 - <alloc::boxed::Box<F,A> as core::ops::function::Fn<Args>>::call::hdb53814c496a4d34
[INFO] [stdout]                                at /rustc/6067b36314ab5eb2eb47cecc464545ba58e1ad24/library/alloc/src/boxed.rs:2027:9
[INFO] [stdout]   11:     0x6006e8b016b3 - test::test_main::{{closure}}::hc0a4963c59427c24
[INFO] [stdout]                                at /rustc/6067b36314ab5eb2eb47cecc464545ba58e1ad24/library/test/src/lib.rs:134:21
[INFO] [stdout]   12:     0x6006e8b51713 - <alloc::boxed::Box<F,A> as core::ops::function::Fn<Args>>::call::h591b2225413a77e9
[INFO] [stdout]                                at /rustc/6067b36314ab5eb2eb47cecc464545ba58e1ad24/library/alloc/src/boxed.rs:2027:9
[INFO] [stdout]   13:     0x6006e8b51713 - std::panicking::rust_panic_with_hook::h625eea43051b2edc
[INFO] [stdout]                                at /rustc/6067b36314ab5eb2eb47cecc464545ba58e1ad24/library/std/src/panicking.rs:839:13
[INFO] [stdout]   14:     0x6006e8b51396 - std::panicking::begin_panic_handler::{{closure}}::h4f9159cfbc3f6bd3
[INFO] [stdout]                                at /rustc/6067b36314ab5eb2eb47cecc464545ba58e1ad24/library/std/src/panicking.rs:697:13
[INFO] [stdout]   15:     0x6006e8b4fcf9 - std::sys::backtrace::__rust_end_short_backtrace::h0390abce48353151
[INFO] [stdout]                                at /rustc/6067b36314ab5eb2eb47cecc464545ba58e1ad24/library/std/src/sys/backtrace.rs:168:18
[INFO] [stdout]   16:     0x6006e8b5105d - rust_begin_unwind
[INFO] [stdout]                                at /rustc/6067b36314ab5eb2eb47cecc464545ba58e1ad24/library/std/src/panicking.rs:695:5
[INFO] [stdout]   17:     0x6006e8b77470 - core::panicking::panic_fmt::h9e7c637e9e5f29c9
[INFO] [stdout]                                at /rustc/6067b36314ab5eb2eb47cecc464545ba58e1ad24/library/core/src/panicking.rs:75:14
[INFO] [stdout]   18:     0x6006e8b774fc - core::panicking::panic::haa3255ea20181a33
[INFO] [stdout]                                at /rustc/6067b36314ab5eb2eb47cecc464545ba58e1ad24/library/core/src/panicking.rs:145:5
[INFO] [stdout]   19:     0x6006e89b3a34 - sudo_rs::system::audit::test::secure_open_is_predictable::hec4c0ffb9650d3c4
[INFO] [stdout]                                at /opt/rustwide/workdir/src/system/audit.rs:119:9
[INFO] [stdout]   20:     0x6006e89b3747 - sudo_rs::system::audit::test::secure_open_is_predictable::{{closure}}::h951642617a9bdeac
[INFO] [stdout]                                at /opt/rustwide/workdir/src/system/audit.rs:111:36
[INFO] [stdout]   21:     0x6006e896b766 - core::ops::function::FnOnce::call_once::h5f0cb54faf2ac1d4
[INFO] [stdout]                                at /rustc/6067b36314ab5eb2eb47cecc464545ba58e1ad24/library/core/src/ops/function.rs:250:5
[INFO] [stdout]   22:     0x6006e8b06e0b - core::ops::function::FnOnce::call_once::he27718dfdd183f43
[INFO] [stdout]                                at /rustc/6067b36314ab5eb2eb47cecc464545ba58e1ad24/library/core/src/ops/function.rs:250:5
[INFO] [stdout]   23:     0x6006e8b06e0b - test::__rust_begin_short_backtrace::h4e84902998457a5d
[INFO] [stdout]                                at /rustc/6067b36314ab5eb2eb47cecc464545ba58e1ad24/library/test/src/lib.rs:632:18
[INFO] [stdout]   24:     0x6006e8b05d43 - test::run_test_in_process::{{closure}}::h7176fd18fc1feca0
[INFO] [stdout]                                at /rustc/6067b36314ab5eb2eb47cecc464545ba58e1ad24/library/test/src/lib.rs:655:60
[INFO] [stdout]   25:     0x6006e8b05d43 - <core::panic::unwind_safe::AssertUnwindSafe<F> as core::ops::function::FnOnce<()>>::call_once::hf79cff2a624d8cf7
[INFO] [stdout]                                at /rustc/6067b36314ab5eb2eb47cecc464545ba58e1ad24/library/core/src/panic/unwind_safe.rs:272:9
[INFO] [stdout]   26:     0x6006e8b05d43 - std::panicking::try::do_call::h3da0561d9ab99c25
[INFO] [stdout]                                at /rustc/6067b36314ab5eb2eb47cecc464545ba58e1ad24/library/std/src/panicking.rs:587:40
[INFO] [stdout]   27:     0x6006e8b05d43 - std::panicking::try::h41c9fa508bc61df6
[INFO] [stdout]                                at /rustc/6067b36314ab5eb2eb47cecc464545ba58e1ad24/library/std/src/panicking.rs:550:19
[INFO] [stdout]   28:     0x6006e8b05d43 - std::panic::catch_unwind::h6b3ff07bb5afad93
[INFO] [stdout]                                at /rustc/6067b36314ab5eb2eb47cecc464545ba58e1ad24/library/std/src/panic.rs:358:14
[INFO] [stdout]   29:     0x6006e8b05d43 - test::run_test_in_process::hc7253dd11b39b9f4
[INFO] [stdout]                                at /rustc/6067b36314ab5eb2eb47cecc464545ba58e1ad24/library/test/src/lib.rs:655:27
[INFO] [stdout]   30:     0x6006e8b05d43 - test::run_test::{{closure}}::hfb2007f8649c30bb
[INFO] [stdout]                                at /rustc/6067b36314ab5eb2eb47cecc464545ba58e1ad24/library/test/src/lib.rs:576:43
[INFO] [stdout]   31:     0x6006e8ac8e25 - test::run_test::{{closure}}::h56a17aa7a282a9f4
[INFO] [stdout]                                at /rustc/6067b36314ab5eb2eb47cecc464545ba58e1ad24/library/test/src/lib.rs:606:41
[INFO] [stdout]   32:     0x6006e8ac8e25 - std::sys::backtrace::__rust_begin_short_backtrace::hd2d2d2fb8e8c6aac
[INFO] [stdout]                                at /rustc/6067b36314ab5eb2eb47cecc464545ba58e1ad24/library/std/src/sys/backtrace.rs:152:18
[INFO] [stdout]   33:     0x6006e8acc70a - std::thread::Builder::spawn_unchecked_::{{closure}}::{{closure}}::h4faa3f9db6133423
[INFO] [stdout]                                at /rustc/6067b36314ab5eb2eb47cecc464545ba58e1ad24/library/std/src/thread/mod.rs:559:17
[INFO] [stdout]   34:     0x6006e8acc70a - <core::panic::unwind_safe::AssertUnwindSafe<F> as core::ops::function::FnOnce<()>>::call_once::hf2e855a36a4ea846
[INFO] [stdout]                                at /rustc/6067b36314ab5eb2eb47cecc464545ba58e1ad24/library/core/src/panic/unwind_safe.rs:272:9
[INFO] [stdout]   35:     0x6006e8acc70a - std::panicking::try::do_call::h2f73af3616c35465
[INFO] [stdout]                                at /rustc/6067b36314ab5eb2eb47cecc464545ba58e1ad24/library/std/src/panicking.rs:587:40
[INFO] [stdout]   36:     0x6006e8acc70a - std::panicking::try::hd1660ce9efadef5a
[INFO] [stdout]                                at /rustc/6067b36314ab5eb2eb47cecc464545ba58e1ad24/library/std/src/panicking.rs:550:19
[INFO] [stdout]   37:     0x6006e8acc70a - std::panic::catch_unwind::h5ee8d7823b8ca744
[INFO] [stdout]                                at /rustc/6067b36314ab5eb2eb47cecc464545ba58e1ad24/library/std/src/panic.rs:358:14
[INFO] [stdout]   38:     0x6006e8acc70a - std::thread::Builder::spawn_unchecked_::{{closure}}::h53c3a1894dce8407
[INFO] [stdout]                                at /rustc/6067b36314ab5eb2eb47cecc464545ba58e1ad24/library/std/src/thread/mod.rs:557:30
[INFO] [stdout]   39:     0x6006e8acc70a - core::ops::function::FnOnce::call_once{{vtable.shim}}::h048ce291ad4f62bf
[INFO] [stdout]                                at /rustc/6067b36314ab5eb2eb47cecc464545ba58e1ad24/library/core/src/ops/function.rs:250:5
[INFO] [stdout]   40:     0x6006e8b55cab - <alloc::boxed::Box<F,A> as core::ops::function::FnOnce<Args>>::call_once::ha52bedf99a3b4981
[INFO] [stdout]                                at /rustc/6067b36314ab5eb2eb47cecc464545ba58e1ad24/library/alloc/src/boxed.rs:2013:9
[INFO] [stdout]   41:     0x6006e8b55cab - <alloc::boxed::Box<F,A> as core::ops::function::FnOnce<Args>>::call_once::h567748934d80ccf8
[INFO] [stdout]                                at /rustc/6067b36314ab5eb2eb47cecc464545ba58e1ad24/library/alloc/src/boxed.rs:2013:9
[INFO] [stdout]   42:     0x6006e8b55cab - std::sys::pal::unix::thread::Thread::new::thread_start::h2d970728ae887adc
[INFO] [stdout]                                at /rustc/6067b36314ab5eb2eb47cecc464545ba58e1ad24/library/std/src/sys/pal/unix/thread.rs:106:17
[INFO] [stdout]   43:     0x77d920c86ac3 - <unknown>
[INFO] [stdout]   44:     0x77d920d17a04 - clone
[INFO] [stdout]   45:                0x0 - <unknown>
[INFO] [stdout] 
[INFO] [stdout] ---- system::audit::test::test_secure_open_cookie_file stdout ----
[INFO] [stdout] 
[INFO] [stdout] thread 'system::audit::test::test_secure_open_cookie_file' panicked at src/system/audit.rs:125:9:
[INFO] [stdout] assertion failed: secure_open_cookie_file("/etc/hosts").is_err()
[INFO] [stdout] stack backtrace:
[INFO] [stdout]    0:     0x6006e8b4f7fa - std::backtrace_rs::backtrace::libunwind::trace::hb059275cfc8d6126
[INFO] [stdout]                                at /rustc/6067b36314ab5eb2eb47cecc464545ba58e1ad24/library/std/src/../../backtrace/src/backtrace/libunwind.rs:116:5
[INFO] [stdout]    1:     0x6006e8b4f7fa - std::backtrace_rs::backtrace::trace_unsynchronized::h2da071e4327ce3ee
[INFO] [stdout]                                at /rustc/6067b36314ab5eb2eb47cecc464545ba58e1ad24/library/std/src/../../backtrace/src/backtrace/mod.rs:66:5
[INFO] [stdout]    2:     0x6006e8b4f7fa - std::sys::backtrace::_print_fmt::h842a1474e6f8d23f
[INFO] [stdout]                                at /rustc/6067b36314ab5eb2eb47cecc464545ba58e1ad24/library/std/src/sys/backtrace.rs:66:9
[INFO] [stdout]    3:     0x6006e8b4f7fa - <std::sys::backtrace::BacktraceLock::print::DisplayBacktrace as core::fmt::Display>::fmt::h71a62eb3b9696b12
[INFO] [stdout]                                at /rustc/6067b36314ab5eb2eb47cecc464545ba58e1ad24/library/std/src/sys/backtrace.rs:39:26
[INFO] [stdout]    4:     0x6006e8b79073 - core::fmt::rt::Argument::fmt::hdb6b616786b41dc1
[INFO] [stdout]                                at /rustc/6067b36314ab5eb2eb47cecc464545ba58e1ad24/library/core/src/fmt/rt.rs:177:76
[INFO] [stdout]    5:     0x6006e8b79073 - core::fmt::write::h2cc1698af7e2d686
[INFO] [stdout]                                at /rustc/6067b36314ab5eb2eb47cecc464545ba58e1ad24/library/core/src/fmt/mod.rs:1440:21
[INFO] [stdout]    6:     0x6006e8b4b913 - std::io::Write::write_fmt::hab1b4cd059a79022
[INFO] [stdout]                                at /rustc/6067b36314ab5eb2eb47cecc464545ba58e1ad24/library/std/src/io/mod.rs:1887:15
[INFO] [stdout]    7:     0x6006e8b4f642 - std::sys::backtrace::BacktraceLock::print::h147fe35b4ea13b08
[INFO] [stdout]                                at /rustc/6067b36314ab5eb2eb47cecc464545ba58e1ad24/library/std/src/sys/backtrace.rs:42:9
[INFO] [stdout]    8:     0x6006e8b50c1f - std::panicking::default_hook::{{closure}}::hbd44223dbdc0d208
[INFO] [stdout]                                at /rustc/6067b36314ab5eb2eb47cecc464545ba58e1ad24/library/std/src/panicking.rs:298:22
[INFO] [stdout]    9:     0x6006e8b50a38 - std::panicking::default_hook::h20f81eb0576efcec
[INFO] [stdout]                                at /rustc/6067b36314ab5eb2eb47cecc464545ba58e1ad24/library/std/src/panicking.rs:322:9
[INFO] [stdout]   10:     0x6006e8b016b3 - <alloc::boxed::Box<F,A> as core::ops::function::Fn<Args>>::call::hdb53814c496a4d34
[INFO] [stdout]                                at /rustc/6067b36314ab5eb2eb47cecc464545ba58e1ad24/library/alloc/src/boxed.rs:2027:9
[INFO] [stdout]   11:     0x6006e8b016b3 - test::test_main::{{closure}}::hc0a4963c59427c24
[INFO] [stdout]                                at /rustc/6067b36314ab5eb2eb47cecc464545ba58e1ad24/library/test/src/lib.rs:134:21
[INFO] [stdout]   12:     0x6006e8b51713 - <alloc::boxed::Box<F,A> as core::ops::function::Fn<Args>>::call::h591b2225413a77e9
[INFO] [stdout]                                at /rustc/6067b36314ab5eb2eb47cecc464545ba58e1ad24/library/alloc/src/boxed.rs:2027:9
[INFO] [stdout]   13:     0x6006e8b51713 - std::panicking::rust_panic_with_hook::h625eea43051b2edc
[INFO] [stdout]                                at /rustc/6067b36314ab5eb2eb47cecc464545ba58e1ad24/library/std/src/panicking.rs:839:13
[INFO] [stdout]   14:     0x6006e8b51396 - std::panicking::begin_panic_handler::{{closure}}::h4f9159cfbc3f6bd3
[INFO] [stdout]                                at /rustc/6067b36314ab5eb2eb47cecc464545ba58e1ad24/library/std/src/panicking.rs:697:13
[INFO] [stdout]   15:     0x6006e8b4fcf9 - std::sys::backtrace::__rust_end_short_backtrace::h0390abce48353151
[INFO] [stdout]                                at /rustc/6067b36314ab5eb2eb47cecc464545ba58e1ad24/library/std/src/sys/backtrace.rs:168:18
[INFO] [stdout]   16:     0x6006e8b5105d - rust_begin_unwind
[INFO] [stdout]                                at /rustc/6067b36314ab5eb2eb47cecc464545ba58e1ad24/library/std/src/panicking.rs:695:5
[INFO] [stdout]   17:     0x6006e8b77470 - core::panicking::panic_fmt::h9e7c637e9e5f29c9
[INFO] [stdout]                                at /rustc/6067b36314ab5eb2eb47cecc464545ba58e1ad24/library/core/src/panicking.rs:75:14
[INFO] [stdout]   18:     0x6006e8b774fc - core::panicking::panic::haa3255ea20181a33
[INFO] [stdout]                                at /rustc/6067b36314ab5eb2eb47cecc464545ba58e1ad24/library/core/src/panicking.rs:145:5
[INFO] [stdout]   19:     0x6006e89b3bab - sudo_rs::system::audit::test::test_secure_open_cookie_file::hdf10a8e6723d469e
[INFO] [stdout]                                at /opt/rustwide/workdir/src/system/audit.rs:125:9
[INFO] [stdout]   20:     0x6006e89b3b17 - sudo_rs::system::audit::test::test_secure_open_cookie_file::{{closure}}::h5210bf5dcdda2af9
[INFO] [stdout]                                at /opt/rustwide/workdir/src/system/audit.rs:124:38
[INFO] [stdout]   21:     0x6006e896bed6 - core::ops::function::FnOnce::call_once::h77a8a448c774a4c6
[INFO] [stdout]                                at /rustc/6067b36314ab5eb2eb47cecc464545ba58e1ad24/library/core/src/ops/function.rs:250:5
[INFO] [stdout]   22:     0x6006e8b06e0b - core::ops::function::FnOnce::call_once::he27718dfdd183f43
[INFO] [stdout]                                at /rustc/6067b36314ab5eb2eb47cecc464545ba58e1ad24/library/core/src/ops/function.rs:250:5
[INFO] [stdout]   23:     0x6006e8b06e0b - test::__rust_begin_short_backtrace::h4e84902998457a5d
[INFO] [stdout]                                at /rustc/6067b36314ab5eb2eb47cecc464545ba58e1ad24/library/test/src/lib.rs:632:18
[INFO] [stdout]   24:     0x6006e8b05d43 - test::run_test_in_process::{{closure}}::h7176fd18fc1feca0
[INFO] [stdout]                                at /rustc/6067b36314ab5eb2eb47cecc464545ba58e1ad24/library/test/src/lib.rs:655:60
[INFO] [stdout]   25:     0x6006e8b05d43 - <core::panic::unwind_safe::AssertUnwindSafe<F> as core::ops::function::FnOnce<()>>::call_once::hf79cff2a624d8cf7
[INFO] [stdout]                                at /rustc/6067b36314ab5eb2eb47cecc464545ba58e1ad24/library/core/src/panic/unwind_safe.rs:272:9
[INFO] [stdout]   26:     0x6006e8b05d43 - std::panicking::try::do_call::h3da0561d9ab99c25
[INFO] [stdout]                                at /rustc/6067b36314ab5eb2eb47cecc464545ba58e1ad24/library/std/src/panicking.rs:587:40
[INFO] [stdout]   27:     0x6006e8b05d43 - std::panicking::try::h41c9fa508bc61df6
[INFO] [stdout]                                at /rustc/6067b36314ab5eb2eb47cecc464545ba58e1ad24/library/std/src/panicking.rs:550:19
[INFO] [stdout]   28:     0x6006e8b05d43 - std::panic::catch_unwind::h6b3ff07bb5afad93
[INFO] [stdout]                                at /rustc/6067b36314ab5eb2eb47cecc464545ba58e1ad24/library/std/src/panic.rs:358:14
[INFO] [stdout]   29:     0x6006e8b05d43 - test::run_test_in_process::hc7253dd11b39b9f4
[INFO] [stdout]                                at /rustc/6067b36314ab5eb2eb47cecc464545ba58e1ad24/library/test/src/lib.rs:655:27
[INFO] [stdout]   30:     0x6006e8b05d43 - test::run_test::{{closure}}::hfb2007f8649c30bb
[INFO] [stdout]                                at /rustc/6067b36314ab5eb2eb47cecc464545ba58e1ad24/library/test/src/lib.rs:576:43
[INFO] [stdout]   31:     0x6006e8ac8e25 - test::run_test::{{closure}}::h56a17aa7a282a9f4
[INFO] [stdout]                                at /rustc/6067b36314ab5eb2eb47cecc464545ba58e1ad24/library/test/src/lib.rs:606:41
[INFO] [stdout]   32:     0x6006e8ac8e25 - std::sys::backtrace::__rust_begin_short_backtrace::hd2d2d2fb8e8c6aac
[INFO] [stdout]                                at /rustc/6067b36314ab5eb2eb47cecc464545ba58e1ad24/library/std/src/sys/backtrace.rs:152:18
[INFO] [stdout]   33:     0x6006e8acc70a - std::thread::Builder::spawn_unchecked_::{{closure}}::{{closure}}::h4faa3f9db6133423
[INFO] [stdout]                                at /rustc/6067b36314ab5eb2eb47cecc464545ba58e1ad24/library/std/src/thread/mod.rs:559:17
[INFO] [stdout]   34:     0x6006e8acc70a - <core::panic::unwind_safe::AssertUnwindSafe<F> as core::ops::function::FnOnce<()>>::call_once::hf2e855a36a4ea846
[INFO] [stdout]                                at /rustc/6067b36314ab5eb2eb47cecc464545ba58e1ad24/library/core/src/panic/unwind_safe.rs:272:9
[INFO] [stdout]   35:     0x6006e8acc70a - std::panicking::try::do_call::h2f73af3616c35465
[INFO] [stdout]                                at /rustc/6067b36314ab5eb2eb47cecc464545ba58e1ad24/library/std/src/panicking.rs:587:40
[INFO] [stdout]   36:     0x6006e8acc70a - std::panicking::try::hd1660ce9efadef5a
[INFO] [stdout]                                at /rustc/6067b36314ab5eb2eb47cecc464545ba58e1ad24/library/std/src/panicking.rs:550:19
[INFO] [stdout]   37:     0x6006e8acc70a - std::panic::catch_unwind::h5ee8d7823b8ca744
[INFO] [stdout]                                at /rustc/6067b36314ab5eb2eb47cecc464545ba58e1ad24/library/std/src/panic.rs:358:14
[INFO] [stdout]   38:     0x6006e8acc70a - std::thread::Builder::spawn_unchecked_::{{closure}}::h53c3a1894dce8407
[INFO] [stdout]                                at /rustc/6067b36314ab5eb2eb47cecc464545ba58e1ad24/library/std/src/thread/mod.rs:557:30
[INFO] [stdout]   39:     0x6006e8acc70a - core::ops::function::FnOnce::call_once{{vtable.shim}}::h048ce291ad4f62bf
[INFO] [stdout]                                at /rustc/6067b36314ab5eb2eb47cecc464545ba58e1ad24/library/core/src/ops/function.rs:250:5
[INFO] [stdout]   40:     0x6006e8b55cab - <alloc::boxed::Box<F,A> as core::ops::function::FnOnce<Args>>::call_once::ha52bedf99a3b4981
[INFO] [stdout]                                at /rustc/6067b36314ab5eb2eb47cecc464545ba58e1ad24/library/alloc/src/boxed.rs:2013:9
[INFO] [stdout]   41:     0x6006e8b55cab - <alloc::boxed::Box<F,A> as core::ops::function::FnOnce<Args>>::call_once::h567748934d80ccf8
[INFO] [stdout]                                at /rustc/6067b36314ab5eb2eb47cecc464545ba58e1ad24/library/alloc/src/boxed.rs:2013:9
[INFO] [stdout]   42:     0x6006e8b55cab - std::sys::pal::unix::thread::Thread::new::thread_start::h2d970728ae887adc
[INFO] [stdout]                                at /rustc/6067b36314ab5eb2eb47cecc464545ba58e1ad24/library/std/src/sys/pal/unix/thread.rs:106:17
[INFO] [stdout]   43:     0x77d920c86ac3 - <unknown>
[INFO] [stdout]   44:     0x77d920d17a04 - clone
[INFO] [stdout]   45:                0x0 - <unknown>
[INFO] [stdout] 
[INFO] [stdout] 
[INFO] [stdout] failures:
[INFO] [stdout]     su::context::tests::group_as_non_root
[INFO] [stdout]     system::audit::test::secure_open_is_predictable
[INFO] [stdout]     system::audit::test::test_secure_open_cookie_file
[INFO] [stdout] 
[INFO] [stdout] test result: FAILED. 166 passed; 3 failed; 0 ignored; 0 measured; 0 filtered out; finished in 0.29s
[INFO] [stdout] 
[INFO] running `Command { std: "docker" "inspect" "2b94c1a5deea5f4aa29dd49d93e98dd9ee7ced66157a6ee41e07ea6a0a8a76da", kill_on_drop: false }`
[INFO] running `Command { std: "docker" "rm" "-f" "2b94c1a5deea5f4aa29dd49d93e98dd9ee7ced66157a6ee41e07ea6a0a8a76da", kill_on_drop: false }`
[INFO] [stdout] 2b94c1a5deea5f4aa29dd49d93e98dd9ee7ced66157a6ee41e07ea6a0a8a76da
