[INFO] fetching crate substreams 0.6.0...
[INFO] testing substreams-0.6.0 against nightly-2025-01-18 for randomize-layout-2
[INFO] extracting crate substreams 0.6.0 into /workspace/builds/worker-3-tc1/source
[INFO] validating manifest of crates.io crate substreams 0.6.0 on toolchain nightly-2025-01-18
[INFO] running `Command { std: CARGO_HOME="/workspace/cargo-home" RUSTUP_HOME="/workspace/rustup-home" "/workspace/cargo-home/bin/cargo" "+nightly-2025-01-18" "metadata" "--manifest-path" "Cargo.toml" "--no-deps", kill_on_drop: false }`
[INFO] started tweaking crates.io crate substreams 0.6.0
[INFO] finished tweaking crates.io crate substreams 0.6.0
[INFO] tweaked toml for crates.io crate substreams 0.6.0 written to /workspace/builds/worker-3-tc1/source/Cargo.toml
[INFO] running `Command { std: CARGO_HOME="/workspace/cargo-home" RUSTUP_HOME="/workspace/rustup-home" "/workspace/cargo-home/bin/cargo" "+nightly-2025-01-18" "generate-lockfile" "--manifest-path" "Cargo.toml", kill_on_drop: false }`
[INFO] [stderr]     Updating crates.io index
[INFO] [stderr]      Locking 94 packages to latest compatible versions
[INFO] [stderr]       Adding bigdecimal v0.3.1 (available: v0.4.7)
[INFO] [stderr]       Adding hex-literal v0.3.4 (available: v0.4.1)
[INFO] [stderr]       Adding rstest v0.19.0 (available: v0.24.0)
[INFO] [stderr]       Adding thiserror v1.0.69 (available: v2.0.11)
[INFO] running `Command { std: CARGO_HOME="/workspace/cargo-home" RUSTUP_HOME="/workspace/rustup-home" "/workspace/cargo-home/bin/cargo" "+nightly-2025-01-18" "fetch" "--manifest-path" "Cargo.toml", kill_on_drop: false }`
[INFO] [stderr]  Downloading crates ...
[INFO] [stderr]   Downloaded substreams-macro v0.6.0
[INFO] running `Command { std: "docker" "create" "-v" "/var/lib/crater-agent-workspace/builds/worker-3-tc1/target:/opt/rustwide/target:rw,Z" "-v" "/var/lib/crater-agent-workspace/builds/worker-3-tc1/source:/opt/rustwide/workdir:ro,Z" "-v" "/var/lib/crater-agent-workspace/cargo-home:/opt/rustwide/cargo-home:ro,Z" "-v" "/var/lib/crater-agent-workspace/rustup-home:/opt/rustwide/rustup-home:ro,Z" "-e" "SOURCE_DIR=/opt/rustwide/workdir" "-e" "CARGO_TARGET_DIR=/opt/rustwide/target" "-e" "CARGO_HOME=/opt/rustwide/cargo-home" "-e" "RUSTUP_HOME=/opt/rustwide/rustup-home" "-w" "/opt/rustwide/workdir" "-m" "1610612736" "--user" "0:0" "--network" "none" "ghcr.io/rust-lang/crates-build-env/linux@sha256:819108c5571ea2e421544af4d832f968d213c87fbe3707a016657f43d2f853bc" "/opt/rustwide/cargo-home/bin/cargo" "+nightly-2025-01-18" "metadata" "--no-deps" "--format-version=1", kill_on_drop: false }`
[INFO] [stdout] 87c8d8fe70bbec154a76757b18972469bea533716c1b846c09f9d6b0637ea7a4
[INFO] running `Command { std: "docker" "start" "-a" "87c8d8fe70bbec154a76757b18972469bea533716c1b846c09f9d6b0637ea7a4", kill_on_drop: false }`
[INFO] running `Command { std: "docker" "inspect" "87c8d8fe70bbec154a76757b18972469bea533716c1b846c09f9d6b0637ea7a4", kill_on_drop: false }`
[INFO] running `Command { std: "docker" "rm" "-f" "87c8d8fe70bbec154a76757b18972469bea533716c1b846c09f9d6b0637ea7a4", kill_on_drop: false }`
[INFO] [stdout] 87c8d8fe70bbec154a76757b18972469bea533716c1b846c09f9d6b0637ea7a4
[INFO] running `Command { std: "docker" "create" "-v" "/var/lib/crater-agent-workspace/builds/worker-3-tc1/target:/opt/rustwide/target:rw,Z" "-v" "/var/lib/crater-agent-workspace/builds/worker-3-tc1/source:/opt/rustwide/workdir:ro,Z" "-v" "/var/lib/crater-agent-workspace/cargo-home:/opt/rustwide/cargo-home:ro,Z" "-v" "/var/lib/crater-agent-workspace/rustup-home:/opt/rustwide/rustup-home:ro,Z" "-e" "SOURCE_DIR=/opt/rustwide/workdir" "-e" "CARGO_TARGET_DIR=/opt/rustwide/target" "-e" "CARGO_INCREMENTAL=0" "-e" "RUST_BACKTRACE=full" "-e" "RUSTFLAGS=--cap-lints=forbid" "-e" "RUSTDOCFLAGS=--cap-lints=forbid" "-e" "CARGO_HOME=/opt/rustwide/cargo-home" "-e" "RUSTUP_HOME=/opt/rustwide/rustup-home" "-w" "/opt/rustwide/workdir" "-m" "1610612736" "--user" "0:0" "--network" "none" "ghcr.io/rust-lang/crates-build-env/linux@sha256:819108c5571ea2e421544af4d832f968d213c87fbe3707a016657f43d2f853bc" "/opt/rustwide/cargo-home/bin/cargo" "+nightly-2025-01-18" "build" "--frozen" "--message-format=json", kill_on_drop: false }`
[INFO] [stdout] d21164bffd41859cc2ceb8a397363fe3119d22d6d53043d0e52f75739670e083
[INFO] running `Command { std: "docker" "start" "-a" "d21164bffd41859cc2ceb8a397363fe3119d22d6d53043d0e52f75739670e083", kill_on_drop: false }`
[INFO] [stderr]    Compiling proc-macro2 v1.0.93
[INFO] [stderr]    Compiling unicode-ident v1.0.14
[INFO] [stderr]    Compiling autocfg v1.4.0
[INFO] [stderr]    Compiling thiserror v2.0.11
[INFO] [stderr]    Compiling anyhow v1.0.95
[INFO] [stderr]    Compiling memchr v2.7.4
[INFO] [stderr]    Compiling ucd-trie v0.1.7
[INFO] [stderr]    Compiling either v1.13.0
[INFO] [stderr]    Compiling thiserror v1.0.69
[INFO] [stderr]    Compiling once_cell v1.20.2
[INFO] [stderr]    Compiling itertools v0.13.0
[INFO] [stderr]    Compiling syn v1.0.109
[INFO] [stderr]    Compiling bytes v1.9.0
[INFO] [stderr]    Compiling unicode-width v0.1.14
[INFO] [stderr]    Compiling num-traits v0.2.19
[INFO] [stderr]    Compiling quote v1.0.38
[INFO] [stderr]    Compiling pad v0.1.6
[INFO] [stderr]    Compiling hex v0.4.3
[INFO] [stderr]    Compiling syn v2.0.96
[INFO] [stderr]    Compiling hex-literal v0.3.4
[INFO] [stderr]    Compiling num-integer v0.1.46
[INFO] [stderr]    Compiling num-bigint v0.4.6
[INFO] [stderr]    Compiling bigdecimal v0.3.1
[INFO] [stderr]    Compiling thiserror-impl v2.0.11
[INFO] [stderr]    Compiling prost-derive v0.13.4
[INFO] [stderr]    Compiling thiserror-impl v1.0.69
[INFO] [stderr]    Compiling pest v2.7.15
[INFO] [stderr]    Compiling prost v0.13.4
[INFO] [stderr]    Compiling substreams-macro v0.6.0
[INFO] [stderr]    Compiling prost-types v0.13.4
[INFO] [stderr]    Compiling pest_meta v2.7.15
[INFO] [stderr]    Compiling pest_generator v2.7.15
[INFO] [stderr]    Compiling pest_derive v2.7.15
[INFO] [stderr]    Compiling substreams v0.6.0 (/opt/rustwide/workdir)
[INFO] [stdout] warning: use of deprecated type alias `std::panic::PanicInfo`: use `PanicHookInfo` instead
[INFO] [stdout]    --> src/lib.rs:210:28
[INFO] [stdout]     |
[INFO] [stdout] 210 | fn hook(info: &std::panic::PanicInfo<'_>) {
[INFO] [stdout]     |                            ^^^^^^^^^
[INFO] [stdout]     |
[INFO] [stdout]     = note: `#[warn(deprecated)]` on by default
[INFO] [stdout] 
[INFO] [stdout] 
[INFO] [stdout] warning: use of deprecated associated function `pb::substreams::store_delta::Operation::from_i32`: Use the TryFrom<i32> implementation instead
[INFO] [stdout]     --> src/store.rs:1648:16
[INFO] [stdout]      |
[INFO] [stdout] 1648 |     Operation::from_i32(operation).unwrap_or_else(|| panic!("unhandled operation: {}", operation))
[INFO] [stdout]      |                ^^^^^^^^
[INFO] [stdout] 
[INFO] [stdout] 
[INFO] [stderr]     Finished `dev` profile [unoptimized + debuginfo] target(s) in 29.85s
[INFO] running `Command { std: "docker" "inspect" "d21164bffd41859cc2ceb8a397363fe3119d22d6d53043d0e52f75739670e083", kill_on_drop: false }`
[INFO] running `Command { std: "docker" "rm" "-f" "d21164bffd41859cc2ceb8a397363fe3119d22d6d53043d0e52f75739670e083", kill_on_drop: false }`
[INFO] [stdout] d21164bffd41859cc2ceb8a397363fe3119d22d6d53043d0e52f75739670e083
[INFO] running `Command { std: "docker" "create" "-v" "/var/lib/crater-agent-workspace/builds/worker-3-tc1/target:/opt/rustwide/target:rw,Z" "-v" "/var/lib/crater-agent-workspace/builds/worker-3-tc1/source:/opt/rustwide/workdir:ro,Z" "-v" "/var/lib/crater-agent-workspace/cargo-home:/opt/rustwide/cargo-home:ro,Z" "-v" "/var/lib/crater-agent-workspace/rustup-home:/opt/rustwide/rustup-home:ro,Z" "-e" "SOURCE_DIR=/opt/rustwide/workdir" "-e" "CARGO_TARGET_DIR=/opt/rustwide/target" "-e" "CARGO_INCREMENTAL=0" "-e" "RUST_BACKTRACE=full" "-e" "RUSTFLAGS=--cap-lints=forbid" "-e" "RUSTDOCFLAGS=--cap-lints=forbid" "-e" "CARGO_HOME=/opt/rustwide/cargo-home" "-e" "RUSTUP_HOME=/opt/rustwide/rustup-home" "-w" "/opt/rustwide/workdir" "-m" "1610612736" "--user" "0:0" "--network" "none" "ghcr.io/rust-lang/crates-build-env/linux@sha256:819108c5571ea2e421544af4d832f968d213c87fbe3707a016657f43d2f853bc" "/opt/rustwide/cargo-home/bin/cargo" "+nightly-2025-01-18" "test" "--frozen" "--no-run" "--message-format=json", kill_on_drop: false }`
[INFO] [stdout] f5def51ffb1e1767394a551306a3c5fb803b8ef3df45f24e50966e568960d1fe
[INFO] running `Command { std: "docker" "start" "-a" "f5def51ffb1e1767394a551306a3c5fb803b8ef3df45f24e50966e568960d1fe", kill_on_drop: false }`
[INFO] [stderr]    Compiling semver v1.0.25
[INFO] [stderr]    Compiling futures-core v0.3.31
[INFO] [stderr]    Compiling slab v0.4.9
[INFO] [stderr]    Compiling futures-sink v0.3.31
[INFO] [stderr]    Compiling futures-macro v0.3.31
[INFO] [stderr]    Compiling aho-corasick v1.1.3
[INFO] [stderr]    Compiling pin-project-lite v0.2.16
[INFO] [stderr]    Compiling regex-syntax v0.8.5
[INFO] [stderr]    Compiling futures-io v0.3.31
[INFO] [stderr]    Compiling pin-utils v0.1.0
[INFO] [stderr]    Compiling futures-channel v0.3.31
[INFO] [stderr]    Compiling futures-task v0.3.31
[INFO] [stderr]    Compiling glob v0.3.2
[INFO] [stderr]    Compiling rustc_version v0.4.1
[INFO] [stderr]    Compiling relative-path v1.9.3
[INFO] [stderr]    Compiling cfg-if v1.0.0
[INFO] [stderr]    Compiling futures-timer v3.0.3
[INFO] [stdout] warning: use of deprecated type alias `std::panic::PanicInfo`: use `PanicHookInfo` instead
[INFO] [stdout]    --> src/lib.rs:210:28
[INFO] [stdout]     |
[INFO] [stdout] 210 | fn hook(info: &std::panic::PanicInfo<'_>) {
[INFO] [stdout]     |                            ^^^^^^^^^
[INFO] [stdout]     |
[INFO] [stdout]     = note: `#[warn(deprecated)]` on by default
[INFO] [stdout] 
[INFO] [stdout] 
[INFO] [stdout] warning: use of deprecated associated function `pb::substreams::store_delta::Operation::from_i32`: Use the TryFrom<i32> implementation instead
[INFO] [stdout]     --> src/store.rs:1648:16
[INFO] [stdout]      |
[INFO] [stdout] 1648 |     Operation::from_i32(operation).unwrap_or_else(|| panic!("unhandled operation: {}", operation))
[INFO] [stdout]      |                ^^^^^^^^
[INFO] [stdout] 
[INFO] [stdout] 
[INFO] [stderr]    Compiling rstest_macros v0.19.0
[INFO] [stderr]    Compiling futures-util v0.3.31
[INFO] [stderr]    Compiling regex-automata v0.4.9
[INFO] [stderr]    Compiling futures-executor v0.3.31
[INFO] [stderr]    Compiling futures v0.3.31
[INFO] [stderr]    Compiling regex v1.11.1
[INFO] [stderr]    Compiling rstest v0.19.0
[INFO] [stderr]    Compiling substreams v0.6.0 (/opt/rustwide/workdir)
[INFO] [stdout] warning: use of deprecated type alias `std::panic::PanicInfo`: use `PanicHookInfo` instead
[INFO] [stdout]    --> src/lib.rs:210:28
[INFO] [stdout]     |
[INFO] [stdout] 210 | fn hook(info: &std::panic::PanicInfo<'_>) {
[INFO] [stdout]     |                            ^^^^^^^^^
[INFO] [stdout]     |
[INFO] [stdout]     = note: `#[warn(deprecated)]` on by default
[INFO] [stdout] 
[INFO] [stdout] 
[INFO] [stdout] warning: use of deprecated associated function `pb::substreams::store_delta::Operation::from_i32`: Use the TryFrom<i32> implementation instead
[INFO] [stdout]     --> src/store.rs:1648:16
[INFO] [stdout]      |
[INFO] [stdout] 1648 |     Operation::from_i32(operation).unwrap_or_else(|| panic!("unhandled operation: {}", operation))
[INFO] [stdout]      |                ^^^^^^^^
[INFO] [stdout] 
[INFO] [stdout] 
[INFO] [stderr]     Finished `test` profile [unoptimized + debuginfo] target(s) in 16.80s
[INFO] running `Command { std: "docker" "inspect" "f5def51ffb1e1767394a551306a3c5fb803b8ef3df45f24e50966e568960d1fe", kill_on_drop: false }`
[INFO] running `Command { std: "docker" "rm" "-f" "f5def51ffb1e1767394a551306a3c5fb803b8ef3df45f24e50966e568960d1fe", kill_on_drop: false }`
[INFO] [stdout] f5def51ffb1e1767394a551306a3c5fb803b8ef3df45f24e50966e568960d1fe
[INFO] running `Command { std: "docker" "create" "-v" "/var/lib/crater-agent-workspace/builds/worker-3-tc1/target:/opt/rustwide/target:rw,Z" "-v" "/var/lib/crater-agent-workspace/builds/worker-3-tc1/source:/opt/rustwide/workdir:ro,Z" "-v" "/var/lib/crater-agent-workspace/cargo-home:/opt/rustwide/cargo-home:ro,Z" "-v" "/var/lib/crater-agent-workspace/rustup-home:/opt/rustwide/rustup-home:ro,Z" "-e" "SOURCE_DIR=/opt/rustwide/workdir" "-e" "CARGO_TARGET_DIR=/opt/rustwide/target" "-e" "CARGO_INCREMENTAL=0" "-e" "RUST_BACKTRACE=full" "-e" "RUSTFLAGS=--cap-lints=forbid" "-e" "RUSTDOCFLAGS=--cap-lints=forbid" "-e" "CARGO_HOME=/opt/rustwide/cargo-home" "-e" "RUSTUP_HOME=/opt/rustwide/rustup-home" "-w" "/opt/rustwide/workdir" "-m" "1610612736" "--user" "0:0" "--network" "none" "ghcr.io/rust-lang/crates-build-env/linux@sha256:819108c5571ea2e421544af4d832f968d213c87fbe3707a016657f43d2f853bc" "/opt/rustwide/cargo-home/bin/cargo" "+nightly-2025-01-18" "test" "--frozen", kill_on_drop: false }`
[INFO] [stdout] eb32cd1dd130b85b3e1b77bb65be0bf19b0a896c7e40d2b5cb770646195b99ca
[INFO] running `Command { std: "docker" "start" "-a" "eb32cd1dd130b85b3e1b77bb65be0bf19b0a896c7e40d2b5cb770646195b99ca", kill_on_drop: false }`
[INFO] [stderr] warning: use of deprecated type alias `std::panic::PanicInfo`: use `PanicHookInfo` instead
[INFO] [stderr]    --> src/lib.rs:210:28
[INFO] [stderr]     |
[INFO] [stderr] 210 | fn hook(info: &std::panic::PanicInfo<'_>) {
[INFO] [stderr]     |                            ^^^^^^^^^
[INFO] [stderr]     |
[INFO] [stderr]     = note: `#[warn(deprecated)]` on by default
[INFO] [stderr] 
[INFO] [stderr] warning: use of deprecated associated function `pb::substreams::store_delta::Operation::from_i32`: Use the TryFrom<i32> implementation instead
[INFO] [stderr]     --> src/store.rs:1648:16
[INFO] [stderr]      |
[INFO] [stderr] 1648 |     Operation::from_i32(operation).unwrap_or_else(|| panic!("unhandled operation: {}", operation))
[INFO] [stderr]      |                ^^^^^^^^
[INFO] [stderr] 
[INFO] [stderr] warning: `substreams` (lib) generated 2 warnings
[INFO] [stderr] warning: `substreams` (lib test) generated 2 warnings (2 duplicates)
[INFO] [stderr]     Finished `test` profile [unoptimized + debuginfo] target(s) in 0.11s
[INFO] [stderr]      Running unittests src/lib.rs (/opt/rustwide/target/debug/deps/substreams-635dde3ad348ed2c)
[INFO] [stdout] 
[INFO] [stdout] running 86 tests
[INFO] [stdout] test expr_parser::tests::it_expr_matcher_matches_keys ... ok
[INFO] [stdout] test expr_parser::tests::test_matches_keys_in_parsed_expr::case_01 ... ok
[INFO] [stdout] test expr_parser::tests::test_matches_keys_in_parsed_expr::case_03 ... ok
[INFO] [stdout] test expr_parser::tests::test_matches_keys_in_parsed_expr::case_04 ... ok
[INFO] [stdout] test expr_parser::tests::test_matches_keys_in_parsed_expr::case_02 ... ok
[INFO] [stdout] test expr_parser::tests::test_matches_keys_in_parsed_expr::case_05 ... ok
[INFO] [stdout] test expr_parser::tests::test_matches_keys_in_parsed_expr::case_06 ... ok
[INFO] [stdout] test expr_parser::tests::test_matches_keys_in_parsed_expr::case_08 ... ok
[INFO] [stdout] test expr_parser::tests::test_matches_keys_in_parsed_expr::case_10 ... ok
[INFO] [stdout] test expr_parser::tests::test_matches_keys_in_parsed_expr::case_12 ... ok
[INFO] [stdout] test expr_parser::tests::test_matches_keys_in_parsed_expr::case_13 ... ok
[INFO] [stdout] test expr_parser::tests::test_matches_keys_in_parsed_expr::case_14 ... ok
[INFO] [stdout] test expr_parser::tests::test_matches_keys_in_parsed_expr::case_15 ... ok
[INFO] [stdout] test expr_parser::tests::test_matches_keys_in_parsed_expr::case_16 ... ok
[INFO] [stdout] test expr_parser::tests::test_matches_keys_in_parsed_expr::case_17 ... ok
[INFO] [stdout] test expr_parser::tests::test_matches_keys_in_parsed_expr::case_18 ... ok
[INFO] [stdout] test expr_parser::tests::test_matches_keys_in_parsed_expr::case_19 ... ok
[INFO] [stdout] test expr_parser::tests::test_matches_keys_in_parsed_expr::case_20 ... ok
[INFO] [stdout] test expr_parser::tests::test_matches_keys_in_parsed_expr::case_23 ... ok
[INFO] [stdout] test expr_parser::tests::test_matches_keys_in_parsed_expr::case_09 ... ok
[INFO] [stdout] test expr_parser::tests::test_matches_keys_in_parsed_expr::case_11 ... ok
[INFO] [stdout] test expr_parser::tests::test_matches_keys_in_parsed_expr::case_24 ... ok
[INFO] [stdout] test expr_parser::tests::test_matches_keys_in_parsed_expr::case_25 ... ok
[INFO] [stdout] test expr_parser::tests::test_matches_keys_in_parsed_expr::case_27 ... ok
[INFO] [stdout] test expr_parser::tests::test_matches_keys_in_parsed_expr::case_07 ... ok
[INFO] [stdout] test expr_parser::tests::test_matches_keys_in_parsed_expr::case_26 ... ok
[INFO] [stdout] test expr_parser::tests::test_matches_keys_in_parsed_expr::case_28 ... ok
[INFO] [stdout] test expr_parser::tests::test_matches_keys_in_parsed_expr::case_21 ... ok
[INFO] [stdout] test expr_parser::tests::test_matches_keys_in_parsed_expr::case_29 ... ok
[INFO] [stdout] test expr_parser::tests::test_matches_keys_in_parsed_expr::case_22 ... ok
[INFO] [stdout] test expr_parser::tests::test_matches_keys_in_parsed_expr::case_32 ... ok
[INFO] [stdout] test expr_parser::tests::test_matches_keys_in_parsed_expr::case_36 ... ok
[INFO] [stdout] test expr_parser::tests::test_matches_keys_in_parsed_expr::case_37 ... ok
[INFO] [stdout] test expr_parser::tests::test_matches_keys_in_parsed_expr::case_33 ... ok
[INFO] [stdout] test expr_parser::tests::test_matches_keys_in_parsed_expr::case_34 ... ok
[INFO] [stdout] test expr_parser::tests::test_matches_keys_in_parsed_expr::case_39 ... ok
[INFO] [stdout] test expr_parser::tests::test_matches_keys_in_parsed_expr::case_38 ... ok
[INFO] [stdout] test expr_parser::tests::test_matches_keys_in_parsed_expr::case_40 ... ok
[INFO] [stdout] test expr_parser::tests::test_matches_keys_in_parsed_expr::case_43 ... ok
[INFO] [stdout] test expr_parser::tests::test_matches_keys_in_parsed_expr::case_44 ... ok
[INFO] [stdout] test expr_parser::tests::test_matches_keys_in_parsed_expr::case_45 ... ok
[INFO] [stdout] test expr_parser::tests::test_matches_keys_in_parsed_expr::case_42 ... ok
[INFO] [stdout] test expr_parser::tests::test_matches_keys_in_parsed_expr::case_30 ... ok
[INFO] [stdout] test expr_parser::tests::test_matches_keys_in_parsed_expr::case_31 ... ok
[INFO] [stdout] test expr_parser::tests::test_matches_keys_in_parsed_expr::case_35 ... ok
[INFO] [stdout] test expr_parser::tests::test_matches_keys_in_parsed_expr::case_41 ... ok
[INFO] [stdout] test expr_parser::tests::test_parsing_error::case_3 ... ok
[INFO] [stdout] test expr_parser::tests::test_parsing_error::case_4 ... ok
[INFO] [stdout] test expr_parser::tests::test_parsing_error::case_1 ... ok
[INFO] [stdout] test expr_parser::tests::test_parsing_error::case_5 ... ok
[INFO] [stdout] test expr_parser::tests::test_parsing_error::case_6 ... ok
[INFO] [stdout] test hex::tests::it_decode_without_hex_prefix_correctly ... ok
[INFO] [stdout] test hex::tests::it_encode_lower_hex_correctly ... ok
[INFO] [stdout] test scalar::tests::big_uint_minus_int_is_signed ... ok
[INFO] [stdout] test scalar::tests::bigdecimal_divide_by_decimals ... ok
[INFO] [stdout] test scalar::tests::bigdecimal_op_bigint ... ok
[INFO] [stdout] test hex::tests::it_decode_remove_hex_prefix_correctly ... ok
[INFO] [stdout] test scalar::tests::bigint_bitshift ... ok
[INFO] [stdout] test scalar::tests::bigint_div_rem_by_bigint ... ok
[INFO] [stdout] test scalar::tests::bigint_op_bigdecimal ... ok
[INFO] [stdout] test scalar::tests::bigint_op_int ... ok
[INFO] [stdout] test scalar::tests::bigint_op_float ... ok
[INFO] [stdout] test scalar::tests::float_op_bigint ... ok
[INFO] [stdout] test hex::tests::it_decode_remove_hex_prefix_string_correctly ... ok
[INFO] [stdout] test store::tests::delta_array_strring ... ok
[INFO] [stdout] test scalar::tests::int_op_bigint ... ok
[INFO] [stdout] test hex::tests::it_decode_without_hex_prefix_string_correctly ... ok
[INFO] [stdout] test store::tests::no_bytes_decode_bytes_to_f64 ... ok
[INFO] [stdout] test store::tests::no_bytes_decode_bytes_to_i32 ... ok
[INFO] [stdout] test store::tests::no_bytes_decode_bytes_to_i64 ... ok
[INFO] [stdout] test store::tests::split_arrays_multiple_string_elements ... ok
[INFO] [stdout] test store::tests::split_arrays_no_elements ... ok
[INFO] [stdout] test store::tests::split_arrays_one_string_element ... ok
[INFO] [stdout] test store::tests::valid_f64_decode_bytes_to_f64 ... ok
[INFO] [stdout] test store::tests::valid_f64_max_value_decode_bytes_to_f64 ... ok
[INFO] [stdout] test store::tests::valid_int64_decode_bytes_to_i32 ... ok
[INFO] [stdout] test store::tests::valid_int64_decode_bytes_to_i64 ... ok
[INFO] [stdout] test errors::test::test_from_with_context ... FAILED
[INFO] [stdout] test store::tests::valid_int64_max_value_decode_bytes_to_i32 ... ok
[INFO] [stdout] test store::tests::valid_int64_max_value_decode_bytes_to_i64 ... ok
[INFO] [stdout] test scalar::tests::bigint_divide_by_decimals ... ok
[INFO] [stdout] test expr_parser::tests::test_parsing_error::case_2 ... ok
[INFO] [stdout] test errors::test::test_from_std_error ... FAILED
[INFO] [stdout] test store::tests::invalid_bytes_decode_bytes_to_i64 - should panic ... ok
[INFO] [stdout] test store::tests::invalid_bytes_decode_bytes_to_i32 - should panic ... ok
[INFO] [stdout] test store::tests::invalid_bytes_decode_bytes_to_f64 - should panic ... ok
[INFO] [stdout] 
[INFO] [stdout] failures:
[INFO] [stdout] 
[INFO] [stdout] ---- errors::test::test_from_with_context stdout ----
[INFO] [stdout] 
[INFO] [stdout] thread 'errors::test::test_from_with_context' panicked at src/errors.rs:64:9:
[INFO] [stdout] assertion `left == right` failed
[INFO] [stdout]   left: "source\n\nStack backtrace:\n   0: anyhow::error::<impl anyhow::Error>::msg\n             at /opt/rustwide/cargo-home/registry/src/index.crates.io-1949cf8c6b5b557f/anyhow-1.0.95/src/backtrace.rs:27:14\n   1: anyhow::__private::format_err\n             at /opt/rustwide/cargo-home/registry/src/index.crates.io-1949cf8c6b5b557f/anyhow-1.0.95/src/lib.rs:691:13\n   2: substreams::errors::test::test_from_with_context\n             at ./src/errors.rs:61:19\n   3: substreams::errors::test::test_from_with_context::{{closure}}\n             at ./src/errors.rs:60:32\n   4: core::ops::function::FnOnce::call_once\n             at /rustc/6067b36314ab5eb2eb47cecc464545ba58e1ad24/library/core/src/ops/function.rs:250:5\n   5: core::ops::function::FnOnce::call_once\n             at /rustc/6067b36314ab5eb2eb47cecc464545ba58e1ad24/library/core/src/ops/function.rs:250:5\n   6: test::__rust_begin_short_backtrace\n             at /rustc/6067b36314ab5eb2eb47cecc464545ba58e1ad24/library/test/src/lib.rs:632:18\n   7: test::run_test_in_process::{{closure}}\n             at /rustc/6067b36314ab5eb2eb47cecc464545ba58e1ad24/library/test/src/lib.rs:655:60\n   8: <core::panic::unwind_safe::AssertUnwindSafe<F> as core::ops::function::FnOnce<()>>::call_once\n             at /rustc/6067b36314ab5eb2eb47cecc464545ba58e1ad24/library/core/src/panic/unwind_safe.rs:272:9\n   9: std::panicking::try::do_call\n             at /rustc/6067b36314ab5eb2eb47cecc464545ba58e1ad24/library/std/src/panicking.rs:587:40\n  10: std::panicking::try\n             at /rustc/6067b36314ab5eb2eb47cecc464545ba58e1ad24/library/std/src/panicking.rs:550:19\n  11: std::panic::catch_unwind\n             at /rustc/6067b36314ab5eb2eb47cecc464545ba58e1ad24/library/std/src/panic.rs:358:14\n  12: test::run_test_in_process\n             at /rustc/6067b36314ab5eb2eb47cecc464545ba58e1ad24/library/test/src/lib.rs:655:27\n  13: test::run_test::{{closure}}\n             at /rustc/6067b36314ab5eb2eb47cecc464545ba58e1ad24/library/test/src/lib.rs:576:43\n  14: test::run_test::{{closure}}\n             at /rustc/6067b36314ab5eb2eb47cecc464545ba58e1ad24/library/test/src/lib.rs:606:41\n  15: std::sys::backtrace::__rust_begin_short_backtrace\n             at /rustc/6067b36314ab5eb2eb47cecc464545ba58e1ad24/library/std/src/sys/backtrace.rs:152:18\n  16: std::thread::Builder::spawn_unchecked_::{{closure}}::{{closure}}\n             at /rustc/6067b36314ab5eb2eb47cecc464545ba58e1ad24/library/std/src/thread/mod.rs:559:17\n  17: <core::panic::unwind_safe::AssertUnwindSafe<F> as core::ops::function::FnOnce<()>>::call_once\n             at /rustc/6067b36314ab5eb2eb47cecc464545ba58e1ad24/library/core/src/panic/unwind_safe.rs:272:9\n  18: std::panicking::try::do_call\n             at /rustc/6067b36314ab5eb2eb47cecc464545ba58e1ad24/library/std/src/panicking.rs:587:40\n  19: std::panicking::try\n             at /rustc/6067b36314ab5eb2eb47cecc464545ba58e1ad24/library/std/src/panicking.rs:550:19\n  20: std::panic::catch_unwind\n             at /rustc/6067b36314ab5eb2eb47cecc464545ba58e1ad24/library/std/src/panic.rs:358:14\n  21: std::thread::Builder::spawn_unchecked_::{{closure}}\n             at /rustc/6067b36314ab5eb2eb47cecc464545ba58e1ad24/library/std/src/thread/mod.rs:557:30\n  22: core::ops::function::FnOnce::call_once{{vtable.shim}}\n             at /rustc/6067b36314ab5eb2eb47cecc464545ba58e1ad24/library/core/src/ops/function.rs:250:5\n  23: <alloc::boxed::Box<F,A> as core::ops::function::FnOnce<Args>>::call_once\n             at /rustc/6067b36314ab5eb2eb47cecc464545ba58e1ad24/library/alloc/src/boxed.rs:2013:9\n  24: <alloc::boxed::Box<F,A> as core::ops::function::FnOnce<Args>>::call_once\n             at /rustc/6067b36314ab5eb2eb47cecc464545ba58e1ad24/library/alloc/src/boxed.rs:2013:9\n  25: std::sys::pal::unix::thread::Thread::new::thread_start\n             at /rustc/6067b36314ab5eb2eb47cecc464545ba58e1ad24/library/std/src/sys/pal/unix/thread.rs:106:17\n  26: <unknown>\n  27: clone"
[INFO] [stdout]  right: "source"
[INFO] [stdout] stack backtrace:
[INFO] [stdout]    0:     0x60302586534a - std::backtrace_rs::backtrace::libunwind::trace::hb059275cfc8d6126
[INFO] [stdout]                                at /rustc/6067b36314ab5eb2eb47cecc464545ba58e1ad24/library/std/src/../../backtrace/src/backtrace/libunwind.rs:116:5
[INFO] [stdout]    1:     0x60302586534a - std::backtrace_rs::backtrace::trace_unsynchronized::h2da071e4327ce3ee
[INFO] [stdout]                                at /rustc/6067b36314ab5eb2eb47cecc464545ba58e1ad24/library/std/src/../../backtrace/src/backtrace/mod.rs:66:5
[INFO] [stdout]    2:     0x60302586534a - std::sys::backtrace::_print_fmt::h842a1474e6f8d23f
[INFO] [stdout]                                at /rustc/6067b36314ab5eb2eb47cecc464545ba58e1ad24/library/std/src/sys/backtrace.rs:66:9
[INFO] [stdout]    3:     0x60302586534a - <std::sys::backtrace::BacktraceLock::print::DisplayBacktrace as core::fmt::Display>::fmt::h71a62eb3b9696b12
[INFO] [stdout]                                at /rustc/6067b36314ab5eb2eb47cecc464545ba58e1ad24/library/std/src/sys/backtrace.rs:39:26
[INFO] [stdout]    4:     0x60302588f1f3 - core::fmt::rt::Argument::fmt::hdb6b616786b41dc1
[INFO] [stdout]                                at /rustc/6067b36314ab5eb2eb47cecc464545ba58e1ad24/library/core/src/fmt/rt.rs:177:76
[INFO] [stdout]    5:     0x60302588f1f3 - core::fmt::write::h2cc1698af7e2d686
[INFO] [stdout]                                at /rustc/6067b36314ab5eb2eb47cecc464545ba58e1ad24/library/core/src/fmt/mod.rs:1440:21
[INFO] [stdout]    6:     0x603025861cb3 - std::io::Write::write_fmt::hab1b4cd059a79022
[INFO] [stdout]                                at /rustc/6067b36314ab5eb2eb47cecc464545ba58e1ad24/library/std/src/io/mod.rs:1887:15
[INFO] [stdout]    7:     0x603025865192 - std::sys::backtrace::BacktraceLock::print::h147fe35b4ea13b08
[INFO] [stdout]                                at /rustc/6067b36314ab5eb2eb47cecc464545ba58e1ad24/library/std/src/sys/backtrace.rs:42:9
[INFO] [stdout]    8:     0x60302586676f - std::panicking::default_hook::{{closure}}::hbd44223dbdc0d208
[INFO] [stdout]                                at /rustc/6067b36314ab5eb2eb47cecc464545ba58e1ad24/library/std/src/panicking.rs:298:22
[INFO] [stdout]    9:     0x603025866588 - std::panicking::default_hook::h20f81eb0576efcec
[INFO] [stdout]                                at /rustc/6067b36314ab5eb2eb47cecc464545ba58e1ad24/library/std/src/panicking.rs:322:9
[INFO] [stdout]   10:     0x6030257f3503 - <alloc::boxed::Box<F,A> as core::ops::function::Fn<Args>>::call::hdb53814c496a4d34
[INFO] [stdout]                                at /rustc/6067b36314ab5eb2eb47cecc464545ba58e1ad24/library/alloc/src/boxed.rs:2027:9
[INFO] [stdout]   11:     0x6030257f3503 - test::test_main::{{closure}}::hc0a4963c59427c24
[INFO] [stdout]                                at /rustc/6067b36314ab5eb2eb47cecc464545ba58e1ad24/library/test/src/lib.rs:134:21
[INFO] [stdout]   12:     0x603025867263 - <alloc::boxed::Box<F,A> as core::ops::function::Fn<Args>>::call::h591b2225413a77e9
[INFO] [stdout]                                at /rustc/6067b36314ab5eb2eb47cecc464545ba58e1ad24/library/alloc/src/boxed.rs:2027:9
[INFO] [stdout]   13:     0x603025867263 - std::panicking::rust_panic_with_hook::h625eea43051b2edc
[INFO] [stdout]                                at /rustc/6067b36314ab5eb2eb47cecc464545ba58e1ad24/library/std/src/panicking.rs:839:13
[INFO] [stdout]   14:     0x603025866f1a - std::panicking::begin_panic_handler::{{closure}}::h4f9159cfbc3f6bd3
[INFO] [stdout]                                at /rustc/6067b36314ab5eb2eb47cecc464545ba58e1ad24/library/std/src/panicking.rs:704:13
[INFO] [stdout]   15:     0x603025865849 - std::sys::backtrace::__rust_end_short_backtrace::h0390abce48353151
[INFO] [stdout]                                at /rustc/6067b36314ab5eb2eb47cecc464545ba58e1ad24/library/std/src/sys/backtrace.rs:168:18
[INFO] [stdout]   16:     0x603025866bad - rust_begin_unwind
[INFO] [stdout]                                at /rustc/6067b36314ab5eb2eb47cecc464545ba58e1ad24/library/std/src/panicking.rs:695:5
[INFO] [stdout]   17:     0x60302588c630 - core::panicking::panic_fmt::h9e7c637e9e5f29c9
[INFO] [stdout]                                at /rustc/6067b36314ab5eb2eb47cecc464545ba58e1ad24/library/core/src/panicking.rs:75:14
[INFO] [stdout]   18:     0x60302588ca22 - core::panicking::assert_failed_inner::h538bec7c1374cd9c
[INFO] [stdout]   19:     0x603025795a46 - core::panicking::assert_failed::h7973aff9440b9a8c
[INFO] [stdout]                                at /rustc/6067b36314ab5eb2eb47cecc464545ba58e1ad24/library/core/src/panicking.rs:364:5
[INFO] [stdout]   20:     0x6030257855e3 - substreams::errors::test::test_from_with_context::h5c5cd434c0e9c698
[INFO] [stdout]                                at /opt/rustwide/workdir/src/errors.rs:64:9
[INFO] [stdout]   21:     0x603025785447 - substreams::errors::test::test_from_with_context::{{closure}}::h1fba3d3b4fc2d2f2
[INFO] [stdout]                                at /opt/rustwide/workdir/src/errors.rs:60:32
[INFO] [stdout]   22:     0x6030257a08c6 - core::ops::function::FnOnce::call_once::hdc98201362495d61
[INFO] [stdout]                                at /rustc/6067b36314ab5eb2eb47cecc464545ba58e1ad24/library/core/src/ops/function.rs:250:5
[INFO] [stdout]   23:     0x6030257f8c5b - core::ops::function::FnOnce::call_once::he27718dfdd183f43
[INFO] [stdout]                                at /rustc/6067b36314ab5eb2eb47cecc464545ba58e1ad24/library/core/src/ops/function.rs:250:5
[INFO] [stdout]   24:     0x6030257f8c5b - test::__rust_begin_short_backtrace::h4e84902998457a5d
[INFO] [stdout]                                at /rustc/6067b36314ab5eb2eb47cecc464545ba58e1ad24/library/test/src/lib.rs:632:18
[INFO] [stdout]   25:     0x6030257f7b93 - test::run_test_in_process::{{closure}}::h7176fd18fc1feca0
[INFO] [stdout]                                at /rustc/6067b36314ab5eb2eb47cecc464545ba58e1ad24/library/test/src/lib.rs:655:60
[INFO] [stdout]   26:     0x6030257f7b93 - <core::panic::unwind_safe::AssertUnwindSafe<F> as core::ops::function::FnOnce<()>>::call_once::hf79cff2a624d8cf7
[INFO] [stdout]                                at /rustc/6067b36314ab5eb2eb47cecc464545ba58e1ad24/library/core/src/panic/unwind_safe.rs:272:9
[INFO] [stdout]   27:     0x6030257f7b93 - std::panicking::try::do_call::h3da0561d9ab99c25
[INFO] [stdout]                                at /rustc/6067b36314ab5eb2eb47cecc464545ba58e1ad24/library/std/src/panicking.rs:587:40
[INFO] [stdout]   28:     0x6030257f7b93 - std::panicking::try::h41c9fa508bc61df6
[INFO] [stdout]                                at /rustc/6067b36314ab5eb2eb47cecc464545ba58e1ad24/library/std/src/panicking.rs:550:19
[INFO] [stdout]   29:     0x6030257f7b93 - std::panic::catch_unwind::h6b3ff07bb5afad93
[INFO] [stdout]                                at /rustc/6067b36314ab5eb2eb47cecc464545ba58e1ad24/library/std/src/panic.rs:358:14
[INFO] [stdout]   30:     0x6030257f7b93 - test::run_test_in_process::hc7253dd11b39b9f4
[INFO] [stdout]                                at /rustc/6067b36314ab5eb2eb47cecc464545ba58e1ad24/library/test/src/lib.rs:655:27
[INFO] [stdout]   31:     0x6030257f7b93 - test::run_test::{{closure}}::hfb2007f8649c30bb
[INFO] [stdout]                                at /rustc/6067b36314ab5eb2eb47cecc464545ba58e1ad24/library/test/src/lib.rs:576:43
[INFO] [stdout]   32:     0x6030257bac75 - test::run_test::{{closure}}::h56a17aa7a282a9f4
[INFO] [stdout]                                at /rustc/6067b36314ab5eb2eb47cecc464545ba58e1ad24/library/test/src/lib.rs:606:41
[INFO] [stdout]   33:     0x6030257bac75 - std::sys::backtrace::__rust_begin_short_backtrace::hd2d2d2fb8e8c6aac
[INFO] [stdout]                                at /rustc/6067b36314ab5eb2eb47cecc464545ba58e1ad24/library/std/src/sys/backtrace.rs:152:18
[INFO] [stdout]   34:     0x6030257be55a - std::thread::Builder::spawn_unchecked_::{{closure}}::{{closure}}::h4faa3f9db6133423
[INFO] [stdout]                                at /rustc/6067b36314ab5eb2eb47cecc464545ba58e1ad24/library/std/src/thread/mod.rs:559:17
[INFO] [stdout]   35:     0x6030257be55a - <core::panic::unwind_safe::AssertUnwindSafe<F> as core::ops::function::FnOnce<()>>::call_once::hf2e855a36a4ea846
[INFO] [stdout]                                at /rustc/6067b36314ab5eb2eb47cecc464545ba58e1ad24/library/core/src/panic/unwind_safe.rs:272:9
[INFO] [stdout]   36:     0x6030257be55a - std::panicking::try::do_call::h2f73af3616c35465
[INFO] [stdout]                                at /rustc/6067b36314ab5eb2eb47cecc464545ba58e1ad24/library/std/src/panicking.rs:587:40
[INFO] [stdout]   37:     0x6030257be55a - std::panicking::try::hd1660ce9efadef5a
[INFO] [stdout]                                at /rustc/6067b36314ab5eb2eb47cecc464545ba58e1ad24/library/std/src/panicking.rs:550:19
[INFO] [stdout]   38:     0x6030257be55a - std::panic::catch_unwind::h5ee8d7823b8ca744
[INFO] [stdout]                                at /rustc/6067b36314ab5eb2eb47cecc464545ba58e1ad24/library/std/src/panic.rs:358:14
[INFO] [stdout]   39:     0x6030257be55a - std::thread::Builder::spawn_unchecked_::{{closure}}::h53c3a1894dce8407
[INFO] [stdout]                                at /rustc/6067b36314ab5eb2eb47cecc464545ba58e1ad24/library/std/src/thread/mod.rs:557:30
[INFO] [stdout]   40:     0x6030257be55a - core::ops::function::FnOnce::call_once{{vtable.shim}}::h048ce291ad4f62bf
[INFO] [stdout]                                at /rustc/6067b36314ab5eb2eb47cecc464545ba58e1ad24/library/core/src/ops/function.rs:250:5
[INFO] [stdout]   41:     0x60302586b19b - <alloc::boxed::Box<F,A> as core::ops::function::FnOnce<Args>>::call_once::ha52bedf99a3b4981
[INFO] [stdout]                                at /rustc/6067b36314ab5eb2eb47cecc464545ba58e1ad24/library/alloc/src/boxed.rs:2013:9
[INFO] [stdout]   42:     0x60302586b19b - <alloc::boxed::Box<F,A> as core::ops::function::FnOnce<Args>>::call_once::h567748934d80ccf8
[INFO] [stdout]                                at /rustc/6067b36314ab5eb2eb47cecc464545ba58e1ad24/library/alloc/src/boxed.rs:2013:9
[INFO] [stdout]   43:     0x60302586b19b - std::sys::pal::unix::thread::Thread::new::thread_start::h2d970728ae887adc
[INFO] [stdout]                                at /rustc/6067b36314ab5eb2eb47cecc464545ba58e1ad24/library/std/src/sys/pal/unix/thread.rs:106:17
[INFO] [stdout]   44:     0x7d835cf80ac3 - <unknown>
[INFO] [stdout]   45:     0x7d835d011a04 - clone
[INFO] [stdout]   46:                0x0 - <unknown>
[INFO] [stdout] 
[INFO] [stdout] ---- errors::test::test_from_std_error stdout ----
[INFO] [stdout] 
[INFO] [stdout] thread 'errors::test::test_from_std_error' panicked at src/errors.rs:56:9:
[INFO] [stdout] assertion `left == right` failed
[INFO] [stdout]   left: "test\n\nStack backtrace:\n   0: anyhow::error::<impl core::convert::From<E> for anyhow::Error>::from\n             at /opt/rustwide/cargo-home/registry/src/index.crates.io-1949cf8c6b5b557f/anyhow-1.0.95/src/backtrace.rs:27:14\n   1: substreams::errors::test::test_from_std_error\n             at ./src/errors.rs:54:22\n   2: substreams::errors::test::test_from_std_error::{{closure}}\n             at ./src/errors.rs:52:29\n   3: core::ops::function::FnOnce::call_once\n             at /rustc/6067b36314ab5eb2eb47cecc464545ba58e1ad24/library/core/src/ops/function.rs:250:5\n   4: core::ops::function::FnOnce::call_once\n             at /rustc/6067b36314ab5eb2eb47cecc464545ba58e1ad24/library/core/src/ops/function.rs:250:5\n   5: test::__rust_begin_short_backtrace\n             at /rustc/6067b36314ab5eb2eb47cecc464545ba58e1ad24/library/test/src/lib.rs:632:18\n   6: test::run_test_in_process::{{closure}}\n             at /rustc/6067b36314ab5eb2eb47cecc464545ba58e1ad24/library/test/src/lib.rs:655:60\n   7: <core::panic::unwind_safe::AssertUnwindSafe<F> as core::ops::function::FnOnce<()>>::call_once\n             at /rustc/6067b36314ab5eb2eb47cecc464545ba58e1ad24/library/core/src/panic/unwind_safe.rs:272:9\n   8: std::panicking::try::do_call\n             at /rustc/6067b36314ab5eb2eb47cecc464545ba58e1ad24/library/std/src/panicking.rs:587:40\n   9: std::panicking::try\n             at /rustc/6067b36314ab5eb2eb47cecc464545ba58e1ad24/library/std/src/panicking.rs:550:19\n  10: std::panic::catch_unwind\n             at /rustc/6067b36314ab5eb2eb47cecc464545ba58e1ad24/library/std/src/panic.rs:358:14\n  11: test::run_test_in_process\n             at /rustc/6067b36314ab5eb2eb47cecc464545ba58e1ad24/library/test/src/lib.rs:655:27\n  12: test::run_test::{{closure}}\n             at /rustc/6067b36314ab5eb2eb47cecc464545ba58e1ad24/library/test/src/lib.rs:576:43\n  13: test::run_test::{{closure}}\n             at /rustc/6067b36314ab5eb2eb47cecc464545ba58e1ad24/library/test/src/lib.rs:606:41\n  14: std::sys::backtrace::__rust_begin_short_backtrace\n             at /rustc/6067b36314ab5eb2eb47cecc464545ba58e1ad24/library/std/src/sys/backtrace.rs:152:18\n  15: std::thread::Builder::spawn_unchecked_::{{closure}}::{{closure}}\n             at /rustc/6067b36314ab5eb2eb47cecc464545ba58e1ad24/library/std/src/thread/mod.rs:559:17\n  16: <core::panic::unwind_safe::AssertUnwindSafe<F> as core::ops::function::FnOnce<()>>::call_once\n             at /rustc/6067b36314ab5eb2eb47cecc464545ba58e1ad24/library/core/src/panic/unwind_safe.rs:272:9\n  17: std::panicking::try::do_call\n             at /rustc/6067b36314ab5eb2eb47cecc464545ba58e1ad24/library/std/src/panicking.rs:587:40\n  18: std::panicking::try\n             at /rustc/6067b36314ab5eb2eb47cecc464545ba58e1ad24/library/std/src/panicking.rs:550:19\n  19: std::panic::catch_unwind\n             at /rustc/6067b36314ab5eb2eb47cecc464545ba58e1ad24/library/std/src/panic.rs:358:14\n  20: std::thread::Builder::spawn_unchecked_::{{closure}}\n             at /rustc/6067b36314ab5eb2eb47cecc464545ba58e1ad24/library/std/src/thread/mod.rs:557:30\n  21: core::ops::function::FnOnce::call_once{{vtable.shim}}\n             at /rustc/6067b36314ab5eb2eb47cecc464545ba58e1ad24/library/core/src/ops/function.rs:250:5\n  22: <alloc::boxed::Box<F,A> as core::ops::function::FnOnce<Args>>::call_once\n             at /rustc/6067b36314ab5eb2eb47cecc464545ba58e1ad24/library/alloc/src/boxed.rs:2013:9\n  23: <alloc::boxed::Box<F,A> as core::ops::function::FnOnce<Args>>::call_once\n             at /rustc/6067b36314ab5eb2eb47cecc464545ba58e1ad24/library/alloc/src/boxed.rs:2013:9\n  24: std::sys::pal::unix::thread::Thread::new::thread_start\n             at /rustc/6067b36314ab5eb2eb47cecc464545ba58e1ad24/library/std/src/sys/pal/unix/thread.rs:106:17\n  25: <unknown>\n  26: clone"
[INFO] [stdout]  right: "test"
[INFO] [stdout] stack backtrace:
[INFO] [stdout]    0:     0x60302586534a - std::backtrace_rs::backtrace::libunwind::trace::hb059275cfc8d6126
[INFO] [stdout]                                at /rustc/6067b36314ab5eb2eb47cecc464545ba58e1ad24/library/std/src/../../backtrace/src/backtrace/libunwind.rs:116:5
[INFO] [stdout]    1:     0x60302586534a - std::backtrace_rs::backtrace::trace_unsynchronized::h2da071e4327ce3ee
[INFO] [stdout]                                at /rustc/6067b36314ab5eb2eb47cecc464545ba58e1ad24/library/std/src/../../backtrace/src/backtrace/mod.rs:66:5
[INFO] [stdout]    2:     0x60302586534a - std::sys::backtrace::_print_fmt::h842a1474e6f8d23f
[INFO] [stdout]                                at /rustc/6067b36314ab5eb2eb47cecc464545ba58e1ad24/library/std/src/sys/backtrace.rs:66:9
[INFO] [stdout]    3:     0x60302586534a - <std::sys::backtrace::BacktraceLock::print::DisplayBacktrace as core::fmt::Display>::fmt::h71a62eb3b9696b12
[INFO] [stdout]                                at /rustc/6067b36314ab5eb2eb47cecc464545ba58e1ad24/library/std/src/sys/backtrace.rs:39:26
[INFO] [stdout]    4:     0x60302588f1f3 - core::fmt::rt::Argument::fmt::hdb6b616786b41dc1
[INFO] [stdout]                                at /rustc/6067b36314ab5eb2eb47cecc464545ba58e1ad24/library/core/src/fmt/rt.rs:177:76
[INFO] [stdout]    5:     0x60302588f1f3 - core::fmt::write::h2cc1698af7e2d686
[INFO] [stdout]                                at /rustc/6067b36314ab5eb2eb47cecc464545ba58e1ad24/library/core/src/fmt/mod.rs:1440:21
[INFO] [stdout]    6:     0x603025861cb3 - std::io::Write::write_fmt::hab1b4cd059a79022
[INFO] [stdout]                                at /rustc/6067b36314ab5eb2eb47cecc464545ba58e1ad24/library/std/src/io/mod.rs:1887:15
[INFO] [stdout]    7:     0x603025865192 - std::sys::backtrace::BacktraceLock::print::h147fe35b4ea13b08
[INFO] [stdout]                                at /rustc/6067b36314ab5eb2eb47cecc464545ba58e1ad24/library/std/src/sys/backtrace.rs:42:9
[INFO] [stdout]    8:     0x60302586676f - std::panicking::default_hook::{{closure}}::hbd44223dbdc0d208
[INFO] [stdout]                                at /rustc/6067b36314ab5eb2eb47cecc464545ba58e1ad24/library/std/src/panicking.rs:298:22
[INFO] [stdout]    9:     0x603025866588 - std::panicking::default_hook::h20f81eb0576efcec
[INFO] [stdout]                                at /rustc/6067b36314ab5eb2eb47cecc464545ba58e1ad24/library/std/src/panicking.rs:322:9
[INFO] [stdout]   10:     0x6030257f3503 - <alloc::boxed::Box<F,A> as core::ops::function::Fn<Args>>::call::hdb53814c496a4d34
[INFO] [stdout]                                at /rustc/6067b36314ab5eb2eb47cecc464545ba58e1ad24/library/alloc/src/boxed.rs:2027:9
[INFO] [stdout]   11:     0x6030257f3503 - test::test_main::{{closure}}::hc0a4963c59427c24
[INFO] [stdout]                                at /rustc/6067b36314ab5eb2eb47cecc464545ba58e1ad24/library/test/src/lib.rs:134:21
[INFO] [stdout]   12:     0x603025867263 - <alloc::boxed::Box<F,A> as core::ops::function::Fn<Args>>::call::h591b2225413a77e9
[INFO] [stdout]                                at /rustc/6067b36314ab5eb2eb47cecc464545ba58e1ad24/library/alloc/src/boxed.rs:2027:9
[INFO] [stdout]   13:     0x603025867263 - std::panicking::rust_panic_with_hook::h625eea43051b2edc
[INFO] [stdout]                                at /rustc/6067b36314ab5eb2eb47cecc464545ba58e1ad24/library/std/src/panicking.rs:839:13
[INFO] [stdout]   14:     0x603025866f1a - std::panicking::begin_panic_handler::{{closure}}::h4f9159cfbc3f6bd3
[INFO] [stdout]                                at /rustc/6067b36314ab5eb2eb47cecc464545ba58e1ad24/library/std/src/panicking.rs:704:13
[INFO] [stdout]   15:     0x603025865849 - std::sys::backtrace::__rust_end_short_backtrace::h0390abce48353151
[INFO] [stdout]                                at /rustc/6067b36314ab5eb2eb47cecc464545ba58e1ad24/library/std/src/sys/backtrace.rs:168:18
[INFO] [stdout]   16:     0x603025866bad - rust_begin_unwind
[INFO] [stdout]                                at /rustc/6067b36314ab5eb2eb47cecc464545ba58e1ad24/library/std/src/panicking.rs:695:5
[INFO] [stdout]   17:     0x60302588c630 - core::panicking::panic_fmt::h9e7c637e9e5f29c9
[INFO] [stdout]                                at /rustc/6067b36314ab5eb2eb47cecc464545ba58e1ad24/library/core/src/panicking.rs:75:14
[INFO] [stdout]   18:     0x60302588ca22 - core::panicking::assert_failed_inner::h538bec7c1374cd9c
[INFO] [stdout]   19:     0x603025795a46 - core::panicking::assert_failed::h7973aff9440b9a8c
[INFO] [stdout]                                at /rustc/6067b36314ab5eb2eb47cecc464545ba58e1ad24/library/core/src/panicking.rs:364:5
[INFO] [stdout]   20:     0x6030257853f2 - substreams::errors::test::test_from_std_error::hf76e48898193cd4a
[INFO] [stdout]                                at /opt/rustwide/workdir/src/errors.rs:56:9
[INFO] [stdout]   21:     0x603025785277 - substreams::errors::test::test_from_std_error::{{closure}}::he34e487feba13ecd
[INFO] [stdout]                                at /opt/rustwide/workdir/src/errors.rs:52:29
[INFO] [stdout]   22:     0x6030257a0746 - core::ops::function::FnOnce::call_once::hc8e327371b2b8740
[INFO] [stdout]                                at /rustc/6067b36314ab5eb2eb47cecc464545ba58e1ad24/library/core/src/ops/function.rs:250:5
[INFO] [stdout]   23:     0x6030257f8c5b - core::ops::function::FnOnce::call_once::he27718dfdd183f43
[INFO] [stdout]                                at /rustc/6067b36314ab5eb2eb47cecc464545ba58e1ad24/library/core/src/ops/function.rs:250:5
[INFO] [stdout]   24:     0x6030257f8c5b - test::__rust_begin_short_backtrace::h4e84902998457a5d
[INFO] [stdout]                                at /rustc/6067b36314ab5eb2eb47cecc464545ba58e1ad24/library/test/src/lib.rs:632:18
[INFO] [stdout]   25:     0x6030257f7b93 - test::run_test_in_process::{{closure}}::h7176fd18fc1feca0
[INFO] [stdout]                                at /rustc/6067b36314ab5eb2eb47cecc464545ba58e1ad24/library/test/src/lib.rs:655:60
[INFO] [stdout]   26:     0x6030257f7b93 - <core::panic::unwind_safe::AssertUnwindSafe<F> as core::ops::function::FnOnce<()>>::call_once::hf79cff2a624d8cf7
[INFO] [stdout]                                at /rustc/6067b36314ab5eb2eb47cecc464545ba58e1ad24/library/core/src/panic/unwind_safe.rs:272:9
[INFO] [stdout]   27:     0x6030257f7b93 - std::panicking::try::do_call::h3da0561d9ab99c25
[INFO] [stdout]                                at /rustc/6067b36314ab5eb2eb47cecc464545ba58e1ad24/library/std/src/panicking.rs:587:40
[INFO] [stdout]   28:     0x6030257f7b93 - std::panicking::try::h41c9fa508bc61df6
[INFO] [stdout]                                at /rustc/6067b36314ab5eb2eb47cecc464545ba58e1ad24/library/std/src/panicking.rs:550:19
[INFO] [stdout]   29:     0x6030257f7b93 - std::panic::catch_unwind::h6b3ff07bb5afad93
[INFO] [stdout]                                at /rustc/6067b36314ab5eb2eb47cecc464545ba58e1ad24/library/std/src/panic.rs:358:14
[INFO] [stdout]   30:     0x6030257f7b93 - test::run_test_in_process::hc7253dd11b39b9f4
[INFO] [stdout]                                at /rustc/6067b36314ab5eb2eb47cecc464545ba58e1ad24/library/test/src/lib.rs:655:27
[INFO] [stdout]   31:     0x6030257f7b93 - test::run_test::{{closure}}::hfb2007f8649c30bb
[INFO] [stdout]                                at /rustc/6067b36314ab5eb2eb47cecc464545ba58e1ad24/library/test/src/lib.rs:576:43
[INFO] [stdout]   32:     0x6030257bac75 - test::run_test::{{closure}}::h56a17aa7a282a9f4
[INFO] [stdout]                                at /rustc/6067b36314ab5eb2eb47cecc464545ba58e1ad24/library/test/src/lib.rs:606:41
[INFO] [stdout]   33:     0x6030257bac75 - std::sys::backtrace::__rust_begin_short_backtrace::hd2d2d2fb8e8c6aac
[INFO] [stdout]                                at /rustc/6067b36314ab5eb2eb47cecc464545ba58e1ad24/library/std/src/sys/backtrace.rs:152:18
[INFO] [stdout]   34:     0x6030257be55a - std::thread::Builder::spawn_unchecked_::{{closure}}::{{closure}}::h4faa3f9db6133423
[INFO] [stdout]                                at /rustc/6067b36314ab5eb2eb47cecc464545ba58e1ad24/library/std/src/thread/mod.rs:559:17
[INFO] [stdout]   35:     0x6030257be55a - <core::panic::unwind_safe::AssertUnwindSafe<F> as core::ops::function::FnOnce<()>>::call_once::hf2e855a36a4ea846
[INFO] [stdout]                                at /rustc/6067b36314ab5eb2eb47cecc464545ba58e1ad24/library/core/src/panic/unwind_safe.rs:272:9
[INFO] [stdout]   36:     0x6030257be55a - std::panicking::try::do_call::h2f73af3616c35465
[INFO] [stdout]                                at /rustc/6067b36314ab5eb2eb47cecc464545ba58e1ad24/library/std/src/panicking.rs:587:40
[INFO] [stdout]   37:     0x6030257be55a - std::panicking::try::hd1660ce9efadef5a
[INFO] [stdout]                                at /rustc/6067b36314ab5eb2eb47cecc464545ba58e1ad24/library/std/src/panicking.rs:550:19
[INFO] [stdout]   38:     0x6030257be55a - std::panic::catch_unwind::h5ee8d7823b8ca744
[INFO] [stdout]                                at /rustc/6067b36314ab5eb2eb47cecc464545ba58e1ad24/library/std/src/panic.rs:358:14
[INFO] [stdout]   39:     0x6030257be55a - std::thread::Builder::spawn_unchecked_::{{closure}}::h53c3a1894dce8407
[INFO] [stdout]                                at /rustc/6067b36314ab5eb2eb47cecc464545ba58e1ad24/library/std/src/thread/mod.rs:557:30
[INFO] [stdout]   40:     0x6030257be55a - core::ops::function::FnOnce::call_once{{vtable.shim}}::h048ce291ad4f62bf
[INFO] [stdout]                                at /rustc/6067b36314ab5eb2eb47cecc464545ba58e1ad24/library/core/src/ops/function.rs:250:5
[INFO] [stdout]   41:     0x60302586b19b - <alloc::boxed::Box<F,A> as core::ops::function::FnOnce<Args>>::call_once::ha52bedf99a3b4981
[INFO] [stdout]                                at /rustc/6067b36314ab5eb2eb47cecc464545ba58e1ad24/library/alloc/src/boxed.rs:2013:9
[INFO] [stdout]   42:     0x60302586b19b - <alloc::boxed::Box<F,A> as core::ops::function::FnOnce<Args>>::call_once::h567748934d80ccf8
[INFO] [stdout]                                at /rustc/6067b36314ab5eb2eb47cecc464545ba58e1ad24/library/alloc/src/boxed.rs:2013:9
[INFO] [stdout]   43:     0x60302586b19b - std::sys::pal::unix::thread::Thread::new::thread_start::h2d970728ae887adc
[INFO] [stdout]                                at /rustc/6067b36314ab5eb2eb47cecc464545ba58e1ad24/library/std/src/sys/pal/unix/thread.rs:106:17
[INFO] [stdout]   44:     0x7d835cf80ac3 - <unknown>
[INFO] [stdout]   45:     0x7d835d011a04 - clone
[INFO] [stdout]   46:                0x0 - <unknown>
[INFO] [stdout] 
[INFO] [stdout] 
[INFO] [stdout] failures:
[INFO] [stdout]     errors::test::test_from_std_error
[INFO] [stdout]     errors::test::test_from_with_context
[INFO] [stdout] 
[INFO] [stdout] test result: FAILED. 84 passed; 2 failed; 0 ignored; 0 measured; 0 filtered out; finished in 0.06s
[INFO] [stdout] 
[INFO] [stderr] error: test failed, to rerun pass `--lib`
[INFO] running `Command { std: "docker" "inspect" "eb32cd1dd130b85b3e1b77bb65be0bf19b0a896c7e40d2b5cb770646195b99ca", kill_on_drop: false }`
[INFO] running `Command { std: "docker" "rm" "-f" "eb32cd1dd130b85b3e1b77bb65be0bf19b0a896c7e40d2b5cb770646195b99ca", kill_on_drop: false }`
[INFO] [stdout] eb32cd1dd130b85b3e1b77bb65be0bf19b0a896c7e40d2b5cb770646195b99ca
