[INFO] fetching crate struct-validation-derive 0.1.2...
[INFO] testing struct-validation-derive-0.1.2 against nightly-2025-01-18 for randomize-layout-2
[INFO] extracting crate struct-validation-derive 0.1.2 into /workspace/builds/worker-5-tc1/source
[INFO] validating manifest of crates.io crate struct-validation-derive 0.1.2 on toolchain nightly-2025-01-18
[INFO] running `Command { std: CARGO_HOME="/workspace/cargo-home" RUSTUP_HOME="/workspace/rustup-home" "/workspace/cargo-home/bin/cargo" "+nightly-2025-01-18" "metadata" "--manifest-path" "Cargo.toml" "--no-deps", kill_on_drop: false }`
[INFO] started tweaking crates.io crate struct-validation-derive 0.1.2
[INFO] finished tweaking crates.io crate struct-validation-derive 0.1.2
[INFO] tweaked toml for crates.io crate struct-validation-derive 0.1.2 written to /workspace/builds/worker-5-tc1/source/Cargo.toml
[INFO] running `Command { std: CARGO_HOME="/workspace/cargo-home" RUSTUP_HOME="/workspace/rustup-home" "/workspace/cargo-home/bin/cargo" "+nightly-2025-01-18" "generate-lockfile" "--manifest-path" "Cargo.toml", kill_on_drop: false }`
[INFO] [stderr]     Updating crates.io index
[INFO] [stderr]      Locking 13 packages to latest compatible versions
[INFO] running `Command { std: CARGO_HOME="/workspace/cargo-home" RUSTUP_HOME="/workspace/rustup-home" "/workspace/cargo-home/bin/cargo" "+nightly-2025-01-18" "fetch" "--manifest-path" "Cargo.toml", kill_on_drop: false }`
[INFO] [stderr]  Downloading crates ...
[INFO] [stderr]   Downloaded struct-validation-core v0.1.2
[INFO] running `Command { std: "docker" "create" "-v" "/var/lib/crater-agent-workspace/builds/worker-5-tc1/target:/opt/rustwide/target:rw,Z" "-v" "/var/lib/crater-agent-workspace/builds/worker-5-tc1/source:/opt/rustwide/workdir:ro,Z" "-v" "/var/lib/crater-agent-workspace/cargo-home:/opt/rustwide/cargo-home:ro,Z" "-v" "/var/lib/crater-agent-workspace/rustup-home:/opt/rustwide/rustup-home:ro,Z" "-e" "SOURCE_DIR=/opt/rustwide/workdir" "-e" "CARGO_TARGET_DIR=/opt/rustwide/target" "-e" "CARGO_HOME=/opt/rustwide/cargo-home" "-e" "RUSTUP_HOME=/opt/rustwide/rustup-home" "-w" "/opt/rustwide/workdir" "-m" "1610612736" "--user" "0:0" "--network" "none" "ghcr.io/rust-lang/crates-build-env/linux@sha256:819108c5571ea2e421544af4d832f968d213c87fbe3707a016657f43d2f853bc" "/opt/rustwide/cargo-home/bin/cargo" "+nightly-2025-01-18" "metadata" "--no-deps" "--format-version=1", kill_on_drop: false }`
[INFO] [stdout] 21c9c757be8d8d67bee62444e236364a5dadda84d7a8708103ce4b81e5b00cb1
[INFO] running `Command { std: "docker" "start" "-a" "21c9c757be8d8d67bee62444e236364a5dadda84d7a8708103ce4b81e5b00cb1", kill_on_drop: false }`
[INFO] running `Command { std: "docker" "inspect" "21c9c757be8d8d67bee62444e236364a5dadda84d7a8708103ce4b81e5b00cb1", kill_on_drop: false }`
[INFO] running `Command { std: "docker" "rm" "-f" "21c9c757be8d8d67bee62444e236364a5dadda84d7a8708103ce4b81e5b00cb1", kill_on_drop: false }`
[INFO] [stdout] 21c9c757be8d8d67bee62444e236364a5dadda84d7a8708103ce4b81e5b00cb1
[INFO] running `Command { std: "docker" "create" "-v" "/var/lib/crater-agent-workspace/builds/worker-5-tc1/target:/opt/rustwide/target:rw,Z" "-v" "/var/lib/crater-agent-workspace/builds/worker-5-tc1/source:/opt/rustwide/workdir:ro,Z" "-v" "/var/lib/crater-agent-workspace/cargo-home:/opt/rustwide/cargo-home:ro,Z" "-v" "/var/lib/crater-agent-workspace/rustup-home:/opt/rustwide/rustup-home:ro,Z" "-e" "SOURCE_DIR=/opt/rustwide/workdir" "-e" "CARGO_TARGET_DIR=/opt/rustwide/target" "-e" "CARGO_INCREMENTAL=0" "-e" "RUST_BACKTRACE=full" "-e" "RUSTFLAGS=--cap-lints=forbid" "-e" "RUSTDOCFLAGS=--cap-lints=forbid" "-e" "CARGO_HOME=/opt/rustwide/cargo-home" "-e" "RUSTUP_HOME=/opt/rustwide/rustup-home" "-w" "/opt/rustwide/workdir" "-m" "1610612736" "--user" "0:0" "--network" "none" "ghcr.io/rust-lang/crates-build-env/linux@sha256:819108c5571ea2e421544af4d832f968d213c87fbe3707a016657f43d2f853bc" "/opt/rustwide/cargo-home/bin/cargo" "+nightly-2025-01-18" "build" "--frozen" "--message-format=json", kill_on_drop: false }`
[INFO] [stdout] 42044944e5a7396f4b9655877b206dcd1d8e82a48488230f4d38c8df149bee8c
[INFO] running `Command { std: "docker" "start" "-a" "42044944e5a7396f4b9655877b206dcd1d8e82a48488230f4d38c8df149bee8c", kill_on_drop: false }`
[INFO] [stderr]    Compiling proc-macro2 v1.0.93
[INFO] [stderr]    Compiling unicode-ident v1.0.14
[INFO] [stderr]    Compiling thiserror v1.0.69
[INFO] [stderr]    Compiling thiserror v2.0.11
[INFO] [stderr]    Compiling cfg-if v1.0.0
[INFO] [stderr]    Compiling unicode-width v0.1.14
[INFO] [stderr]    Compiling quote v1.0.38
[INFO] [stderr]    Compiling syn v2.0.96
[INFO] [stderr]    Compiling thiserror-impl v1.0.69
[INFO] [stderr]    Compiling miette-derive v7.4.0
[INFO] [stderr]    Compiling thiserror-impl v2.0.11
[INFO] [stderr]    Compiling miette v7.4.0
[INFO] [stderr]    Compiling struct-validation-core v0.1.2
[INFO] [stderr]    Compiling struct-validation-derive v0.1.2 (/opt/rustwide/workdir)
[INFO] [stderr]     Finished `dev` profile [unoptimized + debuginfo] target(s) in 4.94s
[INFO] running `Command { std: "docker" "inspect" "42044944e5a7396f4b9655877b206dcd1d8e82a48488230f4d38c8df149bee8c", kill_on_drop: false }`
[INFO] running `Command { std: "docker" "rm" "-f" "42044944e5a7396f4b9655877b206dcd1d8e82a48488230f4d38c8df149bee8c", kill_on_drop: false }`
[INFO] [stdout] 42044944e5a7396f4b9655877b206dcd1d8e82a48488230f4d38c8df149bee8c
[INFO] running `Command { std: "docker" "create" "-v" "/var/lib/crater-agent-workspace/builds/worker-5-tc1/target:/opt/rustwide/target:rw,Z" "-v" "/var/lib/crater-agent-workspace/builds/worker-5-tc1/source:/opt/rustwide/workdir:ro,Z" "-v" "/var/lib/crater-agent-workspace/cargo-home:/opt/rustwide/cargo-home:ro,Z" "-v" "/var/lib/crater-agent-workspace/rustup-home:/opt/rustwide/rustup-home:ro,Z" "-e" "SOURCE_DIR=/opt/rustwide/workdir" "-e" "CARGO_TARGET_DIR=/opt/rustwide/target" "-e" "CARGO_INCREMENTAL=0" "-e" "RUST_BACKTRACE=full" "-e" "RUSTFLAGS=--cap-lints=forbid" "-e" "RUSTDOCFLAGS=--cap-lints=forbid" "-e" "CARGO_HOME=/opt/rustwide/cargo-home" "-e" "RUSTUP_HOME=/opt/rustwide/rustup-home" "-w" "/opt/rustwide/workdir" "-m" "1610612736" "--user" "0:0" "--network" "none" "ghcr.io/rust-lang/crates-build-env/linux@sha256:819108c5571ea2e421544af4d832f968d213c87fbe3707a016657f43d2f853bc" "/opt/rustwide/cargo-home/bin/cargo" "+nightly-2025-01-18" "test" "--frozen" "--no-run" "--message-format=json", kill_on_drop: false }`
[INFO] [stdout] f3fe5949d38e2561b36282aa485cd369efbcd4ab2efdc93d36b9508ecae64b0c
[INFO] running `Command { std: "docker" "start" "-a" "f3fe5949d38e2561b36282aa485cd369efbcd4ab2efdc93d36b9508ecae64b0c", kill_on_drop: false }`
[INFO] [stderr]    Compiling struct-validation-derive v0.1.2 (/opt/rustwide/workdir)
[INFO] [stderr]     Finished `test` profile [unoptimized + debuginfo] target(s) in 0.21s
[INFO] running `Command { std: "docker" "inspect" "f3fe5949d38e2561b36282aa485cd369efbcd4ab2efdc93d36b9508ecae64b0c", kill_on_drop: false }`
[INFO] running `Command { std: "docker" "rm" "-f" "f3fe5949d38e2561b36282aa485cd369efbcd4ab2efdc93d36b9508ecae64b0c", kill_on_drop: false }`
[INFO] [stdout] f3fe5949d38e2561b36282aa485cd369efbcd4ab2efdc93d36b9508ecae64b0c
[INFO] running `Command { std: "docker" "create" "-v" "/var/lib/crater-agent-workspace/builds/worker-5-tc1/target:/opt/rustwide/target:rw,Z" "-v" "/var/lib/crater-agent-workspace/builds/worker-5-tc1/source:/opt/rustwide/workdir:ro,Z" "-v" "/var/lib/crater-agent-workspace/cargo-home:/opt/rustwide/cargo-home:ro,Z" "-v" "/var/lib/crater-agent-workspace/rustup-home:/opt/rustwide/rustup-home:ro,Z" "-e" "SOURCE_DIR=/opt/rustwide/workdir" "-e" "CARGO_TARGET_DIR=/opt/rustwide/target" "-e" "CARGO_INCREMENTAL=0" "-e" "RUST_BACKTRACE=full" "-e" "RUSTFLAGS=--cap-lints=forbid" "-e" "RUSTDOCFLAGS=--cap-lints=forbid" "-e" "CARGO_HOME=/opt/rustwide/cargo-home" "-e" "RUSTUP_HOME=/opt/rustwide/rustup-home" "-w" "/opt/rustwide/workdir" "-m" "1610612736" "--user" "0:0" "--network" "none" "ghcr.io/rust-lang/crates-build-env/linux@sha256:819108c5571ea2e421544af4d832f968d213c87fbe3707a016657f43d2f853bc" "/opt/rustwide/cargo-home/bin/cargo" "+nightly-2025-01-18" "test" "--frozen", kill_on_drop: false }`
[INFO] [stdout] c8f80dcdf7fc4d1c2522a3335c240c4d5aefdefa281814347c39c77038e23451
[INFO] running `Command { std: "docker" "start" "-a" "c8f80dcdf7fc4d1c2522a3335c240c4d5aefdefa281814347c39c77038e23451", kill_on_drop: false }`
[INFO] [stderr]     Finished `test` profile [unoptimized + debuginfo] target(s) in 0.02s
[INFO] [stderr]      Running unittests src/lib.rs (/opt/rustwide/target/debug/deps/struct_validation_derive-b00d0143c4986f5a)
[INFO] [stdout] 
[INFO] [stdout] running 0 tests
[INFO] [stdout] 
[INFO] [stdout] test result: ok. 0 passed; 0 failed; 0 ignored; 0 measured; 0 filtered out; finished in 0.00s
[INFO] [stdout] 
[INFO] [stderr]    Doc-tests struct_validation_derive
[INFO] [stdout] 
[INFO] [stdout] running 1 test
[INFO] [stdout] test src/lib.rs - derive_validate (line 24) ... FAILED
[INFO] [stdout] 
[INFO] [stdout] failures:
[INFO] [stdout] 
[INFO] [stdout] ---- src/lib.rs - derive_validate (line 24) stdout ----
[INFO] [stdout] error[E0433]: failed to resolve: use of undeclared crate or module `struct_validation`
[INFO] [stdout]   --> src/lib.rs:46:10
[INFO] [stdout]    |
[INFO] [stdout] 24 | #[derive(Validate)]
[INFO] [stdout]    |          ^^^^^^^^ use of undeclared crate or module `struct_validation`
[INFO] [stdout]    |
[INFO] [stdout]    = note: this error originates in the derive macro `Validate` (in Nightly builds, run with -Z macro-backtrace for more info)
[INFO] [stdout] 
[INFO] [stdout] error: aborting due to 1 previous error
[INFO] [stdout] 
[INFO] [stdout] For more information about this error, try `rustc --explain E0433`.
[INFO] [stdout] Couldn't compile the test.
[INFO] [stdout] 
[INFO] [stdout] failures:
[INFO] [stdout]     src/lib.rs - derive_validate (line 24)
[INFO] [stdout] 
[INFO] [stdout] test result: FAILED. 0 passed; 1 failed; 0 ignored; 0 measured; 0 filtered out; finished in 0.09s
[INFO] [stdout] 
[INFO] [stderr] error: doctest failed, to rerun pass `--doc`
[INFO] running `Command { std: "docker" "inspect" "c8f80dcdf7fc4d1c2522a3335c240c4d5aefdefa281814347c39c77038e23451", kill_on_drop: false }`
[INFO] running `Command { std: "docker" "rm" "-f" "c8f80dcdf7fc4d1c2522a3335c240c4d5aefdefa281814347c39c77038e23451", kill_on_drop: false }`
[INFO] [stdout] c8f80dcdf7fc4d1c2522a3335c240c4d5aefdefa281814347c39c77038e23451
