[INFO] fetching crate strsplit 0.1.1...
[INFO] testing strsplit-0.1.1 against nightly-2025-01-18 for randomize-layout-2
[INFO] extracting crate strsplit 0.1.1 into /workspace/builds/worker-3-tc1/source
[INFO] validating manifest of crates.io crate strsplit 0.1.1 on toolchain nightly-2025-01-18
[INFO] running `Command { std: CARGO_HOME="/workspace/cargo-home" RUSTUP_HOME="/workspace/rustup-home" "/workspace/cargo-home/bin/cargo" "+nightly-2025-01-18" "metadata" "--manifest-path" "Cargo.toml" "--no-deps", kill_on_drop: false }`
[INFO] started tweaking crates.io crate strsplit 0.1.1
[INFO] finished tweaking crates.io crate strsplit 0.1.1
[INFO] tweaked toml for crates.io crate strsplit 0.1.1 written to /workspace/builds/worker-3-tc1/source/Cargo.toml
[INFO] running `Command { std: CARGO_HOME="/workspace/cargo-home" RUSTUP_HOME="/workspace/rustup-home" "/workspace/cargo-home/bin/cargo" "+nightly-2025-01-18" "generate-lockfile" "--manifest-path" "Cargo.toml", kill_on_drop: false }`
[INFO] [stderr]     Blocking waiting for file lock on package cache
[INFO] [stderr]     Blocking waiting for file lock on package cache
[INFO] running `Command { std: CARGO_HOME="/workspace/cargo-home" RUSTUP_HOME="/workspace/rustup-home" "/workspace/cargo-home/bin/cargo" "+nightly-2025-01-18" "fetch" "--manifest-path" "Cargo.toml", kill_on_drop: false }`
[INFO] [stderr]     Blocking waiting for file lock on package cache
[INFO] running `Command { std: "docker" "create" "-v" "/var/lib/crater-agent-workspace/builds/worker-3-tc1/target:/opt/rustwide/target:rw,Z" "-v" "/var/lib/crater-agent-workspace/builds/worker-3-tc1/source:/opt/rustwide/workdir:ro,Z" "-v" "/var/lib/crater-agent-workspace/cargo-home:/opt/rustwide/cargo-home:ro,Z" "-v" "/var/lib/crater-agent-workspace/rustup-home:/opt/rustwide/rustup-home:ro,Z" "-e" "SOURCE_DIR=/opt/rustwide/workdir" "-e" "CARGO_TARGET_DIR=/opt/rustwide/target" "-e" "CARGO_HOME=/opt/rustwide/cargo-home" "-e" "RUSTUP_HOME=/opt/rustwide/rustup-home" "-w" "/opt/rustwide/workdir" "-m" "1610612736" "--user" "0:0" "--network" "none" "ghcr.io/rust-lang/crates-build-env/linux@sha256:819108c5571ea2e421544af4d832f968d213c87fbe3707a016657f43d2f853bc" "/opt/rustwide/cargo-home/bin/cargo" "+nightly-2025-01-18" "metadata" "--no-deps" "--format-version=1", kill_on_drop: false }`
[INFO] [stdout] e30512909aeb544621a1056005d944d320a366c5554df8b817dcf21635cd292a
[INFO] running `Command { std: "docker" "start" "-a" "e30512909aeb544621a1056005d944d320a366c5554df8b817dcf21635cd292a", kill_on_drop: false }`
[INFO] running `Command { std: "docker" "inspect" "e30512909aeb544621a1056005d944d320a366c5554df8b817dcf21635cd292a", kill_on_drop: false }`
[INFO] running `Command { std: "docker" "rm" "-f" "e30512909aeb544621a1056005d944d320a366c5554df8b817dcf21635cd292a", kill_on_drop: false }`
[INFO] [stdout] e30512909aeb544621a1056005d944d320a366c5554df8b817dcf21635cd292a
[INFO] running `Command { std: "docker" "create" "-v" "/var/lib/crater-agent-workspace/builds/worker-3-tc1/target:/opt/rustwide/target:rw,Z" "-v" "/var/lib/crater-agent-workspace/builds/worker-3-tc1/source:/opt/rustwide/workdir:ro,Z" "-v" "/var/lib/crater-agent-workspace/cargo-home:/opt/rustwide/cargo-home:ro,Z" "-v" "/var/lib/crater-agent-workspace/rustup-home:/opt/rustwide/rustup-home:ro,Z" "-e" "SOURCE_DIR=/opt/rustwide/workdir" "-e" "CARGO_TARGET_DIR=/opt/rustwide/target" "-e" "CARGO_INCREMENTAL=0" "-e" "RUST_BACKTRACE=full" "-e" "RUSTFLAGS=--cap-lints=forbid" "-e" "RUSTDOCFLAGS=--cap-lints=forbid" "-e" "CARGO_HOME=/opt/rustwide/cargo-home" "-e" "RUSTUP_HOME=/opt/rustwide/rustup-home" "-w" "/opt/rustwide/workdir" "-m" "1610612736" "--user" "0:0" "--network" "none" "ghcr.io/rust-lang/crates-build-env/linux@sha256:819108c5571ea2e421544af4d832f968d213c87fbe3707a016657f43d2f853bc" "/opt/rustwide/cargo-home/bin/cargo" "+nightly-2025-01-18" "build" "--frozen" "--message-format=json", kill_on_drop: false }`
[INFO] [stdout] eec1439debce10fdce36ee48b6bd7f766bd446935e9e7cf02e5bae929bdfe790
[INFO] running `Command { std: "docker" "start" "-a" "eec1439debce10fdce36ee48b6bd7f766bd446935e9e7cf02e5bae929bdfe790", kill_on_drop: false }`
[INFO] [stderr]    Compiling strsplit v0.1.1 (/opt/rustwide/workdir)
[INFO] [stderr]     Finished `dev` profile [unoptimized + debuginfo] target(s) in 0.10s
[INFO] running `Command { std: "docker" "inspect" "eec1439debce10fdce36ee48b6bd7f766bd446935e9e7cf02e5bae929bdfe790", kill_on_drop: false }`
[INFO] running `Command { std: "docker" "rm" "-f" "eec1439debce10fdce36ee48b6bd7f766bd446935e9e7cf02e5bae929bdfe790", kill_on_drop: false }`
[INFO] [stdout] eec1439debce10fdce36ee48b6bd7f766bd446935e9e7cf02e5bae929bdfe790
[INFO] running `Command { std: "docker" "create" "-v" "/var/lib/crater-agent-workspace/builds/worker-3-tc1/target:/opt/rustwide/target:rw,Z" "-v" "/var/lib/crater-agent-workspace/builds/worker-3-tc1/source:/opt/rustwide/workdir:ro,Z" "-v" "/var/lib/crater-agent-workspace/cargo-home:/opt/rustwide/cargo-home:ro,Z" "-v" "/var/lib/crater-agent-workspace/rustup-home:/opt/rustwide/rustup-home:ro,Z" "-e" "SOURCE_DIR=/opt/rustwide/workdir" "-e" "CARGO_TARGET_DIR=/opt/rustwide/target" "-e" "CARGO_INCREMENTAL=0" "-e" "RUST_BACKTRACE=full" "-e" "RUSTFLAGS=--cap-lints=forbid" "-e" "RUSTDOCFLAGS=--cap-lints=forbid" "-e" "CARGO_HOME=/opt/rustwide/cargo-home" "-e" "RUSTUP_HOME=/opt/rustwide/rustup-home" "-w" "/opt/rustwide/workdir" "-m" "1610612736" "--user" "0:0" "--network" "none" "ghcr.io/rust-lang/crates-build-env/linux@sha256:819108c5571ea2e421544af4d832f968d213c87fbe3707a016657f43d2f853bc" "/opt/rustwide/cargo-home/bin/cargo" "+nightly-2025-01-18" "test" "--frozen" "--no-run" "--message-format=json", kill_on_drop: false }`
[INFO] [stdout] f30d971c3484b3dcf673206f864dc5016ea20e968cae3fabc6c4a3909d0c03ae
[INFO] running `Command { std: "docker" "start" "-a" "f30d971c3484b3dcf673206f864dc5016ea20e968cae3fabc6c4a3909d0c03ae", kill_on_drop: false }`
[INFO] [stderr]    Compiling strsplit v0.1.1 (/opt/rustwide/workdir)
[INFO] [stderr]     Finished `test` profile [unoptimized + debuginfo] target(s) in 0.15s
[INFO] running `Command { std: "docker" "inspect" "f30d971c3484b3dcf673206f864dc5016ea20e968cae3fabc6c4a3909d0c03ae", kill_on_drop: false }`
[INFO] running `Command { std: "docker" "rm" "-f" "f30d971c3484b3dcf673206f864dc5016ea20e968cae3fabc6c4a3909d0c03ae", kill_on_drop: false }`
[INFO] [stdout] f30d971c3484b3dcf673206f864dc5016ea20e968cae3fabc6c4a3909d0c03ae
[INFO] running `Command { std: "docker" "create" "-v" "/var/lib/crater-agent-workspace/builds/worker-3-tc1/target:/opt/rustwide/target:rw,Z" "-v" "/var/lib/crater-agent-workspace/builds/worker-3-tc1/source:/opt/rustwide/workdir:ro,Z" "-v" "/var/lib/crater-agent-workspace/cargo-home:/opt/rustwide/cargo-home:ro,Z" "-v" "/var/lib/crater-agent-workspace/rustup-home:/opt/rustwide/rustup-home:ro,Z" "-e" "SOURCE_DIR=/opt/rustwide/workdir" "-e" "CARGO_TARGET_DIR=/opt/rustwide/target" "-e" "CARGO_INCREMENTAL=0" "-e" "RUST_BACKTRACE=full" "-e" "RUSTFLAGS=--cap-lints=forbid" "-e" "RUSTDOCFLAGS=--cap-lints=forbid" "-e" "CARGO_HOME=/opt/rustwide/cargo-home" "-e" "RUSTUP_HOME=/opt/rustwide/rustup-home" "-w" "/opt/rustwide/workdir" "-m" "1610612736" "--user" "0:0" "--network" "none" "ghcr.io/rust-lang/crates-build-env/linux@sha256:819108c5571ea2e421544af4d832f968d213c87fbe3707a016657f43d2f853bc" "/opt/rustwide/cargo-home/bin/cargo" "+nightly-2025-01-18" "test" "--frozen", kill_on_drop: false }`
[INFO] [stdout] cef612a65496018e8a3d59f8d45d92ad8db7cd8fd99be4b80885b716eb6ada0a
[INFO] running `Command { std: "docker" "start" "-a" "cef612a65496018e8a3d59f8d45d92ad8db7cd8fd99be4b80885b716eb6ada0a", kill_on_drop: false }`
[INFO] [stderr]     Finished `test` profile [unoptimized + debuginfo] target(s) in 0.00s
[INFO] [stderr]      Running unittests src/lib.rs (/opt/rustwide/target/debug/deps/strsplit-9438d2f5ab8b03a7)
[INFO] [stdout] 
[INFO] [stdout] running 2 tests
[INFO] [stdout] test strsplit::it_works ... ok
[INFO] [stdout] test strsplit::until_char_works ... ok
[INFO] [stdout] 
[INFO] [stdout] test result: ok. 2 passed; 0 failed; 0 ignored; 0 measured; 0 filtered out; finished in 0.00s
[INFO] [stdout] 
[INFO] [stderr]    Doc-tests strsplit
[INFO] [stdout] 
[INFO] [stdout] running 2 tests
[INFO] [stdout] test src/strsplit/mod.rs - strsplit::Strsplit (line 5) ... FAILED
[INFO] [stdout] test src/strsplit/mod.rs - strsplit::until_char (line 44) ... FAILED
[INFO] [stdout] 
[INFO] [stdout] failures:
[INFO] [stdout] 
[INFO] [stdout] ---- src/strsplit/mod.rs - strsplit::Strsplit (line 5) stdout ----
[INFO] [stdout] error[E0433]: failed to resolve: use of undeclared type `Strsplit`
[INFO] [stdout]  --> src/strsplit/mod.rs:7:23
[INFO] [stdout]   |
[INFO] [stdout] 4 | let letters: Vec<_> = Strsplit::new(&haystack, ",").collect();
[INFO] [stdout]   |                       ^^^^^^^^ use of undeclared type `Strsplit`
[INFO] [stdout]   |
[INFO] [stdout] help: consider importing this struct
[INFO] [stdout]   |
[INFO] [stdout] 2 + use strsplit::Strsplit;
[INFO] [stdout]   |
[INFO] [stdout] 
[INFO] [stdout] error: aborting due to 1 previous error
[INFO] [stdout] 
[INFO] [stdout] For more information about this error, try `rustc --explain E0433`.
[INFO] [stdout] Couldn't compile the test.
[INFO] [stdout] ---- src/strsplit/mod.rs - strsplit::until_char (line 44) stdout ----
[INFO] [stdout] error[E0425]: cannot find function `until_char` in this scope
[INFO] [stdout]  --> src/strsplit/mod.rs:47:15
[INFO] [stdout]   |
[INFO] [stdout] 5 | let trimmed = until_char(&haystack, 'o');
[INFO] [stdout]   |               ^^^^^^^^^^ not found in this scope
[INFO] [stdout]   |
[INFO] [stdout] help: consider importing this function
[INFO] [stdout]   |
[INFO] [stdout] 3 + use strsplit::until_char;
[INFO] [stdout]   |
[INFO] [stdout] 
[INFO] [stdout] error: aborting due to 1 previous error
[INFO] [stdout] 
[INFO] [stdout] For more information about this error, try `rustc --explain E0425`.
[INFO] [stdout] Couldn't compile the test.
[INFO] [stdout] 
[INFO] [stdout] failures:
[INFO] [stdout]     src/strsplit/mod.rs - strsplit::Strsplit (line 5)
[INFO] [stdout]     src/strsplit/mod.rs - strsplit::until_char (line 44)
[INFO] [stdout] 
[INFO] [stdout] test result: FAILED. 0 passed; 2 failed; 0 ignored; 0 measured; 0 filtered out; finished in 0.04s
[INFO] [stdout] 
[INFO] [stderr] error: doctest failed, to rerun pass `--doc`
[INFO] running `Command { std: "docker" "inspect" "cef612a65496018e8a3d59f8d45d92ad8db7cd8fd99be4b80885b716eb6ada0a", kill_on_drop: false }`
[INFO] running `Command { std: "docker" "rm" "-f" "cef612a65496018e8a3d59f8d45d92ad8db7cd8fd99be4b80885b716eb6ada0a", kill_on_drop: false }`
[INFO] [stdout] cef612a65496018e8a3d59f8d45d92ad8db7cd8fd99be4b80885b716eb6ada0a
