[INFO] fetching crate spock 0.1.0...
[INFO] testing spock-0.1.0 against nightly-2025-01-18 for randomize-layout-2
[INFO] extracting crate spock 0.1.0 into /workspace/builds/worker-7-tc1/source
[INFO] validating manifest of crates.io crate spock 0.1.0 on toolchain nightly-2025-01-18
[INFO] running `Command { std: CARGO_HOME="/workspace/cargo-home" RUSTUP_HOME="/workspace/rustup-home" "/workspace/cargo-home/bin/cargo" "+nightly-2025-01-18" "metadata" "--manifest-path" "Cargo.toml" "--no-deps", kill_on_drop: false }`
[INFO] started tweaking crates.io crate spock 0.1.0
[INFO] finished tweaking crates.io crate spock 0.1.0
[INFO] tweaked toml for crates.io crate spock 0.1.0 written to /workspace/builds/worker-7-tc1/source/Cargo.toml
[INFO] crate crates.io crate spock 0.1.0 already has a lockfile, it will not be regenerated
[INFO] running `Command { std: CARGO_HOME="/workspace/cargo-home" RUSTUP_HOME="/workspace/rustup-home" "/workspace/cargo-home/bin/cargo" "+nightly-2025-01-18" "fetch" "--manifest-path" "Cargo.toml", kill_on_drop: false }`
[INFO] running `Command { std: "docker" "create" "-v" "/var/lib/crater-agent-workspace/builds/worker-7-tc1/target:/opt/rustwide/target:rw,Z" "-v" "/var/lib/crater-agent-workspace/builds/worker-7-tc1/source:/opt/rustwide/workdir:ro,Z" "-v" "/var/lib/crater-agent-workspace/cargo-home:/opt/rustwide/cargo-home:ro,Z" "-v" "/var/lib/crater-agent-workspace/rustup-home:/opt/rustwide/rustup-home:ro,Z" "-e" "SOURCE_DIR=/opt/rustwide/workdir" "-e" "CARGO_TARGET_DIR=/opt/rustwide/target" "-e" "CARGO_HOME=/opt/rustwide/cargo-home" "-e" "RUSTUP_HOME=/opt/rustwide/rustup-home" "-w" "/opt/rustwide/workdir" "-m" "1610612736" "--user" "0:0" "--network" "none" "ghcr.io/rust-lang/crates-build-env/linux@sha256:819108c5571ea2e421544af4d832f968d213c87fbe3707a016657f43d2f853bc" "/opt/rustwide/cargo-home/bin/cargo" "+nightly-2025-01-18" "metadata" "--no-deps" "--format-version=1", kill_on_drop: false }`
[INFO] [stdout] b0c69996ef2d6b390f8173c4aeca7354af8487fd25cb6ad9aa0482bbcad31757
[INFO] running `Command { std: "docker" "start" "-a" "b0c69996ef2d6b390f8173c4aeca7354af8487fd25cb6ad9aa0482bbcad31757", kill_on_drop: false }`
[INFO] running `Command { std: "docker" "inspect" "b0c69996ef2d6b390f8173c4aeca7354af8487fd25cb6ad9aa0482bbcad31757", kill_on_drop: false }`
[INFO] running `Command { std: "docker" "rm" "-f" "b0c69996ef2d6b390f8173c4aeca7354af8487fd25cb6ad9aa0482bbcad31757", kill_on_drop: false }`
[INFO] [stdout] b0c69996ef2d6b390f8173c4aeca7354af8487fd25cb6ad9aa0482bbcad31757
[INFO] running `Command { std: "docker" "create" "-v" "/var/lib/crater-agent-workspace/builds/worker-7-tc1/target:/opt/rustwide/target:rw,Z" "-v" "/var/lib/crater-agent-workspace/builds/worker-7-tc1/source:/opt/rustwide/workdir:ro,Z" "-v" "/var/lib/crater-agent-workspace/cargo-home:/opt/rustwide/cargo-home:ro,Z" "-v" "/var/lib/crater-agent-workspace/rustup-home:/opt/rustwide/rustup-home:ro,Z" "-e" "SOURCE_DIR=/opt/rustwide/workdir" "-e" "CARGO_TARGET_DIR=/opt/rustwide/target" "-e" "CARGO_INCREMENTAL=0" "-e" "RUST_BACKTRACE=full" "-e" "RUSTFLAGS=--cap-lints=forbid" "-e" "RUSTDOCFLAGS=--cap-lints=forbid" "-e" "CARGO_HOME=/opt/rustwide/cargo-home" "-e" "RUSTUP_HOME=/opt/rustwide/rustup-home" "-w" "/opt/rustwide/workdir" "-m" "1610612736" "--user" "0:0" "--network" "none" "ghcr.io/rust-lang/crates-build-env/linux@sha256:819108c5571ea2e421544af4d832f968d213c87fbe3707a016657f43d2f853bc" "/opt/rustwide/cargo-home/bin/cargo" "+nightly-2025-01-18" "build" "--frozen" "--message-format=json", kill_on_drop: false }`
[INFO] [stdout] af6a9f42e3ae0911f6a5ddf47b1a5c35c9bf2cf02fb6ff12b2a4893fce6c7aef
[INFO] running `Command { std: "docker" "start" "-a" "af6a9f42e3ae0911f6a5ddf47b1a5c35c9bf2cf02fb6ff12b2a4893fce6c7aef", kill_on_drop: false }`
[INFO] [stderr]    Compiling autocfg v1.4.0
[INFO] [stderr]    Compiling num-traits v0.2.19
[INFO] [stderr]    Compiling num-integer v0.1.46
[INFO] [stderr]    Compiling num-complex v0.4.6
[INFO] [stderr]    Compiling num-bigint v0.4.6
[INFO] [stderr]    Compiling num-iter v0.1.45
[INFO] [stderr]    Compiling num-rational v0.4.2
[INFO] [stderr]    Compiling num v0.4.3
[INFO] [stderr]    Compiling spock v0.1.0 (/opt/rustwide/workdir)
[INFO] [stdout] warning: unused variable: `rhs`
[INFO] [stdout]   --> src/logic/chemistry/element/mod.rs:23:18
[INFO] [stdout]    |
[INFO] [stdout] 23 |     fn add(self, rhs: Self) -> Self::Output {
[INFO] [stdout]    |                  ^^^ help: if this is intentional, prefix it with an underscore: `_rhs`
[INFO] [stdout]    |
[INFO] [stdout]    = note: `#[warn(unused_variables)]` on by default
[INFO] [stdout] 
[INFO] [stdout] 
[INFO] [stdout] warning: unused variable: `rhs`
[INFO] [stdout]  --> src/logic/chemistry/molecule/mod.rs:9:18
[INFO] [stdout]   |
[INFO] [stdout] 9 |     fn add(self, rhs: Self) -> Self::Output {
[INFO] [stdout]   |                  ^^^ help: if this is intentional, prefix it with an underscore: `_rhs`
[INFO] [stdout] 
[INFO] [stdout] 
[INFO] [stdout] warning: unused variable: `rhs`
[INFO] [stdout]   --> src/logic/chemistry/molecule/mod.rs:15:18
[INFO] [stdout]    |
[INFO] [stdout] 15 |     fn add(self, rhs: Element) -> Self::Output {
[INFO] [stdout]    |                  ^^^ help: if this is intentional, prefix it with an underscore: `_rhs`
[INFO] [stdout] 
[INFO] [stdout] 
[INFO] [stdout] warning: field `atomic_number` is never read
[INFO] [stdout]   --> src/logic/chemistry/element/mod.rs:11:5
[INFO] [stdout]    |
[INFO] [stdout] 9  | pub struct Element {
[INFO] [stdout]    |            ------- field in this struct
[INFO] [stdout] 10 |     symbol: Symbol,
[INFO] [stdout] 11 |     atomic_number: AtomicNumber,
[INFO] [stdout]    |     ^^^^^^^^^^^^^
[INFO] [stdout]    |
[INFO] [stdout]    = note: `#[warn(dead_code)]` on by default
[INFO] [stdout] 
[INFO] [stdout] 
[INFO] [stderr]     Finished `dev` profile [unoptimized + debuginfo] target(s) in 6.01s
[INFO] running `Command { std: "docker" "inspect" "af6a9f42e3ae0911f6a5ddf47b1a5c35c9bf2cf02fb6ff12b2a4893fce6c7aef", kill_on_drop: false }`
[INFO] running `Command { std: "docker" "rm" "-f" "af6a9f42e3ae0911f6a5ddf47b1a5c35c9bf2cf02fb6ff12b2a4893fce6c7aef", kill_on_drop: false }`
[INFO] [stdout] af6a9f42e3ae0911f6a5ddf47b1a5c35c9bf2cf02fb6ff12b2a4893fce6c7aef
[INFO] running `Command { std: "docker" "create" "-v" "/var/lib/crater-agent-workspace/builds/worker-7-tc1/target:/opt/rustwide/target:rw,Z" "-v" "/var/lib/crater-agent-workspace/builds/worker-7-tc1/source:/opt/rustwide/workdir:ro,Z" "-v" "/var/lib/crater-agent-workspace/cargo-home:/opt/rustwide/cargo-home:ro,Z" "-v" "/var/lib/crater-agent-workspace/rustup-home:/opt/rustwide/rustup-home:ro,Z" "-e" "SOURCE_DIR=/opt/rustwide/workdir" "-e" "CARGO_TARGET_DIR=/opt/rustwide/target" "-e" "CARGO_INCREMENTAL=0" "-e" "RUST_BACKTRACE=full" "-e" "RUSTFLAGS=--cap-lints=forbid" "-e" "RUSTDOCFLAGS=--cap-lints=forbid" "-e" "CARGO_HOME=/opt/rustwide/cargo-home" "-e" "RUSTUP_HOME=/opt/rustwide/rustup-home" "-w" "/opt/rustwide/workdir" "-m" "1610612736" "--user" "0:0" "--network" "none" "ghcr.io/rust-lang/crates-build-env/linux@sha256:819108c5571ea2e421544af4d832f968d213c87fbe3707a016657f43d2f853bc" "/opt/rustwide/cargo-home/bin/cargo" "+nightly-2025-01-18" "test" "--frozen" "--no-run" "--message-format=json", kill_on_drop: false }`
[INFO] [stdout] 68d4765bb797c5ebe3b39ae495bd1688f9e7bf3c1c43a6636adaf729978bcd42
[INFO] running `Command { std: "docker" "start" "-a" "68d4765bb797c5ebe3b39ae495bd1688f9e7bf3c1c43a6636adaf729978bcd42", kill_on_drop: false }`
[INFO] [stderr]    Compiling spock v0.1.0 (/opt/rustwide/workdir)
[INFO] [stdout] warning: unused variable: `rhs`
[INFO] [stdout]   --> src/logic/chemistry/element/mod.rs:23:18
[INFO] [stdout]    |
[INFO] [stdout] 23 |     fn add(self, rhs: Self) -> Self::Output {
[INFO] [stdout]    |                  ^^^ help: if this is intentional, prefix it with an underscore: `_rhs`
[INFO] [stdout]    |
[INFO] [stdout]    = note: `#[warn(unused_variables)]` on by default
[INFO] [stdout] 
[INFO] [stdout] 
[INFO] [stdout] warning: unused variable: `rhs`
[INFO] [stdout]  --> src/logic/chemistry/molecule/mod.rs:9:18
[INFO] [stdout]   |
[INFO] [stdout] 9 |     fn add(self, rhs: Self) -> Self::Output {
[INFO] [stdout]   |                  ^^^ help: if this is intentional, prefix it with an underscore: `_rhs`
[INFO] [stdout] 
[INFO] [stdout] 
[INFO] [stdout] warning: unused variable: `rhs`
[INFO] [stdout]   --> src/logic/chemistry/molecule/mod.rs:15:18
[INFO] [stdout]    |
[INFO] [stdout] 15 |     fn add(self, rhs: Element) -> Self::Output {
[INFO] [stdout]    |                  ^^^ help: if this is intentional, prefix it with an underscore: `_rhs`
[INFO] [stdout] 
[INFO] [stdout] 
[INFO] [stdout] warning: field `atomic_number` is never read
[INFO] [stdout]   --> src/logic/chemistry/element/mod.rs:11:5
[INFO] [stdout]    |
[INFO] [stdout] 9  | pub struct Element {
[INFO] [stdout]    |            ------- field in this struct
[INFO] [stdout] 10 |     symbol: Symbol,
[INFO] [stdout] 11 |     atomic_number: AtomicNumber,
[INFO] [stdout]    |     ^^^^^^^^^^^^^
[INFO] [stdout]    |
[INFO] [stdout]    = note: `#[warn(dead_code)]` on by default
[INFO] [stdout] 
[INFO] [stdout] 
[INFO] [stdout] warning: unused variable: `rhs`
[INFO] [stdout]   --> src/logic/chemistry/element/mod.rs:23:18
[INFO] [stdout]    |
[INFO] [stdout] 23 |     fn add(self, rhs: Self) -> Self::Output {
[INFO] [stdout]    |                  ^^^ help: if this is intentional, prefix it with an underscore: `_rhs`
[INFO] [stdout]    |
[INFO] [stdout]    = note: `#[warn(unused_variables)]` on by default
[INFO] [stdout] 
[INFO] [stdout] 
[INFO] [stdout] warning: unused variable: `rhs`
[INFO] [stdout]  --> src/logic/chemistry/molecule/mod.rs:9:18
[INFO] [stdout]   |
[INFO] [stdout] 9 |     fn add(self, rhs: Self) -> Self::Output {
[INFO] [stdout]   |                  ^^^ help: if this is intentional, prefix it with an underscore: `_rhs`
[INFO] [stdout] 
[INFO] [stdout] 
[INFO] [stdout] warning: unused variable: `rhs`
[INFO] [stdout]   --> src/logic/chemistry/molecule/mod.rs:15:18
[INFO] [stdout]    |
[INFO] [stdout] 15 |     fn add(self, rhs: Element) -> Self::Output {
[INFO] [stdout]    |                  ^^^ help: if this is intentional, prefix it with an underscore: `_rhs`
[INFO] [stdout] 
[INFO] [stdout] 
[INFO] [stdout] warning: unused variable: `molecule`
[INFO] [stdout]   --> src/lib.rs:15:13
[INFO] [stdout]    |
[INFO] [stdout] 15 |         let molecule = elements::H + elements::H;
[INFO] [stdout]    |             ^^^^^^^^ help: if this is intentional, prefix it with an underscore: `_molecule`
[INFO] [stdout] 
[INFO] [stdout] 
[INFO] [stdout] warning: unused variable: `molecule`
[INFO] [stdout]   --> src/lib.rs:16:13
[INFO] [stdout]    |
[INFO] [stdout] 16 |         let molecule = elements::H + elements::H;
[INFO] [stdout]    |             ^^^^^^^^ help: if this is intentional, prefix it with an underscore: `_molecule`
[INFO] [stdout] 
[INFO] [stdout] 
[INFO] [stdout] warning: field `atomic_number` is never read
[INFO] [stdout]   --> src/logic/chemistry/element/mod.rs:11:5
[INFO] [stdout]    |
[INFO] [stdout] 9  | pub struct Element {
[INFO] [stdout]    |            ------- field in this struct
[INFO] [stdout] 10 |     symbol: Symbol,
[INFO] [stdout] 11 |     atomic_number: AtomicNumber,
[INFO] [stdout]    |     ^^^^^^^^^^^^^
[INFO] [stdout]    |
[INFO] [stdout]    = note: `#[warn(dead_code)]` on by default
[INFO] [stdout] 
[INFO] [stdout] 
[INFO] [stderr]     Finished `test` profile [unoptimized + debuginfo] target(s) in 0.40s
[INFO] running `Command { std: "docker" "inspect" "68d4765bb797c5ebe3b39ae495bd1688f9e7bf3c1c43a6636adaf729978bcd42", kill_on_drop: false }`
[INFO] running `Command { std: "docker" "rm" "-f" "68d4765bb797c5ebe3b39ae495bd1688f9e7bf3c1c43a6636adaf729978bcd42", kill_on_drop: false }`
[INFO] [stdout] 68d4765bb797c5ebe3b39ae495bd1688f9e7bf3c1c43a6636adaf729978bcd42
[INFO] running `Command { std: "docker" "create" "-v" "/var/lib/crater-agent-workspace/builds/worker-7-tc1/target:/opt/rustwide/target:rw,Z" "-v" "/var/lib/crater-agent-workspace/builds/worker-7-tc1/source:/opt/rustwide/workdir:ro,Z" "-v" "/var/lib/crater-agent-workspace/cargo-home:/opt/rustwide/cargo-home:ro,Z" "-v" "/var/lib/crater-agent-workspace/rustup-home:/opt/rustwide/rustup-home:ro,Z" "-e" "SOURCE_DIR=/opt/rustwide/workdir" "-e" "CARGO_TARGET_DIR=/opt/rustwide/target" "-e" "CARGO_INCREMENTAL=0" "-e" "RUST_BACKTRACE=full" "-e" "RUSTFLAGS=--cap-lints=forbid" "-e" "RUSTDOCFLAGS=--cap-lints=forbid" "-e" "CARGO_HOME=/opt/rustwide/cargo-home" "-e" "RUSTUP_HOME=/opt/rustwide/rustup-home" "-w" "/opt/rustwide/workdir" "-m" "1610612736" "--user" "0:0" "--network" "none" "ghcr.io/rust-lang/crates-build-env/linux@sha256:819108c5571ea2e421544af4d832f968d213c87fbe3707a016657f43d2f853bc" "/opt/rustwide/cargo-home/bin/cargo" "+nightly-2025-01-18" "test" "--frozen", kill_on_drop: false }`
[INFO] [stdout] ee83b42f027d5988feadd281444a15db1665ab988ff3dfffc9eab2ece0ec59a2
[INFO] running `Command { std: "docker" "start" "-a" "ee83b42f027d5988feadd281444a15db1665ab988ff3dfffc9eab2ece0ec59a2", kill_on_drop: false }`
[INFO] [stderr] warning: unused variable: `rhs`
[INFO] [stderr]   --> src/logic/chemistry/element/mod.rs:23:18
[INFO] [stderr]    |
[INFO] [stderr] 23 |     fn add(self, rhs: Self) -> Self::Output {
[INFO] [stderr]    |                  ^^^ help: if this is intentional, prefix it with an underscore: `_rhs`
[INFO] [stderr]    |
[INFO] [stderr]    = note: `#[warn(unused_variables)]` on by default
[INFO] [stderr] 
[INFO] [stderr] warning: unused variable: `rhs`
[INFO] [stderr]  --> src/logic/chemistry/molecule/mod.rs:9:18
[INFO] [stderr]   |
[INFO] [stderr] 9 |     fn add(self, rhs: Self) -> Self::Output {
[INFO] [stderr]   |                  ^^^ help: if this is intentional, prefix it with an underscore: `_rhs`
[INFO] [stderr] 
[INFO] [stderr] warning: unused variable: `rhs`
[INFO] [stderr]   --> src/logic/chemistry/molecule/mod.rs:15:18
[INFO] [stderr]    |
[INFO] [stderr] 15 |     fn add(self, rhs: Element) -> Self::Output {
[INFO] [stderr]    |                  ^^^ help: if this is intentional, prefix it with an underscore: `_rhs`
[INFO] [stderr] 
[INFO] [stderr] warning: field `atomic_number` is never read
[INFO] [stderr]   --> src/logic/chemistry/element/mod.rs:11:5
[INFO] [stderr]    |
[INFO] [stderr] 9  | pub struct Element {
[INFO] [stderr]    |            ------- field in this struct
[INFO] [stderr] 10 |     symbol: Symbol,
[INFO] [stderr] 11 |     atomic_number: AtomicNumber,
[INFO] [stderr]    |     ^^^^^^^^^^^^^
[INFO] [stderr]    |
[INFO] [stderr]    = note: `#[warn(dead_code)]` on by default
[INFO] [stderr] 
[INFO] [stderr] warning: `spock` (lib) generated 4 warnings
[INFO] [stderr] warning: unused variable: `molecule`
[INFO] [stderr]   --> src/lib.rs:15:13
[INFO] [stderr]    |
[INFO] [stderr] 15 |         let molecule = elements::H + elements::H;
[INFO] [stderr]    |             ^^^^^^^^ help: if this is intentional, prefix it with an underscore: `_molecule`
[INFO] [stderr] 
[INFO] [stderr] warning: unused variable: `molecule`
[INFO] [stderr]   --> src/lib.rs:16:13
[INFO] [stderr]    |
[INFO] [stderr] 16 |         let molecule = elements::H + elements::H;
[INFO] [stderr]    |             ^^^^^^^^ help: if this is intentional, prefix it with an underscore: `_molecule`
[INFO] [stderr] 
[INFO] [stderr] warning: `spock` (lib test) generated 6 warnings (4 duplicates)
[INFO] [stderr]     Finished `test` profile [unoptimized + debuginfo] target(s) in 0.02s
[INFO] [stderr]      Running unittests src/lib.rs (/opt/rustwide/target/debug/deps/spock-75d268e900ff3d2a)
[INFO] [stdout] 
[INFO] [stdout] running 1 test
[INFO] [stderr] error: test failed, to rerun pass `--lib`
[INFO] [stdout] test tests::spock ... FAILED
[INFO] [stdout] 
[INFO] [stdout] failures:
[INFO] [stdout] 
[INFO] [stdout] ---- tests::spock stdout ----
[INFO] [stdout] 
[INFO] [stdout] thread 'tests::spock' panicked at src/logic/chemistry/element/mod.rs:24:9:
[INFO] [stdout] not yet implemented
[INFO] [stdout] stack backtrace:
[INFO] [stdout]    0:     0x5cf546d6549a - std::backtrace_rs::backtrace::libunwind::trace::hb059275cfc8d6126
[INFO] [stdout]                                at /rustc/6067b36314ab5eb2eb47cecc464545ba58e1ad24/library/std/src/../../backtrace/src/backtrace/libunwind.rs:116:5
[INFO] [stdout]    1:     0x5cf546d6549a - std::backtrace_rs::backtrace::trace_unsynchronized::h2da071e4327ce3ee
[INFO] [stdout]                                at /rustc/6067b36314ab5eb2eb47cecc464545ba58e1ad24/library/std/src/../../backtrace/src/backtrace/mod.rs:66:5
[INFO] [stdout]    2:     0x5cf546d6549a - std::sys::backtrace::_print_fmt::h842a1474e6f8d23f
[INFO] [stdout]                                at /rustc/6067b36314ab5eb2eb47cecc464545ba58e1ad24/library/std/src/sys/backtrace.rs:66:9
[INFO] [stdout]    3:     0x5cf546d6549a - <std::sys::backtrace::BacktraceLock::print::DisplayBacktrace as core::fmt::Display>::fmt::h71a62eb3b9696b12
[INFO] [stdout]                                at /rustc/6067b36314ab5eb2eb47cecc464545ba58e1ad24/library/std/src/sys/backtrace.rs:39:26
[INFO] [stdout]    4:     0x5cf546d8ca03 - core::fmt::rt::Argument::fmt::hdb6b616786b41dc1
[INFO] [stdout]                                at /rustc/6067b36314ab5eb2eb47cecc464545ba58e1ad24/library/core/src/fmt/rt.rs:177:76
[INFO] [stdout]    5:     0x5cf546d8ca03 - core::fmt::write::h2cc1698af7e2d686
[INFO] [stdout]                                at /rustc/6067b36314ab5eb2eb47cecc464545ba58e1ad24/library/core/src/fmt/mod.rs:1440:21
[INFO] [stdout]    6:     0x5cf546d61ff3 - std::io::Write::write_fmt::hab1b4cd059a79022
[INFO] [stdout]                                at /rustc/6067b36314ab5eb2eb47cecc464545ba58e1ad24/library/std/src/io/mod.rs:1887:15
[INFO] [stdout]    7:     0x5cf546d652e2 - std::sys::backtrace::BacktraceLock::print::h147fe35b4ea13b08
[INFO] [stdout]                                at /rustc/6067b36314ab5eb2eb47cecc464545ba58e1ad24/library/std/src/sys/backtrace.rs:42:9
[INFO] [stdout]    8:     0x5cf546d668bf - std::panicking::default_hook::{{closure}}::hbd44223dbdc0d208
[INFO] [stdout]                                at /rustc/6067b36314ab5eb2eb47cecc464545ba58e1ad24/library/std/src/panicking.rs:298:22
[INFO] [stdout]    9:     0x5cf546d666d8 - std::panicking::default_hook::h20f81eb0576efcec
[INFO] [stdout]                                at /rustc/6067b36314ab5eb2eb47cecc464545ba58e1ad24/library/std/src/panicking.rs:322:9
[INFO] [stdout]   10:     0x5cf546d2f423 - <alloc::boxed::Box<F,A> as core::ops::function::Fn<Args>>::call::hdb53814c496a4d34
[INFO] [stdout]                                at /rustc/6067b36314ab5eb2eb47cecc464545ba58e1ad24/library/alloc/src/boxed.rs:2027:9
[INFO] [stdout]   11:     0x5cf546d2f423 - test::test_main::{{closure}}::hc0a4963c59427c24
[INFO] [stdout]                                at /rustc/6067b36314ab5eb2eb47cecc464545ba58e1ad24/library/test/src/lib.rs:134:21
[INFO] [stdout]   12:     0x5cf546d673b3 - <alloc::boxed::Box<F,A> as core::ops::function::Fn<Args>>::call::h591b2225413a77e9
[INFO] [stdout]                                at /rustc/6067b36314ab5eb2eb47cecc464545ba58e1ad24/library/alloc/src/boxed.rs:2027:9
[INFO] [stdout]   13:     0x5cf546d673b3 - std::panicking::rust_panic_with_hook::h625eea43051b2edc
[INFO] [stdout]                                at /rustc/6067b36314ab5eb2eb47cecc464545ba58e1ad24/library/std/src/panicking.rs:839:13
[INFO] [stdout]   14:     0x5cf546d67036 - std::panicking::begin_panic_handler::{{closure}}::h4f9159cfbc3f6bd3
[INFO] [stdout]                                at /rustc/6067b36314ab5eb2eb47cecc464545ba58e1ad24/library/std/src/panicking.rs:697:13
[INFO] [stdout]   15:     0x5cf546d65999 - std::sys::backtrace::__rust_end_short_backtrace::h0390abce48353151
[INFO] [stdout]                                at /rustc/6067b36314ab5eb2eb47cecc464545ba58e1ad24/library/std/src/sys/backtrace.rs:168:18
[INFO] [stdout]   16:     0x5cf546d66cfd - rust_begin_unwind
[INFO] [stdout]                                at /rustc/6067b36314ab5eb2eb47cecc464545ba58e1ad24/library/std/src/panicking.rs:695:5
[INFO] [stdout]   17:     0x5cf546d8b4b0 - core::panicking::panic_fmt::h9e7c637e9e5f29c9
[INFO] [stdout]                                at /rustc/6067b36314ab5eb2eb47cecc464545ba58e1ad24/library/core/src/panicking.rs:75:14
[INFO] [stdout]   18:     0x5cf546d8b53c - core::panicking::panic::haa3255ea20181a33
[INFO] [stdout]                                at /rustc/6067b36314ab5eb2eb47cecc464545ba58e1ad24/library/core/src/panicking.rs:145:5
[INFO] [stdout]   19:     0x5cf546cf51ed - <spock::logic::chemistry::element::Element as core::ops::arith::Add>::add::hda4a8f071182ba77
[INFO] [stdout]                                at /opt/rustwide/workdir/src/logic/chemistry/element/mod.rs:24:9
[INFO] [stdout]   20:     0x5cf546cf52b6 - spock::tests::spock::h56ea15ae8a3e47da
[INFO] [stdout]                                at /opt/rustwide/workdir/src/lib.rs:15:24
[INFO] [stdout]   21:     0x5cf546cf5257 - spock::tests::spock::{{closure}}::h82bbaefc215a95bb
[INFO] [stdout]                                at /opt/rustwide/workdir/src/lib.rs:14:19
[INFO] [stdout]   22:     0x5cf546cf49a6 - core::ops::function::FnOnce::call_once::h18b6f78c01e60c4b
[INFO] [stdout]                                at /rustc/6067b36314ab5eb2eb47cecc464545ba58e1ad24/library/core/src/ops/function.rs:250:5
[INFO] [stdout]   23:     0x5cf546d34b7b - core::ops::function::FnOnce::call_once::he27718dfdd183f43
[INFO] [stdout]                                at /rustc/6067b36314ab5eb2eb47cecc464545ba58e1ad24/library/core/src/ops/function.rs:250:5
[INFO] [stdout]   24:     0x5cf546d34b7b - test::__rust_begin_short_backtrace::h4e84902998457a5d
[INFO] [stdout]                                at /rustc/6067b36314ab5eb2eb47cecc464545ba58e1ad24/library/test/src/lib.rs:632:18
[INFO] [stdout]   25:     0x5cf546d33ab3 - test::run_test_in_process::{{closure}}::h7176fd18fc1feca0
[INFO] [stdout]                                at /rustc/6067b36314ab5eb2eb47cecc464545ba58e1ad24/library/test/src/lib.rs:655:60
[INFO] [stdout]   26:     0x5cf546d33ab3 - <core::panic::unwind_safe::AssertUnwindSafe<F> as core::ops::function::FnOnce<()>>::call_once::hf79cff2a624d8cf7
[INFO] [stdout]                                at /rustc/6067b36314ab5eb2eb47cecc464545ba58e1ad24/library/core/src/panic/unwind_safe.rs:272:9
[INFO] [stdout]   27:     0x5cf546d33ab3 - std::panicking::try::do_call::h3da0561d9ab99c25
[INFO] [stdout]                                at /rustc/6067b36314ab5eb2eb47cecc464545ba58e1ad24/library/std/src/panicking.rs:587:40
[INFO] [stdout]   28:     0x5cf546d33ab3 - std::panicking::try::h41c9fa508bc61df6
[INFO] [stdout]                                at /rustc/6067b36314ab5eb2eb47cecc464545ba58e1ad24/library/std/src/panicking.rs:550:19
[INFO] [stdout]   29:     0x5cf546d33ab3 - std::panic::catch_unwind::h6b3ff07bb5afad93
[INFO] [stdout]                                at /rustc/6067b36314ab5eb2eb47cecc464545ba58e1ad24/library/std/src/panic.rs:358:14
[INFO] [stdout]   30:     0x5cf546d33ab3 - test::run_test_in_process::hc7253dd11b39b9f4
[INFO] [stdout]                                at /rustc/6067b36314ab5eb2eb47cecc464545ba58e1ad24/library/test/src/lib.rs:655:27
[INFO] [stdout]   31:     0x5cf546d33ab3 - test::run_test::{{closure}}::hfb2007f8649c30bb
[INFO] [stdout]                                at /rustc/6067b36314ab5eb2eb47cecc464545ba58e1ad24/library/test/src/lib.rs:576:43
[INFO] [stdout]   32:     0x5cf546cf6b95 - test::run_test::{{closure}}::h56a17aa7a282a9f4
[INFO] [stdout]                                at /rustc/6067b36314ab5eb2eb47cecc464545ba58e1ad24/library/test/src/lib.rs:606:41
[INFO] [stdout]   33:     0x5cf546cf6b95 - std::sys::backtrace::__rust_begin_short_backtrace::hd2d2d2fb8e8c6aac
[INFO] [stdout]                                at /rustc/6067b36314ab5eb2eb47cecc464545ba58e1ad24/library/std/src/sys/backtrace.rs:152:18
[INFO] [stdout]   34:     0x5cf546cfa47a - std::thread::Builder::spawn_unchecked_::{{closure}}::{{closure}}::h4faa3f9db6133423
[INFO] [stdout]                                at /rustc/6067b36314ab5eb2eb47cecc464545ba58e1ad24/library/std/src/thread/mod.rs:559:17
[INFO] [stdout]   35:     0x5cf546cfa47a - <core::panic::unwind_safe::AssertUnwindSafe<F> as core::ops::function::FnOnce<()>>::call_once::hf2e855a36a4ea846
[INFO] [stdout]                                at /rustc/6067b36314ab5eb2eb47cecc464545ba58e1ad24/library/core/src/panic/unwind_safe.rs:272:9
[INFO] [stdout]   36:     0x5cf546cfa47a - std::panicking::try::do_call::h2f73af3616c35465
[INFO] [stdout]                                at /rustc/6067b36314ab5eb2eb47cecc464545ba58e1ad24/library/std/src/panicking.rs:587:40
[INFO] [stdout]   37:     0x5cf546cfa47a - std::panicking::try::hd1660ce9efadef5a
[INFO] [stdout]                                at /rustc/6067b36314ab5eb2eb47cecc464545ba58e1ad24/library/std/src/panicking.rs:550:19
[INFO] [stdout]   38:     0x5cf546cfa47a - std::panic::catch_unwind::h5ee8d7823b8ca744
[INFO] [stdout]                                at /rustc/6067b36314ab5eb2eb47cecc464545ba58e1ad24/library/std/src/panic.rs:358:14
[INFO] [stdout]   39:     0x5cf546cfa47a - std::thread::Builder::spawn_unchecked_::{{closure}}::h53c3a1894dce8407
[INFO] [stdout]                                at /rustc/6067b36314ab5eb2eb47cecc464545ba58e1ad24/library/std/src/thread/mod.rs:557:30
[INFO] [stdout]   40:     0x5cf546cfa47a - core::ops::function::FnOnce::call_once{{vtable.shim}}::h048ce291ad4f62bf
[INFO] [stdout]                                at /rustc/6067b36314ab5eb2eb47cecc464545ba58e1ad24/library/core/src/ops/function.rs:250:5
[INFO] [stdout]   41:     0x5cf546d6b2eb - <alloc::boxed::Box<F,A> as core::ops::function::FnOnce<Args>>::call_once::ha52bedf99a3b4981
[INFO] [stdout]                                at /rustc/6067b36314ab5eb2eb47cecc464545ba58e1ad24/library/alloc/src/boxed.rs:2013:9
[INFO] [stdout]   42:     0x5cf546d6b2eb - <alloc::boxed::Box<F,A> as core::ops::function::FnOnce<Args>>::call_once::h567748934d80ccf8
[INFO] [stdout]                                at /rustc/6067b36314ab5eb2eb47cecc464545ba58e1ad24/library/alloc/src/boxed.rs:2013:9
[INFO] [stdout]   43:     0x5cf546d6b2eb - std::sys::pal::unix::thread::Thread::new::thread_start::h2d970728ae887adc
[INFO] [stdout]                                at /rustc/6067b36314ab5eb2eb47cecc464545ba58e1ad24/library/std/src/sys/pal/unix/thread.rs:106:17
[INFO] [stdout]   44:     0x78b5a5339ac3 - <unknown>
[INFO] [stdout]   45:     0x78b5a53caa04 - clone
[INFO] [stdout]   46:                0x0 - <unknown>
[INFO] [stdout] 
[INFO] [stdout] 
[INFO] [stdout] failures:
[INFO] [stdout]     tests::spock
[INFO] [stdout] 
[INFO] [stdout] test result: FAILED. 0 passed; 1 failed; 0 ignored; 0 measured; 0 filtered out; finished in 0.03s
[INFO] [stdout] 
[INFO] running `Command { std: "docker" "inspect" "ee83b42f027d5988feadd281444a15db1665ab988ff3dfffc9eab2ece0ec59a2", kill_on_drop: false }`
[INFO] running `Command { std: "docker" "rm" "-f" "ee83b42f027d5988feadd281444a15db1665ab988ff3dfffc9eab2ece0ec59a2", kill_on_drop: false }`
[INFO] [stdout] ee83b42f027d5988feadd281444a15db1665ab988ff3dfffc9eab2ece0ec59a2
