[INFO] fetching crate specta-util 0.0.9...
[INFO] testing specta-util-0.0.9 against nightly-2025-01-18 for randomize-layout-2
[INFO] extracting crate specta-util 0.0.9 into /workspace/builds/worker-7-tc1/source
[INFO] validating manifest of crates.io crate specta-util 0.0.9 on toolchain nightly-2025-01-18
[INFO] running `Command { std: CARGO_HOME="/workspace/cargo-home" RUSTUP_HOME="/workspace/rustup-home" "/workspace/cargo-home/bin/cargo" "+nightly-2025-01-18" "metadata" "--manifest-path" "Cargo.toml" "--no-deps", kill_on_drop: false }`
[INFO] started tweaking crates.io crate specta-util 0.0.9
[INFO] finished tweaking crates.io crate specta-util 0.0.9
[INFO] tweaked toml for crates.io crate specta-util 0.0.9 written to /workspace/builds/worker-7-tc1/source/Cargo.toml
[INFO] crate crates.io crate specta-util 0.0.9 already has a lockfile, it will not be regenerated
[INFO] running `Command { std: CARGO_HOME="/workspace/cargo-home" RUSTUP_HOME="/workspace/rustup-home" "/workspace/cargo-home/bin/cargo" "+nightly-2025-01-18" "fetch" "--manifest-path" "Cargo.toml", kill_on_drop: false }`
[INFO] [stderr]     Updating crates.io index
[INFO] [stderr]  Downloading crates ...
[INFO] [stderr]   Downloaded specta v2.0.0-rc.22
[INFO] [stderr]   Downloaded specta-macros v2.0.0-rc.18
[INFO] running `Command { std: "docker" "create" "-v" "/var/lib/crater-agent-workspace/builds/worker-7-tc1/target:/opt/rustwide/target:rw,Z" "-v" "/var/lib/crater-agent-workspace/builds/worker-7-tc1/source:/opt/rustwide/workdir:ro,Z" "-v" "/var/lib/crater-agent-workspace/cargo-home:/opt/rustwide/cargo-home:ro,Z" "-v" "/var/lib/crater-agent-workspace/rustup-home:/opt/rustwide/rustup-home:ro,Z" "-e" "SOURCE_DIR=/opt/rustwide/workdir" "-e" "CARGO_TARGET_DIR=/opt/rustwide/target" "-e" "CARGO_HOME=/opt/rustwide/cargo-home" "-e" "RUSTUP_HOME=/opt/rustwide/rustup-home" "-w" "/opt/rustwide/workdir" "-m" "1610612736" "--user" "0:0" "--network" "none" "ghcr.io/rust-lang/crates-build-env/linux@sha256:819108c5571ea2e421544af4d832f968d213c87fbe3707a016657f43d2f853bc" "/opt/rustwide/cargo-home/bin/cargo" "+nightly-2025-01-18" "metadata" "--no-deps" "--format-version=1", kill_on_drop: false }`
[INFO] [stdout] f996e679da17ede47b47fcb975880f77bd598f5c367c3a91172bf8dbb4b0f11a
[INFO] running `Command { std: "docker" "start" "-a" "f996e679da17ede47b47fcb975880f77bd598f5c367c3a91172bf8dbb4b0f11a", kill_on_drop: false }`
[INFO] running `Command { std: "docker" "inspect" "f996e679da17ede47b47fcb975880f77bd598f5c367c3a91172bf8dbb4b0f11a", kill_on_drop: false }`
[INFO] running `Command { std: "docker" "rm" "-f" "f996e679da17ede47b47fcb975880f77bd598f5c367c3a91172bf8dbb4b0f11a", kill_on_drop: false }`
[INFO] [stdout] f996e679da17ede47b47fcb975880f77bd598f5c367c3a91172bf8dbb4b0f11a
[INFO] running `Command { std: "docker" "create" "-v" "/var/lib/crater-agent-workspace/builds/worker-7-tc1/target:/opt/rustwide/target:rw,Z" "-v" "/var/lib/crater-agent-workspace/builds/worker-7-tc1/source:/opt/rustwide/workdir:ro,Z" "-v" "/var/lib/crater-agent-workspace/cargo-home:/opt/rustwide/cargo-home:ro,Z" "-v" "/var/lib/crater-agent-workspace/rustup-home:/opt/rustwide/rustup-home:ro,Z" "-e" "SOURCE_DIR=/opt/rustwide/workdir" "-e" "CARGO_TARGET_DIR=/opt/rustwide/target" "-e" "CARGO_INCREMENTAL=0" "-e" "RUST_BACKTRACE=full" "-e" "RUSTFLAGS=--cap-lints=forbid" "-e" "RUSTDOCFLAGS=--cap-lints=forbid" "-e" "CARGO_HOME=/opt/rustwide/cargo-home" "-e" "RUSTUP_HOME=/opt/rustwide/rustup-home" "-w" "/opt/rustwide/workdir" "-m" "1610612736" "--user" "0:0" "--network" "none" "ghcr.io/rust-lang/crates-build-env/linux@sha256:819108c5571ea2e421544af4d832f968d213c87fbe3707a016657f43d2f853bc" "/opt/rustwide/cargo-home/bin/cargo" "+nightly-2025-01-18" "build" "--frozen" "--message-format=json", kill_on_drop: false }`
[INFO] [stdout] 24c64d3eaa02297e4db9549ee82273cd1b1311295edc759e38710f50fe668e6a
[INFO] running `Command { std: "docker" "start" "-a" "24c64d3eaa02297e4db9549ee82273cd1b1311295edc759e38710f50fe668e6a", kill_on_drop: false }`
[INFO] [stderr]    Compiling proc-macro2 v1.0.92
[INFO] [stderr]    Compiling unicode-ident v1.0.14
[INFO] [stderr]    Compiling thiserror v1.0.69
[INFO] [stderr]    Compiling serde v1.0.217
[INFO] [stderr]    Compiling quote v1.0.38
[INFO] [stderr]    Compiling syn v2.0.95
[INFO] [stderr]    Compiling thiserror-impl v1.0.69
[INFO] [stderr]    Compiling specta v2.0.0-rc.22
[INFO] [stderr]    Compiling specta-util v0.0.9 (/opt/rustwide/workdir)
[INFO] [stderr]     Finished `dev` profile [unoptimized + debuginfo] target(s) in 7.09s
[INFO] running `Command { std: "docker" "inspect" "24c64d3eaa02297e4db9549ee82273cd1b1311295edc759e38710f50fe668e6a", kill_on_drop: false }`
[INFO] running `Command { std: "docker" "rm" "-f" "24c64d3eaa02297e4db9549ee82273cd1b1311295edc759e38710f50fe668e6a", kill_on_drop: false }`
[INFO] [stdout] 24c64d3eaa02297e4db9549ee82273cd1b1311295edc759e38710f50fe668e6a
[INFO] running `Command { std: "docker" "create" "-v" "/var/lib/crater-agent-workspace/builds/worker-7-tc1/target:/opt/rustwide/target:rw,Z" "-v" "/var/lib/crater-agent-workspace/builds/worker-7-tc1/source:/opt/rustwide/workdir:ro,Z" "-v" "/var/lib/crater-agent-workspace/cargo-home:/opt/rustwide/cargo-home:ro,Z" "-v" "/var/lib/crater-agent-workspace/rustup-home:/opt/rustwide/rustup-home:ro,Z" "-e" "SOURCE_DIR=/opt/rustwide/workdir" "-e" "CARGO_TARGET_DIR=/opt/rustwide/target" "-e" "CARGO_INCREMENTAL=0" "-e" "RUST_BACKTRACE=full" "-e" "RUSTFLAGS=--cap-lints=forbid" "-e" "RUSTDOCFLAGS=--cap-lints=forbid" "-e" "CARGO_HOME=/opt/rustwide/cargo-home" "-e" "RUSTUP_HOME=/opt/rustwide/rustup-home" "-w" "/opt/rustwide/workdir" "-m" "1610612736" "--user" "0:0" "--network" "none" "ghcr.io/rust-lang/crates-build-env/linux@sha256:819108c5571ea2e421544af4d832f968d213c87fbe3707a016657f43d2f853bc" "/opt/rustwide/cargo-home/bin/cargo" "+nightly-2025-01-18" "test" "--frozen" "--no-run" "--message-format=json", kill_on_drop: false }`
[INFO] [stdout] 8433e16cbc8a2b56a71cc135e5dd197abbe5aef4dcd0cba1ac9872e7087bcca3
[INFO] running `Command { std: "docker" "start" "-a" "8433e16cbc8a2b56a71cc135e5dd197abbe5aef4dcd0cba1ac9872e7087bcca3", kill_on_drop: false }`
[INFO] [stderr]    Compiling specta-util v0.0.9 (/opt/rustwide/workdir)
[INFO] [stderr]     Finished `test` profile [unoptimized + debuginfo] target(s) in 0.29s
[INFO] running `Command { std: "docker" "inspect" "8433e16cbc8a2b56a71cc135e5dd197abbe5aef4dcd0cba1ac9872e7087bcca3", kill_on_drop: false }`
[INFO] running `Command { std: "docker" "rm" "-f" "8433e16cbc8a2b56a71cc135e5dd197abbe5aef4dcd0cba1ac9872e7087bcca3", kill_on_drop: false }`
[INFO] [stdout] 8433e16cbc8a2b56a71cc135e5dd197abbe5aef4dcd0cba1ac9872e7087bcca3
[INFO] running `Command { std: "docker" "create" "-v" "/var/lib/crater-agent-workspace/builds/worker-7-tc1/target:/opt/rustwide/target:rw,Z" "-v" "/var/lib/crater-agent-workspace/builds/worker-7-tc1/source:/opt/rustwide/workdir:ro,Z" "-v" "/var/lib/crater-agent-workspace/cargo-home:/opt/rustwide/cargo-home:ro,Z" "-v" "/var/lib/crater-agent-workspace/rustup-home:/opt/rustwide/rustup-home:ro,Z" "-e" "SOURCE_DIR=/opt/rustwide/workdir" "-e" "CARGO_TARGET_DIR=/opt/rustwide/target" "-e" "CARGO_INCREMENTAL=0" "-e" "RUST_BACKTRACE=full" "-e" "RUSTFLAGS=--cap-lints=forbid" "-e" "RUSTDOCFLAGS=--cap-lints=forbid" "-e" "CARGO_HOME=/opt/rustwide/cargo-home" "-e" "RUSTUP_HOME=/opt/rustwide/rustup-home" "-w" "/opt/rustwide/workdir" "-m" "1610612736" "--user" "0:0" "--network" "none" "ghcr.io/rust-lang/crates-build-env/linux@sha256:819108c5571ea2e421544af4d832f968d213c87fbe3707a016657f43d2f853bc" "/opt/rustwide/cargo-home/bin/cargo" "+nightly-2025-01-18" "test" "--frozen", kill_on_drop: false }`
[INFO] [stdout] fd915e49c077aacf1c603e4c1a3cb35d9b275d74db49a57431ea180dd95dae17
[INFO] running `Command { std: "docker" "start" "-a" "fd915e49c077aacf1c603e4c1a3cb35d9b275d74db49a57431ea180dd95dae17", kill_on_drop: false }`
[INFO] [stderr]     Finished `test` profile [unoptimized + debuginfo] target(s) in 0.02s
[INFO] [stderr]      Running unittests src/lib.rs (/opt/rustwide/target/debug/deps/specta_util-dc9248e25a7e0dde)
[INFO] [stdout] 
[INFO] [stdout] running 0 tests
[INFO] [stdout] 
[INFO] [stdout] test result: ok. 0 passed; 0 failed; 0 ignored; 0 measured; 0 filtered out; finished in 0.00s
[INFO] [stdout] 
[INFO] [stderr]    Doc-tests specta_util
[INFO] [stdout] 
[INFO] [stdout] running 4 tests
[INFO] [stdout] test src/static_types.rs - static_types::Any (line 25) ... FAILED
[INFO] [stdout] test src/static_types.rs - static_types::Unknown (line 88) ... FAILED
[INFO] [stdout] test src/static_types.rs - static_types::Any (line 13) ... FAILED
[INFO] [stdout] test src/static_types.rs - static_types::Unknown (line 76) ... FAILED
[INFO] [stdout] 
[INFO] [stdout] failures:
[INFO] [stdout] 
[INFO] [stdout] ---- src/static_types.rs - static_types::Any (line 25) stdout ----
[INFO] [stdout] error[E0432]: unresolved import `specta::Any`
[INFO] [stdout]  --> src/static_types.rs:27:20
[INFO] [stdout]   |
[INFO] [stdout] 4 | use specta::{Type, Any};
[INFO] [stdout]   |                    ^^^ no `Any` in the root
[INFO] [stdout]   |
[INFO] [stdout]   = help: consider importing one of these items instead:
[INFO] [stdout]           std::any::Any
[INFO] [stdout]           specta::DataType::Any
[INFO] [stdout] 
[INFO] [stdout] error: cannot find derive macro `Serialize` in this scope
[INFO] [stdout]  --> src/static_types.rs:29:10
[INFO] [stdout]   |
[INFO] [stdout] 6 | #[derive(Serialize, Type)]
[INFO] [stdout]   |          ^^^^^^^^^
[INFO] [stdout]   |
[INFO] [stdout] note: `Serialize` is imported here, but it is only a trait, without a derive macro
[INFO] [stdout]  --> src/static_types.rs:26:5
[INFO] [stdout]   |
[INFO] [stdout] 3 | use serde::Serialize;
[INFO] [stdout]   |     ^^^^^^^^^^^^^^^^
[INFO] [stdout] 
[INFO] [stdout] error: cannot find derive macro `Type` in this scope
[INFO] [stdout]  --> src/static_types.rs:29:21
[INFO] [stdout]   |
[INFO] [stdout] 6 | #[derive(Serialize, Type)]
[INFO] [stdout]   |                     ^^^^
[INFO] [stdout]   |
[INFO] [stdout] note: `Type` is imported here, but it is only a trait, without a derive macro
[INFO] [stdout]  --> src/static_types.rs:27:14
[INFO] [stdout]   |
[INFO] [stdout] 4 | use specta::{Type, Any};
[INFO] [stdout]   |              ^^^^
[INFO] [stdout] 
[INFO] [stdout] error: aborting due to 3 previous errors
[INFO] [stdout] 
[INFO] [stdout] For more information about this error, try `rustc --explain E0432`.
[INFO] [stdout] Couldn't compile the test.
[INFO] [stdout] ---- src/static_types.rs - static_types::Unknown (line 88) stdout ----
[INFO] [stdout] error[E0432]: unresolved import `specta::Unknown`
[INFO] [stdout]  --> src/static_types.rs:90:20
[INFO] [stdout]   |
[INFO] [stdout] 4 | use specta::{Type, Unknown};
[INFO] [stdout]   |                    ^^^^^^^ no `Unknown` in the root
[INFO] [stdout]   |
[INFO] [stdout]   = help: consider importing one of these variants instead:
[INFO] [stdout]           std::os::unix::net::AncillaryError::Unknown
[INFO] [stdout]           specta::DataType::Unknown
[INFO] [stdout] 
[INFO] [stdout] error: cannot find derive macro `Serialize` in this scope
[INFO] [stdout]  --> src/static_types.rs:92:10
[INFO] [stdout]   |
[INFO] [stdout] 6 | #[derive(Serialize, Type)]
[INFO] [stdout]   |          ^^^^^^^^^
[INFO] [stdout]   |
[INFO] [stdout] note: `Serialize` is imported here, but it is only a trait, without a derive macro
[INFO] [stdout]  --> src/static_types.rs:89:5
[INFO] [stdout]   |
[INFO] [stdout] 3 | use serde::Serialize;
[INFO] [stdout]   |     ^^^^^^^^^^^^^^^^
[INFO] [stdout] 
[INFO] [stdout] error: cannot find derive macro `Type` in this scope
[INFO] [stdout]  --> src/static_types.rs:92:21
[INFO] [stdout]   |
[INFO] [stdout] 6 | #[derive(Serialize, Type)]
[INFO] [stdout]   |                     ^^^^
[INFO] [stdout]   |
[INFO] [stdout] note: `Type` is imported here, but it is only a trait, without a derive macro
[INFO] [stdout]  --> src/static_types.rs:90:14
[INFO] [stdout]   |
[INFO] [stdout] 4 | use specta::{Type, Unknown};
[INFO] [stdout]   |              ^^^^
[INFO] [stdout] 
[INFO] [stdout] error: aborting due to 3 previous errors
[INFO] [stdout] 
[INFO] [stdout] For more information about this error, try `rustc --explain E0432`.
[INFO] [stdout] Couldn't compile the test.
[INFO] [stdout] ---- src/static_types.rs - static_types::Any (line 13) stdout ----
[INFO] [stdout] error[E0432]: unresolved import `specta::Any`
[INFO] [stdout]  --> src/static_types.rs:15:20
[INFO] [stdout]   |
[INFO] [stdout] 4 | use specta::{Type, Any};
[INFO] [stdout]   |                    ^^^ no `Any` in the root
[INFO] [stdout]   |
[INFO] [stdout]   = help: consider importing one of these items instead:
[INFO] [stdout]           std::any::Any
[INFO] [stdout]           specta::DataType::Any
[INFO] [stdout] 
[INFO] [stdout] error: cannot find derive macro `Serialize` in this scope
[INFO] [stdout]  --> src/static_types.rs:17:10
[INFO] [stdout]   |
[INFO] [stdout] 6 | #[derive(Serialize, Type)]
[INFO] [stdout]   |          ^^^^^^^^^
[INFO] [stdout]   |
[INFO] [stdout] note: `Serialize` is imported here, but it is only a trait, without a derive macro
[INFO] [stdout]  --> src/static_types.rs:14:5
[INFO] [stdout]   |
[INFO] [stdout] 3 | use serde::Serialize;
[INFO] [stdout]   |     ^^^^^^^^^^^^^^^^
[INFO] [stdout] 
[INFO] [stdout] error: cannot find derive macro `Type` in this scope
[INFO] [stdout]  --> src/static_types.rs:17:21
[INFO] [stdout]   |
[INFO] [stdout] 6 | #[derive(Serialize, Type)]
[INFO] [stdout]   |                     ^^^^
[INFO] [stdout]   |
[INFO] [stdout] note: `Type` is imported here, but it is only a trait, without a derive macro
[INFO] [stdout]  --> src/static_types.rs:15:14
[INFO] [stdout]   |
[INFO] [stdout] 4 | use specta::{Type, Any};
[INFO] [stdout]   |              ^^^^
[INFO] [stdout] 
[INFO] [stdout] error: cannot find attribute `specta` in this scope
[INFO] [stdout]  --> src/static_types.rs:19:7
[INFO] [stdout]   |
[INFO] [stdout] 8 |     #[specta(type = Any)]
[INFO] [stdout]   |       ^^^^^^
[INFO] [stdout]   |
[INFO] [stdout]   = note: `specta` is in scope, but it is a crate, not an attribute
[INFO] [stdout] 
[INFO] [stdout] error: aborting due to 4 previous errors
[INFO] [stdout] 
[INFO] [stdout] For more information about this error, try `rustc --explain E0432`.
[INFO] [stdout] Couldn't compile the test.
[INFO] [stdout] ---- src/static_types.rs - static_types::Unknown (line 76) stdout ----
[INFO] [stdout] error[E0432]: unresolved import `specta::Unknown`
[INFO] [stdout]  --> src/static_types.rs:78:20
[INFO] [stdout]   |
[INFO] [stdout] 4 | use specta::{Type, Unknown};
[INFO] [stdout]   |                    ^^^^^^^ no `Unknown` in the root
[INFO] [stdout]   |
[INFO] [stdout]   = help: consider importing one of these variants instead:
[INFO] [stdout]           std::os::unix::net::AncillaryError::Unknown
[INFO] [stdout]           specta::DataType::Unknown
[INFO] [stdout] 
[INFO] [stdout] error: cannot find derive macro `Serialize` in this scope
[INFO] [stdout]  --> src/static_types.rs:80:10
[INFO] [stdout]   |
[INFO] [stdout] 6 | #[derive(Serialize, Type)]
[INFO] [stdout]   |          ^^^^^^^^^
[INFO] [stdout]   |
[INFO] [stdout] note: `Serialize` is imported here, but it is only a trait, without a derive macro
[INFO] [stdout]  --> src/static_types.rs:77:5
[INFO] [stdout]   |
[INFO] [stdout] 3 | use serde::Serialize;
[INFO] [stdout]   |     ^^^^^^^^^^^^^^^^
[INFO] [stdout] 
[INFO] [stdout] error: cannot find derive macro `Type` in this scope
[INFO] [stdout]  --> src/static_types.rs:80:21
[INFO] [stdout]   |
[INFO] [stdout] 6 | #[derive(Serialize, Type)]
[INFO] [stdout]   |                     ^^^^
[INFO] [stdout]   |
[INFO] [stdout] note: `Type` is imported here, but it is only a trait, without a derive macro
[INFO] [stdout]  --> src/static_types.rs:78:14
[INFO] [stdout]   |
[INFO] [stdout] 4 | use specta::{Type, Unknown};
[INFO] [stdout]   |              ^^^^
[INFO] [stdout] 
[INFO] [stdout] error: cannot find attribute `specta` in this scope
[INFO] [stdout]  --> src/static_types.rs:82:7
[INFO] [stdout]   |
[INFO] [stdout] 8 |     #[specta(type = Unknown)]
[INFO] [stdout]   |       ^^^^^^
[INFO] [stdout]   |
[INFO] [stdout]   = note: `specta` is in scope, but it is a crate, not an attribute
[INFO] [stdout] 
[INFO] [stdout] error: aborting due to 4 previous errors
[INFO] [stdout] 
[INFO] [stdout] For more information about this error, try `rustc --explain E0432`.
[INFO] [stdout] Couldn't compile the test.
[INFO] [stdout] 
[INFO] [stdout] failures:
[INFO] [stdout]     src/static_types.rs - static_types::Any (line 13)
[INFO] [stdout]     src/static_types.rs - static_types::Any (line 25)
[INFO] [stdout]     src/static_types.rs - static_types::Unknown (line 76)
[INFO] [stdout]     src/static_types.rs - static_types::Unknown (line 88)
[INFO] [stdout] 
[INFO] [stdout] test result: FAILED. 0 passed; 4 failed; 0 ignored; 0 measured; 0 filtered out; finished in 0.17s
[INFO] [stdout] 
[INFO] [stderr] error: doctest failed, to rerun pass `--doc`
[INFO] running `Command { std: "docker" "inspect" "fd915e49c077aacf1c603e4c1a3cb35d9b275d74db49a57431ea180dd95dae17", kill_on_drop: false }`
[INFO] running `Command { std: "docker" "rm" "-f" "fd915e49c077aacf1c603e4c1a3cb35d9b275d74db49a57431ea180dd95dae17", kill_on_drop: false }`
[INFO] [stdout] fd915e49c077aacf1c603e4c1a3cb35d9b275d74db49a57431ea180dd95dae17
