[INFO] fetching crate specta-macros 2.0.0-rc.18...
[INFO] testing specta-macros-2.0.0-rc.18 against nightly-2025-01-18 for randomize-layout-2
[INFO] extracting crate specta-macros 2.0.0-rc.18 into /workspace/builds/worker-7-tc1/source
[INFO] validating manifest of crates.io crate specta-macros 2.0.0-rc.18 on toolchain nightly-2025-01-18
[INFO] running `Command { std: CARGO_HOME="/workspace/cargo-home" RUSTUP_HOME="/workspace/rustup-home" "/workspace/cargo-home/bin/cargo" "+nightly-2025-01-18" "metadata" "--manifest-path" "Cargo.toml" "--no-deps", kill_on_drop: false }`
[INFO] started tweaking crates.io crate specta-macros 2.0.0-rc.18
[INFO] finished tweaking crates.io crate specta-macros 2.0.0-rc.18
[INFO] tweaked toml for crates.io crate specta-macros 2.0.0-rc.18 written to /workspace/builds/worker-7-tc1/source/Cargo.toml
[INFO] crate crates.io crate specta-macros 2.0.0-rc.18 already has a lockfile, it will not be regenerated
[INFO] running `Command { std: CARGO_HOME="/workspace/cargo-home" RUSTUP_HOME="/workspace/rustup-home" "/workspace/cargo-home/bin/cargo" "+nightly-2025-01-18" "fetch" "--manifest-path" "Cargo.toml", kill_on_drop: false }`
[INFO] running `Command { std: "docker" "create" "-v" "/var/lib/crater-agent-workspace/builds/worker-7-tc1/target:/opt/rustwide/target:rw,Z" "-v" "/var/lib/crater-agent-workspace/builds/worker-7-tc1/source:/opt/rustwide/workdir:ro,Z" "-v" "/var/lib/crater-agent-workspace/cargo-home:/opt/rustwide/cargo-home:ro,Z" "-v" "/var/lib/crater-agent-workspace/rustup-home:/opt/rustwide/rustup-home:ro,Z" "-e" "SOURCE_DIR=/opt/rustwide/workdir" "-e" "CARGO_TARGET_DIR=/opt/rustwide/target" "-e" "CARGO_HOME=/opt/rustwide/cargo-home" "-e" "RUSTUP_HOME=/opt/rustwide/rustup-home" "-w" "/opt/rustwide/workdir" "-m" "1610612736" "--user" "0:0" "--network" "none" "ghcr.io/rust-lang/crates-build-env/linux@sha256:819108c5571ea2e421544af4d832f968d213c87fbe3707a016657f43d2f853bc" "/opt/rustwide/cargo-home/bin/cargo" "+nightly-2025-01-18" "metadata" "--no-deps" "--format-version=1", kill_on_drop: false }`
[INFO] [stdout] 133aa65071793f4ebfb8b754a00e15f8e6cc36d2af087fc9fa12aef3a9bcec79
[INFO] running `Command { std: "docker" "start" "-a" "133aa65071793f4ebfb8b754a00e15f8e6cc36d2af087fc9fa12aef3a9bcec79", kill_on_drop: false }`
[INFO] running `Command { std: "docker" "inspect" "133aa65071793f4ebfb8b754a00e15f8e6cc36d2af087fc9fa12aef3a9bcec79", kill_on_drop: false }`
[INFO] running `Command { std: "docker" "rm" "-f" "133aa65071793f4ebfb8b754a00e15f8e6cc36d2af087fc9fa12aef3a9bcec79", kill_on_drop: false }`
[INFO] [stdout] 133aa65071793f4ebfb8b754a00e15f8e6cc36d2af087fc9fa12aef3a9bcec79
[INFO] running `Command { std: "docker" "create" "-v" "/var/lib/crater-agent-workspace/builds/worker-7-tc1/target:/opt/rustwide/target:rw,Z" "-v" "/var/lib/crater-agent-workspace/builds/worker-7-tc1/source:/opt/rustwide/workdir:ro,Z" "-v" "/var/lib/crater-agent-workspace/cargo-home:/opt/rustwide/cargo-home:ro,Z" "-v" "/var/lib/crater-agent-workspace/rustup-home:/opt/rustwide/rustup-home:ro,Z" "-e" "SOURCE_DIR=/opt/rustwide/workdir" "-e" "CARGO_TARGET_DIR=/opt/rustwide/target" "-e" "CARGO_INCREMENTAL=0" "-e" "RUST_BACKTRACE=full" "-e" "RUSTFLAGS=--cap-lints=forbid" "-e" "RUSTDOCFLAGS=--cap-lints=forbid" "-e" "CARGO_HOME=/opt/rustwide/cargo-home" "-e" "RUSTUP_HOME=/opt/rustwide/rustup-home" "-w" "/opt/rustwide/workdir" "-m" "1610612736" "--user" "0:0" "--network" "none" "ghcr.io/rust-lang/crates-build-env/linux@sha256:819108c5571ea2e421544af4d832f968d213c87fbe3707a016657f43d2f853bc" "/opt/rustwide/cargo-home/bin/cargo" "+nightly-2025-01-18" "build" "--frozen" "--message-format=json", kill_on_drop: false }`
[INFO] [stdout] 5f06711f488b2313be43fc9ff6ab2b2f6c47220a40a8f0599eb334e6615cd760
[INFO] running `Command { std: "docker" "start" "-a" "5f06711f488b2313be43fc9ff6ab2b2f6c47220a40a8f0599eb334e6615cd760", kill_on_drop: false }`
[INFO] [stderr]    Compiling proc-macro2 v1.0.92
[INFO] [stderr]    Compiling unicode-ident v1.0.14
[INFO] [stderr]    Compiling Inflector v0.11.4
[INFO] [stderr]    Compiling quote v1.0.38
[INFO] [stderr]    Compiling syn v2.0.95
[INFO] [stderr]    Compiling specta-macros v2.0.0-rc.18 (/opt/rustwide/workdir)
[INFO] [stdout] warning: function `then_option` is never used
[INFO] [stdout]    --> src/utils.rs:293:8
[INFO] [stdout]     |
[INFO] [stdout] 293 | pub fn then_option(condition: bool, inner: TokenStream) -> TokenStream {
[INFO] [stdout]     |        ^^^^^^^^^^^
[INFO] [stdout]     |
[INFO] [stdout]     = note: `#[warn(dead_code)]` on by default
[INFO] [stdout] 
[INFO] [stdout] 
[INFO] [stderr]     Finished `dev` profile [unoptimized + debuginfo] target(s) in 6.94s
[INFO] running `Command { std: "docker" "inspect" "5f06711f488b2313be43fc9ff6ab2b2f6c47220a40a8f0599eb334e6615cd760", kill_on_drop: false }`
[INFO] running `Command { std: "docker" "rm" "-f" "5f06711f488b2313be43fc9ff6ab2b2f6c47220a40a8f0599eb334e6615cd760", kill_on_drop: false }`
[INFO] [stdout] 5f06711f488b2313be43fc9ff6ab2b2f6c47220a40a8f0599eb334e6615cd760
[INFO] running `Command { std: "docker" "create" "-v" "/var/lib/crater-agent-workspace/builds/worker-7-tc1/target:/opt/rustwide/target:rw,Z" "-v" "/var/lib/crater-agent-workspace/builds/worker-7-tc1/source:/opt/rustwide/workdir:ro,Z" "-v" "/var/lib/crater-agent-workspace/cargo-home:/opt/rustwide/cargo-home:ro,Z" "-v" "/var/lib/crater-agent-workspace/rustup-home:/opt/rustwide/rustup-home:ro,Z" "-e" "SOURCE_DIR=/opt/rustwide/workdir" "-e" "CARGO_TARGET_DIR=/opt/rustwide/target" "-e" "CARGO_INCREMENTAL=0" "-e" "RUST_BACKTRACE=full" "-e" "RUSTFLAGS=--cap-lints=forbid" "-e" "RUSTDOCFLAGS=--cap-lints=forbid" "-e" "CARGO_HOME=/opt/rustwide/cargo-home" "-e" "RUSTUP_HOME=/opt/rustwide/rustup-home" "-w" "/opt/rustwide/workdir" "-m" "1610612736" "--user" "0:0" "--network" "none" "ghcr.io/rust-lang/crates-build-env/linux@sha256:819108c5571ea2e421544af4d832f968d213c87fbe3707a016657f43d2f853bc" "/opt/rustwide/cargo-home/bin/cargo" "+nightly-2025-01-18" "test" "--frozen" "--no-run" "--message-format=json", kill_on_drop: false }`
[INFO] [stdout] 637e0a882b968b3caf23bc77ac6b5f4675eb45fc8446a4a21844d6a5533e823b
[INFO] running `Command { std: "docker" "start" "-a" "637e0a882b968b3caf23bc77ac6b5f4675eb45fc8446a4a21844d6a5533e823b", kill_on_drop: false }`
[INFO] [stderr]    Compiling specta-macros v2.0.0-rc.18 (/opt/rustwide/workdir)
[INFO] [stdout] warning: function `then_option` is never used
[INFO] [stdout]    --> src/utils.rs:293:8
[INFO] [stdout]     |
[INFO] [stdout] 293 | pub fn then_option(condition: bool, inner: TokenStream) -> TokenStream {
[INFO] [stdout]     |        ^^^^^^^^^^^
[INFO] [stdout]     |
[INFO] [stdout]     = note: `#[warn(dead_code)]` on by default
[INFO] [stdout] 
[INFO] [stdout] 
[INFO] [stdout] warning: function `then_option` is never used
[INFO] [stdout]    --> src/utils.rs:293:8
[INFO] [stdout]     |
[INFO] [stdout] 293 | pub fn then_option(condition: bool, inner: TokenStream) -> TokenStream {
[INFO] [stdout]     |        ^^^^^^^^^^^
[INFO] [stdout]     |
[INFO] [stdout]     = note: `#[warn(dead_code)]` on by default
[INFO] [stdout] 
[INFO] [stdout] 
[INFO] [stderr]     Finished `test` profile [unoptimized + debuginfo] target(s) in 1.18s
[INFO] running `Command { std: "docker" "inspect" "637e0a882b968b3caf23bc77ac6b5f4675eb45fc8446a4a21844d6a5533e823b", kill_on_drop: false }`
[INFO] running `Command { std: "docker" "rm" "-f" "637e0a882b968b3caf23bc77ac6b5f4675eb45fc8446a4a21844d6a5533e823b", kill_on_drop: false }`
[INFO] [stdout] 637e0a882b968b3caf23bc77ac6b5f4675eb45fc8446a4a21844d6a5533e823b
[INFO] running `Command { std: "docker" "create" "-v" "/var/lib/crater-agent-workspace/builds/worker-7-tc1/target:/opt/rustwide/target:rw,Z" "-v" "/var/lib/crater-agent-workspace/builds/worker-7-tc1/source:/opt/rustwide/workdir:ro,Z" "-v" "/var/lib/crater-agent-workspace/cargo-home:/opt/rustwide/cargo-home:ro,Z" "-v" "/var/lib/crater-agent-workspace/rustup-home:/opt/rustwide/rustup-home:ro,Z" "-e" "SOURCE_DIR=/opt/rustwide/workdir" "-e" "CARGO_TARGET_DIR=/opt/rustwide/target" "-e" "CARGO_INCREMENTAL=0" "-e" "RUST_BACKTRACE=full" "-e" "RUSTFLAGS=--cap-lints=forbid" "-e" "RUSTDOCFLAGS=--cap-lints=forbid" "-e" "CARGO_HOME=/opt/rustwide/cargo-home" "-e" "RUSTUP_HOME=/opt/rustwide/rustup-home" "-w" "/opt/rustwide/workdir" "-m" "1610612736" "--user" "0:0" "--network" "none" "ghcr.io/rust-lang/crates-build-env/linux@sha256:819108c5571ea2e421544af4d832f968d213c87fbe3707a016657f43d2f853bc" "/opt/rustwide/cargo-home/bin/cargo" "+nightly-2025-01-18" "test" "--frozen", kill_on_drop: false }`
[INFO] [stdout] 409b43d69353815de8a09f589447008e91c0834eeb31e6252a00f727ed97096c
[INFO] running `Command { std: "docker" "start" "-a" "409b43d69353815de8a09f589447008e91c0834eeb31e6252a00f727ed97096c", kill_on_drop: false }`
[INFO] [stderr] warning: function `then_option` is never used
[INFO] [stderr]    --> src/utils.rs:293:8
[INFO] [stderr]     |
[INFO] [stderr] 293 | pub fn then_option(condition: bool, inner: TokenStream) -> TokenStream {
[INFO] [stderr]     |        ^^^^^^^^^^^
[INFO] [stderr]     |
[INFO] [stderr]     = note: `#[warn(dead_code)]` on by default
[INFO] [stderr] 
[INFO] [stderr] warning: `specta-macros` (lib) generated 1 warning
[INFO] [stderr] warning: `specta-macros` (lib test) generated 1 warning (1 duplicate)
[INFO] [stderr]     Finished `test` profile [unoptimized + debuginfo] target(s) in 0.02s
[INFO] [stderr]      Running unittests src/lib.rs (/opt/rustwide/target/debug/deps/specta_macros-214df6f9bb688c51)
[INFO] [stdout] 
[INFO] [stdout] running 0 tests
[INFO] [stdout] 
[INFO] [stdout] test result: ok. 0 passed; 0 failed; 0 ignored; 0 measured; 0 filtered out; finished in 0.00s
[INFO] [stdout] 
[INFO] [stderr]    Doc-tests specta_macros
[INFO] [stdout] 
[INFO] [stdout] running 1 test
[INFO] [stdout] test src/lib.rs - derive_type (line 20) ... FAILED
[INFO] [stdout] 
[INFO] [stdout] failures:
[INFO] [stdout] 
[INFO] [stdout] ---- src/lib.rs - derive_type (line 20) stdout ----
[INFO] [stdout] error[E0432]: unresolved import `specta`
[INFO] [stdout]  --> src/lib.rs:21:5
[INFO] [stdout]   |
[INFO] [stdout] 3 | use specta::Type;
[INFO] [stdout]   |     ^^^^^^ use of undeclared crate or module `specta`
[INFO] [stdout] 
[INFO] [stdout] error: aborting due to 1 previous error
[INFO] [stdout] 
[INFO] [stdout] For more information about this error, try `rustc --explain E0432`.
[INFO] [stdout] Couldn't compile the test.
[INFO] [stdout] 
[INFO] [stdout] failures:
[INFO] [stdout]     src/lib.rs - derive_type (line 20)
[INFO] [stdout] 
[INFO] [stdout] test result: FAILED. 0 passed; 1 failed; 0 ignored; 0 measured; 0 filtered out; finished in 0.06s
[INFO] [stdout] 
[INFO] [stderr] error: doctest failed, to rerun pass `--doc`
[INFO] running `Command { std: "docker" "inspect" "409b43d69353815de8a09f589447008e91c0834eeb31e6252a00f727ed97096c", kill_on_drop: false }`
[INFO] running `Command { std: "docker" "rm" "-f" "409b43d69353815de8a09f589447008e91c0834eeb31e6252a00f727ed97096c", kill_on_drop: false }`
[INFO] [stdout] 409b43d69353815de8a09f589447008e91c0834eeb31e6252a00f727ed97096c
