[INFO] fetching crate spec_math 0.1.6...
[INFO] testing spec_math-0.1.6 against nightly-2025-01-18+rustflags=-Zrandomize-layout for randomize-layout-2
[INFO] extracting crate spec_math 0.1.6 into /workspace/builds/worker-0-tc2/source
[INFO] validating manifest of crates.io crate spec_math 0.1.6 on toolchain nightly-2025-01-18
[INFO] running `Command { std: CARGO_HOME="/workspace/cargo-home" RUSTUP_HOME="/workspace/rustup-home" "/workspace/cargo-home/bin/cargo" "+nightly-2025-01-18" "metadata" "--manifest-path" "Cargo.toml" "--no-deps", kill_on_drop: false }`
[INFO] started tweaking crates.io crate spec_math 0.1.6
[INFO] finished tweaking crates.io crate spec_math 0.1.6
[INFO] tweaked toml for crates.io crate spec_math 0.1.6 written to /workspace/builds/worker-0-tc2/source/Cargo.toml
[INFO] running `Command { std: CARGO_HOME="/workspace/cargo-home" RUSTUP_HOME="/workspace/rustup-home" "/workspace/cargo-home/bin/cargo" "+nightly-2025-01-18" "generate-lockfile" "--manifest-path" "Cargo.toml", kill_on_drop: false }`
[INFO] [stderr]     Blocking waiting for file lock on package cache
[INFO] [stderr]     Blocking waiting for file lock on package cache
[INFO] running `Command { std: CARGO_HOME="/workspace/cargo-home" RUSTUP_HOME="/workspace/rustup-home" "/workspace/cargo-home/bin/cargo" "+nightly-2025-01-18" "fetch" "--manifest-path" "Cargo.toml", kill_on_drop: false }`
[INFO] [stderr]     Blocking waiting for file lock on package cache
[INFO] running `Command { std: "docker" "create" "-v" "/var/lib/crater-agent-workspace/builds/worker-0-tc2/target:/opt/rustwide/target:rw,Z" "-v" "/var/lib/crater-agent-workspace/builds/worker-0-tc2/source:/opt/rustwide/workdir:ro,Z" "-v" "/var/lib/crater-agent-workspace/cargo-home:/opt/rustwide/cargo-home:ro,Z" "-v" "/var/lib/crater-agent-workspace/rustup-home:/opt/rustwide/rustup-home:ro,Z" "-e" "SOURCE_DIR=/opt/rustwide/workdir" "-e" "CARGO_TARGET_DIR=/opt/rustwide/target" "-e" "CARGO_HOME=/opt/rustwide/cargo-home" "-e" "RUSTUP_HOME=/opt/rustwide/rustup-home" "-w" "/opt/rustwide/workdir" "-m" "1610612736" "--user" "0:0" "--network" "none" "ghcr.io/rust-lang/crates-build-env/linux@sha256:819108c5571ea2e421544af4d832f968d213c87fbe3707a016657f43d2f853bc" "/opt/rustwide/cargo-home/bin/cargo" "+nightly-2025-01-18" "metadata" "--no-deps" "--format-version=1", kill_on_drop: false }`
[INFO] [stdout] 56d9374f82a5c2141fe6e94dc861f855ccdf13aa9eee196bfa32441991b469f6
[INFO] running `Command { std: "docker" "start" "-a" "56d9374f82a5c2141fe6e94dc861f855ccdf13aa9eee196bfa32441991b469f6", kill_on_drop: false }`
[INFO] running `Command { std: "docker" "inspect" "56d9374f82a5c2141fe6e94dc861f855ccdf13aa9eee196bfa32441991b469f6", kill_on_drop: false }`
[INFO] running `Command { std: "docker" "rm" "-f" "56d9374f82a5c2141fe6e94dc861f855ccdf13aa9eee196bfa32441991b469f6", kill_on_drop: false }`
[INFO] [stdout] 56d9374f82a5c2141fe6e94dc861f855ccdf13aa9eee196bfa32441991b469f6
[INFO] running `Command { std: "docker" "create" "-v" "/var/lib/crater-agent-workspace/builds/worker-0-tc2/target:/opt/rustwide/target:rw,Z" "-v" "/var/lib/crater-agent-workspace/builds/worker-0-tc2/source:/opt/rustwide/workdir:ro,Z" "-v" "/var/lib/crater-agent-workspace/cargo-home:/opt/rustwide/cargo-home:ro,Z" "-v" "/var/lib/crater-agent-workspace/rustup-home:/opt/rustwide/rustup-home:ro,Z" "-e" "SOURCE_DIR=/opt/rustwide/workdir" "-e" "CARGO_TARGET_DIR=/opt/rustwide/target" "-e" "CARGO_INCREMENTAL=0" "-e" "RUST_BACKTRACE=full" "-e" "RUSTFLAGS=--cap-lints=forbid -Zrandomize-layout" "-e" "RUSTDOCFLAGS=--cap-lints=forbid" "-e" "CARGO_HOME=/opt/rustwide/cargo-home" "-e" "RUSTUP_HOME=/opt/rustwide/rustup-home" "-w" "/opt/rustwide/workdir" "-m" "1610612736" "--user" "0:0" "--network" "none" "ghcr.io/rust-lang/crates-build-env/linux@sha256:819108c5571ea2e421544af4d832f968d213c87fbe3707a016657f43d2f853bc" "/opt/rustwide/cargo-home/bin/cargo" "+nightly-2025-01-18" "build" "--frozen" "--message-format=json", kill_on_drop: false }`
[INFO] [stdout] 8cbd402ab3feafb68e8a37334b8fe07caf98b951099792a74794bdf34a2e1263
[INFO] running `Command { std: "docker" "start" "-a" "8cbd402ab3feafb68e8a37334b8fe07caf98b951099792a74794bdf34a2e1263", kill_on_drop: false }`
[INFO] [stderr]    Compiling spec_math v0.1.6 (/opt/rustwide/workdir)
[INFO] [stdout] warning: constant `LANCZOS_NUM` is never used
[INFO] [stdout]   --> src/cephes64/lanczos.rs:35:7
[INFO] [stdout]    |
[INFO] [stdout] 35 | const LANCZOS_NUM: [f64; 13] = [
[INFO] [stdout]    |       ^^^^^^^^^^^
[INFO] [stdout]    |
[INFO] [stdout]    = note: `#[warn(dead_code)]` on by default
[INFO] [stdout] 
[INFO] [stdout] 
[INFO] [stdout] warning: constant `LANCZOS_DENOM` is never used
[INFO] [stdout]   --> src/cephes64/lanczos.rs:51:7
[INFO] [stdout]    |
[INFO] [stdout] 51 | const LANCZOS_DENOM: [f64; 13] = [
[INFO] [stdout]    |       ^^^^^^^^^^^^^
[INFO] [stdout] 
[INFO] [stdout] 
[INFO] [stdout] warning: constant `LANCZOS_SUM_NEAR_1_D` is never used
[INFO] [stdout]   --> src/cephes64/lanczos.rs:99:7
[INFO] [stdout]    |
[INFO] [stdout] 99 | const LANCZOS_SUM_NEAR_1_D: [f64; 12] = [
[INFO] [stdout]    |       ^^^^^^^^^^^^^^^^^^^^
[INFO] [stdout] 
[INFO] [stdout] 
[INFO] [stdout] warning: constant `LANCZOS_SUM_NEAR_2_D` is never used
[INFO] [stdout]    --> src/cephes64/lanczos.rs:114:7
[INFO] [stdout]     |
[INFO] [stdout] 114 | const LANCZOS_SUM_NEAR_2_D: [f64; 12] = [
[INFO] [stdout]     |       ^^^^^^^^^^^^^^^^^^^^
[INFO] [stdout] 
[INFO] [stdout] 
[INFO] [stdout] warning: function `lanczos_sum` is never used
[INFO] [stdout]    --> src/cephes64/lanczos.rs:141:8
[INFO] [stdout]     |
[INFO] [stdout] 141 | pub fn lanczos_sum(x: f64) -> f64
[INFO] [stdout]     |        ^^^^^^^^^^^
[INFO] [stdout] 
[INFO] [stdout] 
[INFO] [stdout] warning: function `lanczos_sum_near_1` is never used
[INFO] [stdout]    --> src/cephes64/lanczos.rs:154:8
[INFO] [stdout]     |
[INFO] [stdout] 154 | pub fn lanczos_sum_near_1(dx: f64) -> f64
[INFO] [stdout]     |        ^^^^^^^^^^^^^^^^^^
[INFO] [stdout] 
[INFO] [stdout] 
[INFO] [stdout] warning: function `lanczos_sum_near_2` is never used
[INFO] [stdout]    --> src/cephes64/lanczos.rs:165:8
[INFO] [stdout]     |
[INFO] [stdout] 165 | pub fn lanczos_sum_near_2(dx: f64) -> f64
[INFO] [stdout]     |        ^^^^^^^^^^^^^^^^^^
[INFO] [stdout] 
[INFO] [stdout] 
[INFO] [stderr]     Finished `dev` profile [unoptimized + debuginfo] target(s) in 0.69s
[INFO] running `Command { std: "docker" "inspect" "8cbd402ab3feafb68e8a37334b8fe07caf98b951099792a74794bdf34a2e1263", kill_on_drop: false }`
[INFO] running `Command { std: "docker" "rm" "-f" "8cbd402ab3feafb68e8a37334b8fe07caf98b951099792a74794bdf34a2e1263", kill_on_drop: false }`
[INFO] [stdout] 8cbd402ab3feafb68e8a37334b8fe07caf98b951099792a74794bdf34a2e1263
[INFO] running `Command { std: "docker" "create" "-v" "/var/lib/crater-agent-workspace/builds/worker-0-tc2/target:/opt/rustwide/target:rw,Z" "-v" "/var/lib/crater-agent-workspace/builds/worker-0-tc2/source:/opt/rustwide/workdir:ro,Z" "-v" "/var/lib/crater-agent-workspace/cargo-home:/opt/rustwide/cargo-home:ro,Z" "-v" "/var/lib/crater-agent-workspace/rustup-home:/opt/rustwide/rustup-home:ro,Z" "-e" "SOURCE_DIR=/opt/rustwide/workdir" "-e" "CARGO_TARGET_DIR=/opt/rustwide/target" "-e" "CARGO_INCREMENTAL=0" "-e" "RUST_BACKTRACE=full" "-e" "RUSTFLAGS=--cap-lints=forbid -Zrandomize-layout" "-e" "RUSTDOCFLAGS=--cap-lints=forbid" "-e" "CARGO_HOME=/opt/rustwide/cargo-home" "-e" "RUSTUP_HOME=/opt/rustwide/rustup-home" "-w" "/opt/rustwide/workdir" "-m" "1610612736" "--user" "0:0" "--network" "none" "ghcr.io/rust-lang/crates-build-env/linux@sha256:819108c5571ea2e421544af4d832f968d213c87fbe3707a016657f43d2f853bc" "/opt/rustwide/cargo-home/bin/cargo" "+nightly-2025-01-18" "test" "--frozen" "--no-run" "--message-format=json", kill_on_drop: false }`
[INFO] [stdout] 5ba69dafd5c04f1248bd293647bb86f4ec0dbd7f0701231151258e279b6941f2
[INFO] running `Command { std: "docker" "start" "-a" "5ba69dafd5c04f1248bd293647bb86f4ec0dbd7f0701231151258e279b6941f2", kill_on_drop: false }`
[INFO] [stderr]    Compiling spec_math v0.1.6 (/opt/rustwide/workdir)
[INFO] [stdout] warning: constant `LANCZOS_NUM` is never used
[INFO] [stdout]   --> src/cephes64/lanczos.rs:35:7
[INFO] [stdout]    |
[INFO] [stdout] 35 | const LANCZOS_NUM: [f64; 13] = [
[INFO] [stdout]    |       ^^^^^^^^^^^
[INFO] [stdout]    |
[INFO] [stdout]    = note: `#[warn(dead_code)]` on by default
[INFO] [stdout] 
[INFO] [stdout] 
[INFO] [stdout] warning: constant `LANCZOS_DENOM` is never used
[INFO] [stdout]   --> src/cephes64/lanczos.rs:51:7
[INFO] [stdout]    |
[INFO] [stdout] 51 | const LANCZOS_DENOM: [f64; 13] = [
[INFO] [stdout]    |       ^^^^^^^^^^^^^
[INFO] [stdout] 
[INFO] [stdout] 
[INFO] [stdout] warning: constant `LANCZOS_SUM_NEAR_1_D` is never used
[INFO] [stdout]   --> src/cephes64/lanczos.rs:99:7
[INFO] [stdout]    |
[INFO] [stdout] 99 | const LANCZOS_SUM_NEAR_1_D: [f64; 12] = [
[INFO] [stdout]    |       ^^^^^^^^^^^^^^^^^^^^
[INFO] [stdout] 
[INFO] [stdout] 
[INFO] [stdout] warning: constant `LANCZOS_SUM_NEAR_2_D` is never used
[INFO] [stdout]    --> src/cephes64/lanczos.rs:114:7
[INFO] [stdout]     |
[INFO] [stdout] 114 | const LANCZOS_SUM_NEAR_2_D: [f64; 12] = [
[INFO] [stdout]     |       ^^^^^^^^^^^^^^^^^^^^
[INFO] [stdout] 
[INFO] [stdout] 
[INFO] [stdout] warning: function `lanczos_sum` is never used
[INFO] [stdout]    --> src/cephes64/lanczos.rs:141:8
[INFO] [stdout]     |
[INFO] [stdout] 141 | pub fn lanczos_sum(x: f64) -> f64
[INFO] [stdout]     |        ^^^^^^^^^^^
[INFO] [stdout] 
[INFO] [stdout] 
[INFO] [stdout] warning: function `lanczos_sum_near_1` is never used
[INFO] [stdout]    --> src/cephes64/lanczos.rs:154:8
[INFO] [stdout]     |
[INFO] [stdout] 154 | pub fn lanczos_sum_near_1(dx: f64) -> f64
[INFO] [stdout]     |        ^^^^^^^^^^^^^^^^^^
[INFO] [stdout] 
[INFO] [stdout] 
[INFO] [stdout] warning: function `lanczos_sum_near_2` is never used
[INFO] [stdout]    --> src/cephes64/lanczos.rs:165:8
[INFO] [stdout]     |
[INFO] [stdout] 165 | pub fn lanczos_sum_near_2(dx: f64) -> f64
[INFO] [stdout]     |        ^^^^^^^^^^^^^^^^^^
[INFO] [stdout] 
[INFO] [stdout] 
[INFO] [stdout] warning: unused import: `std::io::Write`
[INFO] [stdout]    --> src/misc/carlson.rs:508:9
[INFO] [stdout]     |
[INFO] [stdout] 508 |     use std::io::Write;
[INFO] [stdout]     |         ^^^^^^^^^^^^^^
[INFO] [stdout]     |
[INFO] [stdout]     = note: `#[warn(unused_imports)]` on by default
[INFO] [stdout] 
[INFO] [stdout] 
[INFO] [stdout] warning: unused import: `std::io::Write`
[INFO] [stdout]    --> src/misc/carlson.rs:661:9
[INFO] [stdout]     |
[INFO] [stdout] 661 |     use std::io::Write;
[INFO] [stdout]     |         ^^^^^^^^^^^^^^
[INFO] [stdout] 
[INFO] [stdout] 
[INFO] [stdout] warning: unused import: `std::io::Write`
[INFO] [stdout]    --> src/misc/carlson.rs:731:9
[INFO] [stdout]     |
[INFO] [stdout] 731 |     use std::io::Write;
[INFO] [stdout]     |         ^^^^^^^^^^^^^^
[INFO] [stdout] 
[INFO] [stdout] 
[INFO] [stdout] warning: unused import: `std::io::Write`
[INFO] [stdout]    --> src/misc/carlson.rs:778:9
[INFO] [stdout]     |
[INFO] [stdout] 778 |     use std::io::Write;
[INFO] [stdout]     |         ^^^^^^^^^^^^^^
[INFO] [stdout] 
[INFO] [stdout] 
[INFO] [stdout] warning: unused import: `std::io::Write`
[INFO] [stdout]    --> src/misc/carlson.rs:859:9
[INFO] [stdout]     |
[INFO] [stdout] 859 |     use std::io::Write;
[INFO] [stdout]     |         ^^^^^^^^^^^^^^
[INFO] [stdout] 
[INFO] [stdout] 
[INFO] [stdout] warning: constant `TAYLOR0` is never used
[INFO] [stdout]    --> src/cephes64/polevl.rs:143:11
[INFO] [stdout]     |
[INFO] [stdout] 143 |     const TAYLOR0: [f64; 10] = [
[INFO] [stdout]     |           ^^^^^^^
[INFO] [stdout]     |
[INFO] [stdout]     = note: `#[warn(dead_code)]` on by default
[INFO] [stdout] 
[INFO] [stdout] 
[INFO] [stdout] warning: constant `LANCZOS_NUM` is never used
[INFO] [stdout]   --> src/cephes64/lanczos.rs:35:7
[INFO] [stdout]    |
[INFO] [stdout] 35 | const LANCZOS_NUM: [f64; 13] = [
[INFO] [stdout]    |       ^^^^^^^^^^^
[INFO] [stdout] 
[INFO] [stdout] 
[INFO] [stdout] warning: constant `LANCZOS_DENOM` is never used
[INFO] [stdout]   --> src/cephes64/lanczos.rs:51:7
[INFO] [stdout]    |
[INFO] [stdout] 51 | const LANCZOS_DENOM: [f64; 13] = [
[INFO] [stdout]    |       ^^^^^^^^^^^^^
[INFO] [stdout] 
[INFO] [stdout] 
[INFO] [stdout] warning: constant `LANCZOS_SUM_NEAR_1_D` is never used
[INFO] [stdout]   --> src/cephes64/lanczos.rs:99:7
[INFO] [stdout]    |
[INFO] [stdout] 99 | const LANCZOS_SUM_NEAR_1_D: [f64; 12] = [
[INFO] [stdout]    |       ^^^^^^^^^^^^^^^^^^^^
[INFO] [stdout] 
[INFO] [stdout] 
[INFO] [stdout] warning: constant `LANCZOS_SUM_NEAR_2_D` is never used
[INFO] [stdout]    --> src/cephes64/lanczos.rs:114:7
[INFO] [stdout]     |
[INFO] [stdout] 114 | const LANCZOS_SUM_NEAR_2_D: [f64; 12] = [
[INFO] [stdout]     |       ^^^^^^^^^^^^^^^^^^^^
[INFO] [stdout] 
[INFO] [stdout] 
[INFO] [stdout] warning: function `lanczos_sum` is never used
[INFO] [stdout]    --> src/cephes64/lanczos.rs:141:8
[INFO] [stdout]     |
[INFO] [stdout] 141 | pub fn lanczos_sum(x: f64) -> f64
[INFO] [stdout]     |        ^^^^^^^^^^^
[INFO] [stdout] 
[INFO] [stdout] 
[INFO] [stdout] warning: function `lanczos_sum_near_1` is never used
[INFO] [stdout]    --> src/cephes64/lanczos.rs:154:8
[INFO] [stdout]     |
[INFO] [stdout] 154 | pub fn lanczos_sum_near_1(dx: f64) -> f64
[INFO] [stdout]     |        ^^^^^^^^^^^^^^^^^^
[INFO] [stdout] 
[INFO] [stdout] 
[INFO] [stdout] warning: function `lanczos_sum_near_2` is never used
[INFO] [stdout]    --> src/cephes64/lanczos.rs:165:8
[INFO] [stdout]     |
[INFO] [stdout] 165 | pub fn lanczos_sum_near_2(dx: f64) -> f64
[INFO] [stdout]     |        ^^^^^^^^^^^^^^^^^^
[INFO] [stdout] 
[INFO] [stdout] 
[INFO] [stderr]     Finished `test` profile [unoptimized + debuginfo] target(s) in 2.69s
[INFO] running `Command { std: "docker" "inspect" "5ba69dafd5c04f1248bd293647bb86f4ec0dbd7f0701231151258e279b6941f2", kill_on_drop: false }`
[INFO] running `Command { std: "docker" "rm" "-f" "5ba69dafd5c04f1248bd293647bb86f4ec0dbd7f0701231151258e279b6941f2", kill_on_drop: false }`
[INFO] [stdout] 5ba69dafd5c04f1248bd293647bb86f4ec0dbd7f0701231151258e279b6941f2
[INFO] running `Command { std: "docker" "create" "-v" "/var/lib/crater-agent-workspace/builds/worker-0-tc2/target:/opt/rustwide/target:rw,Z" "-v" "/var/lib/crater-agent-workspace/builds/worker-0-tc2/source:/opt/rustwide/workdir:ro,Z" "-v" "/var/lib/crater-agent-workspace/cargo-home:/opt/rustwide/cargo-home:ro,Z" "-v" "/var/lib/crater-agent-workspace/rustup-home:/opt/rustwide/rustup-home:ro,Z" "-e" "SOURCE_DIR=/opt/rustwide/workdir" "-e" "CARGO_TARGET_DIR=/opt/rustwide/target" "-e" "CARGO_INCREMENTAL=0" "-e" "RUST_BACKTRACE=full" "-e" "RUSTFLAGS=--cap-lints=forbid -Zrandomize-layout" "-e" "RUSTDOCFLAGS=--cap-lints=forbid" "-e" "CARGO_HOME=/opt/rustwide/cargo-home" "-e" "RUSTUP_HOME=/opt/rustwide/rustup-home" "-w" "/opt/rustwide/workdir" "-m" "1610612736" "--user" "0:0" "--network" "none" "ghcr.io/rust-lang/crates-build-env/linux@sha256:819108c5571ea2e421544af4d832f968d213c87fbe3707a016657f43d2f853bc" "/opt/rustwide/cargo-home/bin/cargo" "+nightly-2025-01-18" "test" "--frozen", kill_on_drop: false }`
[INFO] [stdout] 7708bc90fd20ea8e0f5a06aedfabb400edfba823dca331121dbdf8424fee80b5
[INFO] running `Command { std: "docker" "start" "-a" "7708bc90fd20ea8e0f5a06aedfabb400edfba823dca331121dbdf8424fee80b5", kill_on_drop: false }`
[INFO] [stderr] warning: constant `LANCZOS_NUM` is never used
[INFO] [stderr]   --> src/cephes64/lanczos.rs:35:7
[INFO] [stderr]    |
[INFO] [stderr] 35 | const LANCZOS_NUM: [f64; 13] = [
[INFO] [stderr]    |       ^^^^^^^^^^^
[INFO] [stderr]    |
[INFO] [stderr]    = note: `#[warn(dead_code)]` on by default
[INFO] [stderr] 
[INFO] [stderr] warning: constant `LANCZOS_DENOM` is never used
[INFO] [stderr]   --> src/cephes64/lanczos.rs:51:7
[INFO] [stderr]    |
[INFO] [stderr] 51 | const LANCZOS_DENOM: [f64; 13] = [
[INFO] [stderr]    |       ^^^^^^^^^^^^^
[INFO] [stderr] 
[INFO] [stderr] warning: constant `LANCZOS_SUM_NEAR_1_D` is never used
[INFO] [stderr]   --> src/cephes64/lanczos.rs:99:7
[INFO] [stderr]    |
[INFO] [stderr] 99 | const LANCZOS_SUM_NEAR_1_D: [f64; 12] = [
[INFO] [stderr]    |       ^^^^^^^^^^^^^^^^^^^^
[INFO] [stderr] 
[INFO] [stderr] warning: constant `LANCZOS_SUM_NEAR_2_D` is never used
[INFO] [stderr]    --> src/cephes64/lanczos.rs:114:7
[INFO] [stderr]     |
[INFO] [stderr] 114 | const LANCZOS_SUM_NEAR_2_D: [f64; 12] = [
[INFO] [stderr]     |       ^^^^^^^^^^^^^^^^^^^^
[INFO] [stderr] 
[INFO] [stderr] warning: function `lanczos_sum` is never used
[INFO] [stderr]    --> src/cephes64/lanczos.rs:141:8
[INFO] [stderr]     |
[INFO] [stderr] 141 | pub fn lanczos_sum(x: f64) -> f64
[INFO] [stderr]     |        ^^^^^^^^^^^
[INFO] [stderr] 
[INFO] [stderr] warning: function `lanczos_sum_near_1` is never used
[INFO] [stderr]    --> src/cephes64/lanczos.rs:154:8
[INFO] [stderr]     |
[INFO] [stderr] 154 | pub fn lanczos_sum_near_1(dx: f64) -> f64
[INFO] [stderr]     |        ^^^^^^^^^^^^^^^^^^
[INFO] [stderr] 
[INFO] [stderr] warning: function `lanczos_sum_near_2` is never used
[INFO] [stderr]    --> src/cephes64/lanczos.rs:165:8
[INFO] [stderr]     |
[INFO] [stderr] 165 | pub fn lanczos_sum_near_2(dx: f64) -> f64
[INFO] [stderr]     |        ^^^^^^^^^^^^^^^^^^
[INFO] [stderr] 
[INFO] [stderr] warning: `spec_math` (lib) generated 7 warnings
[INFO] [stderr] warning: unused import: `std::io::Write`
[INFO] [stderr]    --> src/misc/carlson.rs:508:9
[INFO] [stderr]     |
[INFO] [stderr] 508 |     use std::io::Write;
[INFO] [stderr]     |         ^^^^^^^^^^^^^^
[INFO] [stderr]     |
[INFO] [stderr]     = note: `#[warn(unused_imports)]` on by default
[INFO] [stderr] 
[INFO] [stderr] warning: unused import: `std::io::Write`
[INFO] [stderr]    --> src/misc/carlson.rs:661:9
[INFO] [stderr]     |
[INFO] [stderr] 661 |     use std::io::Write;
[INFO] [stderr]     |         ^^^^^^^^^^^^^^
[INFO] [stderr] 
[INFO] [stderr] warning: unused import: `std::io::Write`
[INFO] [stderr]    --> src/misc/carlson.rs:731:9
[INFO] [stderr]     |
[INFO] [stderr] 731 |     use std::io::Write;
[INFO] [stderr]     |         ^^^^^^^^^^^^^^
[INFO] [stderr] 
[INFO] [stderr] warning: unused import: `std::io::Write`
[INFO] [stderr]    --> src/misc/carlson.rs:778:9
[INFO] [stderr]     |
[INFO] [stderr] 778 |     use std::io::Write;
[INFO] [stderr]     |         ^^^^^^^^^^^^^^
[INFO] [stderr] 
[INFO] [stderr] warning: unused import: `std::io::Write`
[INFO] [stderr]    --> src/misc/carlson.rs:859:9
[INFO] [stderr]     |
[INFO] [stderr] 859 |     use std::io::Write;
[INFO] [stderr]     |         ^^^^^^^^^^^^^^
[INFO] [stderr] 
[INFO] [stderr] warning: constant `TAYLOR0` is never used
[INFO] [stderr]    --> src/cephes64/polevl.rs:143:11
[INFO] [stderr]     |
[INFO] [stderr] 143 |     const TAYLOR0: [f64; 10] = [
[INFO] [stderr]     |           ^^^^^^^
[INFO] [stderr]     |
[INFO] [stderr]     = note: `#[warn(dead_code)]` on by default
[INFO] [stderr] 
[INFO] [stderr] warning: constant `LANCZOS_NUM` is never used
[INFO] [stderr]   --> src/cephes64/lanczos.rs:35:7
[INFO] [stderr]    |
[INFO] [stderr] 35 | const LANCZOS_NUM: [f64; 13] = [
[INFO] [stderr]    |       ^^^^^^^^^^^
[INFO] [stderr] 
[INFO] [stderr] warning: `spec_math` (lib test) generated 13 warnings (6 duplicates) (run `cargo fix --lib -p spec_math --tests` to apply 5 suggestions)
[INFO] [stderr]     Finished `test` profile [unoptimized + debuginfo] target(s) in 0.01s
[INFO] [stderr]      Running unittests src/lib.rs (/opt/rustwide/target/debug/deps/spec_math-6306bce2cd04452a)
[INFO] [stdout] 
[INFO] [stdout] running 265 tests
[INFO] [stdout] test cephes64::airy::airy_tests::airy_trivials ... ok
[INFO] [stdout] test cephes64::airy::airy_tests::airy_mdeium_x ... ok
[INFO] [stdout] test cephes64::airy::airy_tests::airy_small_x ... ok
[INFO] [stdout] test cephes64::airy::airy_tests::airy_large_x ... ok
[INFO] [stdout] test cephes64::bdtr::bdtr_tests::bdtr_fk_0 ... ok
[INFO] [stdout] test cephes64::bdtr::bdtr_tests::bdtr_trivials ... ok
[INFO] [stdout] test cephes64::bdtr::bdtrc_tests::bdtrc_k_0 ... ok
[INFO] [stdout] test cephes64::bdtr::bdtrc_tests::bdtrc_nominal ... ok
[INFO] [stdout] test cephes64::bdtr::bdtrc_tests::bdtrc_trivials ... ok
[INFO] [stdout] test cephes64::bdtr::bdtri_tests::bdtri_fk_0 ... ok
[INFO] [stdout] test cephes64::bdtr::bdtr_tests::bdtr_nominal ... ok
[INFO] [stdout] test cephes64::bdtr::bdtri_tests::bdtri_nominal ... ok
[INFO] [stdout] test cephes64::bdtr::bdtri_tests::bdtri_trivials ... ok
[INFO] [stdout] test cephes64::beta::beta_tests::beta_norm ... ok
[INFO] [stdout] test cephes64::beta::lbeta_tests::lbeta_neg_int ... ok
[INFO] [stdout] test cephes64::cbrt::cbrt_tests::cbrt_e_neg ... ok
[INFO] [stdout] test cephes64::beta::beta_tests::beta_large ... ok
[INFO] [stdout] test cephes64::beta::beta_tests::beta_trivials ... ok
[INFO] [stdout] test cephes64::beta::lbeta_tests::lbeta_large ... ok
[INFO] [stdout] test cephes64::beta::lbeta_tests::lbeta_norm ... ok
[INFO] [stdout] test cephes64::cbrt::cbrt_tests::cbrt_trivials ... ok
[INFO] [stdout] test cephes64::beta::lbeta_tests::lbeta_trivials ... ok
[INFO] [stdout] test cephes64::dawsn::dawsn_tests::dawsn_medium ... ok
[INFO] [stdout] test cephes64::cbrt::cbrt_tests::cbrt_e_pos ... ok
[INFO] [stdout] test cephes64::beta::beta_tests::beta_neg_int ... ok
[INFO] [stdout] test cephes64::chdtr::chdtr_tests::chdtr_trivials ... ok
[INFO] [stdout] test cephes64::dawsn::dawsn_tests::dawsn_large ... ok
[INFO] [stdout] test cephes64::dawsn::dawsn_tests::dawsn_nominal ... ok
[INFO] [stdout] test cephes64::ellie::tests::ellie_m_1 ... ok
[INFO] [stdout] test cephes64::ellie::tests::ellie_small_lphi ... ok
[INFO] [stdout] test cephes64::dawsn::dawsn_tests::dawsn_small ... ok
[INFO] [stdout] test cephes64::ellik::tests::ellik_m_neg ... ok
[INFO] [stdout] test cephes64::dawsn::dawsn_tests::dawsn_trivials ... ok
[INFO] [stdout] test cephes64::ellie::tests::ellie_trivials ... ok
[INFO] [stdout] test cephes64::ellik::tests::ellik_m_1 ... ok
[INFO] [stdout] test cephes64::ellik::tests::ellik_nominal ... ok
[INFO] [stdout] test cephes64::ellpe::ellpe_tests::ellpe_trivials ... ok
[INFO] [stdout] test cephes64::ellik::tests::ellik_trivials ... ok
[INFO] [stdout] test cephes64::ellpe::ellpe_tests::ellpe_negative ... ok
[INFO] [stdout] test cephes64::ellpj::ellpj_tests::ellpj_m_small ... ok
[INFO] [stdout] test cephes64::ellpk::ellpk_tests::ellpk_large ... ok
[INFO] [stdout] test cephes64::ellpk::ellpk_tests::ellpk_medium ... ok
[INFO] [stdout] test cephes64::ellpk::ellpk_tests::ellpk_small ... ok
[INFO] [stdout] test cephes64::ellpk::ellpk_tests::ellpk_trivials ... ok
[INFO] [stdout] test cephes64::ellie::tests::ellie_m_neg ... ok
[INFO] [stdout] test cephes64::ellie::tests::ellie_nominal ... ok
[INFO] [stdout] test cephes64::expn::expn_tests::expn_trivials ... ok
[INFO] [stdout] test cephes64::expn::expn_tests::expn_x_0 ... ok
[INFO] [stdout] test cephes64::expn::expn_tests::expn_x_large ... ok
[INFO] [stdout] test cephes64::expn::expn_tests::expn_x_small ... ok
[INFO] [stdout] test cephes64::fdtr::fdtr_tests::fdtr_tests ... ok
[INFO] [stdout] test cephes64::fdtr::fdtr_tests::fdtr_trivials ... ok
[INFO] [stdout] test cephes64::fresnl::fresnl_tests::fresnl_large_x ... ok
[INFO] [stdout] test cephes64::chdtr::chdtr_tests::chdtr_tests ... ok
[INFO] [stdout] test cephes64::ellpe::ellpe_tests::ellpe_small ... ok
[INFO] [stdout] test cephes64::ellpj::ellpj_tests::ellpj_trivials ... ok
[INFO] [stdout] test cephes64::fresnl::fresnl_tests::fresnl_nominal ... ok
[INFO] [stdout] test cephes64::expn::expn_tests::expn_n_0 ... ok
[INFO] [stdout] test cephes64::fresnl::fresnl_tests::fresnl_small_x ... ok
[INFO] [stdout] test cephes64::fresnl::fresnl_tests::fresnl_trivials ... ok
[INFO] [stdout] test cephes64::gamma::gamma_tests::gamma_neg ... ok
[INFO] [stdout] test cephes64::gamma::lgam_tests::lgam_large_neg ... ok
[INFO] [stdout] test cephes64::gamma::lgam_tests::lgam_small ... ok
[INFO] [stdout] test cephes64::gamma::lgam_tests::lgam_trivials ... ok
[INFO] [stdout] test cephes64::gamma::lgam_tests::lgam_large ... ok
[INFO] [stdout] test cephes64::gdtr::gdtr_tests::gdtr_trivials ... ok
[INFO] [stdout] test cephes64::gamma::lgam_tests::lgam_very_large ... ok
[INFO] [stdout] test cephes64::gdtr::gdtr_tests::gdtr_tests ... ok
[INFO] [stdout] test cephes64::i0::i0_tests::i0_large_x ... ok
[INFO] [stdout] test cephes64::i0::i0_tests::i0_small_x ... ok
[INFO] [stdout] test cephes64::i0::i0_tests::i0_trivials ... ok
[INFO] [stdout] test cephes64::gamma::gamma_tests::gamma_trivials ... ok
[INFO] [stdout] test cephes64::ellpj::ellpj_tests::ellpj_nominal ... FAILED
[INFO] [stdout] test cephes64::i0::i0e_tests::i0e_large_x ... ok
[INFO] [stdout] test cephes64::i0::i0e_tests::i0e_small_x ... ok
[INFO] [stdout] test cephes64::i1::i1_tests::i1_small_x ... ok
[INFO] [stdout] test cephes64::i1::i1_tests::i1_large_x ... ok
[INFO] [stdout] test cephes64::i1::i1_tests::i1_trivials ... ok
[INFO] [stdout] test cephes64::i0::i0e_tests::i0e_trivials ... ok
[INFO] [stdout] test cephes64::i1::i1e_tests::i1e_trivials ... ok
[INFO] [stdout] test cephes64::igam::igam_tests::igam_a_large ... ok
[INFO] [stdout] test cephes64::igam::igam_tests::igam_trivials ... ok
[INFO] [stdout] test cephes64::i1::i1e_tests::i0e_small_x ... ok
[INFO] [stdout] test cephes64::igam::igam_tests::igam_others ... ok
[INFO] [stdout] test cephes64::igam::igamc_tests::igamc_a_nominal ... ok
[INFO] [stdout] test cephes64::igam::igamc_tests::igamc_others ... ok
[INFO] [stdout] test cephes64::igam::igamc_tests::igamc_trivials ... ok
[INFO] [stdout] test cephes64::igami::igamci_tests::igamci_a_1 ... ok
[INFO] [stdout] test cephes64::ellpj::ellpj_tests::ellpj_m_large ... FAILED
[INFO] [stdout] test cephes64::expn::expn_tests::expn_asy ... FAILED
[INFO] [stdout] test cephes64::gamma::gamma_tests::gamma_pos ... FAILED
[INFO] [stdout] test cephes64::i1::i1e_tests::i0e_large_x ... ok
[INFO] [stdout] test cephes64::igam::igam_tests::igam_a_nominal ... ok
[INFO] [stdout] test cephes64::igami::igamci_tests::igamci_a_large ... ok
[INFO] [stdout] test cephes64::igami::igamci_tests::igamci_a_small ... ok
[INFO] [stdout] test cephes64::igami::igamci_tests::igamci_large_q ... ok
[INFO] [stdout] test cephes64::igam::igamc_tests::igamc_a_large ... ok
[INFO] [stdout] test cephes64::igami::igami_tests::igami_a_1 ... ok
[INFO] [stdout] test cephes64::igami::igami_tests::igami_a_small ... ok
[INFO] [stdout] test cephes64::igami::igami_tests::igami_a_large ... ok
[INFO] [stdout] test cephes64::igami::igami_tests::igami_large_p ... ok
[INFO] [stdout] test cephes64::igami::igami_tests::igami_trivials ... ok
[INFO] [stdout] test cephes64::incbet::incbet_tests::incbet_nominal ... ok
[INFO] [stdout] test cephes64::incbet::incbet_tests::incbet_small_x_small_a ... ok
[INFO] [stdout] test cephes64::incbet::incbet_tests::incbet_small_x_small_b ... ok
[INFO] [stdout] test cephes64::incbet::incbet_tests::incbet_trivials ... ok
[INFO] [stdout] test cephes64::j0::j0_tests::j0_large_x ... ok
[INFO] [stdout] test cephes64::incbi::incbi_tests::incbi_small_a_b ... ok
[INFO] [stdout] test cephes64::j0::j0_tests::j0_small_x ... ok
[INFO] [stdout] test cephes64::incbi::incbi_tests::incbi_nominal ... ok
[INFO] [stdout] test cephes64::j0::y0_tests::y0_large_x ... ok
[INFO] [stdout] test cephes64::igami::igamci_tests::igamci_trivials ... ok
[INFO] [stdout] test cephes64::j0::y0_tests::y0_small_x ... ok
[INFO] [stdout] test cephes64::j0::y0_tests::y0_trivials ... ok
[INFO] [stdout] test cephes64::j1::j1_tests::j1_small_x ... ok
[INFO] [stdout] test cephes64::incbi::incbi_tests::incbi_trivials ... ok
[INFO] [stdout] test cephes64::jv::jv_tests::jv_1_large_x ... ok
[INFO] [stdout] test cephes64::jv::jv_tests::jv_1_small_x ... ok
[INFO] [stdout] test cephes64::j1::j1_tests::j1_large_x ... ok
[INFO] [stdout] test cephes64::j1::y1_tests::y1_large_x ... ok
[INFO] [stdout] test cephes64::jv::jv_tests::jv_0_small_x ... ok
[INFO] [stdout] test cephes64::jv::jv_tests::jv_small_v ... ok
[INFO] [stdout] test cephes64::j1::y1_tests::y1_trivials ... ok
[INFO] [stdout] test cephes64::jv::jv_tests::jv_trivials ... ok
[INFO] [stdout] test cephes64::jv::jv_tests::jv_specifics_2 ... ok
[INFO] [stdout] test cephes64::jv::jv_tests::jv_0_large_x ... ok
[INFO] [stdout] test cephes64::k0::k0_tests::k0_large_x ... ok
[INFO] [stdout] test cephes64::k0::k0_tests::k0_small_x ... ok
[INFO] [stdout] test cephes64::k0::k0_tests::k0_trivials ... ok
[INFO] [stdout] test cephes64::k0::k0e_tests::k0e_large_x ... ok
[INFO] [stdout] test cephes64::k1::k1_tests::k1_large_x ... ok
[INFO] [stdout] test cephes64::k1::k1_tests::k1_small_x ... ok
[INFO] [stdout] test cephes64::k1::k1e_tests::k0e_large_x ... ok
[INFO] [stdout] test cephes64::k1::k1_tests::k1_trivials ... ok
[INFO] [stdout] test cephes64::k1::k1e_tests::k0e_small_x ... ok
[INFO] [stdout] test cephes64::k1::k1e_tests::k0e_trivials ... ok
[INFO] [stdout] test cephes64::kn::kn_tests::kn_0_large_x ... ok
[INFO] [stdout] test cephes64::kn::kn_tests::kn_0_small_x ... ok
[INFO] [stdout] test cephes64::kn::kn_tests::kn_1_large_x ... ok
[INFO] [stdout] test cephes64::kn::kn_tests::kn_0_trivials ... ok
[INFO] [stdout] test cephes64::j1::y1_tests::y1_small_x ... ok
[INFO] [stdout] test cephes64::kn::kn_tests::kn_1_small_x ... ok
[INFO] [stdout] test cephes64::k0::k0e_tests::k0e_small_x ... ok
[INFO] [stdout] test cephes64::jv::jv_tests::jv_specifics ... ok
[INFO] [stdout] test cephes64::k0::k0e_tests::k0e_trivials ... ok
[INFO] [stdout] test cephes64::kn::kn_tests::kn_1_trivials ... ok
[INFO] [stdout] test cephes64::kn::kn_tests::yn_neg_tests ... ok
[INFO] [stdout] test cephes64::nbdtr::nbdtr_tests::nbdtr_trivials ... ok
[INFO] [stdout] test cephes64::ndtr::erf_tests::erf_small ... ok
[INFO] [stdout] test cephes64::ndtr::erf_tests::erf_trivials ... ok
[INFO] [stdout] test cephes64::ndtr::erfc_tests::erfc_small ... ok
[INFO] [stdout] test cephes64::ndtr::erfc_tests::erfc_trivials ... ok
[INFO] [stdout] test cephes64::ndtr::ndtr_tests::ndtr_large ... ok
[INFO] [stdout] test cephes64::ndtr::ndtr_tests::ndtr_small ... ok
[INFO] [stdout] test cephes64::ndtr::ndtr_tests::ndtr_trivials ... ok
[INFO] [stdout] test cephes64::ndtri::ndtri_tests::ndtri_tails ... ok
[INFO] [stdout] test cephes64::ndtr::erf_tests::erf_large ... ok
[INFO] [stdout] test cephes64::ndtr::erfc_tests::erfc_large ... ok
[INFO] [stdout] test cephes64::ndtri::ndtri_tests::ndtri_trivials ... ok
[INFO] [stdout] test cephes64::pdtr::pdtr_tests::pdtr_tests ... ok
[INFO] [stdout] test cephes64::pdtr::pdtr_tests::pdtr_trivials ... ok
[INFO] [stdout] test cephes64::polevl::polevl_tests::polevl_test ... ok
[INFO] [stdout] test cephes64::psi::psi_tests::psi_neg ... ok
[INFO] [stdout] test cephes64::psi::psi_tests::psi_large ... ok
[INFO] [stdout] test cephes64::psi::psi_tests::psi_trivials ... ok
[INFO] [stdout] test cephes64::rgamma::rgamma_tests::rgamma_large ... ok
[INFO] [stdout] test cephes64::kn::kn_tests::yn_pos_tests ... ok
[INFO] [stdout] test cephes64::nbdtr::nbdtr_tests::nbdtr_tests ... ok
[INFO] [stdout] test cephes64::ndtri::ndtri_tests::ndtri_middle ... ok
[INFO] [stdout] test cephes64::psi::psi_tests::psi_small ... ok
[INFO] [stdout] test cephes64::psi::psi_tests::psi_med ... ok
[INFO] [stdout] test cephes64::rgamma::rgamma_tests::rgamma_large_neg ... ok
[INFO] [stdout] test cephes64::rgamma::rgamma_tests::rgamma_nominal ... ok
[INFO] [stdout] test cephes64::shichi::shichi_tests::shichi_asy ... ok
[INFO] [stdout] test cephes64::shichi::shichi_tests::shichi_large ... ok
[INFO] [stdout] test cephes64::rgamma::rgamma_tests::rgamma_trivials ... ok
[INFO] [stdout] test cephes64::psi::psi_tests::psi_small_int ... ok
[INFO] [stdout] test cephes64::shichi::shichi_tests::shichi_small ... ok
[INFO] [stdout] test cephes64::shichi::shichi_tests::shichi_trivials ... ok
[INFO] [stdout] test cephes64::spence::spence_tests::spence_asy ... ok
[INFO] [stdout] test cephes64::sici::sici_tests::sici_asy ... ok
[INFO] [stdout] test cephes64::shichi::shichi_tests::shichi_medium ... ok
[INFO] [stdout] test cephes64::sici::sici_tests::sici_large ... ok
[INFO] [stdout] test cephes64::sici::sici_tests::sici_small ... ok
[INFO] [stdout] test cephes64::sici::sici_tests::sici_trivials ... ok
[INFO] [stdout] test cephes64::spence::spence_tests::spence_large ... ok
[INFO] [stdout] test cephes64::spence::spence_tests::spence_medium ... ok
[INFO] [stdout] test cephes64::spence::spence_tests::spence_small ... ok
[INFO] [stdout] test cephes64::spence::spence_tests::spence_trivials ... ok
[INFO] [stdout] test cephes64::stdtr::stdtr_tests::stdtr_even_k ... ok
[INFO] [stdout] test cephes64::stdtr::stdtr_tests::stdtr_odd_k ... ok
[INFO] [stdout] test cephes64::stdtr::stdtri_tests::stdtri_trivials ... ok
[INFO] [stdout] test cephes64::yn::yn_tests::yn_0_large_x ... ok
[INFO] [stdout] test cephes64::stdtr::stdtr_tests::stdtr_t_lt_neg2 ... FAILED
[INFO] [stdout] test cephes64::stdtr::stdtr_tests::stdtr_trivials ... ok
[INFO] [stdout] test cephes64::stdtr::stdtri_tests::stdtri_p_medium ... FAILED
[INFO] [stdout] test cephes64::stdtr::stdtri_tests::stdtri_p_large ... ok
[INFO] [stdout] test cephes64::yn::yn_tests::yn_0_small_x ... ok
[INFO] [stdout] test cephes64::yn::yn_tests::yn_0_trivials ... ok
[INFO] [stdout] test cephes64::yn::yn_tests::yn_1_small_x ... ok
[INFO] [stdout] test cephes64::yn::yn_tests::yn_1_large_x ... ok
[INFO] [stdout] test cephes64::yn::yn_tests::yn_1_trivials ... ok
[INFO] [stdout] test cephes64::yn::yn_tests::yn_2_tests ... ok
[INFO] [stdout] test cephes64::yn::yn_tests::yn_neg_tests ... ok
[INFO] [stdout] test cephes64::yv::yv_tests::yv_tests ... ok
[INFO] [stdout] test cephes64::yv::yv_tests::yv_trivials ... ok
[INFO] [stdout] test cephes64::yn::yn_tests::yn_pos_tests ... ok
[INFO] [stdout] test cephes64::zeta::zeta_tests::zeta_trivials ... ok
[INFO] [stdout] test cephes64::zetac::reimann_zeta_tests::riemann_zeta_positive ... ok
[INFO] [stdout] test cephes64::zetac::reimann_zeta_tests::riemann_zeta_neg ... ok
[INFO] [stdout] test cephes64::zetac::reimann_zeta_tests::riemann_zeta_trivials ... ok
[INFO] [stdout] test cephes64::zetac::zetac_tests::zetac_positive ... ok
[INFO] [stdout] test cephes64::zetac::zetac_tests::zetac_neg ... ok
[INFO] [stdout] test cephes64::zetac::zetac_tests::zetac_small_neg ... ok
[INFO] [stdout] test cephes64::zetac::zetac_tests::zetac_trivials ... ok
[INFO] [stdout] test misc::besselpoly::besselpoly_tests::besselpoly_neg_int_nu ... ok
[INFO] [stdout] test misc::besselpoly::besselpoly_tests::besselpoly_a_0 ... ok
[INFO] [stdout] test misc::besselpoly::besselpoly_tests::besselpoly_nominal ... FAILED
[INFO] [stdout] test misc::besselpoly::besselpoly_tests::besselpoly_trivials ... ok
[INFO] [stdout] test misc::carlson::ellippi_inc_tests::ellippi_inc_values ... ok
[INFO] [stdout] test misc::carlson::ellippi_tests::ellippi_values ... ok
[INFO] [stdout] test misc::carlson::ellippi_inc_tests::ellippi_inc_domain ... ok
[INFO] [stdout] test cephes64::zeta::zeta_tests::zeta_large_q ... ok
[INFO] [stdout] test misc::carlson::ellippi_tests::ellippi_trivials ... ok
[INFO] [stdout] test misc::carlson::elliprc_tests::elliprc_values ... ok
[INFO] [stdout] test misc::carlson::elliprd_tests::elliprd_degenerate ... ok
[INFO] [stdout] test misc::carlson::elliprf_tests::elliprf_domain ... ok
[INFO] [stdout] test misc::carlson::elliprf_tests::elliprf_trivials ... ok
[INFO] [stdout] test cephes64::zetac::reimann_zeta_tests::riemann_zeta_small_neg ... ok
[INFO] [stdout] test cephes64::zeta::zeta_tests::zeta_nominal ... ok
[INFO] [stdout] test misc::carlson::elliprd_tests::elliprd_values ... ok
[INFO] [stdout] test misc::carlson::elliprg_tests::elliprd_trivials ... ok
[INFO] [stdout] test misc::carlson::elliprf_tests::elliprf_values ... ok
[INFO] [stdout] test misc::carlson::elliprg_tests::elliprg_values ... ok
[INFO] [stdout] test misc::erfinv::erfcinv_tests::erfcinv_trivials ... ok
[INFO] [stdout] test misc::erfinv::erfcinv_tests::erfcinv_values ... ok
[INFO] [stdout] test misc::erfinv::erfinv_tests::erfinv_large ... ok
[INFO] [stdout] test misc::erfinv::erfinv_tests::erfinv_small ... ok
[INFO] [stdout] test misc::carlson::elliprj_tests::elliprj_domain ... ok
[INFO] [stdout] test misc::pdfs::beta_pdf_tests::beta_pdf_trivials ... ok
[INFO] [stdout] test misc::pdfs::beta_pdf_tests::beta_pdf_values ... ok
[INFO] [stdout] test misc::pdfs::binom_pmf_tests::binom_pmf_trivials ... ok
[INFO] [stdout] test misc::pdfs::binom_pmf_tests::binom_pmf_values ... ok
[INFO] [stdout] test misc::pdfs::chi2_pdf_tests::chi2_pdf_trivials ... ok
[INFO] [stdout] test misc::pdfs::chi2_pdf_tests::chi2_pdf_values ... ok
[INFO] [stdout] test misc::pdfs::f_pdf_tests::f_pdf_trivials ... ok
[INFO] [stdout] test misc::pdfs::f_pdf_tests::f_pdf_values ... ok
[INFO] [stdout] test misc::pdfs::nbinom_pmf_tests::nbinom_pmf_trivials ... ok
[INFO] [stdout] test misc::carlson::elliprj_tests::elliprj_values ... ok
[INFO] [stdout] test misc::pdfs::nbinom_pmf_tests::nbinom_pmf_values ... ok
[INFO] [stdout] test misc::pdfs::norm_pdf_tests::norm_pdf_trivials ... ok
[INFO] [stdout] test misc::erfinv::erfinv_tests::erfinv_trivials ... ok
[INFO] [stdout] test misc::pdfs::norm_pdf_tests::norm_pdf_values ... ok
[INFO] [stdout] test misc::carlson::elliprc_tests::elliprc_trivials ... ok
[INFO] [stdout] test misc::carlson::elliprd_tests::elliprd_trivials ... ok
[INFO] [stdout] test misc::carlson::elliprg_tests::elliprg_degenerate ... ok
[INFO] [stdout] test misc::carlson::elliprc_tests::elliprc_relations ... ok
[INFO] [stdout] test misc::pdfs::pois_pmf_tests::pois_pmf_trivials ... ok
[INFO] [stdout] test misc::pdfs::pois_pmf_tests::pois_pmf_values ... ok
[INFO] [stdout] test misc::pdfs::t_pdf_tests::t_pdf_trivials ... ok
[INFO] [stdout] test misc::pdfs::t_pdf_tests::t_pdf_values ... FAILED
[INFO] [stdout] test misc::poch::poch_tests::poch_neg_m ... ok
[INFO] [stdout] test cephes64::zeta::zeta_tests::zeta_neg_q ... ok
[INFO] [stdout] test misc::poch::poch_tests::poch_singularities ... ok
[INFO] [stdout] test misc::poch::poch_tests::poch_pos_m ... ok
[INFO] [stdout] 
[INFO] [stdout] failures:
[INFO] [stdout] 
[INFO] [stdout] ---- cephes64::ellpj::ellpj_tests::ellpj_nominal stdout ----
[INFO] [stdout] 
[INFO] [stdout] thread 'cephes64::ellpj::ellpj_tests::ellpj_nominal' panicked at src/cephes64/ellpj.rs:242:9:
[INFO] [stdout] assertion `left == right` failed
[INFO] [stdout]   left: (0.9330319394105544, 0.3597935519708204, 0.46530233186155584, 1.2027497085690817)
[INFO] [stdout]  right: (0.9330319394105544, 0.3597935519708204, 0.4653023318615559, 1.2027497085690817)
[INFO] [stdout] stack backtrace:
[INFO] [stdout]    0:     0x62bfdf3679ea - std::backtrace_rs::backtrace::libunwind::trace::hb059275cfc8d6126
[INFO] [stdout]                                at /rustc/6067b36314ab5eb2eb47cecc464545ba58e1ad24/library/std/src/../../backtrace/src/backtrace/libunwind.rs:116:5
[INFO] [stdout]    1:     0x62bfdf3679ea - std::backtrace_rs::backtrace::trace_unsynchronized::h2da071e4327ce3ee
[INFO] [stdout]                                at /rustc/6067b36314ab5eb2eb47cecc464545ba58e1ad24/library/std/src/../../backtrace/src/backtrace/mod.rs:66:5
[INFO] [stdout]    2:     0x62bfdf3679ea - std::sys::backtrace::_print_fmt::h842a1474e6f8d23f
[INFO] [stdout]                                at /rustc/6067b36314ab5eb2eb47cecc464545ba58e1ad24/library/std/src/sys/backtrace.rs:66:9
[INFO] [stdout]    3:     0x62bfdf3679ea - <std::sys::backtrace::BacktraceLock::print::DisplayBacktrace as core::fmt::Display>::fmt::h71a62eb3b9696b12
[INFO] [stdout]                                at /rustc/6067b36314ab5eb2eb47cecc464545ba58e1ad24/library/std/src/sys/backtrace.rs:39:26
[INFO] [stdout]    4:     0x62bfdf38f303 - core::fmt::rt::Argument::fmt::hdb6b616786b41dc1
[INFO] [stdout]                                at /rustc/6067b36314ab5eb2eb47cecc464545ba58e1ad24/library/core/src/fmt/rt.rs:177:76
[INFO] [stdout]    5:     0x62bfdf38f303 - core::fmt::write::h2cc1698af7e2d686
[INFO] [stdout]                                at /rustc/6067b36314ab5eb2eb47cecc464545ba58e1ad24/library/core/src/fmt/mod.rs:1440:21
[INFO] [stdout]    6:     0x62bfdf364543 - std::io::Write::write_fmt::hab1b4cd059a79022
[INFO] [stdout]                                at /rustc/6067b36314ab5eb2eb47cecc464545ba58e1ad24/library/std/src/io/mod.rs:1887:15
[INFO] [stdout]    7:     0x62bfdf367832 - std::sys::backtrace::BacktraceLock::print::h147fe35b4ea13b08
[INFO] [stdout]                                at /rustc/6067b36314ab5eb2eb47cecc464545ba58e1ad24/library/std/src/sys/backtrace.rs:42:9
[INFO] [stdout]    8:     0x62bfdf368e0f - std::panicking::default_hook::{{closure}}::hbd44223dbdc0d208
[INFO] [stdout]                                at /rustc/6067b36314ab5eb2eb47cecc464545ba58e1ad24/library/std/src/panicking.rs:298:22
[INFO] [stdout]    9:     0x62bfdf368c28 - std::panicking::default_hook::h20f81eb0576efcec
[INFO] [stdout]                                at /rustc/6067b36314ab5eb2eb47cecc464545ba58e1ad24/library/std/src/panicking.rs:322:9
[INFO] [stdout]   10:     0x62bfdf331a43 - <alloc::boxed::Box<F,A> as core::ops::function::Fn<Args>>::call::hdb53814c496a4d34
[INFO] [stdout]                                at /rustc/6067b36314ab5eb2eb47cecc464545ba58e1ad24/library/alloc/src/boxed.rs:2027:9
[INFO] [stdout]   11:     0x62bfdf331a43 - test::test_main::{{closure}}::hc0a4963c59427c24
[INFO] [stdout]                                at /rustc/6067b36314ab5eb2eb47cecc464545ba58e1ad24/library/test/src/lib.rs:134:21
[INFO] [stdout]   12:     0x62bfdf369903 - <alloc::boxed::Box<F,A> as core::ops::function::Fn<Args>>::call::h591b2225413a77e9
[INFO] [stdout]                                at /rustc/6067b36314ab5eb2eb47cecc464545ba58e1ad24/library/alloc/src/boxed.rs:2027:9
[INFO] [stdout]   13:     0x62bfdf369903 - std::panicking::rust_panic_with_hook::h625eea43051b2edc
[INFO] [stdout]                                at /rustc/6067b36314ab5eb2eb47cecc464545ba58e1ad24/library/std/src/panicking.rs:839:13
[INFO] [stdout]   14:     0x62bfdf3695ba - std::panicking::begin_panic_handler::{{closure}}::h4f9159cfbc3f6bd3
[INFO] [stdout]                                at /rustc/6067b36314ab5eb2eb47cecc464545ba58e1ad24/library/std/src/panicking.rs:704:13
[INFO] [stdout]   15:     0x62bfdf367ee9 - std::sys::backtrace::__rust_end_short_backtrace::h0390abce48353151
[INFO] [stdout]                                at /rustc/6067b36314ab5eb2eb47cecc464545ba58e1ad24/library/std/src/sys/backtrace.rs:168:18
[INFO] [stdout]   16:     0x62bfdf36924d - rust_begin_unwind
[INFO] [stdout]                                at /rustc/6067b36314ab5eb2eb47cecc464545ba58e1ad24/library/std/src/panicking.rs:695:5
[INFO] [stdout]   17:     0x62bfdf38da00 - core::panicking::panic_fmt::h9e7c637e9e5f29c9
[INFO] [stdout]                                at /rustc/6067b36314ab5eb2eb47cecc464545ba58e1ad24/library/core/src/panicking.rs:75:14
[INFO] [stdout]   18:     0x62bfdf38dd22 - core::panicking::assert_failed_inner::h538bec7c1374cd9c
[INFO] [stdout]   19:     0x62bfdf2e1dbd - core::panicking::assert_failed::hd3653a58df64c4fe
[INFO] [stdout]                                at /rustc/6067b36314ab5eb2eb47cecc464545ba58e1ad24/library/core/src/panicking.rs:364:5
[INFO] [stdout]   20:     0x62bfdf2c77a7 - spec_math::cephes64::ellpj::ellpj_tests::ellpj_nominal::h4efb74a51d249a59
[INFO] [stdout]                                at /opt/rustwide/workdir/src/cephes64/ellpj.rs:242:9
[INFO] [stdout]   21:     0x62bfdf2c72a7 - spec_math::cephes64::ellpj::ellpj_tests::ellpj_nominal::{{closure}}::h7b5106c5956585a9
[INFO] [stdout]                                at /opt/rustwide/workdir/src/cephes64/ellpj.rs:232:23
[INFO] [stdout]   22:     0x62bfdf2a4f46 - core::ops::function::FnOnce::call_once::hab1c8cea31285f8d
[INFO] [stdout]                                at /rustc/6067b36314ab5eb2eb47cecc464545ba58e1ad24/library/core/src/ops/function.rs:250:5
[INFO] [stdout]   23:     0x62bfdf33719b - core::ops::function::FnOnce::call_once::he27718dfdd183f43
[INFO] [stdout]                                at /rustc/6067b36314ab5eb2eb47cecc464545ba58e1ad24/library/core/src/ops/function.rs:250:5
[INFO] [stdout]   24:     0x62bfdf33719b - test::__rust_begin_short_backtrace::h4e84902998457a5d
[INFO] [stdout]                                at /rustc/6067b36314ab5eb2eb47cecc464545ba58e1ad24/library/test/src/lib.rs:632:18
[INFO] [stdout]   25:     0x62bfdf3360d3 - test::run_test_in_process::{{closure}}::h7176fd18fc1feca0
[INFO] [stdout]                                at /rustc/6067b36314ab5eb2eb47cecc464545ba58e1ad24/library/test/src/lib.rs:655:60
[INFO] [stdout]   26:     0x62bfdf3360d3 - <core::panic::unwind_safe::AssertUnwindSafe<F> as core::ops::function::FnOnce<()>>::call_once::hf79cff2a624d8cf7
[INFO] [stdout]                                at /rustc/6067b36314ab5eb2eb47cecc464545ba58e1ad24/library/core/src/panic/unwind_safe.rs:272:9
[INFO] [stdout]   27:     0x62bfdf3360d3 - std::panicking::try::do_call::h3da0561d9ab99c25
[INFO] [stdout]                                at /rustc/6067b36314ab5eb2eb47cecc464545ba58e1ad24/library/std/src/panicking.rs:587:40
[INFO] [stdout]   28:     0x62bfdf3360d3 - std::panicking::try::h41c9fa508bc61df6
[INFO] [stdout]                                at /rustc/6067b36314ab5eb2eb47cecc464545ba58e1ad24/library/std/src/panicking.rs:550:19
[INFO] [stdout]   29:     0x62bfdf3360d3 - std::panic::catch_unwind::h6b3ff07bb5afad93
[INFO] [stdout]                                at /rustc/6067b36314ab5eb2eb47cecc464545ba58e1ad24/library/std/src/panic.rs:358:14
[INFO] [stdout]   30:     0x62bfdf3360d3 - test::run_test_in_process::hc7253dd11b39b9f4
[INFO] [stdout]                                at /rustc/6067b36314ab5eb2eb47cecc464545ba58e1ad24/library/test/src/lib.rs:655:27
[INFO] [stdout]   31:     0x62bfdf3360d3 - test::run_test::{{closure}}::hfb2007f8649c30bb
[INFO] [stdout]                                at /rustc/6067b36314ab5eb2eb47cecc464545ba58e1ad24/library/test/src/lib.rs:576:43
[INFO] [stdout]   32:     0x62bfdf2f91b5 - test::run_test::{{closure}}::h56a17aa7a282a9f4
[INFO] [stdout]                                at /rustc/6067b36314ab5eb2eb47cecc464545ba58e1ad24/library/test/src/lib.rs:606:41
[INFO] [stdout]   33:     0x62bfdf2f91b5 - std::sys::backtrace::__rust_begin_short_backtrace::hd2d2d2fb8e8c6aac
[INFO] [stdout]                                at /rustc/6067b36314ab5eb2eb47cecc464545ba58e1ad24/library/std/src/sys/backtrace.rs:152:18
[INFO] [stdout]   34:     0x62bfdf2fca9a - std::thread::Builder::spawn_unchecked_::{{closure}}::{{closure}}::h4faa3f9db6133423
[INFO] [stdout]                                at /rustc/6067b36314ab5eb2eb47cecc464545ba58e1ad24/library/std/src/thread/mod.rs:559:17
[INFO] [stdout]   35:     0x62bfdf2fca9a - <core::panic::unwind_safe::AssertUnwindSafe<F> as core::ops::function::FnOnce<()>>::call_once::hf2e855a36a4ea846
[INFO] [stdout]                                at /rustc/6067b36314ab5eb2eb47cecc464545ba58e1ad24/library/core/src/panic/unwind_safe.rs:272:9
[INFO] [stdout]   36:     0x62bfdf2fca9a - std::panicking::try::do_call::h2f73af3616c35465
[INFO] [stdout]                                at /rustc/6067b36314ab5eb2eb47cecc464545ba58e1ad24/library/std/src/panicking.rs:587:40
[INFO] [stdout]   37:     0x62bfdf2fca9a - std::panicking::try::hd1660ce9efadef5a
[INFO] [stdout]                                at /rustc/6067b36314ab5eb2eb47cecc464545ba58e1ad24/library/std/src/panicking.rs:550:19
[INFO] [stdout]   38:     0x62bfdf2fca9a - std::panic::catch_unwind::h5ee8d7823b8ca744
[INFO] [stdout]                                at /rustc/6067b36314ab5eb2eb47cecc464545ba58e1ad24/library/std/src/panic.rs:358:14
[INFO] [stdout]   39:     0x62bfdf2fca9a - std::thread::Builder::spawn_unchecked_::{{closure}}::h53c3a1894dce8407
[INFO] [stdout]                                at /rustc/6067b36314ab5eb2eb47cecc464545ba58e1ad24/library/std/src/thread/mod.rs:557:30
[INFO] [stdout]   40:     0x62bfdf2fca9a - core::ops::function::FnOnce::call_once{{vtable.shim}}::h048ce291ad4f62bf
[INFO] [stdout]                                at /rustc/6067b36314ab5eb2eb47cecc464545ba58e1ad24/library/core/src/ops/function.rs:250:5
[INFO] [stdout]   41:     0x62bfdf36d83b - <alloc::boxed::Box<F,A> as core::ops::function::FnOnce<Args>>::call_once::ha52bedf99a3b4981
[INFO] [stdout]                                at /rustc/6067b36314ab5eb2eb47cecc464545ba58e1ad24/library/alloc/src/boxed.rs:2013:9
[INFO] [stdout]   42:     0x62bfdf36d83b - <alloc::boxed::Box<F,A> as core::ops::function::FnOnce<Args>>::call_once::h567748934d80ccf8
[INFO] [stdout]                                at /rustc/6067b36314ab5eb2eb47cecc464545ba58e1ad24/library/alloc/src/boxed.rs:2013:9
[INFO] [stdout]   43:     0x62bfdf36d83b - std::sys::pal::unix::thread::Thread::new::thread_start::h2d970728ae887adc
[INFO] [stdout]                                at /rustc/6067b36314ab5eb2eb47cecc464545ba58e1ad24/library/std/src/sys/pal/unix/thread.rs:106:17
[INFO] [stdout]   44:     0x781f00bc2ac3 - <unknown>
[INFO] [stdout]   45:     0x781f00c53a04 - clone
[INFO] [stdout]   46:                0x0 - <unknown>
[INFO] [stdout] 
[INFO] [stdout] ---- cephes64::ellpj::ellpj_tests::ellpj_m_large stdout ----
[INFO] [stdout] 
[INFO] [stdout] thread 'cephes64::ellpj::ellpj_tests::ellpj_m_large' panicked at src/cephes64/ellpj.rs:222:9:
[INFO] [stdout] assertion `left == right` failed
[INFO] [stdout]   left: (0.9999999959026927, 9.052452851700364e-5, 9.107519020403077e-5, 1.5707058022662561)
[INFO] [stdout]  right: (0.9999999959026927, 9.052452851700366e-5, 9.107519020403078e-5, 1.5707058022662561)
[INFO] [stdout] stack backtrace:
[INFO] [stdout]    0:     0x62bfdf3679ea - std::backtrace_rs::backtrace::libunwind::trace::hb059275cfc8d6126
[INFO] [stdout]                                at /rustc/6067b36314ab5eb2eb47cecc464545ba58e1ad24/library/std/src/../../backtrace/src/backtrace/libunwind.rs:116:5
[INFO] [stdout]    1:     0x62bfdf3679ea - std::backtrace_rs::backtrace::trace_unsynchronized::h2da071e4327ce3ee
[INFO] [stdout]                                at /rustc/6067b36314ab5eb2eb47cecc464545ba58e1ad24/library/std/src/../../backtrace/src/backtrace/mod.rs:66:5
[INFO] [stdout]    2:     0x62bfdf3679ea - std::sys::backtrace::_print_fmt::h842a1474e6f8d23f
[INFO] [stdout]                                at /rustc/6067b36314ab5eb2eb47cecc464545ba58e1ad24/library/std/src/sys/backtrace.rs:66:9
[INFO] [stdout]    3:     0x62bfdf3679ea - <std::sys::backtrace::BacktraceLock::print::DisplayBacktrace as core::fmt::Display>::fmt::h71a62eb3b9696b12
[INFO] [stdout]                                at /rustc/6067b36314ab5eb2eb47cecc464545ba58e1ad24/library/std/src/sys/backtrace.rs:39:26
[INFO] [stdout]    4:     0x62bfdf38f303 - core::fmt::rt::Argument::fmt::hdb6b616786b41dc1
[INFO] [stdout]                                at /rustc/6067b36314ab5eb2eb47cecc464545ba58e1ad24/library/core/src/fmt/rt.rs:177:76
[INFO] [stdout]    5:     0x62bfdf38f303 - core::fmt::write::h2cc1698af7e2d686
[INFO] [stdout]                                at /rustc/6067b36314ab5eb2eb47cecc464545ba58e1ad24/library/core/src/fmt/mod.rs:1440:21
[INFO] [stdout]    6:     0x62bfdf364543 - std::io::Write::write_fmt::hab1b4cd059a79022
[INFO] [stdout]                                at /rustc/6067b36314ab5eb2eb47cecc464545ba58e1ad24/library/std/src/io/mod.rs:1887:15
[INFO] [stdout]    7:     0x62bfdf367832 - std::sys::backtrace::BacktraceLock::print::h147fe35b4ea13b08
[INFO] [stdout]                                at /rustc/6067b36314ab5eb2eb47cecc464545ba58e1ad24/library/std/src/sys/backtrace.rs:42:9
[INFO] [stdout]    8:     0x62bfdf368e0f - std::panicking::default_hook::{{closure}}::hbd44223dbdc0d208
[INFO] [stdout]                                at /rustc/6067b36314ab5eb2eb47cecc464545ba58e1ad24/library/std/src/panicking.rs:298:22
[INFO] [stdout]    9:     0x62bfdf368c28 - std::panicking::default_hook::h20f81eb0576efcec
[INFO] [stdout]                                at /rustc/6067b36314ab5eb2eb47cecc464545ba58e1ad24/library/std/src/panicking.rs:322:9
[INFO] [stdout]   10:     0x62bfdf331a43 - <alloc::boxed::Box<F,A> as core::ops::function::Fn<Args>>::call::hdb53814c496a4d34
[INFO] [stdout]                                at /rustc/6067b36314ab5eb2eb47cecc464545ba58e1ad24/library/alloc/src/boxed.rs:2027:9
[INFO] [stdout]   11:     0x62bfdf331a43 - test::test_main::{{closure}}::hc0a4963c59427c24
[INFO] [stdout]                                at /rustc/6067b36314ab5eb2eb47cecc464545ba58e1ad24/library/test/src/lib.rs:134:21
[INFO] [stdout]   12:     0x62bfdf369903 - <alloc::boxed::Box<F,A> as core::ops::function::Fn<Args>>::call::h591b2225413a77e9
[INFO] [stdout]                                at /rustc/6067b36314ab5eb2eb47cecc464545ba58e1ad24/library/alloc/src/boxed.rs:2027:9
[INFO] [stdout]   13:     0x62bfdf369903 - std::panicking::rust_panic_with_hook::h625eea43051b2edc
[INFO] [stdout]                                at /rustc/6067b36314ab5eb2eb47cecc464545ba58e1ad24/library/std/src/panicking.rs:839:13
[INFO] [stdout]   14:     0x62bfdf3695ba - std::panicking::begin_panic_handler::{{closure}}::h4f9159cfbc3f6bd3
[INFO] [stdout]                                at /rustc/6067b36314ab5eb2eb47cecc464545ba58e1ad24/library/std/src/panicking.rs:704:13
[INFO] [stdout]   15:     0x62bfdf367ee9 - std::sys::backtrace::__rust_end_short_backtrace::h0390abce48353151
[INFO] [stdout]                                at /rustc/6067b36314ab5eb2eb47cecc464545ba58e1ad24/library/std/src/sys/backtrace.rs:168:18
[INFO] [stdout]   16:     0x62bfdf36924d - rust_begin_unwind
[INFO] [stdout]                                at /rustc/6067b36314ab5eb2eb47cecc464545ba58e1ad24/library/std/src/panicking.rs:695:5
[INFO] [stdout]   17:     0x62bfdf38da00 - core::panicking::panic_fmt::h9e7c637e9e5f29c9
[INFO] [stdout]                                at /rustc/6067b36314ab5eb2eb47cecc464545ba58e1ad24/library/core/src/panicking.rs:75:14
[INFO] [stdout]   18:     0x62bfdf38dd22 - core::panicking::assert_failed_inner::h538bec7c1374cd9c
[INFO] [stdout]   19:     0x62bfdf2e1dbd - core::panicking::assert_failed::hd3653a58df64c4fe
[INFO] [stdout]                                at /rustc/6067b36314ab5eb2eb47cecc464545ba58e1ad24/library/core/src/panicking.rs:364:5
[INFO] [stdout]   20:     0x62bfdf2c6fa4 - spec_math::cephes64::ellpj::ellpj_tests::ellpj_m_large::h3bc4b4c7ace5c83e
[INFO] [stdout]                                at /opt/rustwide/workdir/src/cephes64/ellpj.rs:222:9
[INFO] [stdout]   21:     0x62bfdf2c6a07 - spec_math::cephes64::ellpj::ellpj_tests::ellpj_m_large::{{closure}}::hbcf6baeeecdcd78f
[INFO] [stdout]                                at /opt/rustwide/workdir/src/cephes64/ellpj.rs:209:23
[INFO] [stdout]   22:     0x62bfdf2a5246 - core::ops::function::FnOnce::call_once::hb4d2c0304594fb0a
[INFO] [stdout]                                at /rustc/6067b36314ab5eb2eb47cecc464545ba58e1ad24/library/core/src/ops/function.rs:250:5
[INFO] [stdout]   23:     0x62bfdf33719b - core::ops::function::FnOnce::call_once::he27718dfdd183f43
[INFO] [stdout]                                at /rustc/6067b36314ab5eb2eb47cecc464545ba58e1ad24/library/core/src/ops/function.rs:250:5
[INFO] [stdout]   24:     0x62bfdf33719b - test::__rust_begin_short_backtrace::h4e84902998457a5d
[INFO] [stdout]                                at /rustc/6067b36314ab5eb2eb47cecc464545ba58e1ad24/library/test/src/lib.rs:632:18
[INFO] [stdout]   25:     0x62bfdf3360d3 - test::run_test_in_process::{{closure}}::h7176fd18fc1feca0
[INFO] [stdout]                                at /rustc/6067b36314ab5eb2eb47cecc464545ba58e1ad24/library/test/src/lib.rs:655:60
[INFO] [stdout]   26:     0x62bfdf3360d3 - <core::panic::unwind_safe::AssertUnwindSafe<F> as core::ops::function::FnOnce<()>>::call_once::hf79cff2a624d8cf7
[INFO] [stdout]                                at /rustc/6067b36314ab5eb2eb47cecc464545ba58e1ad24/library/core/src/panic/unwind_safe.rs:272:9
[INFO] [stdout]   27:     0x62bfdf3360d3 - std::panicking::try::do_call::h3da0561d9ab99c25
[INFO] [stdout]                                at /rustc/6067b36314ab5eb2eb47cecc464545ba58e1ad24/library/std/src/panicking.rs:587:40
[INFO] [stdout]   28:     0x62bfdf3360d3 - std::panicking::try::h41c9fa508bc61df6
[INFO] [stdout]                                at /rustc/6067b36314ab5eb2eb47cecc464545ba58e1ad24/library/std/src/panicking.rs:550:19
[INFO] [stdout]   29:     0x62bfdf3360d3 - std::panic::catch_unwind::h6b3ff07bb5afad93
[INFO] [stdout]                                at /rustc/6067b36314ab5eb2eb47cecc464545ba58e1ad24/library/std/src/panic.rs:358:14
[INFO] [stdout]   30:     0x62bfdf3360d3 - test::run_test_in_process::hc7253dd11b39b9f4
[INFO] [stdout]                                at /rustc/6067b36314ab5eb2eb47cecc464545ba58e1ad24/library/test/src/lib.rs:655:27
[INFO] [stdout]   31:     0x62bfdf3360d3 - test::run_test::{{closure}}::hfb2007f8649c30bb
[INFO] [stdout]                                at /rustc/6067b36314ab5eb2eb47cecc464545ba58e1ad24/library/test/src/lib.rs:576:43
[INFO] [stdout]   32:     0x62bfdf2f91b5 - test::run_test::{{closure}}::h56a17aa7a282a9f4
[INFO] [stdout]                                at /rustc/6067b36314ab5eb2eb47cecc464545ba58e1ad24/library/test/src/lib.rs:606:41
[INFO] [stdout]   33:     0x62bfdf2f91b5 - std::sys::backtrace::__rust_begin_short_backtrace::hd2d2d2fb8e8c6aac
[INFO] [stdout]                                at /rustc/6067b36314ab5eb2eb47cecc464545ba58e1ad24/library/std/src/sys/backtrace.rs:152:18
[INFO] [stdout]   34:     0x62bfdf2fca9a - std::thread::Builder::spawn_unchecked_::{{closure}}::{{closure}}::h4faa3f9db6133423
[INFO] [stdout]                                at /rustc/6067b36314ab5eb2eb47cecc464545ba58e1ad24/library/std/src/thread/mod.rs:559:17
[INFO] [stdout]   35:     0x62bfdf2fca9a - <core::panic::unwind_safe::AssertUnwindSafe<F> as core::ops::function::FnOnce<()>>::call_once::hf2e855a36a4ea846
[INFO] [stdout]                                at /rustc/6067b36314ab5eb2eb47cecc464545ba58e1ad24/library/core/src/panic/unwind_safe.rs:272:9
[INFO] [stdout]   36:     0x62bfdf2fca9a - std::panicking::try::do_call::h2f73af3616c35465
[INFO] [stdout]                                at /rustc/6067b36314ab5eb2eb47cecc464545ba58e1ad24/library/std/src/panicking.rs:587:40
[INFO] [stdout]   37:     0x62bfdf2fca9a - std::panicking::try::hd1660ce9efadef5a
[INFO] [stdout]                                at /rustc/6067b36314ab5eb2eb47cecc464545ba58e1ad24/library/std/src/panicking.rs:550:19
[INFO] [stdout]   38:     0x62bfdf2fca9a - std::panic::catch_unwind::h5ee8d7823b8ca744
[INFO] [stdout]                                at /rustc/6067b36314ab5eb2eb47cecc464545ba58e1ad24/library/std/src/panic.rs:358:14
[INFO] [stdout]   39:     0x62bfdf2fca9a - std::thread::Builder::spawn_unchecked_::{{closure}}::h53c3a1894dce8407
[INFO] [stdout]                                at /rustc/6067b36314ab5eb2eb47cecc464545ba58e1ad24/library/std/src/thread/mod.rs:557:30
[INFO] [stdout]   40:     0x62bfdf2fca9a - core::ops::function::FnOnce::call_once{{vtable.shim}}::h048ce291ad4f62bf
[INFO] [stdout]                                at /rustc/6067b36314ab5eb2eb47cecc464545ba58e1ad24/library/core/src/ops/function.rs:250:5
[INFO] [stdout]   41:     0x62bfdf36d83b - <alloc::boxed::Box<F,A> as core::ops::function::FnOnce<Args>>::call_once::ha52bedf99a3b4981
[INFO] [stdout]                                at /rustc/6067b36314ab5eb2eb47cecc464545ba58e1ad24/library/alloc/src/boxed.rs:2013:9
[INFO] [stdout]   42:     0x62bfdf36d83b - <alloc::boxed::Box<F,A> as core::ops::function::FnOnce<Args>>::call_once::h567748934d80ccf8
[INFO] [stdout]                                at /rustc/6067b36314ab5eb2eb47cecc464545ba58e1ad24/library/alloc/src/boxed.rs:2013:9
[INFO] [stdout]   43:     0x62bfdf36d83b - std::sys::pal::unix::thread::Thread::new::thread_start::h2d970728ae887adc
[INFO] [stdout]                                at /rustc/6067b36314ab5eb2eb47cecc464545ba58e1ad24/library/std/src/sys/pal/unix/thread.rs:106:17
[INFO] [stdout]   44:     0x781f00bc2ac3 - <unknown>
[INFO] [stdout]   45:     0x781f00c53a04 - clone
[INFO] [stdout]   46:                0x0 - <unknown>
[INFO] [stdout] 
[INFO] [stdout] ---- cephes64::expn::expn_tests::expn_asy stdout ----
[INFO] [stdout] 
[INFO] [stdout] thread 'cephes64::expn::expn_tests::expn_asy' panicked at src/cephes64/expn.rs:432:9:
[INFO] [stdout] assertion `left == right` failed
[INFO] [stdout]   left: 2.555603331196173e-10
[INFO] [stdout]  right: 2.5556033311961735e-10
[INFO] [stdout] stack backtrace:
[INFO] [stdout]    0:     0x62bfdf3679ea - std::backtrace_rs::backtrace::libunwind::trace::hb059275cfc8d6126
[INFO] [stdout]                                at /rustc/6067b36314ab5eb2eb47cecc464545ba58e1ad24/library/std/src/../../backtrace/src/backtrace/libunwind.rs:116:5
[INFO] [stdout]    1:     0x62bfdf3679ea - std::backtrace_rs::backtrace::trace_unsynchronized::h2da071e4327ce3ee
[INFO] [stdout]                                at /rustc/6067b36314ab5eb2eb47cecc464545ba58e1ad24/library/std/src/../../backtrace/src/backtrace/mod.rs:66:5
[INFO] [stdout]    2:     0x62bfdf3679ea - std::sys::backtrace::_print_fmt::h842a1474e6f8d23f
[INFO] [stdout]                                at /rustc/6067b36314ab5eb2eb47cecc464545ba58e1ad24/library/std/src/sys/backtrace.rs:66:9
[INFO] [stdout]    3:     0x62bfdf3679ea - <std::sys::backtrace::BacktraceLock::print::DisplayBacktrace as core::fmt::Display>::fmt::h71a62eb3b9696b12
[INFO] [stdout]                                at /rustc/6067b36314ab5eb2eb47cecc464545ba58e1ad24/library/std/src/sys/backtrace.rs:39:26
[INFO] [stdout]    4:     0x62bfdf38f303 - core::fmt::rt::Argument::fmt::hdb6b616786b41dc1
[INFO] [stdout]                                at /rustc/6067b36314ab5eb2eb47cecc464545ba58e1ad24/library/core/src/fmt/rt.rs:177:76
[INFO] [stdout]    5:     0x62bfdf38f303 - core::fmt::write::h2cc1698af7e2d686
[INFO] [stdout]                                at /rustc/6067b36314ab5eb2eb47cecc464545ba58e1ad24/library/core/src/fmt/mod.rs:1440:21
[INFO] [stdout]    6:     0x62bfdf364543 - std::io::Write::write_fmt::hab1b4cd059a79022
[INFO] [stdout]                                at /rustc/6067b36314ab5eb2eb47cecc464545ba58e1ad24/library/std/src/io/mod.rs:1887:15
[INFO] [stdout]    7:     0x62bfdf367832 - std::sys::backtrace::BacktraceLock::print::h147fe35b4ea13b08
[INFO] [stdout]                                at /rustc/6067b36314ab5eb2eb47cecc464545ba58e1ad24/library/std/src/sys/backtrace.rs:42:9
[INFO] [stdout]    8:     0x62bfdf368e0f - std::panicking::default_hook::{{closure}}::hbd44223dbdc0d208
[INFO] [stdout]                                at /rustc/6067b36314ab5eb2eb47cecc464545ba58e1ad24/library/std/src/panicking.rs:298:22
[INFO] [stdout]    9:     0x62bfdf368c28 - std::panicking::default_hook::h20f81eb0576efcec
[INFO] [stdout]                                at /rustc/6067b36314ab5eb2eb47cecc464545ba58e1ad24/library/std/src/panicking.rs:322:9
[INFO] [stdout]   10:     0x62bfdf331a43 - <alloc::boxed::Box<F,A> as core::ops::function::Fn<Args>>::call::hdb53814c496a4d34
[INFO] [stdout]                                at /rustc/6067b36314ab5eb2eb47cecc464545ba58e1ad24/library/alloc/src/boxed.rs:2027:9
[INFO] [stdout]   11:     0x62bfdf331a43 - test::test_main::{{closure}}::hc0a4963c59427c24
[INFO] [stdout]                                at /rustc/6067b36314ab5eb2eb47cecc464545ba58e1ad24/library/test/src/lib.rs:134:21
[INFO] [stdout]   12:     0x62bfdf369903 - <alloc::boxed::Box<F,A> as core::ops::function::Fn<Args>>::call::h591b2225413a77e9
[INFO] [stdout]                                at /rustc/6067b36314ab5eb2eb47cecc464545ba58e1ad24/library/alloc/src/boxed.rs:2027:9
[INFO] [stdout]   13:     0x62bfdf369903 - std::panicking::rust_panic_with_hook::h625eea43051b2edc
[INFO] [stdout]                                at /rustc/6067b36314ab5eb2eb47cecc464545ba58e1ad24/library/std/src/panicking.rs:839:13
[INFO] [stdout]   14:     0x62bfdf3695ba - std::panicking::begin_panic_handler::{{closure}}::h4f9159cfbc3f6bd3
[INFO] [stdout]                                at /rustc/6067b36314ab5eb2eb47cecc464545ba58e1ad24/library/std/src/panicking.rs:704:13
[INFO] [stdout]   15:     0x62bfdf367ee9 - std::sys::backtrace::__rust_end_short_backtrace::h0390abce48353151
[INFO] [stdout]                                at /rustc/6067b36314ab5eb2eb47cecc464545ba58e1ad24/library/std/src/sys/backtrace.rs:168:18
[INFO] [stdout]   16:     0x62bfdf36924d - rust_begin_unwind
[INFO] [stdout]                                at /rustc/6067b36314ab5eb2eb47cecc464545ba58e1ad24/library/std/src/panicking.rs:695:5
[INFO] [stdout]   17:     0x62bfdf38da00 - core::panicking::panic_fmt::h9e7c637e9e5f29c9
[INFO] [stdout]                                at /rustc/6067b36314ab5eb2eb47cecc464545ba58e1ad24/library/core/src/panicking.rs:75:14
[INFO] [stdout]   18:     0x62bfdf38dd22 - core::panicking::assert_failed_inner::h538bec7c1374cd9c
[INFO] [stdout]   19:     0x62bfdf2e1d41 - core::panicking::assert_failed::h0ade74c2763c551a
[INFO] [stdout]                                at /rustc/6067b36314ab5eb2eb47cecc464545ba58e1ad24/library/core/src/panicking.rs:364:5
[INFO] [stdout]   20:     0x62bfdf289a47 - spec_math::cephes64::expn::expn_tests::expn_asy::hd7b77b929445dcb3
[INFO] [stdout]                                at /opt/rustwide/workdir/src/cephes64/expn.rs:432:9
[INFO] [stdout]   21:     0x62bfdf289157 - spec_math::cephes64::expn::expn_tests::expn_asy::{{closure}}::h42efdda977314dfb
[INFO] [stdout]                                at /opt/rustwide/workdir/src/cephes64/expn.rs:414:18
[INFO] [stdout]   22:     0x62bfdf2a3ad6 - core::ops::function::FnOnce::call_once::h582e3f1ed111644c
[INFO] [stdout]                                at /rustc/6067b36314ab5eb2eb47cecc464545ba58e1ad24/library/core/src/ops/function.rs:250:5
[INFO] [stdout]   23:     0x62bfdf33719b - core::ops::function::FnOnce::call_once::he27718dfdd183f43
[INFO] [stdout]                                at /rustc/6067b36314ab5eb2eb47cecc464545ba58e1ad24/library/core/src/ops/function.rs:250:5
[INFO] [stdout]   24:     0x62bfdf33719b - test::__rust_begin_short_backtrace::h4e84902998457a5d
[INFO] [stdout]                                at /rustc/6067b36314ab5eb2eb47cecc464545ba58e1ad24/library/test/src/lib.rs:632:18
[INFO] [stdout]   25:     0x62bfdf3360d3 - test::run_test_in_process::{{closure}}::h7176fd18fc1feca0
[INFO] [stdout]                                at /rustc/6067b36314ab5eb2eb47cecc464545ba58e1ad24/library/test/src/lib.rs:655:60
[INFO] [stdout]   26:     0x62bfdf3360d3 - <core::panic::unwind_safe::AssertUnwindSafe<F> as core::ops::function::FnOnce<()>>::call_once::hf79cff2a624d8cf7
[INFO] [stdout]                                at /rustc/6067b36314ab5eb2eb47cecc464545ba58e1ad24/library/core/src/panic/unwind_safe.rs:272:9
[INFO] [stdout]   27:     0x62bfdf3360d3 - std::panicking::try::do_call::h3da0561d9ab99c25
[INFO] [stdout]                                at /rustc/6067b36314ab5eb2eb47cecc464545ba58e1ad24/library/std/src/panicking.rs:587:40
[INFO] [stdout]   28:     0x62bfdf3360d3 - std::panicking::try::h41c9fa508bc61df6
[INFO] [stdout]                                at /rustc/6067b36314ab5eb2eb47cecc464545ba58e1ad24/library/std/src/panicking.rs:550:19
[INFO] [stdout]   29:     0x62bfdf3360d3 - std::panic::catch_unwind::h6b3ff07bb5afad93
[INFO] [stdout]                                at /rustc/6067b36314ab5eb2eb47cecc464545ba58e1ad24/library/std/src/panic.rs:358:14
[INFO] [stdout]   30:     0x62bfdf3360d3 - test::run_test_in_process::hc7253dd11b39b9f4
[INFO] [stdout]                                at /rustc/6067b36314ab5eb2eb47cecc464545ba58e1ad24/library/test/src/lib.rs:655:27
[INFO] [stdout]   31:     0x62bfdf3360d3 - test::run_test::{{closure}}::hfb2007f8649c30bb
[INFO] [stdout]                                at /rustc/6067b36314ab5eb2eb47cecc464545ba58e1ad24/library/test/src/lib.rs:576:43
[INFO] [stdout]   32:     0x62bfdf2f91b5 - test::run_test::{{closure}}::h56a17aa7a282a9f4
[INFO] [stdout]                                at /rustc/6067b36314ab5eb2eb47cecc464545ba58e1ad24/library/test/src/lib.rs:606:41
[INFO] [stdout]   33:     0x62bfdf2f91b5 - std::sys::backtrace::__rust_begin_short_backtrace::hd2d2d2fb8e8c6aac
[INFO] [stdout]                                at /rustc/6067b36314ab5eb2eb47cecc464545ba58e1ad24/library/std/src/sys/backtrace.rs:152:18
[INFO] [stdout]   34:     0x62bfdf2fca9a - std::thread::Builder::spawn_unchecked_::{{closure}}::{{closure}}::h4faa3f9db6133423
[INFO] [stdout]                                at /rustc/6067b36314ab5eb2eb47cecc464545ba58e1ad24/library/std/src/thread/mod.rs:559:17
[INFO] [stdout]   35:     0x62bfdf2fca9a - <core::panic::unwind_safe::AssertUnwindSafe<F> as core::ops::function::FnOnce<()>>::call_once::hf2e855a36a4ea846
[INFO] [stdout]                                at /rustc/6067b36314ab5eb2eb47cecc464545ba58e1ad24/library/core/src/panic/unwind_safe.rs:272:9
[INFO] [stdout]   36:     0x62bfdf2fca9a - std::panicking::try::do_call::h2f73af3616c35465
[INFO] [stdout]                                at /rustc/6067b36314ab5eb2eb47cecc464545ba58e1ad24/library/std/src/panicking.rs:587:40
[INFO] [stdout]   37:     0x62bfdf2fca9a - std::panicking::try::hd1660ce9efadef5a
[INFO] [stdout]                                at /rustc/6067b36314ab5eb2eb47cecc464545ba58e1ad24/library/std/src/panicking.rs:550:19
[INFO] [stdout]   38:     0x62bfdf2fca9a - std::panic::catch_unwind::h5ee8d7823b8ca744
[INFO] [stdout]                                at /rustc/6067b36314ab5eb2eb47cecc464545ba58e1ad24/library/std/src/panic.rs:358:14
[INFO] [stdout]   39:     0x62bfdf2fca9a - std::thread::Builder::spawn_unchecked_::{{closure}}::h53c3a1894dce8407
[INFO] [stdout]                                at /rustc/6067b36314ab5eb2eb47cecc464545ba58e1ad24/library/std/src/thread/mod.rs:557:30
[INFO] [stdout]   40:     0x62bfdf2fca9a - core::ops::function::FnOnce::call_once{{vtable.shim}}::h048ce291ad4f62bf
[INFO] [stdout]                                at /rustc/6067b36314ab5eb2eb47cecc464545ba58e1ad24/library/core/src/ops/function.rs:250:5
[INFO] [stdout]   41:     0x62bfdf36d83b - <alloc::boxed::Box<F,A> as core::ops::function::FnOnce<Args>>::call_once::ha52bedf99a3b4981
[INFO] [stdout]                                at /rustc/6067b36314ab5eb2eb47cecc464545ba58e1ad24/library/alloc/src/boxed.rs:2013:9
[INFO] [stdout]   42:     0x62bfdf36d83b - <alloc::boxed::Box<F,A> as core::ops::function::FnOnce<Args>>::call_once::h567748934d80ccf8
[INFO] [stdout]                                at /rustc/6067b36314ab5eb2eb47cecc464545ba58e1ad24/library/alloc/src/boxed.rs:2013:9
[INFO] [stdout]   43:     0x62bfdf36d83b - std::sys::pal::unix::thread::Thread::new::thread_start::h2d970728ae887adc
[INFO] [stdout]                                at /rustc/6067b36314ab5eb2eb47cecc464545ba58e1ad24/library/std/src/sys/pal/unix/thread.rs:106:17
[INFO] [stdout]   44:     0x781f00bc2ac3 - <unknown>
[INFO] [stdout]   45:     0x781f00c53a04 - clone
[INFO] [stdout]   46:                0x0 - <unknown>
[INFO] [stdout] 
[INFO] [stdout] ---- cephes64::gamma::gamma_tests::gamma_pos stdout ----
[INFO] [stdout] 
[INFO] [stdout] thread 'cephes64::gamma::gamma_tests::gamma_pos' panicked at src/cephes64/gamma.rs:450:9:
[INFO] [stdout] assertion `left == right` failed
[INFO] [stdout]   left: 4.290462912351959e63
[INFO] [stdout]  right: 4.2904629123519605e63
[INFO] [stdout] stack backtrace:
[INFO] [stdout]    0:     0x62bfdf3679ea - std::backtrace_rs::backtrace::libunwind::trace::hb059275cfc8d6126
[INFO] [stdout]                                at /rustc/6067b36314ab5eb2eb47cecc464545ba58e1ad24/library/std/src/../../backtrace/src/backtrace/libunwind.rs:116:5
[INFO] [stdout]    1:     0x62bfdf3679ea - std::backtrace_rs::backtrace::trace_unsynchronized::h2da071e4327ce3ee
[INFO] [stderr] error: test failed, to rerun pass `--lib`
[INFO] [stdout]                                at /rustc/6067b36314ab5eb2eb47cecc464545ba58e1ad24/library/std/src/../../backtrace/src/backtrace/mod.rs:66:5
[INFO] [stdout]    2:     0x62bfdf3679ea - std::sys::backtrace::_print_fmt::h842a1474e6f8d23f
[INFO] [stdout]                                at /rustc/6067b36314ab5eb2eb47cecc464545ba58e1ad24/library/std/src/sys/backtrace.rs:66:9
[INFO] [stdout]    3:     0x62bfdf3679ea - <std::sys::backtrace::BacktraceLock::print::DisplayBacktrace as core::fmt::Display>::fmt::h71a62eb3b9696b12
[INFO] [stdout]                                at /rustc/6067b36314ab5eb2eb47cecc464545ba58e1ad24/library/std/src/sys/backtrace.rs:39:26
[INFO] [stdout]    4:     0x62bfdf38f303 - core::fmt::rt::Argument::fmt::hdb6b616786b41dc1
[INFO] [stdout]                                at /rustc/6067b36314ab5eb2eb47cecc464545ba58e1ad24/library/core/src/fmt/rt.rs:177:76
[INFO] [stdout]    5:     0x62bfdf38f303 - core::fmt::write::h2cc1698af7e2d686
[INFO] [stdout]                                at /rustc/6067b36314ab5eb2eb47cecc464545ba58e1ad24/library/core/src/fmt/mod.rs:1440:21
[INFO] [stdout]    6:     0x62bfdf364543 - std::io::Write::write_fmt::hab1b4cd059a79022
[INFO] [stdout]                                at /rustc/6067b36314ab5eb2eb47cecc464545ba58e1ad24/library/std/src/io/mod.rs:1887:15
[INFO] [stdout]    7:     0x62bfdf367832 - std::sys::backtrace::BacktraceLock::print::h147fe35b4ea13b08
[INFO] [stdout]                                at /rustc/6067b36314ab5eb2eb47cecc464545ba58e1ad24/library/std/src/sys/backtrace.rs:42:9
[INFO] [stdout]    8:     0x62bfdf368e0f - std::panicking::default_hook::{{closure}}::hbd44223dbdc0d208
[INFO] [stdout]                                at /rustc/6067b36314ab5eb2eb47cecc464545ba58e1ad24/library/std/src/panicking.rs:298:22
[INFO] [stdout]    9:     0x62bfdf368c28 - std::panicking::default_hook::h20f81eb0576efcec
[INFO] [stdout]                                at /rustc/6067b36314ab5eb2eb47cecc464545ba58e1ad24/library/std/src/panicking.rs:322:9
[INFO] [stdout]   10:     0x62bfdf331a43 - <alloc::boxed::Box<F,A> as core::ops::function::Fn<Args>>::call::hdb53814c496a4d34
[INFO] [stdout]                                at /rustc/6067b36314ab5eb2eb47cecc464545ba58e1ad24/library/alloc/src/boxed.rs:2027:9
[INFO] [stdout]   11:     0x62bfdf331a43 - test::test_main::{{closure}}::hc0a4963c59427c24
[INFO] [stdout]                                at /rustc/6067b36314ab5eb2eb47cecc464545ba58e1ad24/library/test/src/lib.rs:134:21
[INFO] [stdout]   12:     0x62bfdf369903 - <alloc::boxed::Box<F,A> as core::ops::function::Fn<Args>>::call::h591b2225413a77e9
[INFO] [stdout]                                at /rustc/6067b36314ab5eb2eb47cecc464545ba58e1ad24/library/alloc/src/boxed.rs:2027:9
[INFO] [stdout]   13:     0x62bfdf369903 - std::panicking::rust_panic_with_hook::h625eea43051b2edc
[INFO] [stdout]                                at /rustc/6067b36314ab5eb2eb47cecc464545ba58e1ad24/library/std/src/panicking.rs:839:13
[INFO] [stdout]   14:     0x62bfdf3695ba - std::panicking::begin_panic_handler::{{closure}}::h4f9159cfbc3f6bd3
[INFO] [stdout]                                at /rustc/6067b36314ab5eb2eb47cecc464545ba58e1ad24/library/std/src/panicking.rs:704:13
[INFO] [stdout]   15:     0x62bfdf367ee9 - std::sys::backtrace::__rust_end_short_backtrace::h0390abce48353151
[INFO] [stdout]                                at /rustc/6067b36314ab5eb2eb47cecc464545ba58e1ad24/library/std/src/sys/backtrace.rs:168:18
[INFO] [stdout]   16:     0x62bfdf36924d - rust_begin_unwind
[INFO] [stdout]                                at /rustc/6067b36314ab5eb2eb47cecc464545ba58e1ad24/library/std/src/panicking.rs:695:5
[INFO] [stdout]   17:     0x62bfdf38da00 - core::panicking::panic_fmt::h9e7c637e9e5f29c9
[INFO] [stdout]                                at /rustc/6067b36314ab5eb2eb47cecc464545ba58e1ad24/library/core/src/panicking.rs:75:14
[INFO] [stdout]   18:     0x62bfdf38dd22 - core::panicking::assert_failed_inner::h538bec7c1374cd9c
[INFO] [stdout]   19:     0x62bfdf2e1d41 - core::panicking::assert_failed::h0ade74c2763c551a
[INFO] [stdout]                                at /rustc/6067b36314ab5eb2eb47cecc464545ba58e1ad24/library/core/src/panicking.rs:364:5
[INFO] [stdout]   20:     0x62bfdf2ec674 - spec_math::cephes64::gamma::gamma_tests::gamma_pos::hdd23426a4b5f5b90
[INFO] [stdout]                                at /opt/rustwide/workdir/src/cephes64/gamma.rs:450:9
[INFO] [stdout]   21:     0x62bfdf2ec2b7 - spec_math::cephes64::gamma::gamma_tests::gamma_pos::{{closure}}::hec4813ec8b112125
[INFO] [stdout]                                at /opt/rustwide/workdir/src/cephes64/gamma.rs:442:19
[INFO] [stdout]   22:     0x62bfdf2a5926 - core::ops::function::FnOnce::call_once::hd4d5c512ee77ab78
[INFO] [stdout]                                at /rustc/6067b36314ab5eb2eb47cecc464545ba58e1ad24/library/core/src/ops/function.rs:250:5
[INFO] [stdout]   23:     0x62bfdf33719b - core::ops::function::FnOnce::call_once::he27718dfdd183f43
[INFO] [stdout]                                at /rustc/6067b36314ab5eb2eb47cecc464545ba58e1ad24/library/core/src/ops/function.rs:250:5
[INFO] [stdout]   24:     0x62bfdf33719b - test::__rust_begin_short_backtrace::h4e84902998457a5d
[INFO] [stdout]                                at /rustc/6067b36314ab5eb2eb47cecc464545ba58e1ad24/library/test/src/lib.rs:632:18
[INFO] [stdout]   25:     0x62bfdf3360d3 - test::run_test_in_process::{{closure}}::h7176fd18fc1feca0
[INFO] [stdout]                                at /rustc/6067b36314ab5eb2eb47cecc464545ba58e1ad24/library/test/src/lib.rs:655:60
[INFO] [stdout]   26:     0x62bfdf3360d3 - <core::panic::unwind_safe::AssertUnwindSafe<F> as core::ops::function::FnOnce<()>>::call_once::hf79cff2a624d8cf7
[INFO] [stdout]                                at /rustc/6067b36314ab5eb2eb47cecc464545ba58e1ad24/library/core/src/panic/unwind_safe.rs:272:9
[INFO] [stdout]   27:     0x62bfdf3360d3 - std::panicking::try::do_call::h3da0561d9ab99c25
[INFO] [stdout]                                at /rustc/6067b36314ab5eb2eb47cecc464545ba58e1ad24/library/std/src/panicking.rs:587:40
[INFO] [stdout]   28:     0x62bfdf3360d3 - std::panicking::try::h41c9fa508bc61df6
[INFO] [stdout]                                at /rustc/6067b36314ab5eb2eb47cecc464545ba58e1ad24/library/std/src/panicking.rs:550:19
[INFO] [stdout]   29:     0x62bfdf3360d3 - std::panic::catch_unwind::h6b3ff07bb5afad93
[INFO] [stdout]                                at /rustc/6067b36314ab5eb2eb47cecc464545ba58e1ad24/library/std/src/panic.rs:358:14
[INFO] [stdout]   30:     0x62bfdf3360d3 - test::run_test_in_process::hc7253dd11b39b9f4
[INFO] [stdout]                                at /rustc/6067b36314ab5eb2eb47cecc464545ba58e1ad24/library/test/src/lib.rs:655:27
[INFO] [stdout]   31:     0x62bfdf3360d3 - test::run_test::{{closure}}::hfb2007f8649c30bb
[INFO] [stdout]                                at /rustc/6067b36314ab5eb2eb47cecc464545ba58e1ad24/library/test/src/lib.rs:576:43
[INFO] [stdout]   32:     0x62bfdf2f91b5 - test::run_test::{{closure}}::h56a17aa7a282a9f4
[INFO] [stdout]                                at /rustc/6067b36314ab5eb2eb47cecc464545ba58e1ad24/library/test/src/lib.rs:606:41
[INFO] [stdout]   33:     0x62bfdf2f91b5 - std::sys::backtrace::__rust_begin_short_backtrace::hd2d2d2fb8e8c6aac
[INFO] [stdout]                                at /rustc/6067b36314ab5eb2eb47cecc464545ba58e1ad24/library/std/src/sys/backtrace.rs:152:18
[INFO] [stdout]   34:     0x62bfdf2fca9a - std::thread::Builder::spawn_unchecked_::{{closure}}::{{closure}}::h4faa3f9db6133423
[INFO] [stdout]                                at /rustc/6067b36314ab5eb2eb47cecc464545ba58e1ad24/library/std/src/thread/mod.rs:559:17
[INFO] [stdout]   35:     0x62bfdf2fca9a - <core::panic::unwind_safe::AssertUnwindSafe<F> as core::ops::function::FnOnce<()>>::call_once::hf2e855a36a4ea846
[INFO] [stdout]                                at /rustc/6067b36314ab5eb2eb47cecc464545ba58e1ad24/library/core/src/panic/unwind_safe.rs:272:9
[INFO] [stdout]   36:     0x62bfdf2fca9a - std::panicking::try::do_call::h2f73af3616c35465
[INFO] [stdout]                                at /rustc/6067b36314ab5eb2eb47cecc464545ba58e1ad24/library/std/src/panicking.rs:587:40
[INFO] [stdout]   37:     0x62bfdf2fca9a - std::panicking::try::hd1660ce9efadef5a
[INFO] [stdout]                                at /rustc/6067b36314ab5eb2eb47cecc464545ba58e1ad24/library/std/src/panicking.rs:550:19
[INFO] [stdout]   38:     0x62bfdf2fca9a - std::panic::catch_unwind::h5ee8d7823b8ca744
[INFO] [stdout]                                at /rustc/6067b36314ab5eb2eb47cecc464545ba58e1ad24/library/std/src/panic.rs:358:14
[INFO] [stdout]   39:     0x62bfdf2fca9a - std::thread::Builder::spawn_unchecked_::{{closure}}::h53c3a1894dce8407
[INFO] [stdout]                                at /rustc/6067b36314ab5eb2eb47cecc464545ba58e1ad24/library/std/src/thread/mod.rs:557:30
[INFO] [stdout]   40:     0x62bfdf2fca9a - core::ops::function::FnOnce::call_once{{vtable.shim}}::h048ce291ad4f62bf
[INFO] [stdout]                                at /rustc/6067b36314ab5eb2eb47cecc464545ba58e1ad24/library/core/src/ops/function.rs:250:5
[INFO] [stdout]   41:     0x62bfdf36d83b - <alloc::boxed::Box<F,A> as core::ops::function::FnOnce<Args>>::call_once::ha52bedf99a3b4981
[INFO] [stdout]                                at /rustc/6067b36314ab5eb2eb47cecc464545ba58e1ad24/library/alloc/src/boxed.rs:2013:9
[INFO] [stdout]   42:     0x62bfdf36d83b - <alloc::boxed::Box<F,A> as core::ops::function::FnOnce<Args>>::call_once::h567748934d80ccf8
[INFO] [stdout]                                at /rustc/6067b36314ab5eb2eb47cecc464545ba58e1ad24/library/alloc/src/boxed.rs:2013:9
[INFO] [stdout]   43:     0x62bfdf36d83b - std::sys::pal::unix::thread::Thread::new::thread_start::h2d970728ae887adc
[INFO] [stdout]                                at /rustc/6067b36314ab5eb2eb47cecc464545ba58e1ad24/library/std/src/sys/pal/unix/thread.rs:106:17
[INFO] [stdout]   44:     0x781f00bc2ac3 - <unknown>
[INFO] [stdout]   45:     0x781f00c53a04 - clone
[INFO] [stdout]   46:                0x0 - <unknown>
[INFO] [stdout] 
[INFO] [stdout] ---- cephes64::stdtr::stdtr_tests::stdtr_t_lt_neg2 stdout ----
[INFO] [stdout] 
[INFO] [stdout] thread 'cephes64::stdtr::stdtr_tests::stdtr_t_lt_neg2' panicked at src/cephes64/stdtr.rs:281:9:
[INFO] [stdout] assertion `left == right` failed
[INFO] [stdout]   left: 4.9971339306684915e-37
[INFO] [stdout]  right: 4.997133930668492e-37
[INFO] [stdout] stack backtrace:
[INFO] [stdout]    0:     0x62bfdf3679ea - std::backtrace_rs::backtrace::libunwind::trace::hb059275cfc8d6126
[INFO] [stdout]                                at /rustc/6067b36314ab5eb2eb47cecc464545ba58e1ad24/library/std/src/../../backtrace/src/backtrace/libunwind.rs:116:5
[INFO] [stdout]    1:     0x62bfdf3679ea - std::backtrace_rs::backtrace::trace_unsynchronized::h2da071e4327ce3ee
[INFO] [stdout]                                at /rustc/6067b36314ab5eb2eb47cecc464545ba58e1ad24/library/std/src/../../backtrace/src/backtrace/mod.rs:66:5
[INFO] [stdout]    2:     0x62bfdf3679ea - std::sys::backtrace::_print_fmt::h842a1474e6f8d23f
[INFO] [stdout]                                at /rustc/6067b36314ab5eb2eb47cecc464545ba58e1ad24/library/std/src/sys/backtrace.rs:66:9
[INFO] [stdout]    3:     0x62bfdf3679ea - <std::sys::backtrace::BacktraceLock::print::DisplayBacktrace as core::fmt::Display>::fmt::h71a62eb3b9696b12
[INFO] [stdout]                                at /rustc/6067b36314ab5eb2eb47cecc464545ba58e1ad24/library/std/src/sys/backtrace.rs:39:26
[INFO] [stdout]    4:     0x62bfdf38f303 - core::fmt::rt::Argument::fmt::hdb6b616786b41dc1
[INFO] [stdout]                                at /rustc/6067b36314ab5eb2eb47cecc464545ba58e1ad24/library/core/src/fmt/rt.rs:177:76
[INFO] [stdout]    5:     0x62bfdf38f303 - core::fmt::write::h2cc1698af7e2d686
[INFO] [stdout]                                at /rustc/6067b36314ab5eb2eb47cecc464545ba58e1ad24/library/core/src/fmt/mod.rs:1440:21
[INFO] [stdout]    6:     0x62bfdf364543 - std::io::Write::write_fmt::hab1b4cd059a79022
[INFO] [stdout]                                at /rustc/6067b36314ab5eb2eb47cecc464545ba58e1ad24/library/std/src/io/mod.rs:1887:15
[INFO] [stdout]    7:     0x62bfdf367832 - std::sys::backtrace::BacktraceLock::print::h147fe35b4ea13b08
[INFO] [stdout]                                at /rustc/6067b36314ab5eb2eb47cecc464545ba58e1ad24/library/std/src/sys/backtrace.rs:42:9
[INFO] [stdout]    8:     0x62bfdf368e0f - std::panicking::default_hook::{{closure}}::hbd44223dbdc0d208
[INFO] [stdout]                                at /rustc/6067b36314ab5eb2eb47cecc464545ba58e1ad24/library/std/src/panicking.rs:298:22
[INFO] [stdout]    9:     0x62bfdf368c28 - std::panicking::default_hook::h20f81eb0576efcec
[INFO] [stdout]                                at /rustc/6067b36314ab5eb2eb47cecc464545ba58e1ad24/library/std/src/panicking.rs:322:9
[INFO] [stdout]   10:     0x62bfdf331a43 - <alloc::boxed::Box<F,A> as core::ops::function::Fn<Args>>::call::hdb53814c496a4d34
[INFO] [stdout]                                at /rustc/6067b36314ab5eb2eb47cecc464545ba58e1ad24/library/alloc/src/boxed.rs:2027:9
[INFO] [stdout]   11:     0x62bfdf331a43 - test::test_main::{{closure}}::hc0a4963c59427c24
[INFO] [stdout]                                at /rustc/6067b36314ab5eb2eb47cecc464545ba58e1ad24/library/test/src/lib.rs:134:21
[INFO] [stdout]   12:     0x62bfdf369903 - <alloc::boxed::Box<F,A> as core::ops::function::Fn<Args>>::call::h591b2225413a77e9
[INFO] [stdout]                                at /rustc/6067b36314ab5eb2eb47cecc464545ba58e1ad24/library/alloc/src/boxed.rs:2027:9
[INFO] [stdout]   13:     0x62bfdf369903 - std::panicking::rust_panic_with_hook::h625eea43051b2edc
[INFO] [stdout]                                at /rustc/6067b36314ab5eb2eb47cecc464545ba58e1ad24/library/std/src/panicking.rs:839:13
[INFO] [stdout]   14:     0x62bfdf3695ba - std::panicking::begin_panic_handler::{{closure}}::h4f9159cfbc3f6bd3
[INFO] [stdout]                                at /rustc/6067b36314ab5eb2eb47cecc464545ba58e1ad24/library/std/src/panicking.rs:704:13
[INFO] [stdout]   15:     0x62bfdf367ee9 - std::sys::backtrace::__rust_end_short_backtrace::h0390abce48353151
[INFO] [stdout]                                at /rustc/6067b36314ab5eb2eb47cecc464545ba58e1ad24/library/std/src/sys/backtrace.rs:168:18
[INFO] [stdout]   16:     0x62bfdf36924d - rust_begin_unwind
[INFO] [stdout]                                at /rustc/6067b36314ab5eb2eb47cecc464545ba58e1ad24/library/std/src/panicking.rs:695:5
[INFO] [stdout]   17:     0x62bfdf38da00 - core::panicking::panic_fmt::h9e7c637e9e5f29c9
[INFO] [stdout]                                at /rustc/6067b36314ab5eb2eb47cecc464545ba58e1ad24/library/core/src/panicking.rs:75:14
[INFO] [stdout]   18:     0x62bfdf38dd22 - core::panicking::assert_failed_inner::h538bec7c1374cd9c
[INFO] [stdout]   19:     0x62bfdf2e1d41 - core::panicking::assert_failed::h0ade74c2763c551a
[INFO] [stdout]                                at /rustc/6067b36314ab5eb2eb47cecc464545ba58e1ad24/library/core/src/panicking.rs:364:5
[INFO] [stdout]   20:     0x62bfdf2803c7 - spec_math::cephes64::stdtr::stdtr_tests::stdtr_t_lt_neg2::hacf5280ec08d3945
[INFO] [stdout]                                at /opt/rustwide/workdir/src/cephes64/stdtr.rs:281:9
[INFO] [stdout]   21:     0x62bfdf27ffe7 - spec_math::cephes64::stdtr::stdtr_tests::stdtr_t_lt_neg2::{{closure}}::h43c7eae96eae52fb
[INFO] [stdout]                                at /opt/rustwide/workdir/src/cephes64/stdtr.rs:272:25
[INFO] [stdout]   22:     0x62bfdf2a5c66 - core::ops::function::FnOnce::call_once::he50122e4dc646533
[INFO] [stdout]                                at /rustc/6067b36314ab5eb2eb47cecc464545ba58e1ad24/library/core/src/ops/function.rs:250:5
[INFO] [stdout]   23:     0x62bfdf33719b - core::ops::function::FnOnce::call_once::he27718dfdd183f43
[INFO] [stdout]                                at /rustc/6067b36314ab5eb2eb47cecc464545ba58e1ad24/library/core/src/ops/function.rs:250:5
[INFO] [stdout]   24:     0x62bfdf33719b - test::__rust_begin_short_backtrace::h4e84902998457a5d
[INFO] [stdout]                                at /rustc/6067b36314ab5eb2eb47cecc464545ba58e1ad24/library/test/src/lib.rs:632:18
[INFO] [stdout]   25:     0x62bfdf3360d3 - test::run_test_in_process::{{closure}}::h7176fd18fc1feca0
[INFO] [stdout]                                at /rustc/6067b36314ab5eb2eb47cecc464545ba58e1ad24/library/test/src/lib.rs:655:60
[INFO] [stdout]   26:     0x62bfdf3360d3 - <core::panic::unwind_safe::AssertUnwindSafe<F> as core::ops::function::FnOnce<()>>::call_once::hf79cff2a624d8cf7
[INFO] [stdout]                                at /rustc/6067b36314ab5eb2eb47cecc464545ba58e1ad24/library/core/src/panic/unwind_safe.rs:272:9
[INFO] [stdout]   27:     0x62bfdf3360d3 - std::panicking::try::do_call::h3da0561d9ab99c25
[INFO] [stdout]                                at /rustc/6067b36314ab5eb2eb47cecc464545ba58e1ad24/library/std/src/panicking.rs:587:40
[INFO] [stdout]   28:     0x62bfdf3360d3 - std::panicking::try::h41c9fa508bc61df6
[INFO] [stdout]                                at /rustc/6067b36314ab5eb2eb47cecc464545ba58e1ad24/library/std/src/panicking.rs:550:19
[INFO] [stdout]   29:     0x62bfdf3360d3 - std::panic::catch_unwind::h6b3ff07bb5afad93
[INFO] [stdout]                                at /rustc/6067b36314ab5eb2eb47cecc464545ba58e1ad24/library/std/src/panic.rs:358:14
[INFO] [stdout]   30:     0x62bfdf3360d3 - test::run_test_in_process::hc7253dd11b39b9f4
[INFO] [stdout]                                at /rustc/6067b36314ab5eb2eb47cecc464545ba58e1ad24/library/test/src/lib.rs:655:27
[INFO] [stdout]   31:     0x62bfdf3360d3 - test::run_test::{{closure}}::hfb2007f8649c30bb
[INFO] [stdout]                                at /rustc/6067b36314ab5eb2eb47cecc464545ba58e1ad24/library/test/src/lib.rs:576:43
[INFO] [stdout]   32:     0x62bfdf2f91b5 - test::run_test::{{closure}}::h56a17aa7a282a9f4
[INFO] [stdout]                                at /rustc/6067b36314ab5eb2eb47cecc464545ba58e1ad24/library/test/src/lib.rs:606:41
[INFO] [stdout]   33:     0x62bfdf2f91b5 - std::sys::backtrace::__rust_begin_short_backtrace::hd2d2d2fb8e8c6aac
[INFO] [stdout]                                at /rustc/6067b36314ab5eb2eb47cecc464545ba58e1ad24/library/std/src/sys/backtrace.rs:152:18
[INFO] [stdout]   34:     0x62bfdf2fca9a - std::thread::Builder::spawn_unchecked_::{{closure}}::{{closure}}::h4faa3f9db6133423
[INFO] [stdout]                                at /rustc/6067b36314ab5eb2eb47cecc464545ba58e1ad24/library/std/src/thread/mod.rs:559:17
[INFO] [stdout]   35:     0x62bfdf2fca9a - <core::panic::unwind_safe::AssertUnwindSafe<F> as core::ops::function::FnOnce<()>>::call_once::hf2e855a36a4ea846
[INFO] [stdout]                                at /rustc/6067b36314ab5eb2eb47cecc464545ba58e1ad24/library/core/src/panic/unwind_safe.rs:272:9
[INFO] [stdout]   36:     0x62bfdf2fca9a - std::panicking::try::do_call::h2f73af3616c35465
[INFO] [stdout]                                at /rustc/6067b36314ab5eb2eb47cecc464545ba58e1ad24/library/std/src/panicking.rs:587:40
[INFO] [stdout]   37:     0x62bfdf2fca9a - std::panicking::try::hd1660ce9efadef5a
[INFO] [stdout]                                at /rustc/6067b36314ab5eb2eb47cecc464545ba58e1ad24/library/std/src/panicking.rs:550:19
[INFO] [stdout]   38:     0x62bfdf2fca9a - std::panic::catch_unwind::h5ee8d7823b8ca744
[INFO] [stdout]                                at /rustc/6067b36314ab5eb2eb47cecc464545ba58e1ad24/library/std/src/panic.rs:358:14
[INFO] [stdout]   39:     0x62bfdf2fca9a - std::thread::Builder::spawn_unchecked_::{{closure}}::h53c3a1894dce8407
[INFO] [stdout]                                at /rustc/6067b36314ab5eb2eb47cecc464545ba58e1ad24/library/std/src/thread/mod.rs:557:30
[INFO] [stdout]   40:     0x62bfdf2fca9a - core::ops::function::FnOnce::call_once{{vtable.shim}}::h048ce291ad4f62bf
[INFO] [stdout]                                at /rustc/6067b36314ab5eb2eb47cecc464545ba58e1ad24/library/core/src/ops/function.rs:250:5
[INFO] [stdout]   41:     0x62bfdf36d83b - <alloc::boxed::Box<F,A> as core::ops::function::FnOnce<Args>>::call_once::ha52bedf99a3b4981
[INFO] [stdout]                                at /rustc/6067b36314ab5eb2eb47cecc464545ba58e1ad24/library/alloc/src/boxed.rs:2013:9
[INFO] [stdout]   42:     0x62bfdf36d83b - <alloc::boxed::Box<F,A> as core::ops::function::FnOnce<Args>>::call_once::h567748934d80ccf8
[INFO] [stdout]                                at /rustc/6067b36314ab5eb2eb47cecc464545ba58e1ad24/library/alloc/src/boxed.rs:2013:9
[INFO] [stdout]   43:     0x62bfdf36d83b - std::sys::pal::unix::thread::Thread::new::thread_start::h2d970728ae887adc
[INFO] [stdout]                                at /rustc/6067b36314ab5eb2eb47cecc464545ba58e1ad24/library/std/src/sys/pal/unix/thread.rs:106:17
[INFO] [stdout]   44:     0x781f00bc2ac3 - <unknown>
[INFO] [stdout]   45:     0x781f00c53a04 - clone
[INFO] [stdout]   46:                0x0 - <unknown>
[INFO] [stdout] 
[INFO] [stdout] ---- cephes64::stdtr::stdtri_tests::stdtri_p_medium stdout ----
[INFO] [stdout] 
[INFO] [stdout] thread 'cephes64::stdtr::stdtri_tests::stdtri_p_medium' panicked at src/cephes64/stdtr.rs:328:9:
[INFO] [stdout] assertion `left == right` failed
[INFO] [stdout]   left: -0.3864289804076715
[INFO] [stdout]  right: -0.38642898040767143
[INFO] [stdout] stack backtrace:
[INFO] [stdout]    0:     0x62bfdf3679ea - std::backtrace_rs::backtrace::libunwind::trace::hb059275cfc8d6126
[INFO] [stdout]                                at /rustc/6067b36314ab5eb2eb47cecc464545ba58e1ad24/library/std/src/../../backtrace/src/backtrace/libunwind.rs:116:5
[INFO] [stdout]    1:     0x62bfdf3679ea - std::backtrace_rs::backtrace::trace_unsynchronized::h2da071e4327ce3ee
[INFO] [stdout]                                at /rustc/6067b36314ab5eb2eb47cecc464545ba58e1ad24/library/std/src/../../backtrace/src/backtrace/mod.rs:66:5
[INFO] [stdout]    2:     0x62bfdf3679ea - std::sys::backtrace::_print_fmt::h842a1474e6f8d23f
[INFO] [stdout]                                at /rustc/6067b36314ab5eb2eb47cecc464545ba58e1ad24/library/std/src/sys/backtrace.rs:66:9
[INFO] [stdout]    3:     0x62bfdf3679ea - <std::sys::backtrace::BacktraceLock::print::DisplayBacktrace as core::fmt::Display>::fmt::h71a62eb3b9696b12
[INFO] [stdout]                                at /rustc/6067b36314ab5eb2eb47cecc464545ba58e1ad24/library/std/src/sys/backtrace.rs:39:26
[INFO] [stdout]    4:     0x62bfdf38f303 - core::fmt::rt::Argument::fmt::hdb6b616786b41dc1
[INFO] [stdout]                                at /rustc/6067b36314ab5eb2eb47cecc464545ba58e1ad24/library/core/src/fmt/rt.rs:177:76
[INFO] [stdout]    5:     0x62bfdf38f303 - core::fmt::write::h2cc1698af7e2d686
[INFO] [stdout]                                at /rustc/6067b36314ab5eb2eb47cecc464545ba58e1ad24/library/core/src/fmt/mod.rs:1440:21
[INFO] [stdout]    6:     0x62bfdf364543 - std::io::Write::write_fmt::hab1b4cd059a79022
[INFO] [stdout]                                at /rustc/6067b36314ab5eb2eb47cecc464545ba58e1ad24/library/std/src/io/mod.rs:1887:15
[INFO] [stdout]    7:     0x62bfdf367832 - std::sys::backtrace::BacktraceLock::print::h147fe35b4ea13b08
[INFO] [stdout]                                at /rustc/6067b36314ab5eb2eb47cecc464545ba58e1ad24/library/std/src/sys/backtrace.rs:42:9
[INFO] [stdout]    8:     0x62bfdf368e0f - std::panicking::default_hook::{{closure}}::hbd44223dbdc0d208
[INFO] [stdout]                                at /rustc/6067b36314ab5eb2eb47cecc464545ba58e1ad24/library/std/src/panicking.rs:298:22
[INFO] [stdout]    9:     0x62bfdf368c28 - std::panicking::default_hook::h20f81eb0576efcec
[INFO] [stdout]                                at /rustc/6067b36314ab5eb2eb47cecc464545ba58e1ad24/library/std/src/panicking.rs:322:9
[INFO] [stdout]   10:     0x62bfdf331a43 - <alloc::boxed::Box<F,A> as core::ops::function::Fn<Args>>::call::hdb53814c496a4d34
[INFO] [stdout]                                at /rustc/6067b36314ab5eb2eb47cecc464545ba58e1ad24/library/alloc/src/boxed.rs:2027:9
[INFO] [stdout]   11:     0x62bfdf331a43 - test::test_main::{{closure}}::hc0a4963c59427c24
[INFO] [stdout]                                at /rustc/6067b36314ab5eb2eb47cecc464545ba58e1ad24/library/test/src/lib.rs:134:21
[INFO] [stdout]   12:     0x62bfdf369903 - <alloc::boxed::Box<F,A> as core::ops::function::Fn<Args>>::call::h591b2225413a77e9
[INFO] [stdout]                                at /rustc/6067b36314ab5eb2eb47cecc464545ba58e1ad24/library/alloc/src/boxed.rs:2027:9
[INFO] [stdout]   13:     0x62bfdf369903 - std::panicking::rust_panic_with_hook::h625eea43051b2edc
[INFO] [stdout]                                at /rustc/6067b36314ab5eb2eb47cecc464545ba58e1ad24/library/std/src/panicking.rs:839:13
[INFO] [stdout]   14:     0x62bfdf3695ba - std::panicking::begin_panic_handler::{{closure}}::h4f9159cfbc3f6bd3
[INFO] [stdout]                                at /rustc/6067b36314ab5eb2eb47cecc464545ba58e1ad24/library/std/src/panicking.rs:704:13
[INFO] [stdout]   15:     0x62bfdf367ee9 - std::sys::backtrace::__rust_end_short_backtrace::h0390abce48353151
[INFO] [stdout]                                at /rustc/6067b36314ab5eb2eb47cecc464545ba58e1ad24/library/std/src/sys/backtrace.rs:168:18
[INFO] [stdout]   16:     0x62bfdf36924d - rust_begin_unwind
[INFO] [stdout]                                at /rustc/6067b36314ab5eb2eb47cecc464545ba58e1ad24/library/std/src/panicking.rs:695:5
[INFO] [stdout]   17:     0x62bfdf38da00 - core::panicking::panic_fmt::h9e7c637e9e5f29c9
[INFO] [stdout]                                at /rustc/6067b36314ab5eb2eb47cecc464545ba58e1ad24/library/core/src/panicking.rs:75:14
[INFO] [stdout]   18:     0x62bfdf38dd22 - core::panicking::assert_failed_inner::h538bec7c1374cd9c
[INFO] [stdout]   19:     0x62bfdf2e1d41 - core::panicking::assert_failed::h0ade74c2763c551a
[INFO] [stdout]                                at /rustc/6067b36314ab5eb2eb47cecc464545ba58e1ad24/library/core/src/panicking.rs:364:5
[INFO] [stdout]   20:     0x62bfdf286917 - spec_math::cephes64::stdtr::stdtri_tests::stdtri_p_medium::hea59d32cc8f86aa2
[INFO] [stdout]                                at /opt/rustwide/workdir/src/cephes64/stdtr.rs:328:9
[INFO] [stdout]   21:     0x62bfdf286147 - spec_math::cephes64::stdtr::stdtri_tests::stdtri_p_medium::{{closure}}::hc74b6bc6aa5c182d
[INFO] [stdout]                                at /opt/rustwide/workdir/src/cephes64/stdtr.rs:309:25
[INFO] [stdout]   22:     0x62bfdf2a4506 - core::ops::function::FnOnce::call_once::h818dc97a0750969f
[INFO] [stdout]                                at /rustc/6067b36314ab5eb2eb47cecc464545ba58e1ad24/library/core/src/ops/function.rs:250:5
[INFO] [stdout]   23:     0x62bfdf33719b - core::ops::function::FnOnce::call_once::he27718dfdd183f43
[INFO] [stdout]                                at /rustc/6067b36314ab5eb2eb47cecc464545ba58e1ad24/library/core/src/ops/function.rs:250:5
[INFO] [stdout]   24:     0x62bfdf33719b - test::__rust_begin_short_backtrace::h4e84902998457a5d
[INFO] [stdout]                                at /rustc/6067b36314ab5eb2eb47cecc464545ba58e1ad24/library/test/src/lib.rs:632:18
[INFO] [stdout]   25:     0x62bfdf3360d3 - test::run_test_in_process::{{closure}}::h7176fd18fc1feca0
[INFO] [stdout]                                at /rustc/6067b36314ab5eb2eb47cecc464545ba58e1ad24/library/test/src/lib.rs:655:60
[INFO] [stdout]   26:     0x62bfdf3360d3 - <core::panic::unwind_safe::AssertUnwindSafe<F> as core::ops::function::FnOnce<()>>::call_once::hf79cff2a624d8cf7
[INFO] [stdout]                                at /rustc/6067b36314ab5eb2eb47cecc464545ba58e1ad24/library/core/src/panic/unwind_safe.rs:272:9
[INFO] [stdout]   27:     0x62bfdf3360d3 - std::panicking::try::do_call::h3da0561d9ab99c25
[INFO] [stdout]                                at /rustc/6067b36314ab5eb2eb47cecc464545ba58e1ad24/library/std/src/panicking.rs:587:40
[INFO] [stdout]   28:     0x62bfdf3360d3 - std::panicking::try::h41c9fa508bc61df6
[INFO] [stdout]                                at /rustc/6067b36314ab5eb2eb47cecc464545ba58e1ad24/library/std/src/panicking.rs:550:19
[INFO] [stdout]   29:     0x62bfdf3360d3 - std::panic::catch_unwind::h6b3ff07bb5afad93
[INFO] [stdout]                                at /rustc/6067b36314ab5eb2eb47cecc464545ba58e1ad24/library/std/src/panic.rs:358:14
[INFO] [stdout]   30:     0x62bfdf3360d3 - test::run_test_in_process::hc7253dd11b39b9f4
[INFO] [stdout]                                at /rustc/6067b36314ab5eb2eb47cecc464545ba58e1ad24/library/test/src/lib.rs:655:27
[INFO] [stdout]   31:     0x62bfdf3360d3 - test::run_test::{{closure}}::hfb2007f8649c30bb
[INFO] [stdout]                                at /rustc/6067b36314ab5eb2eb47cecc464545ba58e1ad24/library/test/src/lib.rs:576:43
[INFO] [stdout]   32:     0x62bfdf2f91b5 - test::run_test::{{closure}}::h56a17aa7a282a9f4
[INFO] [stdout]                                at /rustc/6067b36314ab5eb2eb47cecc464545ba58e1ad24/library/test/src/lib.rs:606:41
[INFO] [stdout]   33:     0x62bfdf2f91b5 - std::sys::backtrace::__rust_begin_short_backtrace::hd2d2d2fb8e8c6aac
[INFO] [stdout]                                at /rustc/6067b36314ab5eb2eb47cecc464545ba58e1ad24/library/std/src/sys/backtrace.rs:152:18
[INFO] [stdout]   34:     0x62bfdf2fca9a - std::thread::Builder::spawn_unchecked_::{{closure}}::{{closure}}::h4faa3f9db6133423
[INFO] [stdout]                                at /rustc/6067b36314ab5eb2eb47cecc464545ba58e1ad24/library/std/src/thread/mod.rs:559:17
[INFO] [stdout]   35:     0x62bfdf2fca9a - <core::panic::unwind_safe::AssertUnwindSafe<F> as core::ops::function::FnOnce<()>>::call_once::hf2e855a36a4ea846
[INFO] [stdout]                                at /rustc/6067b36314ab5eb2eb47cecc464545ba58e1ad24/library/core/src/panic/unwind_safe.rs:272:9
[INFO] [stdout]   36:     0x62bfdf2fca9a - std::panicking::try::do_call::h2f73af3616c35465
[INFO] [stdout]                                at /rustc/6067b36314ab5eb2eb47cecc464545ba58e1ad24/library/std/src/panicking.rs:587:40
[INFO] [stdout]   37:     0x62bfdf2fca9a - std::panicking::try::hd1660ce9efadef5a
[INFO] [stdout]                                at /rustc/6067b36314ab5eb2eb47cecc464545ba58e1ad24/library/std/src/panicking.rs:550:19
[INFO] [stdout]   38:     0x62bfdf2fca9a - std::panic::catch_unwind::h5ee8d7823b8ca744
[INFO] [stdout]                                at /rustc/6067b36314ab5eb2eb47cecc464545ba58e1ad24/library/std/src/panic.rs:358:14
[INFO] [stdout]   39:     0x62bfdf2fca9a - std::thread::Builder::spawn_unchecked_::{{closure}}::h53c3a1894dce8407
[INFO] [stdout]                                at /rustc/6067b36314ab5eb2eb47cecc464545ba58e1ad24/library/std/src/thread/mod.rs:557:30
[INFO] [stdout]   40:     0x62bfdf2fca9a - core::ops::function::FnOnce::call_once{{vtable.shim}}::h048ce291ad4f62bf
[INFO] [stdout]                                at /rustc/6067b36314ab5eb2eb47cecc464545ba58e1ad24/library/core/src/ops/function.rs:250:5
[INFO] [stdout]   41:     0x62bfdf36d83b - <alloc::boxed::Box<F,A> as core::ops::function::FnOnce<Args>>::call_once::ha52bedf99a3b4981
[INFO] [stdout]                                at /rustc/6067b36314ab5eb2eb47cecc464545ba58e1ad24/library/alloc/src/boxed.rs:2013:9
[INFO] [stdout]   42:     0x62bfdf36d83b - <alloc::boxed::Box<F,A> as core::ops::function::FnOnce<Args>>::call_once::h567748934d80ccf8
[INFO] [stdout]                                at /rustc/6067b36314ab5eb2eb47cecc464545ba58e1ad24/library/alloc/src/boxed.rs:2013:9
[INFO] [stdout]   43:     0x62bfdf36d83b - std::sys::pal::unix::thread::Thread::new::thread_start::h2d970728ae887adc
[INFO] [stdout]                                at /rustc/6067b36314ab5eb2eb47cecc464545ba58e1ad24/library/std/src/sys/pal/unix/thread.rs:106:17
[INFO] [stdout]   44:     0x781f00bc2ac3 - <unknown>
[INFO] [stdout]   45:     0x781f00c53a04 - clone
[INFO] [stdout]   46:                0x0 - <unknown>
[INFO] [stdout] 
[INFO] [stdout] ---- misc::besselpoly::besselpoly_tests::besselpoly_nominal stdout ----
[INFO] [stdout] 
[INFO] [stdout] thread 'misc::besselpoly::besselpoly_tests::besselpoly_nominal' panicked at src/misc/besselpoly.rs:100:9:
[INFO] [stdout] assertion `left == right` failed
[INFO] [stdout]   left: 5.519508017431172e307
[INFO] [stdout]  right: 5.519508017431162e307
[INFO] [stdout] stack backtrace:
[INFO] [stdout]    0:     0x62bfdf3679ea - std::backtrace_rs::backtrace::libunwind::trace::hb059275cfc8d6126
[INFO] [stdout]                                at /rustc/6067b36314ab5eb2eb47cecc464545ba58e1ad24/library/std/src/../../backtrace/src/backtrace/libunwind.rs:116:5
[INFO] [stdout]    1:     0x62bfdf3679ea - std::backtrace_rs::backtrace::trace_unsynchronized::h2da071e4327ce3ee
[INFO] [stdout]                                at /rustc/6067b36314ab5eb2eb47cecc464545ba58e1ad24/library/std/src/../../backtrace/src/backtrace/mod.rs:66:5
[INFO] [stdout]    2:     0x62bfdf3679ea - std::sys::backtrace::_print_fmt::h842a1474e6f8d23f
[INFO] [stdout]                                at /rustc/6067b36314ab5eb2eb47cecc464545ba58e1ad24/library/std/src/sys/backtrace.rs:66:9
[INFO] [stdout]    3:     0x62bfdf3679ea - <std::sys::backtrace::BacktraceLock::print::DisplayBacktrace as core::fmt::Display>::fmt::h71a62eb3b9696b12
[INFO] [stdout]                                at /rustc/6067b36314ab5eb2eb47cecc464545ba58e1ad24/library/std/src/sys/backtrace.rs:39:26
[INFO] [stdout]    4:     0x62bfdf38f303 - core::fmt::rt::Argument::fmt::hdb6b616786b41dc1
[INFO] [stdout]                                at /rustc/6067b36314ab5eb2eb47cecc464545ba58e1ad24/library/core/src/fmt/rt.rs:177:76
[INFO] [stdout]    5:     0x62bfdf38f303 - core::fmt::write::h2cc1698af7e2d686
[INFO] [stdout]                                at /rustc/6067b36314ab5eb2eb47cecc464545ba58e1ad24/library/core/src/fmt/mod.rs:1440:21
[INFO] [stdout]    6:     0x62bfdf364543 - std::io::Write::write_fmt::hab1b4cd059a79022
[INFO] [stdout]                                at /rustc/6067b36314ab5eb2eb47cecc464545ba58e1ad24/library/std/src/io/mod.rs:1887:15
[INFO] [stdout]    7:     0x62bfdf367832 - std::sys::backtrace::BacktraceLock::print::h147fe35b4ea13b08
[INFO] [stdout]                                at /rustc/6067b36314ab5eb2eb47cecc464545ba58e1ad24/library/std/src/sys/backtrace.rs:42:9
[INFO] [stdout]    8:     0x62bfdf368e0f - std::panicking::default_hook::{{closure}}::hbd44223dbdc0d208
[INFO] [stdout]                                at /rustc/6067b36314ab5eb2eb47cecc464545ba58e1ad24/library/std/src/panicking.rs:298:22
[INFO] [stdout]    9:     0x62bfdf368c28 - std::panicking::default_hook::h20f81eb0576efcec
[INFO] [stdout]                                at /rustc/6067b36314ab5eb2eb47cecc464545ba58e1ad24/library/std/src/panicking.rs:322:9
[INFO] [stdout]   10:     0x62bfdf331a43 - <alloc::boxed::Box<F,A> as core::ops::function::Fn<Args>>::call::hdb53814c496a4d34
[INFO] [stdout]                                at /rustc/6067b36314ab5eb2eb47cecc464545ba58e1ad24/library/alloc/src/boxed.rs:2027:9
[INFO] [stdout]   11:     0x62bfdf331a43 - test::test_main::{{closure}}::hc0a4963c59427c24
[INFO] [stdout]                                at /rustc/6067b36314ab5eb2eb47cecc464545ba58e1ad24/library/test/src/lib.rs:134:21
[INFO] [stdout]   12:     0x62bfdf369903 - <alloc::boxed::Box<F,A> as core::ops::function::Fn<Args>>::call::h591b2225413a77e9
[INFO] [stdout]                                at /rustc/6067b36314ab5eb2eb47cecc464545ba58e1ad24/library/alloc/src/boxed.rs:2027:9
[INFO] [stdout]   13:     0x62bfdf369903 - std::panicking::rust_panic_with_hook::h625eea43051b2edc
[INFO] [stdout]                                at /rustc/6067b36314ab5eb2eb47cecc464545ba58e1ad24/library/std/src/panicking.rs:839:13
[INFO] [stdout]   14:     0x62bfdf3695ba - std::panicking::begin_panic_handler::{{closure}}::h4f9159cfbc3f6bd3
[INFO] [stdout]                                at /rustc/6067b36314ab5eb2eb47cecc464545ba58e1ad24/library/std/src/panicking.rs:704:13
[INFO] [stdout]   15:     0x62bfdf367ee9 - std::sys::backtrace::__rust_end_short_backtrace::h0390abce48353151
[INFO] [stdout]                                at /rustc/6067b36314ab5eb2eb47cecc464545ba58e1ad24/library/std/src/sys/backtrace.rs:168:18
[INFO] [stdout]   16:     0x62bfdf36924d - rust_begin_unwind
[INFO] [stdout]                                at /rustc/6067b36314ab5eb2eb47cecc464545ba58e1ad24/library/std/src/panicking.rs:695:5
[INFO] [stdout]   17:     0x62bfdf38da00 - core::panicking::panic_fmt::h9e7c637e9e5f29c9
[INFO] [stdout]                                at /rustc/6067b36314ab5eb2eb47cecc464545ba58e1ad24/library/core/src/panicking.rs:75:14
[INFO] [stdout]   18:     0x62bfdf38dd22 - core::panicking::assert_failed_inner::h538bec7c1374cd9c
[INFO] [stdout]   19:     0x62bfdf2e1d41 - core::panicking::assert_failed::h0ade74c2763c551a
[INFO] [stdout]                                at /rustc/6067b36314ab5eb2eb47cecc464545ba58e1ad24/library/core/src/panicking.rs:364:5
[INFO] [stdout]   20:     0x62bfdf2e18d5 - spec_math::misc::besselpoly::besselpoly_tests::besselpoly_nominal::hd401ab4e7ae94147
[INFO] [stdout]                                at /opt/rustwide/workdir/src/misc/besselpoly.rs:100:9
[INFO] [stdout]   21:     0x62bfdf2e0d87 - spec_math::misc::besselpoly::besselpoly_tests::besselpoly_nominal::{{closure}}::h21f09c8d61c90f11
[INFO] [stdout]                                at /opt/rustwide/workdir/src/misc/besselpoly.rs:80:28
[INFO] [stdout]   22:     0x62bfdf2a5186 - core::ops::function::FnOnce::call_once::hb26caea6cccb2c3d
[INFO] [stdout]                                at /rustc/6067b36314ab5eb2eb47cecc464545ba58e1ad24/library/core/src/ops/function.rs:250:5
[INFO] [stdout]   23:     0x62bfdf33719b - core::ops::function::FnOnce::call_once::he27718dfdd183f43
[INFO] [stdout]                                at /rustc/6067b36314ab5eb2eb47cecc464545ba58e1ad24/library/core/src/ops/function.rs:250:5
[INFO] [stdout]   24:     0x62bfdf33719b - test::__rust_begin_short_backtrace::h4e84902998457a5d
[INFO] [stdout]                                at /rustc/6067b36314ab5eb2eb47cecc464545ba58e1ad24/library/test/src/lib.rs:632:18
[INFO] [stdout]   25:     0x62bfdf3360d3 - test::run_test_in_process::{{closure}}::h7176fd18fc1feca0
[INFO] [stdout]                                at /rustc/6067b36314ab5eb2eb47cecc464545ba58e1ad24/library/test/src/lib.rs:655:60
[INFO] [stdout]   26:     0x62bfdf3360d3 - <core::panic::unwind_safe::AssertUnwindSafe<F> as core::ops::function::FnOnce<()>>::call_once::hf79cff2a624d8cf7
[INFO] [stdout]                                at /rustc/6067b36314ab5eb2eb47cecc464545ba58e1ad24/library/core/src/panic/unwind_safe.rs:272:9
[INFO] [stdout]   27:     0x62bfdf3360d3 - std::panicking::try::do_call::h3da0561d9ab99c25
[INFO] [stdout]                                at /rustc/6067b36314ab5eb2eb47cecc464545ba58e1ad24/library/std/src/panicking.rs:587:40
[INFO] [stdout]   28:     0x62bfdf3360d3 - std::panicking::try::h41c9fa508bc61df6
[INFO] [stdout]                                at /rustc/6067b36314ab5eb2eb47cecc464545ba58e1ad24/library/std/src/panicking.rs:550:19
[INFO] [stdout]   29:     0x62bfdf3360d3 - std::panic::catch_unwind::h6b3ff07bb5afad93
[INFO] [stdout]                                at /rustc/6067b36314ab5eb2eb47cecc464545ba58e1ad24/library/std/src/panic.rs:358:14
[INFO] [stdout]   30:     0x62bfdf3360d3 - test::run_test_in_process::hc7253dd11b39b9f4
[INFO] [stdout]                                at /rustc/6067b36314ab5eb2eb47cecc464545ba58e1ad24/library/test/src/lib.rs:655:27
[INFO] [stdout]   31:     0x62bfdf3360d3 - test::run_test::{{closure}}::hfb2007f8649c30bb
[INFO] [stdout]                                at /rustc/6067b36314ab5eb2eb47cecc464545ba58e1ad24/library/test/src/lib.rs:576:43
[INFO] [stdout]   32:     0x62bfdf2f91b5 - test::run_test::{{closure}}::h56a17aa7a282a9f4
[INFO] [stdout]                                at /rustc/6067b36314ab5eb2eb47cecc464545ba58e1ad24/library/test/src/lib.rs:606:41
[INFO] [stdout]   33:     0x62bfdf2f91b5 - std::sys::backtrace::__rust_begin_short_backtrace::hd2d2d2fb8e8c6aac
[INFO] [stdout]                                at /rustc/6067b36314ab5eb2eb47cecc464545ba58e1ad24/library/std/src/sys/backtrace.rs:152:18
[INFO] [stdout]   34:     0x62bfdf2fca9a - std::thread::Builder::spawn_unchecked_::{{closure}}::{{closure}}::h4faa3f9db6133423
[INFO] [stdout]                                at /rustc/6067b36314ab5eb2eb47cecc464545ba58e1ad24/library/std/src/thread/mod.rs:559:17
[INFO] [stdout]   35:     0x62bfdf2fca9a - <core::panic::unwind_safe::AssertUnwindSafe<F> as core::ops::function::FnOnce<()>>::call_once::hf2e855a36a4ea846
[INFO] [stdout]                                at /rustc/6067b36314ab5eb2eb47cecc464545ba58e1ad24/library/core/src/panic/unwind_safe.rs:272:9
[INFO] [stdout]   36:     0x62bfdf2fca9a - std::panicking::try::do_call::h2f73af3616c35465
[INFO] [stdout]                                at /rustc/6067b36314ab5eb2eb47cecc464545ba58e1ad24/library/std/src/panicking.rs:587:40
[INFO] [stdout]   37:     0x62bfdf2fca9a - std::panicking::try::hd1660ce9efadef5a
[INFO] [stdout]                                at /rustc/6067b36314ab5eb2eb47cecc464545ba58e1ad24/library/std/src/panicking.rs:550:19
[INFO] [stdout]   38:     0x62bfdf2fca9a - std::panic::catch_unwind::h5ee8d7823b8ca744
[INFO] [stdout]                                at /rustc/6067b36314ab5eb2eb47cecc464545ba58e1ad24/library/std/src/panic.rs:358:14
[INFO] [stdout]   39:     0x62bfdf2fca9a - std::thread::Builder::spawn_unchecked_::{{closure}}::h53c3a1894dce8407
[INFO] [stdout]                                at /rustc/6067b36314ab5eb2eb47cecc464545ba58e1ad24/library/std/src/thread/mod.rs:557:30
[INFO] [stdout]   40:     0x62bfdf2fca9a - core::ops::function::FnOnce::call_once{{vtable.shim}}::h048ce291ad4f62bf
[INFO] [stdout]                                at /rustc/6067b36314ab5eb2eb47cecc464545ba58e1ad24/library/core/src/ops/function.rs:250:5
[INFO] [stdout]   41:     0x62bfdf36d83b - <alloc::boxed::Box<F,A> as core::ops::function::FnOnce<Args>>::call_once::ha52bedf99a3b4981
[INFO] [stdout]                                at /rustc/6067b36314ab5eb2eb47cecc464545ba58e1ad24/library/alloc/src/boxed.rs:2013:9
[INFO] [stdout]   42:     0x62bfdf36d83b - <alloc::boxed::Box<F,A> as core::ops::function::FnOnce<Args>>::call_once::h567748934d80ccf8
[INFO] [stdout]                                at /rustc/6067b36314ab5eb2eb47cecc464545ba58e1ad24/library/alloc/src/boxed.rs:2013:9
[INFO] [stdout]   43:     0x62bfdf36d83b - std::sys::pal::unix::thread::Thread::new::thread_start::h2d970728ae887adc
[INFO] [stdout]                                at /rustc/6067b36314ab5eb2eb47cecc464545ba58e1ad24/library/std/src/sys/pal/unix/thread.rs:106:17
[INFO] [stdout]   44:     0x781f00bc2ac3 - <unknown>
[INFO] [stdout]   45:     0x781f00c53a04 - clone
[INFO] [stdout]   46:                0x0 - <unknown>
[INFO] [stdout] 
[INFO] [stdout] ---- misc::pdfs::t_pdf_tests::t_pdf_values stdout ----
[INFO] [stdout] 
[INFO] [stdout] thread 'misc::pdfs::t_pdf_tests::t_pdf_values' panicked at src/misc/pdfs.rs:341:9:
[INFO] [stdout] assertion `left == right` failed
[INFO] [stdout]   left: 0.3979461869358937
[INFO] [stdout]  right: 0.39794618693589373
[INFO] [stdout] stack backtrace:
[INFO] [stdout]    0:     0x62bfdf3679ea - std::backtrace_rs::backtrace::libunwind::trace::hb059275cfc8d6126
[INFO] [stdout]                                at /rustc/6067b36314ab5eb2eb47cecc464545ba58e1ad24/library/std/src/../../backtrace/src/backtrace/libunwind.rs:116:5
[INFO] [stdout]    1:     0x62bfdf3679ea - std::backtrace_rs::backtrace::trace_unsynchronized::h2da071e4327ce3ee
[INFO] [stdout]                                at /rustc/6067b36314ab5eb2eb47cecc464545ba58e1ad24/library/std/src/../../backtrace/src/backtrace/mod.rs:66:5
[INFO] [stdout]    2:     0x62bfdf3679ea - std::sys::backtrace::_print_fmt::h842a1474e6f8d23f
[INFO] [stdout]                                at /rustc/6067b36314ab5eb2eb47cecc464545ba58e1ad24/library/std/src/sys/backtrace.rs:66:9
[INFO] [stdout]    3:     0x62bfdf3679ea - <std::sys::backtrace::BacktraceLock::print::DisplayBacktrace as core::fmt::Display>::fmt::h71a62eb3b9696b12
[INFO] [stdout]                                at /rustc/6067b36314ab5eb2eb47cecc464545ba58e1ad24/library/std/src/sys/backtrace.rs:39:26
[INFO] [stdout]    4:     0x62bfdf38f303 - core::fmt::rt::Argument::fmt::hdb6b616786b41dc1
[INFO] [stdout]                                at /rustc/6067b36314ab5eb2eb47cecc464545ba58e1ad24/library/core/src/fmt/rt.rs:177:76
[INFO] [stdout]    5:     0x62bfdf38f303 - core::fmt::write::h2cc1698af7e2d686
[INFO] [stdout]                                at /rustc/6067b36314ab5eb2eb47cecc464545ba58e1ad24/library/core/src/fmt/mod.rs:1440:21
[INFO] [stdout]    6:     0x62bfdf364543 - std::io::Write::write_fmt::hab1b4cd059a79022
[INFO] [stdout]                                at /rustc/6067b36314ab5eb2eb47cecc464545ba58e1ad24/library/std/src/io/mod.rs:1887:15
[INFO] [stdout]    7:     0x62bfdf367832 - std::sys::backtrace::BacktraceLock::print::h147fe35b4ea13b08
[INFO] [stdout]                                at /rustc/6067b36314ab5eb2eb47cecc464545ba58e1ad24/library/std/src/sys/backtrace.rs:42:9
[INFO] [stdout]    8:     0x62bfdf368e0f - std::panicking::default_hook::{{closure}}::hbd44223dbdc0d208
[INFO] [stdout]                                at /rustc/6067b36314ab5eb2eb47cecc464545ba58e1ad24/library/std/src/panicking.rs:298:22
[INFO] [stdout]    9:     0x62bfdf368c28 - std::panicking::default_hook::h20f81eb0576efcec
[INFO] [stdout]                                at /rustc/6067b36314ab5eb2eb47cecc464545ba58e1ad24/library/std/src/panicking.rs:322:9
[INFO] [stdout]   10:     0x62bfdf331a43 - <alloc::boxed::Box<F,A> as core::ops::function::Fn<Args>>::call::hdb53814c496a4d34
[INFO] [stdout]                                at /rustc/6067b36314ab5eb2eb47cecc464545ba58e1ad24/library/alloc/src/boxed.rs:2027:9
[INFO] [stdout]   11:     0x62bfdf331a43 - test::test_main::{{closure}}::hc0a4963c59427c24
[INFO] [stdout]                                at /rustc/6067b36314ab5eb2eb47cecc464545ba58e1ad24/library/test/src/lib.rs:134:21
[INFO] [stdout]   12:     0x62bfdf369903 - <alloc::boxed::Box<F,A> as core::ops::function::Fn<Args>>::call::h591b2225413a77e9
[INFO] [stdout]                                at /rustc/6067b36314ab5eb2eb47cecc464545ba58e1ad24/library/alloc/src/boxed.rs:2027:9
[INFO] [stdout]   13:     0x62bfdf369903 - std::panicking::rust_panic_with_hook::h625eea43051b2edc
[INFO] [stdout]                                at /rustc/6067b36314ab5eb2eb47cecc464545ba58e1ad24/library/std/src/panicking.rs:839:13
[INFO] [stdout]   14:     0x62bfdf3695ba - std::panicking::begin_panic_handler::{{closure}}::h4f9159cfbc3f6bd3
[INFO] [stdout]                                at /rustc/6067b36314ab5eb2eb47cecc464545ba58e1ad24/library/std/src/panicking.rs:704:13
[INFO] [stdout]   15:     0x62bfdf367ee9 - std::sys::backtrace::__rust_end_short_backtrace::h0390abce48353151
[INFO] [stdout]                                at /rustc/6067b36314ab5eb2eb47cecc464545ba58e1ad24/library/std/src/sys/backtrace.rs:168:18
[INFO] [stdout]   16:     0x62bfdf36924d - rust_begin_unwind
[INFO] [stdout]                                at /rustc/6067b36314ab5eb2eb47cecc464545ba58e1ad24/library/std/src/panicking.rs:695:5
[INFO] [stdout]   17:     0x62bfdf38da00 - core::panicking::panic_fmt::h9e7c637e9e5f29c9
[INFO] [stdout]                                at /rustc/6067b36314ab5eb2eb47cecc464545ba58e1ad24/library/core/src/panicking.rs:75:14
[INFO] [stdout]   18:     0x62bfdf38dd22 - core::panicking::assert_failed_inner::h538bec7c1374cd9c
[INFO] [stdout]   19:     0x62bfdf2e1d41 - core::panicking::assert_failed::h0ade74c2763c551a
[INFO] [stdout]                                at /rustc/6067b36314ab5eb2eb47cecc464545ba58e1ad24/library/core/src/panicking.rs:364:5
[INFO] [stdout]   20:     0x62bfdf2ab32f - spec_math::misc::pdfs::t_pdf_tests::t_pdf_values::hda9a510a6583cb29
[INFO] [stdout]                                at /opt/rustwide/workdir/src/misc/pdfs.rs:341:9
[INFO] [stdout]   21:     0x62bfdf2aa7d7 - spec_math::misc::pdfs::t_pdf_tests::t_pdf_values::{{closure}}::h9c12bbe3c27d3970
[INFO] [stdout]                                at /opt/rustwide/workdir/src/misc/pdfs.rs:311:22
[INFO] [stdout]   22:     0x62bfdf2a5966 - core::ops::function::FnOnce::call_once::hd5351fc5253bf074
[INFO] [stdout]                                at /rustc/6067b36314ab5eb2eb47cecc464545ba58e1ad24/library/core/src/ops/function.rs:250:5
[INFO] [stdout]   23:     0x62bfdf33719b - core::ops::function::FnOnce::call_once::he27718dfdd183f43
[INFO] [stdout]                                at /rustc/6067b36314ab5eb2eb47cecc464545ba58e1ad24/library/core/src/ops/function.rs:250:5
[INFO] [stdout]   24:     0x62bfdf33719b - test::__rust_begin_short_backtrace::h4e84902998457a5d
[INFO] [stdout]                                at /rustc/6067b36314ab5eb2eb47cecc464545ba58e1ad24/library/test/src/lib.rs:632:18
[INFO] [stdout]   25:     0x62bfdf3360d3 - test::run_test_in_process::{{closure}}::h7176fd18fc1feca0
[INFO] [stdout]                                at /rustc/6067b36314ab5eb2eb47cecc464545ba58e1ad24/library/test/src/lib.rs:655:60
[INFO] [stdout]   26:     0x62bfdf3360d3 - <core::panic::unwind_safe::AssertUnwindSafe<F> as core::ops::function::FnOnce<()>>::call_once::hf79cff2a624d8cf7
[INFO] [stdout]                                at /rustc/6067b36314ab5eb2eb47cecc464545ba58e1ad24/library/core/src/panic/unwind_safe.rs:272:9
[INFO] [stdout]   27:     0x62bfdf3360d3 - std::panicking::try::do_call::h3da0561d9ab99c25
[INFO] [stdout]                                at /rustc/6067b36314ab5eb2eb47cecc464545ba58e1ad24/library/std/src/panicking.rs:587:40
[INFO] [stdout]   28:     0x62bfdf3360d3 - std::panicking::try::h41c9fa508bc61df6
[INFO] [stdout]                                at /rustc/6067b36314ab5eb2eb47cecc464545ba58e1ad24/library/std/src/panicking.rs:550:19
[INFO] [stdout]   29:     0x62bfdf3360d3 - std::panic::catch_unwind::h6b3ff07bb5afad93
[INFO] [stdout]                                at /rustc/6067b36314ab5eb2eb47cecc464545ba58e1ad24/library/std/src/panic.rs:358:14
[INFO] [stdout]   30:     0x62bfdf3360d3 - test::run_test_in_process::hc7253dd11b39b9f4
[INFO] [stdout]                                at /rustc/6067b36314ab5eb2eb47cecc464545ba58e1ad24/library/test/src/lib.rs:655:27
[INFO] [stdout]   31:     0x62bfdf3360d3 - test::run_test::{{closure}}::hfb2007f8649c30bb
[INFO] [stdout]                                at /rustc/6067b36314ab5eb2eb47cecc464545ba58e1ad24/library/test/src/lib.rs:576:43
[INFO] [stdout]   32:     0x62bfdf2f91b5 - test::run_test::{{closure}}::h56a17aa7a282a9f4
[INFO] [stdout]                                at /rustc/6067b36314ab5eb2eb47cecc464545ba58e1ad24/library/test/src/lib.rs:606:41
[INFO] [stdout]   33:     0x62bfdf2f91b5 - std::sys::backtrace::__rust_begin_short_backtrace::hd2d2d2fb8e8c6aac
[INFO] [stdout]                                at /rustc/6067b36314ab5eb2eb47cecc464545ba58e1ad24/library/std/src/sys/backtrace.rs:152:18
[INFO] [stdout]   34:     0x62bfdf2fca9a - std::thread::Builder::spawn_unchecked_::{{closure}}::{{closure}}::h4faa3f9db6133423
[INFO] [stdout]                                at /rustc/6067b36314ab5eb2eb47cecc464545ba58e1ad24/library/std/src/thread/mod.rs:559:17
[INFO] [stdout]   35:     0x62bfdf2fca9a - <core::panic::unwind_safe::AssertUnwindSafe<F> as core::ops::function::FnOnce<()>>::call_once::hf2e855a36a4ea846
[INFO] [stdout]                                at /rustc/6067b36314ab5eb2eb47cecc464545ba58e1ad24/library/core/src/panic/unwind_safe.rs:272:9
[INFO] [stdout]   36:     0x62bfdf2fca9a - std::panicking::try::do_call::h2f73af3616c35465
[INFO] [stdout]                                at /rustc/6067b36314ab5eb2eb47cecc464545ba58e1ad24/library/std/src/panicking.rs:587:40
[INFO] [stdout]   37:     0x62bfdf2fca9a - std::panicking::try::hd1660ce9efadef5a
[INFO] [stdout]                                at /rustc/6067b36314ab5eb2eb47cecc464545ba58e1ad24/library/std/src/panicking.rs:550:19
[INFO] [stdout]   38:     0x62bfdf2fca9a - std::panic::catch_unwind::h5ee8d7823b8ca744
[INFO] [stdout]                                at /rustc/6067b36314ab5eb2eb47cecc464545ba58e1ad24/library/std/src/panic.rs:358:14
[INFO] [stdout]   39:     0x62bfdf2fca9a - std::thread::Builder::spawn_unchecked_::{{closure}}::h53c3a1894dce8407
[INFO] [stdout]                                at /rustc/6067b36314ab5eb2eb47cecc464545ba58e1ad24/library/std/src/thread/mod.rs:557:30
[INFO] [stdout]   40:     0x62bfdf2fca9a - core::ops::function::FnOnce::call_once{{vtable.shim}}::h048ce291ad4f62bf
[INFO] [stdout]                                at /rustc/6067b36314ab5eb2eb47cecc464545ba58e1ad24/library/core/src/ops/function.rs:250:5
[INFO] [stdout]   41:     0x62bfdf36d83b - <alloc::boxed::Box<F,A> as core::ops::function::FnOnce<Args>>::call_once::ha52bedf99a3b4981
[INFO] [stdout]                                at /rustc/6067b36314ab5eb2eb47cecc464545ba58e1ad24/library/alloc/src/boxed.rs:2013:9
[INFO] [stdout]   42:     0x62bfdf36d83b - <alloc::boxed::Box<F,A> as core::ops::function::FnOnce<Args>>::call_once::h567748934d80ccf8
[INFO] [stdout]                                at /rustc/6067b36314ab5eb2eb47cecc464545ba58e1ad24/library/alloc/src/boxed.rs:2013:9
[INFO] [stdout]   43:     0x62bfdf36d83b - std::sys::pal::unix::thread::Thread::new::thread_start::h2d970728ae887adc
[INFO] [stdout]                                at /rustc/6067b36314ab5eb2eb47cecc464545ba58e1ad24/library/std/src/sys/pal/unix/thread.rs:106:17
[INFO] [stdout]   44:     0x781f00bc2ac3 - <unknown>
[INFO] [stdout]   45:     0x781f00c53a04 - clone
[INFO] [stdout]   46:                0x0 - <unknown>
[INFO] [stdout] 
[INFO] [stdout] 
[INFO] [stdout] failures:
[INFO] [stdout]     cephes64::ellpj::ellpj_tests::ellpj_m_large
[INFO] [stdout]     cephes64::ellpj::ellpj_tests::ellpj_nominal
[INFO] [stdout]     cephes64::expn::expn_tests::expn_asy
[INFO] [stdout]     cephes64::gamma::gamma_tests::gamma_pos
[INFO] [stdout]     cephes64::stdtr::stdtr_tests::stdtr_t_lt_neg2
[INFO] [stdout]     cephes64::stdtr::stdtri_tests::stdtri_p_medium
[INFO] [stdout]     misc::besselpoly::besselpoly_tests::besselpoly_nominal
[INFO] [stdout]     misc::pdfs::t_pdf_tests::t_pdf_values
[INFO] [stdout] 
[INFO] [stdout] test result: FAILED. 257 passed; 8 failed; 0 ignored; 0 measured; 0 filtered out; finished in 0.10s
[INFO] [stdout] 
[INFO] running `Command { std: "docker" "inspect" "7708bc90fd20ea8e0f5a06aedfabb400edfba823dca331121dbdf8424fee80b5", kill_on_drop: false }`
[INFO] running `Command { std: "docker" "rm" "-f" "7708bc90fd20ea8e0f5a06aedfabb400edfba823dca331121dbdf8424fee80b5", kill_on_drop: false }`
[INFO] [stdout] 7708bc90fd20ea8e0f5a06aedfabb400edfba823dca331121dbdf8424fee80b5
