[INFO] fetching crate solana-secp256k1-recover 2.1.9...
[INFO] testing solana-secp256k1-recover-2.1.9 against nightly-2025-01-18 for randomize-layout-2
[INFO] extracting crate solana-secp256k1-recover 2.1.9 into /workspace/builds/worker-4-tc1/source
[INFO] validating manifest of crates.io crate solana-secp256k1-recover 2.1.9 on toolchain nightly-2025-01-18
[INFO] running `Command { std: CARGO_HOME="/workspace/cargo-home" RUSTUP_HOME="/workspace/rustup-home" "/workspace/cargo-home/bin/cargo" "+nightly-2025-01-18" "metadata" "--manifest-path" "Cargo.toml" "--no-deps", kill_on_drop: false }`
[INFO] started tweaking crates.io crate solana-secp256k1-recover 2.1.9
[INFO] finished tweaking crates.io crate solana-secp256k1-recover 2.1.9
[INFO] tweaked toml for crates.io crate solana-secp256k1-recover 2.1.9 written to /workspace/builds/worker-4-tc1/source/Cargo.toml
[INFO] running `Command { std: CARGO_HOME="/workspace/cargo-home" RUSTUP_HOME="/workspace/rustup-home" "/workspace/cargo-home/bin/cargo" "+nightly-2025-01-18" "generate-lockfile" "--manifest-path" "Cargo.toml", kill_on_drop: false }`
[INFO] [stderr]     Updating crates.io index
[INFO] [stderr]      Locking 78 packages to latest compatible versions
[INFO] [stderr]       Adding libsecp256k1 v0.6.0 (available: v0.7.1)
[INFO] [stderr]       Adding solana-define-syscall v2.1.9 (available: v2.1.10)
[INFO] [stderr]       Adding solana-frozen-abi v2.1.9 (available: v2.1.10)
[INFO] [stderr]       Adding solana-frozen-abi-macro v2.1.9 (available: v2.1.10)
[INFO] [stderr]       Adding thiserror v1.0.69 (available: v2.0.11)
[INFO] running `Command { std: CARGO_HOME="/workspace/cargo-home" RUSTUP_HOME="/workspace/rustup-home" "/workspace/cargo-home/bin/cargo" "+nightly-2025-01-18" "fetch" "--manifest-path" "Cargo.toml", kill_on_drop: false }`
[INFO] [stderr]  Downloading crates ...
[INFO] [stderr]   Downloaded solana-define-syscall v2.1.9
[INFO] [stderr]   Downloaded solana-frozen-abi-macro v2.1.9
[INFO] [stderr]   Downloaded solana-frozen-abi v2.1.9
[INFO] running `Command { std: "docker" "create" "-v" "/var/lib/crater-agent-workspace/builds/worker-4-tc1/target:/opt/rustwide/target:rw,Z" "-v" "/var/lib/crater-agent-workspace/builds/worker-4-tc1/source:/opt/rustwide/workdir:ro,Z" "-v" "/var/lib/crater-agent-workspace/cargo-home:/opt/rustwide/cargo-home:ro,Z" "-v" "/var/lib/crater-agent-workspace/rustup-home:/opt/rustwide/rustup-home:ro,Z" "-e" "SOURCE_DIR=/opt/rustwide/workdir" "-e" "CARGO_TARGET_DIR=/opt/rustwide/target" "-e" "CARGO_HOME=/opt/rustwide/cargo-home" "-e" "RUSTUP_HOME=/opt/rustwide/rustup-home" "-w" "/opt/rustwide/workdir" "-m" "1610612736" "--user" "0:0" "--network" "none" "ghcr.io/rust-lang/crates-build-env/linux@sha256:819108c5571ea2e421544af4d832f968d213c87fbe3707a016657f43d2f853bc" "/opt/rustwide/cargo-home/bin/cargo" "+nightly-2025-01-18" "metadata" "--no-deps" "--format-version=1", kill_on_drop: false }`
[INFO] [stdout] 9fd0542792284c0e97c1bfcc71e62ddb045f17b0f2ec35fd5a22d2acbb753f54
[INFO] running `Command { std: "docker" "start" "-a" "9fd0542792284c0e97c1bfcc71e62ddb045f17b0f2ec35fd5a22d2acbb753f54", kill_on_drop: false }`
[INFO] running `Command { std: "docker" "inspect" "9fd0542792284c0e97c1bfcc71e62ddb045f17b0f2ec35fd5a22d2acbb753f54", kill_on_drop: false }`
[INFO] running `Command { std: "docker" "rm" "-f" "9fd0542792284c0e97c1bfcc71e62ddb045f17b0f2ec35fd5a22d2acbb753f54", kill_on_drop: false }`
[INFO] [stdout] 9fd0542792284c0e97c1bfcc71e62ddb045f17b0f2ec35fd5a22d2acbb753f54
[INFO] running `Command { std: "docker" "create" "-v" "/var/lib/crater-agent-workspace/builds/worker-4-tc1/target:/opt/rustwide/target:rw,Z" "-v" "/var/lib/crater-agent-workspace/builds/worker-4-tc1/source:/opt/rustwide/workdir:ro,Z" "-v" "/var/lib/crater-agent-workspace/cargo-home:/opt/rustwide/cargo-home:ro,Z" "-v" "/var/lib/crater-agent-workspace/rustup-home:/opt/rustwide/rustup-home:ro,Z" "-e" "SOURCE_DIR=/opt/rustwide/workdir" "-e" "CARGO_TARGET_DIR=/opt/rustwide/target" "-e" "CARGO_INCREMENTAL=0" "-e" "RUST_BACKTRACE=full" "-e" "RUSTFLAGS=--cap-lints=forbid" "-e" "RUSTDOCFLAGS=--cap-lints=forbid" "-e" "CARGO_HOME=/opt/rustwide/cargo-home" "-e" "RUSTUP_HOME=/opt/rustwide/rustup-home" "-w" "/opt/rustwide/workdir" "-m" "1610612736" "--user" "0:0" "--network" "none" "ghcr.io/rust-lang/crates-build-env/linux@sha256:819108c5571ea2e421544af4d832f968d213c87fbe3707a016657f43d2f853bc" "/opt/rustwide/cargo-home/bin/cargo" "+nightly-2025-01-18" "build" "--frozen" "--message-format=json", kill_on_drop: false }`
[INFO] [stdout] 3a8e04466a798332d77adaa17842730ffa7db1984d73c8301c634927a821ee45
[INFO] running `Command { std: "docker" "start" "-a" "3a8e04466a798332d77adaa17842730ffa7db1984d73c8301c634927a821ee45", kill_on_drop: false }`
[INFO] [stderr]    Compiling typenum v1.17.0
[INFO] [stderr]    Compiling version_check v0.9.5
[INFO] [stderr]    Compiling crunchy v0.2.2
[INFO] [stderr]    Compiling subtle v2.6.1
[INFO] [stderr]    Compiling libc v0.2.169
[INFO] [stderr]    Compiling getrandom v0.1.16
[INFO] [stderr]    Compiling serde v1.0.217
[INFO] [stderr]    Compiling thiserror v1.0.69
[INFO] [stderr]    Compiling cpufeatures v0.2.16
[INFO] [stderr]    Compiling opaque-debug v0.3.1
[INFO] [stderr]    Compiling arrayref v0.3.9
[INFO] [stderr]    Compiling base64 v0.12.3
[INFO] [stderr]    Compiling proc-macro2 v1.0.93
[INFO] [stderr]    Compiling generic-array v0.14.7
[INFO] [stderr]    Compiling quote v1.0.38
[INFO] [stderr]    Compiling syn v2.0.96
[INFO] [stderr]    Compiling rand_core v0.5.1
[INFO] [stderr]    Compiling digest v0.9.0
[INFO] [stderr]    Compiling block-buffer v0.9.0
[INFO] [stderr]    Compiling libsecp256k1-core v0.2.2
[INFO] [stderr]    Compiling sha2 v0.9.9
[INFO] [stderr]    Compiling libsecp256k1-gen-genmult v0.2.1
[INFO] [stderr]    Compiling libsecp256k1-gen-ecmult v0.2.1
[INFO] [stderr]    Compiling libsecp256k1 v0.6.0
[INFO] [stderr]    Compiling zerocopy-derive v0.7.35
[INFO] [stderr]    Compiling serde_derive v1.0.217
[INFO] [stderr]    Compiling thiserror-impl v1.0.69
[INFO] [stderr]    Compiling zerocopy v0.7.35
[INFO] [stderr]    Compiling ppv-lite86 v0.2.20
[INFO] [stderr]    Compiling rand_chacha v0.2.2
[INFO] [stderr]    Compiling rand v0.7.3
[INFO] [stderr]    Compiling solana-secp256k1-recover v2.1.9 (/opt/rustwide/workdir)
[INFO] [stderr]     Finished `dev` profile [unoptimized + debuginfo] target(s) in 12.66s
[INFO] running `Command { std: "docker" "inspect" "3a8e04466a798332d77adaa17842730ffa7db1984d73c8301c634927a821ee45", kill_on_drop: false }`
[INFO] running `Command { std: "docker" "rm" "-f" "3a8e04466a798332d77adaa17842730ffa7db1984d73c8301c634927a821ee45", kill_on_drop: false }`
[INFO] [stdout] 3a8e04466a798332d77adaa17842730ffa7db1984d73c8301c634927a821ee45
[INFO] running `Command { std: "docker" "create" "-v" "/var/lib/crater-agent-workspace/builds/worker-4-tc1/target:/opt/rustwide/target:rw,Z" "-v" "/var/lib/crater-agent-workspace/builds/worker-4-tc1/source:/opt/rustwide/workdir:ro,Z" "-v" "/var/lib/crater-agent-workspace/cargo-home:/opt/rustwide/cargo-home:ro,Z" "-v" "/var/lib/crater-agent-workspace/rustup-home:/opt/rustwide/rustup-home:ro,Z" "-e" "SOURCE_DIR=/opt/rustwide/workdir" "-e" "CARGO_TARGET_DIR=/opt/rustwide/target" "-e" "CARGO_INCREMENTAL=0" "-e" "RUST_BACKTRACE=full" "-e" "RUSTFLAGS=--cap-lints=forbid" "-e" "RUSTDOCFLAGS=--cap-lints=forbid" "-e" "CARGO_HOME=/opt/rustwide/cargo-home" "-e" "RUSTUP_HOME=/opt/rustwide/rustup-home" "-w" "/opt/rustwide/workdir" "-m" "1610612736" "--user" "0:0" "--network" "none" "ghcr.io/rust-lang/crates-build-env/linux@sha256:819108c5571ea2e421544af4d832f968d213c87fbe3707a016657f43d2f853bc" "/opt/rustwide/cargo-home/bin/cargo" "+nightly-2025-01-18" "test" "--frozen" "--no-run" "--message-format=json", kill_on_drop: false }`
[INFO] [stdout] d7b5ef8f14db5de9cea40444cc6ca2b3d77bd0f943dc794f3243785d5ac53bb3
[INFO] running `Command { std: "docker" "start" "-a" "d7b5ef8f14db5de9cea40444cc6ca2b3d77bd0f943dc794f3243785d5ac53bb3", kill_on_drop: false }`
[INFO] [stderr]    Compiling equivalent v1.0.1
[INFO] [stderr]    Compiling hashbrown v0.15.2
[INFO] [stderr]    Compiling toml_datetime v0.6.8
[INFO] [stderr]    Compiling winnow v0.6.24
[INFO] [stderr]    Compiling cfg_aliases v0.2.1
[INFO] [stderr]    Compiling anyhow v1.0.95
[INFO] [stderr]    Compiling once_cell v1.20.2
[INFO] [stderr]    Compiling syn v2.0.96
[INFO] [stderr]    Compiling crypto-mac v0.8.0
[INFO] [stderr]    Compiling libsecp256k1 v0.6.0
[INFO] [stderr]    Compiling borsh v1.5.5
[INFO] [stderr]    Compiling hmac v0.8.1
[INFO] [stderr]    Compiling hmac-drbg v0.3.0
[INFO] [stderr]    Compiling indexmap v2.7.1
[INFO] [stderr]    Compiling toml_edit v0.22.22
[INFO] [stderr]    Compiling zerocopy-derive v0.7.35
[INFO] [stderr]    Compiling serde_derive v1.0.217
[INFO] [stderr]    Compiling thiserror-impl v1.0.69
[INFO] [stderr]    Compiling zerocopy v0.7.35
[INFO] [stderr]    Compiling thiserror v1.0.69
[INFO] [stderr]    Compiling proc-macro-crate v3.2.0
[INFO] [stderr]    Compiling borsh-derive v1.5.5
[INFO] [stderr]    Compiling ppv-lite86 v0.2.20
[INFO] [stderr]    Compiling rand_chacha v0.2.2
[INFO] [stderr]    Compiling rand v0.7.3
[INFO] [stderr]    Compiling serde v1.0.217
[INFO] [stderr]    Compiling solana-secp256k1-recover v2.1.9 (/opt/rustwide/workdir)
[INFO] [stderr]     Finished `test` profile [unoptimized + debuginfo] target(s) in 13.96s
[INFO] running `Command { std: "docker" "inspect" "d7b5ef8f14db5de9cea40444cc6ca2b3d77bd0f943dc794f3243785d5ac53bb3", kill_on_drop: false }`
[INFO] running `Command { std: "docker" "rm" "-f" "d7b5ef8f14db5de9cea40444cc6ca2b3d77bd0f943dc794f3243785d5ac53bb3", kill_on_drop: false }`
[INFO] [stdout] d7b5ef8f14db5de9cea40444cc6ca2b3d77bd0f943dc794f3243785d5ac53bb3
[INFO] running `Command { std: "docker" "create" "-v" "/var/lib/crater-agent-workspace/builds/worker-4-tc1/target:/opt/rustwide/target:rw,Z" "-v" "/var/lib/crater-agent-workspace/builds/worker-4-tc1/source:/opt/rustwide/workdir:ro,Z" "-v" "/var/lib/crater-agent-workspace/cargo-home:/opt/rustwide/cargo-home:ro,Z" "-v" "/var/lib/crater-agent-workspace/rustup-home:/opt/rustwide/rustup-home:ro,Z" "-e" "SOURCE_DIR=/opt/rustwide/workdir" "-e" "CARGO_TARGET_DIR=/opt/rustwide/target" "-e" "CARGO_INCREMENTAL=0" "-e" "RUST_BACKTRACE=full" "-e" "RUSTFLAGS=--cap-lints=forbid" "-e" "RUSTDOCFLAGS=--cap-lints=forbid" "-e" "CARGO_HOME=/opt/rustwide/cargo-home" "-e" "RUSTUP_HOME=/opt/rustwide/rustup-home" "-w" "/opt/rustwide/workdir" "-m" "1610612736" "--user" "0:0" "--network" "none" "ghcr.io/rust-lang/crates-build-env/linux@sha256:819108c5571ea2e421544af4d832f968d213c87fbe3707a016657f43d2f853bc" "/opt/rustwide/cargo-home/bin/cargo" "+nightly-2025-01-18" "test" "--frozen", kill_on_drop: false }`
[INFO] [stdout] 5b024fad9e0ba1d34873295a2c055c392701cc95ccf226c05d37b8ffde35b17c
[INFO] running `Command { std: "docker" "start" "-a" "5b024fad9e0ba1d34873295a2c055c392701cc95ccf226c05d37b8ffde35b17c", kill_on_drop: false }`
[INFO] [stderr]     Finished `test` profile [unoptimized + debuginfo] target(s) in 0.04s
[INFO] [stderr]      Running unittests src/lib.rs (/opt/rustwide/target/debug/deps/solana_secp256k1_recover-c6b235b7d4e360ab)
[INFO] [stdout] 
[INFO] [stdout] running 0 tests
[INFO] [stdout] 
[INFO] [stdout] test result: ok. 0 passed; 0 failed; 0 ignored; 0 measured; 0 filtered out; finished in 0.00s
[INFO] [stdout] 
[INFO] [stderr]    Doc-tests solana_secp256k1_recover
[INFO] [stdout] 
[INFO] [stdout] running 4 tests
[INFO] [stdout] test src/lib.rs - secp256k1_recover (line 168) ... FAILED
[INFO] [stdout] test src/lib.rs - secp256k1_recover (line 334) - compile ... FAILED
[INFO] [stdout] test src/lib.rs - secp256k1_recover (line 264) - compile ... FAILED
[INFO] [stdout] test src/lib.rs - secp256k1_recover (line 249) ... ok
[INFO] [stdout] 
[INFO] [stdout] failures:
[INFO] [stdout] 
[INFO] [stdout] ---- src/lib.rs - secp256k1_recover (line 168) stdout ----
[INFO] [stdout] error[E0433]: failed to resolve: use of undeclared crate or module `solana_program`
[INFO] [stdout]  --> src/lib.rs:169:5
[INFO] [stdout]   |
[INFO] [stdout] 3 | use solana_program::program_error::ProgramError;
[INFO] [stdout]   |     ^^^^^^^^^^^^^^ use of undeclared crate or module `solana_program`
[INFO] [stdout] 
[INFO] [stdout] error: aborting due to 1 previous error
[INFO] [stdout] 
[INFO] [stdout] For more information about this error, try `rustc --explain E0433`.
[INFO] [stdout] Couldn't compile the test.
[INFO] [stdout] ---- src/lib.rs - secp256k1_recover (line 334) stdout ----
[INFO] [stdout] error[E0433]: failed to resolve: use of undeclared crate or module `solana_program`
[INFO] [stdout]  --> src/lib.rs:335:5
[INFO] [stdout]   |
[INFO] [stdout] 3 | use solana_program::example_mocks::solana_rpc_client;
[INFO] [stdout]   |     ^^^^^^^^^^^^^^ use of undeclared crate or module `solana_program`
[INFO] [stdout] 
[INFO] [stdout] error[E0433]: failed to resolve: use of undeclared crate or module `solana_program`
[INFO] [stdout]  --> src/lib.rs:336:5
[INFO] [stdout]   |
[INFO] [stdout] 4 | use solana_program::example_mocks::solana_sdk;
[INFO] [stdout]   |     ^^^^^^^^^^^^^^ use of undeclared crate or module `solana_program`
[INFO] [stdout] 
[INFO] [stdout] error[E0432]: unresolved imports `solana_rpc_client::rpc_client::RpcClient`, `solana_sdk::instruction::Instruction`, `solana_sdk::keccak`, `solana_sdk::pubkey::Pubkey`, `solana_sdk::signature::Keypair`, `solana_sdk::signature::Signer`, `solana_sdk::transaction::Transaction`
[INFO] [stdout]   --> src/lib.rs:338:5
[INFO] [stdout]    |
[INFO] [stdout] 6  | use solana_rpc_client::rpc_client::RpcClient;
[INFO] [stdout]    |     ^^^^^^^^^^^^^^^^^^^^^^^^^^^^^^^^^^^^^^^^
[INFO] [stdout] 7  | use solana_sdk::{
[INFO] [stdout] 8  |     instruction::Instruction,
[INFO] [stdout]    |     ^^^^^^^^^^^^^^^^^^^^^^^^
[INFO] [stdout] 9  |     keccak,
[INFO] [stdout]    |     ^^^^^^
[INFO] [stdout] 10 |     pubkey::Pubkey,
[INFO] [stdout]    |     ^^^^^^^^^^^^^^
[INFO] [stdout] 11 |     signature::{Keypair, Signer},
[INFO] [stdout]    |                 ^^^^^^^  ^^^^^^
[INFO] [stdout] 12 |     transaction::Transaction,
[INFO] [stdout]    |     ^^^^^^^^^^^^^^^^^^^^^^^^
[INFO] [stdout] 
[INFO] [stdout] error: aborting due to 3 previous errors
[INFO] [stdout] 
[INFO] [stdout] Some errors have detailed explanations: E0432, E0433.
[INFO] [stdout] For more information about an error, try `rustc --explain E0432`.
[INFO] [stdout] Couldn't compile the test.
[INFO] [stdout] ---- src/lib.rs - secp256k1_recover (line 264) stdout ----
[INFO] [stdout] error[E0433]: failed to resolve: use of undeclared crate or module `solana_program`
[INFO] [stdout]  --> src/lib.rs:266:5
[INFO] [stdout]   |
[INFO] [stdout] 5 | use solana_program::{
[INFO] [stdout]   |     ^^^^^^^^^^^^^^ use of undeclared crate or module `solana_program`
[INFO] [stdout] 
[INFO] [stdout] error[E0432]: unresolved import `solana_program`
[INFO] [stdout]  --> src/lib.rs:266:5
[INFO] [stdout]   |
[INFO] [stdout] 5 | use solana_program::{
[INFO] [stdout]   |     ^^^^^^^^^^^^^^ use of undeclared crate or module `solana_program`
[INFO] [stdout] 
[INFO] [stdout] error: aborting due to 2 previous errors
[INFO] [stdout] 
[INFO] [stdout] Some errors have detailed explanations: E0432, E0433.
[INFO] [stdout] For more information about an error, try `rustc --explain E0432`.
[INFO] [stdout] Couldn't compile the test.
[INFO] [stdout] 
[INFO] [stdout] failures:
[INFO] [stdout]     src/lib.rs - secp256k1_recover (line 168)
[INFO] [stdout]     src/lib.rs - secp256k1_recover (line 264)
[INFO] [stdout]     src/lib.rs - secp256k1_recover (line 334)
[INFO] [stdout] 
[INFO] [stdout] test result: FAILED. 1 passed; 3 failed; 0 ignored; 0 measured; 0 filtered out; finished in 0.08s
[INFO] [stdout] 
[INFO] [stderr] error: doctest failed, to rerun pass `--doc`
[INFO] running `Command { std: "docker" "inspect" "5b024fad9e0ba1d34873295a2c055c392701cc95ccf226c05d37b8ffde35b17c", kill_on_drop: false }`
[INFO] running `Command { std: "docker" "rm" "-f" "5b024fad9e0ba1d34873295a2c055c392701cc95ccf226c05d37b8ffde35b17c", kill_on_drop: false }`
[INFO] [stdout] 5b024fad9e0ba1d34873295a2c055c392701cc95ccf226c05d37b8ffde35b17c
