[INFO] fetching crate snooze 0.1.0...
[INFO] testing snooze-0.1.0 against nightly-2025-01-18 for randomize-layout-2
[INFO] extracting crate snooze 0.1.0 into /workspace/builds/worker-3-tc1/source
[INFO] validating manifest of crates.io crate snooze 0.1.0 on toolchain nightly-2025-01-18
[INFO] running `Command { std: CARGO_HOME="/workspace/cargo-home" RUSTUP_HOME="/workspace/rustup-home" "/workspace/cargo-home/bin/cargo" "+nightly-2025-01-18" "metadata" "--manifest-path" "Cargo.toml" "--no-deps", kill_on_drop: false }`
[INFO] started tweaking crates.io crate snooze 0.1.0
[INFO] finished tweaking crates.io crate snooze 0.1.0
[INFO] tweaked toml for crates.io crate snooze 0.1.0 written to /workspace/builds/worker-3-tc1/source/Cargo.toml
[INFO] running `Command { std: CARGO_HOME="/workspace/cargo-home" RUSTUP_HOME="/workspace/rustup-home" "/workspace/cargo-home/bin/cargo" "+nightly-2025-01-18" "generate-lockfile" "--manifest-path" "Cargo.toml", kill_on_drop: false }`
[INFO] [stderr]     Updating crates.io index
[INFO] [stderr]      Locking 10 packages to latest compatible versions
[INFO] [stderr]       Adding tokio v0.3.7 (available: v1.43.0)
[INFO] running `Command { std: CARGO_HOME="/workspace/cargo-home" RUSTUP_HOME="/workspace/rustup-home" "/workspace/cargo-home/bin/cargo" "+nightly-2025-01-18" "fetch" "--manifest-path" "Cargo.toml", kill_on_drop: false }`
[INFO] running `Command { std: "docker" "create" "-v" "/var/lib/crater-agent-workspace/builds/worker-3-tc1/target:/opt/rustwide/target:rw,Z" "-v" "/var/lib/crater-agent-workspace/builds/worker-3-tc1/source:/opt/rustwide/workdir:ro,Z" "-v" "/var/lib/crater-agent-workspace/cargo-home:/opt/rustwide/cargo-home:ro,Z" "-v" "/var/lib/crater-agent-workspace/rustup-home:/opt/rustwide/rustup-home:ro,Z" "-e" "SOURCE_DIR=/opt/rustwide/workdir" "-e" "CARGO_TARGET_DIR=/opt/rustwide/target" "-e" "CARGO_HOME=/opt/rustwide/cargo-home" "-e" "RUSTUP_HOME=/opt/rustwide/rustup-home" "-w" "/opt/rustwide/workdir" "-m" "1610612736" "--user" "0:0" "--network" "none" "ghcr.io/rust-lang/crates-build-env/linux@sha256:819108c5571ea2e421544af4d832f968d213c87fbe3707a016657f43d2f853bc" "/opt/rustwide/cargo-home/bin/cargo" "+nightly-2025-01-18" "metadata" "--no-deps" "--format-version=1", kill_on_drop: false }`
[INFO] [stdout] 3b91f9c9615b79541b8329ff7d2725d5e8c754ace2206b0bc2ba52383c143279
[INFO] running `Command { std: "docker" "start" "-a" "3b91f9c9615b79541b8329ff7d2725d5e8c754ace2206b0bc2ba52383c143279", kill_on_drop: false }`
[INFO] running `Command { std: "docker" "inspect" "3b91f9c9615b79541b8329ff7d2725d5e8c754ace2206b0bc2ba52383c143279", kill_on_drop: false }`
[INFO] running `Command { std: "docker" "rm" "-f" "3b91f9c9615b79541b8329ff7d2725d5e8c754ace2206b0bc2ba52383c143279", kill_on_drop: false }`
[INFO] [stdout] 3b91f9c9615b79541b8329ff7d2725d5e8c754ace2206b0bc2ba52383c143279
[INFO] running `Command { std: "docker" "create" "-v" "/var/lib/crater-agent-workspace/builds/worker-3-tc1/target:/opt/rustwide/target:rw,Z" "-v" "/var/lib/crater-agent-workspace/builds/worker-3-tc1/source:/opt/rustwide/workdir:ro,Z" "-v" "/var/lib/crater-agent-workspace/cargo-home:/opt/rustwide/cargo-home:ro,Z" "-v" "/var/lib/crater-agent-workspace/rustup-home:/opt/rustwide/rustup-home:ro,Z" "-e" "SOURCE_DIR=/opt/rustwide/workdir" "-e" "CARGO_TARGET_DIR=/opt/rustwide/target" "-e" "CARGO_INCREMENTAL=0" "-e" "RUST_BACKTRACE=full" "-e" "RUSTFLAGS=--cap-lints=forbid" "-e" "RUSTDOCFLAGS=--cap-lints=forbid" "-e" "CARGO_HOME=/opt/rustwide/cargo-home" "-e" "RUSTUP_HOME=/opt/rustwide/rustup-home" "-w" "/opt/rustwide/workdir" "-m" "1610612736" "--user" "0:0" "--network" "none" "ghcr.io/rust-lang/crates-build-env/linux@sha256:819108c5571ea2e421544af4d832f968d213c87fbe3707a016657f43d2f853bc" "/opt/rustwide/cargo-home/bin/cargo" "+nightly-2025-01-18" "build" "--frozen" "--message-format=json", kill_on_drop: false }`
[INFO] [stdout] a72c6fc92012b2f2ff65b75f81a59bcd0c85af7b1db350ac30add9de535261f5
[INFO] running `Command { std: "docker" "start" "-a" "a72c6fc92012b2f2ff65b75f81a59bcd0c85af7b1db350ac30add9de535261f5", kill_on_drop: false }`
[INFO] [stderr]    Compiling syn v1.0.109
[INFO] [stderr]    Compiling tokio v0.3.7
[INFO] [stderr]    Compiling tokio-macros v0.3.2
[INFO] [stderr]    Compiling snooze v0.1.0 (/opt/rustwide/workdir)
[INFO] [stdout] warning: field `0` is never read
[INFO] [stdout]   --> src/lib.rs:49:33
[INFO] [stdout]    |
[INFO] [stdout] 49 | pub struct NotifyIntervalHandle(oneshot::Sender<()>);
[INFO] [stdout]    |            -------------------- ^^^^^^^^^^^^^^^^^^^
[INFO] [stdout]    |            |
[INFO] [stdout]    |            field in this struct
[INFO] [stdout]    |
[INFO] [stdout]    = help: consider removing this field
[INFO] [stdout]    = note: `#[warn(dead_code)]` on by default
[INFO] [stdout] 
[INFO] [stdout] 
[INFO] [stderr]     Finished `dev` profile [unoptimized + debuginfo] target(s) in 7.51s
[INFO] running `Command { std: "docker" "inspect" "a72c6fc92012b2f2ff65b75f81a59bcd0c85af7b1db350ac30add9de535261f5", kill_on_drop: false }`
[INFO] running `Command { std: "docker" "rm" "-f" "a72c6fc92012b2f2ff65b75f81a59bcd0c85af7b1db350ac30add9de535261f5", kill_on_drop: false }`
[INFO] [stdout] a72c6fc92012b2f2ff65b75f81a59bcd0c85af7b1db350ac30add9de535261f5
[INFO] running `Command { std: "docker" "create" "-v" "/var/lib/crater-agent-workspace/builds/worker-3-tc1/target:/opt/rustwide/target:rw,Z" "-v" "/var/lib/crater-agent-workspace/builds/worker-3-tc1/source:/opt/rustwide/workdir:ro,Z" "-v" "/var/lib/crater-agent-workspace/cargo-home:/opt/rustwide/cargo-home:ro,Z" "-v" "/var/lib/crater-agent-workspace/rustup-home:/opt/rustwide/rustup-home:ro,Z" "-e" "SOURCE_DIR=/opt/rustwide/workdir" "-e" "CARGO_TARGET_DIR=/opt/rustwide/target" "-e" "CARGO_INCREMENTAL=0" "-e" "RUST_BACKTRACE=full" "-e" "RUSTFLAGS=--cap-lints=forbid" "-e" "RUSTDOCFLAGS=--cap-lints=forbid" "-e" "CARGO_HOME=/opt/rustwide/cargo-home" "-e" "RUSTUP_HOME=/opt/rustwide/rustup-home" "-w" "/opt/rustwide/workdir" "-m" "1610612736" "--user" "0:0" "--network" "none" "ghcr.io/rust-lang/crates-build-env/linux@sha256:819108c5571ea2e421544af4d832f968d213c87fbe3707a016657f43d2f853bc" "/opt/rustwide/cargo-home/bin/cargo" "+nightly-2025-01-18" "test" "--frozen" "--no-run" "--message-format=json", kill_on_drop: false }`
[INFO] [stdout] 6ee3592e705226b47653cfe946452c962cf7a52e36ee8113a8a1658f5b40e929
[INFO] running `Command { std: "docker" "start" "-a" "6ee3592e705226b47653cfe946452c962cf7a52e36ee8113a8a1658f5b40e929", kill_on_drop: false }`
[INFO] [stderr]    Compiling snooze v0.1.0 (/opt/rustwide/workdir)
[INFO] [stdout] warning: field `0` is never read
[INFO] [stdout]   --> src/lib.rs:49:33
[INFO] [stdout]    |
[INFO] [stdout] 49 | pub struct NotifyIntervalHandle(oneshot::Sender<()>);
[INFO] [stdout]    |            -------------------- ^^^^^^^^^^^^^^^^^^^
[INFO] [stdout]    |            |
[INFO] [stdout]    |            field in this struct
[INFO] [stdout]    |
[INFO] [stdout]    = help: consider removing this field
[INFO] [stdout]    = note: `#[warn(dead_code)]` on by default
[INFO] [stdout] 
[INFO] [stdout] 
[INFO] [stdout] warning: field `0` is never read
[INFO] [stdout]   --> src/lib.rs:49:33
[INFO] [stdout]    |
[INFO] [stdout] 49 | pub struct NotifyIntervalHandle(oneshot::Sender<()>);
[INFO] [stdout]    |            -------------------- ^^^^^^^^^^^^^^^^^^^
[INFO] [stdout]    |            |
[INFO] [stdout]    |            field in this struct
[INFO] [stdout]    |
[INFO] [stdout]    = help: consider removing this field
[INFO] [stdout]    = note: `#[warn(dead_code)]` on by default
[INFO] [stdout] 
[INFO] [stdout] 
[INFO] [stderr]     Finished `test` profile [unoptimized + debuginfo] target(s) in 0.86s
[INFO] running `Command { std: "docker" "inspect" "6ee3592e705226b47653cfe946452c962cf7a52e36ee8113a8a1658f5b40e929", kill_on_drop: false }`
[INFO] running `Command { std: "docker" "rm" "-f" "6ee3592e705226b47653cfe946452c962cf7a52e36ee8113a8a1658f5b40e929", kill_on_drop: false }`
[INFO] [stdout] 6ee3592e705226b47653cfe946452c962cf7a52e36ee8113a8a1658f5b40e929
[INFO] running `Command { std: "docker" "create" "-v" "/var/lib/crater-agent-workspace/builds/worker-3-tc1/target:/opt/rustwide/target:rw,Z" "-v" "/var/lib/crater-agent-workspace/builds/worker-3-tc1/source:/opt/rustwide/workdir:ro,Z" "-v" "/var/lib/crater-agent-workspace/cargo-home:/opt/rustwide/cargo-home:ro,Z" "-v" "/var/lib/crater-agent-workspace/rustup-home:/opt/rustwide/rustup-home:ro,Z" "-e" "SOURCE_DIR=/opt/rustwide/workdir" "-e" "CARGO_TARGET_DIR=/opt/rustwide/target" "-e" "CARGO_INCREMENTAL=0" "-e" "RUST_BACKTRACE=full" "-e" "RUSTFLAGS=--cap-lints=forbid" "-e" "RUSTDOCFLAGS=--cap-lints=forbid" "-e" "CARGO_HOME=/opt/rustwide/cargo-home" "-e" "RUSTUP_HOME=/opt/rustwide/rustup-home" "-w" "/opt/rustwide/workdir" "-m" "1610612736" "--user" "0:0" "--network" "none" "ghcr.io/rust-lang/crates-build-env/linux@sha256:819108c5571ea2e421544af4d832f968d213c87fbe3707a016657f43d2f853bc" "/opt/rustwide/cargo-home/bin/cargo" "+nightly-2025-01-18" "test" "--frozen", kill_on_drop: false }`
[INFO] [stdout] 42ad0bd4aab672c5da26e83ea0525293c185a30f843208c12b9547dce26c80a5
[INFO] running `Command { std: "docker" "start" "-a" "42ad0bd4aab672c5da26e83ea0525293c185a30f843208c12b9547dce26c80a5", kill_on_drop: false }`
[INFO] [stderr] warning: field `0` is never read
[INFO] [stderr]   --> src/lib.rs:49:33
[INFO] [stderr]    |
[INFO] [stderr] 49 | pub struct NotifyIntervalHandle(oneshot::Sender<()>);
[INFO] [stderr]    |            -------------------- ^^^^^^^^^^^^^^^^^^^
[INFO] [stderr]    |            |
[INFO] [stderr]    |            field in this struct
[INFO] [stderr]    |
[INFO] [stderr]    = help: consider removing this field
[INFO] [stderr]    = note: `#[warn(dead_code)]` on by default
[INFO] [stderr] 
[INFO] [stderr] warning: `snooze` (lib) generated 1 warning
[INFO] [stderr] warning: `snooze` (lib test) generated 1 warning (1 duplicate)
[INFO] [stderr]     Finished `test` profile [unoptimized + debuginfo] target(s) in 0.08s
[INFO] [stderr]      Running unittests src/lib.rs (/opt/rustwide/target/debug/deps/snooze-c7dde2738b96cf81)
[INFO] [stdout] 
[INFO] [stdout] running 3 tests
[INFO] [stdout] test test::test_notify_interfal ... ok
[INFO] [stdout] test test::test_notify_after ... ok
[INFO] [stdout] test test::test_mixed ... ok
[INFO] [stdout] 
[INFO] [stdout] test result: ok. 3 passed; 0 failed; 0 ignored; 0 measured; 0 filtered out; finished in 2.00s
[INFO] [stdout] 
[INFO] [stderr]    Doc-tests snooze
[INFO] [stdout] 
[INFO] [stdout] running 1 test
[INFO] [stdout] test src/lib.rs - Duration (line 9) ... FAILED
[INFO] [stdout] 
[INFO] [stdout] failures:
[INFO] [stdout] 
[INFO] [stdout] ---- src/lib.rs - Duration (line 9) stdout ----
[INFO] [stdout] error[E0433]: failed to resolve: use of undeclared type `Nofifier`
[INFO] [stdout]  --> src/lib.rs:10:20
[INFO] [stdout]   |
[INFO] [stdout] 3 | let mut notifier = Nofifier::new();
[INFO] [stdout]   |                    ^^^^^^^^ use of undeclared type `Nofifier`
[INFO] [stdout]   |
[INFO] [stdout] help: consider importing this struct
[INFO] [stdout]   |
[INFO] [stdout] 2 + use snooze::Nofifier;
[INFO] [stdout]   |
[INFO] [stdout] 
[INFO] [stdout] error[E0433]: failed to resolve: use of undeclared type `Duration`
[INFO] [stdout]  --> src/lib.rs:12:22
[INFO] [stdout]   |
[INFO] [stdout] 5 | notifier.notify_afer(Duration::from_secs(1), "world");
[INFO] [stdout]   |                      ^^^^^^^^ use of undeclared type `Duration`
[INFO] [stdout]   |
[INFO] [stdout] help: consider importing one of these structs
[INFO] [stdout]   |
[INFO] [stdout] 2 + use std::time::Duration;
[INFO] [stdout]   |
[INFO] [stdout] 2 + use tokio::time::Duration;
[INFO] [stdout]   |
[INFO] [stdout] 
[INFO] [stdout] error[E0433]: failed to resolve: use of undeclared type `Duration`
[INFO] [stdout]  --> src/lib.rs:13:40
[INFO] [stdout]   |
[INFO] [stdout] 6 | let _handle = notifier.notify_interval(Duration::from_secs(2), "hello");
[INFO] [stdout]   |                                        ^^^^^^^^ use of undeclared type `Duration`
[INFO] [stdout]   |
[INFO] [stdout] help: consider importing one of these structs
[INFO] [stdout]   |
[INFO] [stdout] 2 + use std::time::Duration;
[INFO] [stdout]   |
[INFO] [stdout] 2 + use tokio::time::Duration;
[INFO] [stdout]   |
[INFO] [stdout] 
[INFO] [stdout] error[E0728]: `await` is only allowed inside `async` functions and blocks
[INFO] [stdout]  --> src/lib.rs:15:28
[INFO] [stdout]   |
[INFO] [stdout] 2 | fn main() { #[allow(non_snake_case)] fn _doctest_main_src_lib_rs_9_0() {
[INFO] [stdout]   |                                      --------------------------------- this is not `async`
[INFO] [stdout] ...
[INFO] [stdout] 8 | assert_eq!(notifier.next().await, Some("hello"));
[INFO] [stdout]   |                            ^^^^^ only allowed inside `async` functions and blocks
[INFO] [stdout] 
[INFO] [stdout] error[E0728]: `await` is only allowed inside `async` functions and blocks
[INFO] [stdout]  --> src/lib.rs:16:28
[INFO] [stdout]   |
[INFO] [stdout] 2 | fn main() { #[allow(non_snake_case)] fn _doctest_main_src_lib_rs_9_0() {
[INFO] [stdout]   |                                      --------------------------------- this is not `async`
[INFO] [stdout] ...
[INFO] [stdout] 9 | assert_eq!(notifier.next().await, Some("world"));
[INFO] [stdout]   |                            ^^^^^ only allowed inside `async` functions and blocks
[INFO] [stdout] 
[INFO] [stdout] error[E0728]: `await` is only allowed inside `async` functions and blocks
[INFO] [stdout]   --> src/lib.rs:17:28
[INFO] [stdout]    |
[INFO] [stdout] 2  | fn main() { #[allow(non_snake_case)] fn _doctest_main_src_lib_rs_9_0() {
[INFO] [stdout]    |                                      --------------------------------- this is not `async`
[INFO] [stdout] ...
[INFO] [stdout] 10 | assert_eq!(notifier.next().await, Some("hello"));
[INFO] [stdout]    |                            ^^^^^ only allowed inside `async` functions and blocks
[INFO] [stdout] 
[INFO] [stdout] error: aborting due to 6 previous errors
[INFO] [stdout] 
[INFO] [stdout] Some errors have detailed explanations: E0433, E0728.
[INFO] [stdout] For more information about an error, try `rustc --explain E0433`.
[INFO] [stdout] Couldn't compile the test.
[INFO] [stdout] 
[INFO] [stdout] failures:
[INFO] [stdout]     src/lib.rs - Duration (line 9)
[INFO] [stdout] 
[INFO] [stdout] test result: FAILED. 0 passed; 1 failed; 0 ignored; 0 measured; 0 filtered out; finished in 0.10s
[INFO] [stdout] 
[INFO] [stderr] error: doctest failed, to rerun pass `--doc`
[INFO] running `Command { std: "docker" "inspect" "42ad0bd4aab672c5da26e83ea0525293c185a30f843208c12b9547dce26c80a5", kill_on_drop: false }`
[INFO] running `Command { std: "docker" "rm" "-f" "42ad0bd4aab672c5da26e83ea0525293c185a30f843208c12b9547dce26c80a5", kill_on_drop: false }`
[INFO] [stdout] 42ad0bd4aab672c5da26e83ea0525293c185a30f843208c12b9547dce26c80a5
