[INFO] fetching crate sn_consensus 3.5.2...
[INFO] testing sn_consensus-3.5.2 against nightly-2025-01-18 for randomize-layout-2
[INFO] extracting crate sn_consensus 3.5.2 into /workspace/builds/worker-5-tc1/source
[INFO] validating manifest of crates.io crate sn_consensus 3.5.2 on toolchain nightly-2025-01-18
[INFO] running `Command { std: CARGO_HOME="/workspace/cargo-home" RUSTUP_HOME="/workspace/rustup-home" "/workspace/cargo-home/bin/cargo" "+nightly-2025-01-18" "metadata" "--manifest-path" "Cargo.toml" "--no-deps", kill_on_drop: false }`
[INFO] started tweaking crates.io crate sn_consensus 3.5.2
[INFO] finished tweaking crates.io crate sn_consensus 3.5.2
[INFO] tweaked toml for crates.io crate sn_consensus 3.5.2 written to /workspace/builds/worker-5-tc1/source/Cargo.toml
[INFO] running `Command { std: CARGO_HOME="/workspace/cargo-home" RUSTUP_HOME="/workspace/rustup-home" "/workspace/cargo-home/bin/cargo" "+nightly-2025-01-18" "generate-lockfile" "--manifest-path" "Cargo.toml", kill_on_drop: false }`
[INFO] [stderr]     Updating crates.io index
[INFO] [stderr]      Locking 78 packages to latest compatible versions
[INFO] [stderr]       Adding env_logger v0.9.3 (available: v0.11.6)
[INFO] [stderr]       Adding thiserror v1.0.69 (available: v2.0.11)
[INFO] running `Command { std: CARGO_HOME="/workspace/cargo-home" RUSTUP_HOME="/workspace/rustup-home" "/workspace/cargo-home/bin/cargo" "+nightly-2025-01-18" "fetch" "--manifest-path" "Cargo.toml", kill_on_drop: false }`
[INFO] [stderr]  Downloading crates ...
[INFO] [stderr]   Downloaded blsttc v8.0.2
[INFO] [stderr]   Downloaded blstrs v0.6.2
[INFO] running `Command { std: "docker" "create" "-v" "/var/lib/crater-agent-workspace/builds/worker-5-tc1/target:/opt/rustwide/target:rw,Z" "-v" "/var/lib/crater-agent-workspace/builds/worker-5-tc1/source:/opt/rustwide/workdir:ro,Z" "-v" "/var/lib/crater-agent-workspace/cargo-home:/opt/rustwide/cargo-home:ro,Z" "-v" "/var/lib/crater-agent-workspace/rustup-home:/opt/rustwide/rustup-home:ro,Z" "-e" "SOURCE_DIR=/opt/rustwide/workdir" "-e" "CARGO_TARGET_DIR=/opt/rustwide/target" "-e" "CARGO_HOME=/opt/rustwide/cargo-home" "-e" "RUSTUP_HOME=/opt/rustwide/rustup-home" "-w" "/opt/rustwide/workdir" "-m" "1610612736" "--user" "0:0" "--network" "none" "ghcr.io/rust-lang/crates-build-env/linux@sha256:819108c5571ea2e421544af4d832f968d213c87fbe3707a016657f43d2f853bc" "/opt/rustwide/cargo-home/bin/cargo" "+nightly-2025-01-18" "metadata" "--no-deps" "--format-version=1", kill_on_drop: false }`
[INFO] [stdout] 311a574aaf5953e75e9ed7a8b4735b7911e91b4b3657f2555f992f60871579c3
[INFO] running `Command { std: "docker" "start" "-a" "311a574aaf5953e75e9ed7a8b4735b7911e91b4b3657f2555f992f60871579c3", kill_on_drop: false }`
[INFO] running `Command { std: "docker" "inspect" "311a574aaf5953e75e9ed7a8b4735b7911e91b4b3657f2555f992f60871579c3", kill_on_drop: false }`
[INFO] running `Command { std: "docker" "rm" "-f" "311a574aaf5953e75e9ed7a8b4735b7911e91b4b3657f2555f992f60871579c3", kill_on_drop: false }`
[INFO] [stdout] 311a574aaf5953e75e9ed7a8b4735b7911e91b4b3657f2555f992f60871579c3
[INFO] running `Command { std: "docker" "create" "-v" "/var/lib/crater-agent-workspace/builds/worker-5-tc1/target:/opt/rustwide/target:rw,Z" "-v" "/var/lib/crater-agent-workspace/builds/worker-5-tc1/source:/opt/rustwide/workdir:ro,Z" "-v" "/var/lib/crater-agent-workspace/cargo-home:/opt/rustwide/cargo-home:ro,Z" "-v" "/var/lib/crater-agent-workspace/rustup-home:/opt/rustwide/rustup-home:ro,Z" "-e" "SOURCE_DIR=/opt/rustwide/workdir" "-e" "CARGO_TARGET_DIR=/opt/rustwide/target" "-e" "CARGO_INCREMENTAL=0" "-e" "RUST_BACKTRACE=full" "-e" "RUSTFLAGS=--cap-lints=forbid" "-e" "RUSTDOCFLAGS=--cap-lints=forbid" "-e" "CARGO_HOME=/opt/rustwide/cargo-home" "-e" "RUSTUP_HOME=/opt/rustwide/rustup-home" "-w" "/opt/rustwide/workdir" "-m" "1610612736" "--user" "0:0" "--network" "none" "ghcr.io/rust-lang/crates-build-env/linux@sha256:819108c5571ea2e421544af4d832f968d213c87fbe3707a016657f43d2f853bc" "/opt/rustwide/cargo-home/bin/cargo" "+nightly-2025-01-18" "build" "--frozen" "--message-format=json", kill_on_drop: false }`
[INFO] [stdout] 28c51d126012d6e22a414947b1792b35659c1d911508e16b4c7f99867a7b0bf9
[INFO] running `Command { std: "docker" "start" "-a" "28c51d126012d6e22a414947b1792b35659c1d911508e16b4c7f99867a7b0bf9", kill_on_drop: false }`
[INFO] [stderr]    Compiling proc-macro2 v1.0.93
[INFO] [stderr]    Compiling unicode-ident v1.0.14
[INFO] [stderr]    Compiling libc v0.2.169
[INFO] [stderr]    Compiling cfg-if v1.0.0
[INFO] [stderr]    Compiling byteorder v1.5.0
[INFO] [stderr]    Compiling radium v0.7.0
[INFO] [stderr]    Compiling tap v1.0.1
[INFO] [stderr]    Compiling funty v2.0.0
[INFO] [stderr]    Compiling shlex v1.3.0
[INFO] [stderr]    Compiling subtle v2.6.1
[INFO] [stderr]    Compiling serde v1.0.217
[INFO] [stderr]    Compiling crunchy v0.2.2
[INFO] [stderr]    Compiling tiny-keccak v2.0.2
[INFO] [stderr]    Compiling thiserror v1.0.69
[INFO] [stderr]    Compiling byte-slice-cast v1.2.2
[INFO] [stderr]    Compiling hex v0.4.3
[INFO] [stderr]    Compiling hex_fmt v0.3.0
[INFO] [stderr]    Compiling log v0.4.25
[INFO] [stderr]    Compiling wyz v0.5.1
[INFO] [stderr]    Compiling cc v1.2.10
[INFO] [stderr]    Compiling quote v1.0.38
[INFO] [stderr]    Compiling bitvec v1.0.1
[INFO] [stderr]    Compiling syn v2.0.96
[INFO] [stderr]    Compiling getrandom v0.2.15
[INFO] [stderr]    Compiling num_cpus v1.16.0
[INFO] [stderr]    Compiling rand_core v0.6.4
[INFO] [stderr]    Compiling blst v0.3.13
[INFO] [stderr]    Compiling rand_xorshift v0.3.0
[INFO] [stderr]    Compiling threadpool v1.8.1
[INFO] [stderr]    Compiling ff v0.12.1
[INFO] [stderr]    Compiling zerocopy-derive v0.7.35
[INFO] [stderr]    Compiling zeroize_derive v1.4.2
[INFO] [stderr]    Compiling serde_derive v1.0.217
[INFO] [stderr]    Compiling thiserror-impl v1.0.69
[INFO] [stderr]    Compiling zeroize v1.8.1
[INFO] [stderr]    Compiling zerocopy v0.7.35
[INFO] [stderr]    Compiling ppv-lite86 v0.2.20
[INFO] [stderr]    Compiling rand_chacha v0.3.1
[INFO] [stderr]    Compiling rand v0.8.5
[INFO] [stderr]    Compiling group v0.12.1
[INFO] [stderr]    Compiling pairing v0.22.0
[INFO] [stderr]    Compiling blstrs v0.6.2
[INFO] [stderr]    Compiling bincode v1.3.3
[INFO] [stderr]    Compiling blsttc v8.0.2
[INFO] [stderr]    Compiling sn_consensus v3.5.2 (/opt/rustwide/workdir)
[INFO] [stdout] warning: unexpected `cfg` condition value: `bad_crypto`
[INFO] [stdout]   --> src/lib.rs:10:7
[INFO] [stdout]    |
[INFO] [stdout] 10 | #[cfg(feature = "bad_crypto")]
[INFO] [stdout]    |       ^^^^^^^^^^^^^^^^^^^^^^ help: remove the condition
[INFO] [stdout]    |
[INFO] [stdout]    = note: no expected values for `feature`
[INFO] [stdout]    = help: consider adding `bad_crypto` as a feature in `Cargo.toml`
[INFO] [stdout]    = note: see <https://doc.rust-lang.org/nightly/rustc/check-cfg/cargo-specifics.html> for more information about checking conditional configuration
[INFO] [stdout]    = note: `#[warn(unexpected_cfgs)]` on by default
[INFO] [stdout] 
[INFO] [stdout] 
[INFO] [stdout] warning: unexpected `cfg` condition value: `ed25519`
[INFO] [stdout]   --> src/lib.rs:14:7
[INFO] [stdout]    |
[INFO] [stdout] 14 | #[cfg(feature = "ed25519")]
[INFO] [stdout]    |       ^^^^^^^^^^^^^^^^^^^ help: remove the condition
[INFO] [stdout]    |
[INFO] [stdout]    = note: no expected values for `feature`
[INFO] [stdout]    = help: consider adding `ed25519` as a feature in `Cargo.toml`
[INFO] [stdout]    = note: see <https://doc.rust-lang.org/nightly/rustc/check-cfg/cargo-specifics.html> for more information about checking conditional configuration
[INFO] [stdout] 
[INFO] [stdout] 
[INFO] [stdout] warning: unexpected `cfg` condition value: `ed25519`
[INFO] [stdout]   --> src/error.rs:59:11
[INFO] [stdout]    |
[INFO] [stdout] 59 |     #[cfg(feature = "ed25519")]
[INFO] [stdout]    |           ^^^^^^^^^^^^^^^^^^^ help: remove the condition
[INFO] [stdout]    |
[INFO] [stdout]    = note: no expected values for `feature`
[INFO] [stdout]    = help: consider adding `ed25519` as a feature in `Cargo.toml`
[INFO] [stdout]    = note: see <https://doc.rust-lang.org/nightly/rustc/check-cfg/cargo-specifics.html> for more information about checking conditional configuration
[INFO] [stdout] 
[INFO] [stdout] 
[INFO] [stdout] warning: unexpected `cfg` condition value: `bad_crypto`
[INFO] [stdout]   --> src/error.rs:63:11
[INFO] [stdout]    |
[INFO] [stdout] 63 |     #[cfg(feature = "bad_crypto")]
[INFO] [stdout]    |           ^^^^^^^^^^^^^^^^^^^^^^ help: remove the condition
[INFO] [stdout]    |
[INFO] [stdout]    = note: no expected values for `feature`
[INFO] [stdout]    = help: consider adding `bad_crypto` as a feature in `Cargo.toml`
[INFO] [stdout]    = note: see <https://doc.rust-lang.org/nightly/rustc/check-cfg/cargo-specifics.html> for more information about checking conditional configuration
[INFO] [stdout] 
[INFO] [stdout] 
[INFO] [stderr]     Finished `dev` profile [unoptimized + debuginfo] target(s) in 22.30s
[INFO] running `Command { std: "docker" "inspect" "28c51d126012d6e22a414947b1792b35659c1d911508e16b4c7f99867a7b0bf9", kill_on_drop: false }`
[INFO] running `Command { std: "docker" "rm" "-f" "28c51d126012d6e22a414947b1792b35659c1d911508e16b4c7f99867a7b0bf9", kill_on_drop: false }`
[INFO] [stdout] 28c51d126012d6e22a414947b1792b35659c1d911508e16b4c7f99867a7b0bf9
[INFO] running `Command { std: "docker" "create" "-v" "/var/lib/crater-agent-workspace/builds/worker-5-tc1/target:/opt/rustwide/target:rw,Z" "-v" "/var/lib/crater-agent-workspace/builds/worker-5-tc1/source:/opt/rustwide/workdir:ro,Z" "-v" "/var/lib/crater-agent-workspace/cargo-home:/opt/rustwide/cargo-home:ro,Z" "-v" "/var/lib/crater-agent-workspace/rustup-home:/opt/rustwide/rustup-home:ro,Z" "-e" "SOURCE_DIR=/opt/rustwide/workdir" "-e" "CARGO_TARGET_DIR=/opt/rustwide/target" "-e" "CARGO_INCREMENTAL=0" "-e" "RUST_BACKTRACE=full" "-e" "RUSTFLAGS=--cap-lints=forbid" "-e" "RUSTDOCFLAGS=--cap-lints=forbid" "-e" "CARGO_HOME=/opt/rustwide/cargo-home" "-e" "RUSTUP_HOME=/opt/rustwide/rustup-home" "-w" "/opt/rustwide/workdir" "-m" "1610612736" "--user" "0:0" "--network" "none" "ghcr.io/rust-lang/crates-build-env/linux@sha256:819108c5571ea2e421544af4d832f968d213c87fbe3707a016657f43d2f853bc" "/opt/rustwide/cargo-home/bin/cargo" "+nightly-2025-01-18" "test" "--frozen" "--no-run" "--message-format=json", kill_on_drop: false }`
[INFO] [stdout] a202ae2165fac7b9be7cb47ca5caecf7ee591610757cf07a7f6c69d558512a5a
[INFO] running `Command { std: "docker" "start" "-a" "a202ae2165fac7b9be7cb47ca5caecf7ee591610757cf07a7f6c69d558512a5a", kill_on_drop: false }`
[INFO] [stderr]    Compiling cfg-if v1.0.0
[INFO] [stderr]    Compiling byteorder v1.5.0
[INFO] [stderr]    Compiling tap v1.0.1
[INFO] [stderr]    Compiling funty v2.0.0
[INFO] [stderr]    Compiling subtle v2.6.1
[INFO] [stderr]    Compiling memchr v2.7.4
[INFO] [stderr]    Compiling regex-syntax v0.8.5
[INFO] [stderr]    Compiling log v0.4.25
[INFO] [stderr]    Compiling libc v0.2.169
[INFO] [stderr]    Compiling radium v0.7.0
[INFO] [stderr]    Compiling serde v1.0.217
[INFO] [stderr]    Compiling crunchy v0.2.2
[INFO] [stderr]    Compiling thiserror v1.0.69
[INFO] [stderr]    Compiling tiny-keccak v2.0.2
[INFO] [stderr]    Compiling blst v0.3.13
[INFO] [stderr]    Compiling zeroize v1.8.1
[INFO] [stderr]    Compiling syn v1.0.109
[INFO] [stderr]    Compiling wyz v0.5.1
[INFO] [stderr]    Compiling byte-slice-cast v1.2.2
[INFO] [stderr]    Compiling hex_fmt v0.3.0
[INFO] [stderr]    Compiling eyre v0.6.12
[INFO] [stderr]    Compiling zerocopy v0.7.35
[INFO] [stderr]    Compiling hex v0.4.3
[INFO] [stderr]    Compiling indenter v0.3.3
[INFO] [stderr]    Compiling once_cell v1.20.2
[INFO] [stderr]    Compiling termcolor v1.4.1
[INFO] [stderr]    Compiling humantime v2.1.0
[INFO] [stderr]    Compiling bitvec v1.0.1
[INFO] [stderr]    Compiling aho-corasick v1.1.3
[INFO] [stderr]    Compiling ppv-lite86 v0.2.20
[INFO] [stderr]    Compiling getrandom v0.2.15
[INFO] [stderr]    Compiling num_cpus v1.16.0
[INFO] [stderr]    Compiling atty v0.2.14
[INFO] [stderr]    Compiling rand_core v0.6.4
[INFO] [stderr]    Compiling threadpool v1.8.1
[INFO] [stderr]    Compiling rand_chacha v0.3.1
[INFO] [stderr]    Compiling rand_xorshift v0.3.0
[INFO] [stderr]    Compiling rand v0.8.5
[INFO] [stderr]    Compiling regex-automata v0.4.9
[INFO] [stderr]    Compiling bincode v1.3.3
[INFO] [stderr]    Compiling quickcheck_macros v1.0.0
[INFO] [stderr]    Compiling ff v0.12.1
[INFO] [stderr]    Compiling group v0.12.1
[INFO] [stderr]    Compiling pairing v0.22.0
[INFO] [stderr]    Compiling regex v1.11.1
[INFO] [stderr]    Compiling env_logger v0.8.4
[INFO] [stderr]    Compiling env_logger v0.9.3
[INFO] [stderr]    Compiling blstrs v0.6.2
[INFO] [stderr]    Compiling quickcheck v1.0.3
[INFO] [stderr]    Compiling blsttc v8.0.2
[INFO] [stderr]    Compiling sn_consensus v3.5.2 (/opt/rustwide/workdir)
[INFO] [stdout] warning: unexpected `cfg` condition value: `bad_crypto`
[INFO] [stdout]   --> src/lib.rs:10:7
[INFO] [stdout]    |
[INFO] [stdout] 10 | #[cfg(feature = "bad_crypto")]
[INFO] [stdout]    |       ^^^^^^^^^^^^^^^^^^^^^^ help: remove the condition
[INFO] [stdout]    |
[INFO] [stdout]    = note: no expected values for `feature`
[INFO] [stdout]    = help: consider adding `bad_crypto` as a feature in `Cargo.toml`
[INFO] [stdout]    = note: see <https://doc.rust-lang.org/nightly/rustc/check-cfg/cargo-specifics.html> for more information about checking conditional configuration
[INFO] [stdout]    = note: `#[warn(unexpected_cfgs)]` on by default
[INFO] [stdout] 
[INFO] [stdout] 
[INFO] [stdout] warning: unexpected `cfg` condition value: `ed25519`
[INFO] [stdout]   --> src/lib.rs:14:7
[INFO] [stdout]    |
[INFO] [stdout] 14 | #[cfg(feature = "ed25519")]
[INFO] [stdout]    |       ^^^^^^^^^^^^^^^^^^^ help: remove the condition
[INFO] [stdout]    |
[INFO] [stdout]    = note: no expected values for `feature`
[INFO] [stdout]    = help: consider adding `ed25519` as a feature in `Cargo.toml`
[INFO] [stdout]    = note: see <https://doc.rust-lang.org/nightly/rustc/check-cfg/cargo-specifics.html> for more information about checking conditional configuration
[INFO] [stdout] 
[INFO] [stdout] 
[INFO] [stdout] warning: unexpected `cfg` condition value: `ed25519`
[INFO] [stdout]   --> src/error.rs:59:11
[INFO] [stdout]    |
[INFO] [stdout] 59 |     #[cfg(feature = "ed25519")]
[INFO] [stdout]    |           ^^^^^^^^^^^^^^^^^^^ help: remove the condition
[INFO] [stdout]    |
[INFO] [stdout]    = note: no expected values for `feature`
[INFO] [stdout]    = help: consider adding `ed25519` as a feature in `Cargo.toml`
[INFO] [stdout]    = note: see <https://doc.rust-lang.org/nightly/rustc/check-cfg/cargo-specifics.html> for more information about checking conditional configuration
[INFO] [stdout] 
[INFO] [stdout] 
[INFO] [stdout] warning: unexpected `cfg` condition value: `bad_crypto`
[INFO] [stdout]   --> src/error.rs:63:11
[INFO] [stdout]    |
[INFO] [stdout] 63 |     #[cfg(feature = "bad_crypto")]
[INFO] [stdout]    |           ^^^^^^^^^^^^^^^^^^^^^^ help: remove the condition
[INFO] [stdout]    |
[INFO] [stdout]    = note: no expected values for `feature`
[INFO] [stdout]    = help: consider adding `bad_crypto` as a feature in `Cargo.toml`
[INFO] [stdout]    = note: see <https://doc.rust-lang.org/nightly/rustc/check-cfg/cargo-specifics.html> for more information about checking conditional configuration
[INFO] [stdout] 
[INFO] [stdout] 
[INFO] [stdout] warning: unexpected `cfg` condition value: `bad_crypto`
[INFO] [stdout]   --> src/lib.rs:10:7
[INFO] [stdout]    |
[INFO] [stdout] 10 | #[cfg(feature = "bad_crypto")]
[INFO] [stdout]    |       ^^^^^^^^^^^^^^^^^^^^^^ help: remove the condition
[INFO] [stdout]    |
[INFO] [stdout]    = note: no expected values for `feature`
[INFO] [stdout]    = help: consider adding `bad_crypto` as a feature in `Cargo.toml`
[INFO] [stdout]    = note: see <https://doc.rust-lang.org/nightly/rustc/check-cfg/cargo-specifics.html> for more information about checking conditional configuration
[INFO] [stdout]    = note: `#[warn(unexpected_cfgs)]` on by default
[INFO] [stdout] 
[INFO] [stdout] 
[INFO] [stdout] warning: unexpected `cfg` condition value: `ed25519`
[INFO] [stdout]   --> src/lib.rs:14:7
[INFO] [stdout]    |
[INFO] [stdout] 14 | #[cfg(feature = "ed25519")]
[INFO] [stdout]    |       ^^^^^^^^^^^^^^^^^^^ help: remove the condition
[INFO] [stdout]    |
[INFO] [stdout]    = note: no expected values for `feature`
[INFO] [stdout]    = help: consider adding `ed25519` as a feature in `Cargo.toml`
[INFO] [stdout]    = note: see <https://doc.rust-lang.org/nightly/rustc/check-cfg/cargo-specifics.html> for more information about checking conditional configuration
[INFO] [stdout] 
[INFO] [stdout] 
[INFO] [stdout] warning: unexpected `cfg` condition value: `ed25519`
[INFO] [stdout]   --> src/error.rs:59:11
[INFO] [stdout]    |
[INFO] [stdout] 59 |     #[cfg(feature = "ed25519")]
[INFO] [stdout]    |           ^^^^^^^^^^^^^^^^^^^ help: remove the condition
[INFO] [stdout]    |
[INFO] [stdout]    = note: no expected values for `feature`
[INFO] [stdout]    = help: consider adding `ed25519` as a feature in `Cargo.toml`
[INFO] [stdout]    = note: see <https://doc.rust-lang.org/nightly/rustc/check-cfg/cargo-specifics.html> for more information about checking conditional configuration
[INFO] [stdout] 
[INFO] [stdout] 
[INFO] [stdout] warning: unexpected `cfg` condition value: `bad_crypto`
[INFO] [stdout]   --> src/error.rs:63:11
[INFO] [stdout]    |
[INFO] [stdout] 63 |     #[cfg(feature = "bad_crypto")]
[INFO] [stdout]    |           ^^^^^^^^^^^^^^^^^^^^^^ help: remove the condition
[INFO] [stdout]    |
[INFO] [stdout]    = note: no expected values for `feature`
[INFO] [stdout]    = help: consider adding `bad_crypto` as a feature in `Cargo.toml`
[INFO] [stdout]    = note: see <https://doc.rust-lang.org/nightly/rustc/check-cfg/cargo-specifics.html> for more information about checking conditional configuration
[INFO] [stdout] 
[INFO] [stdout] 
[INFO] [stdout] warning: field `proposals` is never read
[INFO] [stdout]   --> tests/handover_net.rs:24:9
[INFO] [stdout]    |
[INFO] [stdout] 22 | pub struct Net {
[INFO] [stdout]    |            --- field in this struct
[INFO] [stdout] 23 |     pub procs: Vec<Handover<u8>>,
[INFO] [stdout] 24 |     pub proposals: BTreeSet<u8>,
[INFO] [stdout]    |         ^^^^^^^^^
[INFO] [stdout]    |
[INFO] [stdout]    = note: `Net` has a derived impl for the trait `Debug`, but this is intentionally ignored during dead code analysis
[INFO] [stdout]    = note: `#[warn(dead_code)]` on by default
[INFO] [stdout] 
[INFO] [stdout] 
[INFO] [stdout] warning: field `members_at_gen` is never read
[INFO] [stdout]   --> tests/membership_net.rs:27:9
[INFO] [stdout]    |
[INFO] [stdout] 24 | pub struct Net {
[INFO] [stdout]    |            --- field in this struct
[INFO] [stdout] ...
[INFO] [stdout] 27 |     pub members_at_gen: BTreeMap<Generation, BTreeSet<u8>>,
[INFO] [stdout]    |         ^^^^^^^^^^^^^^
[INFO] [stdout]    |
[INFO] [stdout]    = note: `Net` has a derived impl for the trait `Debug`, but this is intentionally ignored during dead code analysis
[INFO] [stdout]    = note: `#[warn(dead_code)]` on by default
[INFO] [stdout] 
[INFO] [stdout] 
[INFO] [stderr]     Finished `test` profile [optimized + debuginfo] target(s) in 1m 04s
[INFO] running `Command { std: "docker" "inspect" "a202ae2165fac7b9be7cb47ca5caecf7ee591610757cf07a7f6c69d558512a5a", kill_on_drop: false }`
[INFO] running `Command { std: "docker" "rm" "-f" "a202ae2165fac7b9be7cb47ca5caecf7ee591610757cf07a7f6c69d558512a5a", kill_on_drop: false }`
[INFO] [stdout] a202ae2165fac7b9be7cb47ca5caecf7ee591610757cf07a7f6c69d558512a5a
[INFO] running `Command { std: "docker" "create" "-v" "/var/lib/crater-agent-workspace/builds/worker-5-tc1/target:/opt/rustwide/target:rw,Z" "-v" "/var/lib/crater-agent-workspace/builds/worker-5-tc1/source:/opt/rustwide/workdir:ro,Z" "-v" "/var/lib/crater-agent-workspace/cargo-home:/opt/rustwide/cargo-home:ro,Z" "-v" "/var/lib/crater-agent-workspace/rustup-home:/opt/rustwide/rustup-home:ro,Z" "-e" "SOURCE_DIR=/opt/rustwide/workdir" "-e" "CARGO_TARGET_DIR=/opt/rustwide/target" "-e" "CARGO_INCREMENTAL=0" "-e" "RUST_BACKTRACE=full" "-e" "RUSTFLAGS=--cap-lints=forbid" "-e" "RUSTDOCFLAGS=--cap-lints=forbid" "-e" "CARGO_HOME=/opt/rustwide/cargo-home" "-e" "RUSTUP_HOME=/opt/rustwide/rustup-home" "-w" "/opt/rustwide/workdir" "-m" "1610612736" "--user" "0:0" "--network" "none" "ghcr.io/rust-lang/crates-build-env/linux@sha256:819108c5571ea2e421544af4d832f968d213c87fbe3707a016657f43d2f853bc" "/opt/rustwide/cargo-home/bin/cargo" "+nightly-2025-01-18" "test" "--frozen", kill_on_drop: false }`
[INFO] [stdout] 805fa4b5c2cd44fbe810dfa6a36415f1bde952e5180c4eeddafa8f0ce70baf7a
[INFO] running `Command { std: "docker" "start" "-a" "805fa4b5c2cd44fbe810dfa6a36415f1bde952e5180c4eeddafa8f0ce70baf7a", kill_on_drop: false }`
[INFO] [stderr] warning: unexpected `cfg` condition value: `bad_crypto`
[INFO] [stderr]   --> src/lib.rs:10:7
[INFO] [stderr]    |
[INFO] [stderr] 10 | #[cfg(feature = "bad_crypto")]
[INFO] [stderr]    |       ^^^^^^^^^^^^^^^^^^^^^^ help: remove the condition
[INFO] [stderr]    |
[INFO] [stderr]    = note: no expected values for `feature`
[INFO] [stderr]    = help: consider adding `bad_crypto` as a feature in `Cargo.toml`
[INFO] [stderr]    = note: see <https://doc.rust-lang.org/nightly/rustc/check-cfg/cargo-specifics.html> for more information about checking conditional configuration
[INFO] [stderr]    = note: `#[warn(unexpected_cfgs)]` on by default
[INFO] [stderr] 
[INFO] [stderr] warning: unexpected `cfg` condition value: `ed25519`
[INFO] [stderr]   --> src/lib.rs:14:7
[INFO] [stderr]    |
[INFO] [stderr] 14 | #[cfg(feature = "ed25519")]
[INFO] [stderr]    |       ^^^^^^^^^^^^^^^^^^^ help: remove the condition
[INFO] [stderr]    |
[INFO] [stderr]    = note: no expected values for `feature`
[INFO] [stderr]    = help: consider adding `ed25519` as a feature in `Cargo.toml`
[INFO] [stderr]    = note: see <https://doc.rust-lang.org/nightly/rustc/check-cfg/cargo-specifics.html> for more information about checking conditional configuration
[INFO] [stderr] 
[INFO] [stderr] warning: unexpected `cfg` condition value: `ed25519`
[INFO] [stderr]   --> src/error.rs:59:11
[INFO] [stderr]    |
[INFO] [stderr] 59 |     #[cfg(feature = "ed25519")]
[INFO] [stderr]    |           ^^^^^^^^^^^^^^^^^^^ help: remove the condition
[INFO] [stderr]    |
[INFO] [stderr]    = note: no expected values for `feature`
[INFO] [stderr]    = help: consider adding `ed25519` as a feature in `Cargo.toml`
[INFO] [stderr]    = note: see <https://doc.rust-lang.org/nightly/rustc/check-cfg/cargo-specifics.html> for more information about checking conditional configuration
[INFO] [stderr] 
[INFO] [stderr] warning: unexpected `cfg` condition value: `bad_crypto`
[INFO] [stderr]   --> src/error.rs:63:11
[INFO] [stderr]    |
[INFO] [stderr] 63 |     #[cfg(feature = "bad_crypto")]
[INFO] [stderr]    |           ^^^^^^^^^^^^^^^^^^^^^^ help: remove the condition
[INFO] [stderr]    |
[INFO] [stderr]    = note: no expected values for `feature`
[INFO] [stderr]    = help: consider adding `bad_crypto` as a feature in `Cargo.toml`
[INFO] [stderr]    = note: see <https://doc.rust-lang.org/nightly/rustc/check-cfg/cargo-specifics.html> for more information about checking conditional configuration
[INFO] [stderr] 
[INFO] [stderr] warning: `sn_consensus` (lib) generated 4 warnings
[INFO] [stderr] warning: field `proposals` is never read
[INFO] [stderr]   --> tests/handover_net.rs:24:9
[INFO] [stderr]    |
[INFO] [stderr] 22 | pub struct Net {
[INFO] [stderr]    |            --- field in this struct
[INFO] [stderr] 23 |     pub procs: Vec<Handover<u8>>,
[INFO] [stderr] 24 |     pub proposals: BTreeSet<u8>,
[INFO] [stderr]    |         ^^^^^^^^^
[INFO] [stderr]    |
[INFO] [stderr]    = note: `Net` has a derived impl for the trait `Debug`, but this is intentionally ignored during dead code analysis
[INFO] [stderr]    = note: `#[warn(dead_code)]` on by default
[INFO] [stderr] 
[INFO] [stderr] warning: field `members_at_gen` is never read
[INFO] [stderr]   --> tests/membership_net.rs:27:9
[INFO] [stderr]    |
[INFO] [stderr] 24 | pub struct Net {
[INFO] [stderr]    |            --- field in this struct
[INFO] [stderr] ...
[INFO] [stderr] 27 |     pub members_at_gen: BTreeMap<Generation, BTreeSet<u8>>,
[INFO] [stderr]    |         ^^^^^^^^^^^^^^
[INFO] [stderr]    |
[INFO] [stderr]    = note: `Net` has a derived impl for the trait `Debug`, but this is intentionally ignored during dead code analysis
[INFO] [stderr]    = note: `#[warn(dead_code)]` on by default
[INFO] [stderr] 
[INFO] [stderr] warning: `sn_consensus` (test "sn_handover") generated 1 warning
[INFO] [stderr] warning: `sn_consensus` (test "sn_membership") generated 1 warning
[INFO] [stderr] warning: `sn_consensus` (lib test) generated 4 warnings (4 duplicates)
[INFO] [stderr]     Finished `test` profile [optimized + debuginfo] target(s) in 0.08s
[INFO] [stdout] 
[INFO] [stderr]      Running unittests src/lib.rs (/opt/rustwide/target/debug/deps/sn_consensus-a8a58d02d466223c)
[INFO] [stdout] running 48 tests
[INFO] [stdout] test mvba::abba::test::test_ignore_messages_with_wrong_proposer ... ok
[INFO] [stdout] test mvba::abba::test::test_ignore_messages_with_wrong_domain ... ok
[INFO] [stdout] test mvba::abba::test::test_pre_vote_round_1_invalid_value_one ... ok
[INFO] [stdout] test mvba::abba::test::test_absent_main_vote_round_one_invalid_justification ... ok
[INFO] [stdout] test mvba::abba::test::test_invalid_decision ... ok
[INFO] [stdout] test mvba::abba::test::test_pre_vote_round_1_invalid_value_zero ... ok
[INFO] [stdout] test mvba::abba::test::test_pre_vote_invalid_sig_share ... ok
[INFO] [stdout] test mvba::abba::test::test_round_votes ... ok
[INFO] [stdout] test mvba::abba::test::test_double_pre_vote ... ok
[INFO] [stdout] test mvba::hash::tests::test_decoding ... ok
[INFO] [stdout] test mvba::hash::tests::test_calc ... ok
[INFO] [stdout] test mvba::abba::test::test_should_publish_pre_vote_message ... ok
[INFO] [stdout] test mvba::abba::test::test_pre_vote_round_1_invalid_c_final_signature ... ok
[INFO] [stdout] test mvba::mvba::tests::test_ignore_messages_with_wrong_id ... ok
[INFO] [stdout] test mvba::mvba::tests::test_ignore_messages_no_vote_with_proof ... ok
[INFO] [stdout] test mvba::mvba::tests::test_ignore_messages_with_invalid_signature ... ok
[INFO] [stdout] test mvba::mvba::tests::test_double_vote ... ok
[INFO] [stdout] test mvba::mvba::tests::test_ignore_messages_yes_vote_without_proof ... ok
[INFO] [stdout] test mvba::mvba::tests::test_ignore_proposal_with_an_invalid_proof ... ok
[INFO] [stdout] test mvba::abba::test::test_normal_case_zero ... ok
[INFO] [stdout] test mvba::tests::test_mocked_decision ... ok
[INFO] [stdout] test consensus::tests::test_have_we_seen_this_vote_before ... ok
[INFO] [stdout] test mvba::abba::test::test_should_publish_main_vote_message ... ok
[INFO] [stdout] test mvba::mvba::tests::test_request_proposal ... ok
[INFO] [stdout] test mvba::vcbc::test::test_c_request ... ok
[INFO] [stdout] test mvba::vcbc::test::test_c_answer ... ok
[INFO] [stdout] test mvba::vcbc::test::test_final_message_first ... ok
[INFO] [stdout] test mvba::vcbc::test::test_ignore_messages_with_invalid_tag ... ok
[INFO] [stdout] test mvba::vcbc::test::test_invalid_message ... ok
[INFO] [stdout] test mvba::vcbc::test::test_invalid_digest ... ok
[INFO] [stdout] test mvba::abba::test::test_normal_case_one_round ... ok
[INFO] [stdout] test mvba::vcbc::test::test_should_c_ready ... ok
[INFO] [stdout] test mvba::vcbc::test::test_request_for_proposal ... ok
[INFO] [stdout] test mvba::vcbc::test::test_should_c_send ... ok
[INFO] [stdout] test mvba::mvba::tests::test_normal_case ... ok
[INFO] [stdout] test mvba::vcbc::test::test_invalid_sig_share ... ok
[INFO] [stdout] test mvba::mvba::tests::test_normal_case_no_vote ... ok
[INFO] [stdout] test mvba::abba::test::test_two_rounds ... ok
[INFO] [stdout] test mvba::vcbc::test::test_normal_case_operation ... ok
[INFO] [stdout] test mvba::abba::test::test_prevent_double_pre_vote ... ok
[INFO] [stdout] test mvba::vcbc::proptest::test_vcbc_happy_path ... ok
[INFO] [stdout] test mvba::abba::test::test_three_rounds ... ok
[INFO] [stdout] test mvba::abba::proptest::test_net_happy_path ... ok
[INFO] [stdout] test mvba::consensus::tests::test_prevent_decision_conflict ... ok
[INFO] [stdout] test mvba::consensus::tests::test_proof ... ok
[INFO] [stdout] test mvba::consensus::tests::test_random_msg_mvba_accepts_messages_from_previous_proposer ... ok
[INFO] [stdout] test mvba::vcbc::proptest::prop_vcbc_terminates_under_randomized_msg_delivery ... ok
[INFO] [stderr]      Running tests/handover_net.rs (/opt/rustwide/target/debug/deps/handover_net-9eb7a8ad23ea8a38)
[INFO] [stdout] test mvba::consensus::tests::prop_random_msg_delivery ... ok
[INFO] [stdout] 
[INFO] [stdout] test result: ok. 48 passed; 0 failed; 0 ignored; 0 measured; 0 filtered out; finished in 52.66s
[INFO] [stdout] 
[INFO] [stdout] 
[INFO] [stdout] running 0 tests
[INFO] [stdout] 
[INFO] [stdout] test result: ok. 0 passed; 0 failed; 0 ignored; 0 measured; 0 filtered out; finished in 0.00s
[INFO] [stdout] 
[INFO] [stderr]      Running tests/membership_net.rs (/opt/rustwide/target/debug/deps/membership_net-38f58ae230825560)
[INFO] [stdout] 
[INFO] [stdout] running 0 tests
[INFO] [stdout] 
[INFO] [stdout] test result: ok. 0 passed; 0 failed; 0 ignored; 0 measured; 0 filtered out; finished in 0.00s
[INFO] [stdout] 
[INFO] [stderr]      Running tests/sn_handover.rs (/opt/rustwide/target/debug/deps/sn_handover-482099d56a53b9d4)
[INFO] [stdout] 
[INFO] [stdout] running 8 tests
[INFO] [stdout] test test_handover_reject_votes_with_invalid_signatures ... ok
[INFO] [stdout] test test_handover_handle_vote_rejects_packet_from_bad_gen ... ok
[INFO] [stdout] test test_handover_round_robin_split_vote ... FAILED
[INFO] [stdout] test test_handover_reject_vote_from_non_member ... ok
[INFO] [stdout] test test_handover_reject_voter_changing_proposal_when_one_is_in_progress ... ok
[INFO] [stdout] test test_handover_simple_proposal ... FAILED
[INFO] [stdout] test test_handover_one_faulty_node_and_many_packet_drops ... FAILED
[INFO] [stdout] test test_handover_split_vote ... ok
[INFO] [stdout] 
[INFO] [stdout] failures:
[INFO] [stdout] 
[INFO] [stdout] ---- test_handover_round_robin_split_vote stdout ----
[INFO] [stdout] [TEST] testing with 1 elder(s)
[INFO] [stdout] Error: We experienced an IO error
[INFO] [stdout] 
[INFO] [stdout] Caused by:
[INFO] [stdout]     Read-only file system (os error 30)
[INFO] [stdout] 
[INFO] [stdout] Location:
[INFO] [stdout]     tests/sn_handover.rs:232:9
[INFO] [stdout] 
[INFO] [stdout] ---- test_handover_simple_proposal stdout ----
[INFO] [stdout] 
[INFO] [stdout] thread 'test_handover_simple_proposal' panicked at tests/sn_handover.rs:261:50:
[INFO] [stdout] called `Result::unwrap()` on an `Err` value: IO(Os { code: 30, kind: ReadOnlyFilesystem, message: "Read-only file system" })
[INFO] [stdout] stack backtrace:
[INFO] [stdout]    0:     0x557815225eba - std::backtrace_rs::backtrace::libunwind::trace::hb059275cfc8d6126
[INFO] [stdout]                                at /rustc/6067b36314ab5eb2eb47cecc464545ba58e1ad24/library/std/src/../../backtrace/src/backtrace/libunwind.rs:116:5
[INFO] [stdout]    1:     0x557815225eba - std::backtrace_rs::backtrace::trace_unsynchronized::h2da071e4327ce3ee
[INFO] [stdout]                                at /rustc/6067b36314ab5eb2eb47cecc464545ba58e1ad24/library/std/src/../../backtrace/src/backtrace/mod.rs:66:5
[INFO] [stdout]    2:     0x557815225eba - std::sys::backtrace::_print_fmt::h842a1474e6f8d23f
[INFO] [stdout]                                at /rustc/6067b36314ab5eb2eb47cecc464545ba58e1ad24/library/std/src/sys/backtrace.rs:66:9
[INFO] [stdout]    3:     0x557815225eba - <std::sys::backtrace::BacktraceLock::print::DisplayBacktrace as core::fmt::Display>::fmt::h71a62eb3b9696b12
[INFO] [stdout]                                at /rustc/6067b36314ab5eb2eb47cecc464545ba58e1ad24/library/std/src/sys/backtrace.rs:39:26
[INFO] [stdout]    4:     0x55781524e0a3 - core::fmt::rt::Argument::fmt::hdb6b616786b41dc1
[INFO] [stdout]                                at /rustc/6067b36314ab5eb2eb47cecc464545ba58e1ad24/library/core/src/fmt/rt.rs:177:76
[INFO] [stdout]    5:     0x55781524e0a3 - core::fmt::write::h2cc1698af7e2d686
[INFO] [stdout]                                at /rustc/6067b36314ab5eb2eb47cecc464545ba58e1ad24/library/core/src/fmt/mod.rs:1440:21
[INFO] [stdout]    6:     0x557815222a13 - std::io::Write::write_fmt::hab1b4cd059a79022
[INFO] [stdout]                                at /rustc/6067b36314ab5eb2eb47cecc464545ba58e1ad24/library/std/src/io/mod.rs:1887:15
[INFO] [stdout]    7:     0x557815225d02 - std::sys::backtrace::BacktraceLock::print::h147fe35b4ea13b08
[INFO] [stdout]                                at /rustc/6067b36314ab5eb2eb47cecc464545ba58e1ad24/library/std/src/sys/backtrace.rs:42:9
[INFO] [stdout]    8:     0x5578152272df - std::panicking::default_hook::{{closure}}::hbd44223dbdc0d208
[INFO] [stdout]                                at /rustc/6067b36314ab5eb2eb47cecc464545ba58e1ad24/library/std/src/panicking.rs:298:22
[INFO] [stdout]    9:     0x5578152270f8 - std::panicking::default_hook::h20f81eb0576efcec
[INFO] [stdout]                                at /rustc/6067b36314ab5eb2eb47cecc464545ba58e1ad24/library/std/src/panicking.rs:322:9
[INFO] [stdout]   10:     0x5578151d0823 - <alloc::boxed::Box<F,A> as core::ops::function::Fn<Args>>::call::hdb53814c496a4d34
[INFO] [stdout]                                at /rustc/6067b36314ab5eb2eb47cecc464545ba58e1ad24/library/alloc/src/boxed.rs:2027:9
[INFO] [stdout]   11:     0x5578151d0823 - test::test_main::{{closure}}::hc0a4963c59427c24
[INFO] [stdout]                                at /rustc/6067b36314ab5eb2eb47cecc464545ba58e1ad24/library/test/src/lib.rs:134:21
[INFO] [stdout]   12:     0x557815227dd3 - <alloc::boxed::Box<F,A> as core::ops::function::Fn<Args>>::call::h591b2225413a77e9
[INFO] [stdout]                                at /rustc/6067b36314ab5eb2eb47cecc464545ba58e1ad24/library/alloc/src/boxed.rs:2027:9
[INFO] [stdout]   13:     0x557815227dd3 - std::panicking::rust_panic_with_hook::h625eea43051b2edc
[INFO] [stdout]                                at /rustc/6067b36314ab5eb2eb47cecc464545ba58e1ad24/library/std/src/panicking.rs:839:13
[INFO] [stdout]   14:     0x557815227a8a - std::panicking::begin_panic_handler::{{closure}}::h4f9159cfbc3f6bd3
[INFO] [stdout]                                at /rustc/6067b36314ab5eb2eb47cecc464545ba58e1ad24/library/std/src/panicking.rs:704:13
[INFO] [stdout]   15:     0x5578152263b9 - std::sys::backtrace::__rust_end_short_backtrace::h0390abce48353151
[INFO] [stdout]                                at /rustc/6067b36314ab5eb2eb47cecc464545ba58e1ad24/library/std/src/sys/backtrace.rs:168:18
[INFO] [stdout]   16:     0x55781522771d - rust_begin_unwind
[INFO] [stdout]                                at /rustc/6067b36314ab5eb2eb47cecc464545ba58e1ad24/library/std/src/panicking.rs:695:5
[INFO] [stdout]   17:     0x55781524c730 - core::panicking::panic_fmt::h9e7c637e9e5f29c9
[INFO] [stdout]                                at /rustc/6067b36314ab5eb2eb47cecc464545ba58e1ad24/library/core/src/panicking.rs:75:14
[INFO] [stdout]   18:     0x55781524cba6 - core::result::unwrap_failed::h7979f09313fe1849
[INFO] [stdout]                                at /rustc/6067b36314ab5eb2eb47cecc464545ba58e1ad24/library/core/src/result.rs:1704:5
[INFO] [stdout]   19:     0x557815086779 - core::result::Result<T,E>::unwrap::h239ed5db034a0d97
[INFO] [stdout]                                at /rustc/6067b36314ab5eb2eb47cecc464545ba58e1ad24/library/core/src/result.rs:1109:23
[INFO] [stdout]   20:     0x557815086779 - sn_handover::test_handover_simple_proposal::h888bf30941ace502
[INFO] [stdout]                                at /opt/rustwide/workdir/tests/sn_handover.rs:261:5
[INFO] [stdout]   21:     0x557815086779 - sn_handover::test_handover_simple_proposal::{{closure}}::h4a7235c1838b08aa
[INFO] [stdout]                                at /opt/rustwide/workdir/tests/sn_handover.rs:248:35
[INFO] [stdout]   22:     0x557815086779 - core::ops::function::FnOnce::call_once::h65b5ac134f3b8506
[INFO] [stdout]                                at /rustc/6067b36314ab5eb2eb47cecc464545ba58e1ad24/library/core/src/ops/function.rs:250:5
[INFO] [stdout]   23:     0x5578151d5f7b - core::ops::function::FnOnce::call_once::he27718dfdd183f43
[INFO] [stdout]                                at /rustc/6067b36314ab5eb2eb47cecc464545ba58e1ad24/library/core/src/ops/function.rs:250:5
[INFO] [stdout]   24:     0x5578151d5f7b - test::__rust_begin_short_backtrace::h4e84902998457a5d
[INFO] [stdout]                                at /rustc/6067b36314ab5eb2eb47cecc464545ba58e1ad24/library/test/src/lib.rs:632:18
[INFO] [stdout]   25:     0x5578151d4eb3 - test::run_test_in_process::{{closure}}::h7176fd18fc1feca0
[INFO] [stdout]                                at /rustc/6067b36314ab5eb2eb47cecc464545ba58e1ad24/library/test/src/lib.rs:655:60
[INFO] [stdout]   26:     0x5578151d4eb3 - <core::panic::unwind_safe::AssertUnwindSafe<F> as core::ops::function::FnOnce<()>>::call_once::hf79cff2a624d8cf7
[INFO] [stdout]                                at /rustc/6067b36314ab5eb2eb47cecc464545ba58e1ad24/library/core/src/panic/unwind_safe.rs:272:9
[INFO] [stdout]   27:     0x5578151d4eb3 - std::panicking::try::do_call::h3da0561d9ab99c25
[INFO] [stdout]                                at /rustc/6067b36314ab5eb2eb47cecc464545ba58e1ad24/library/std/src/panicking.rs:587:40
[INFO] [stdout]   28:     0x5578151d4eb3 - std::panicking::try::h41c9fa508bc61df6
[INFO] [stdout]                                at /rustc/6067b36314ab5eb2eb47cecc464545ba58e1ad24/library/std/src/panicking.rs:550:19
[INFO] [stdout]   29:     0x5578151d4eb3 - std::panic::catch_unwind::h6b3ff07bb5afad93
[INFO] [stdout]                                at /rustc/6067b36314ab5eb2eb47cecc464545ba58e1ad24/library/std/src/panic.rs:358:14
[INFO] [stdout]   30:     0x5578151d4eb3 - test::run_test_in_process::hc7253dd11b39b9f4
[INFO] [stdout]                                at /rustc/6067b36314ab5eb2eb47cecc464545ba58e1ad24/library/test/src/lib.rs:655:27
[INFO] [stdout]   31:     0x5578151d4eb3 - test::run_test::{{closure}}::hfb2007f8649c30bb
[INFO] [stdout]                                at /rustc/6067b36314ab5eb2eb47cecc464545ba58e1ad24/library/test/src/lib.rs:576:43
[INFO] [stdout]   32:     0x557815197f95 - test::run_test::{{closure}}::h56a17aa7a282a9f4
[INFO] [stdout]                                at /rustc/6067b36314ab5eb2eb47cecc464545ba58e1ad24/library/test/src/lib.rs:606:41
[INFO] [stdout]   33:     0x557815197f95 - std::sys::backtrace::__rust_begin_short_backtrace::hd2d2d2fb8e8c6aac
[INFO] [stdout]                                at /rustc/6067b36314ab5eb2eb47cecc464545ba58e1ad24/library/std/src/sys/backtrace.rs:152:18
[INFO] [stdout]   34:     0x55781519b87a - std::thread::Builder::spawn_unchecked_::{{closure}}::{{closure}}::h4faa3f9db6133423
[INFO] [stdout]                                at /rustc/6067b36314ab5eb2eb47cecc464545ba58e1ad24/library/std/src/thread/mod.rs:559:17
[INFO] [stdout]   35:     0x55781519b87a - <core::panic::unwind_safe::AssertUnwindSafe<F> as core::ops::function::FnOnce<()>>::call_once::hf2e855a36a4ea846
[INFO] [stdout]                                at /rustc/6067b36314ab5eb2eb47cecc464545ba58e1ad24/library/core/src/panic/unwind_safe.rs:272:9
[INFO] [stdout]   36:     0x55781519b87a - std::panicking::try::do_call::h2f73af3616c35465
[INFO] [stdout]                                at /rustc/6067b36314ab5eb2eb47cecc464545ba58e1ad24/library/std/src/panicking.rs:587:40
[INFO] [stdout]   37:     0x55781519b87a - std::panicking::try::hd1660ce9efadef5a
[INFO] [stdout]                                at /rustc/6067b36314ab5eb2eb47cecc464545ba58e1ad24/library/std/src/panicking.rs:550:19
[INFO] [stdout]   38:     0x55781519b87a - std::panic::catch_unwind::h5ee8d7823b8ca744
[INFO] [stdout]                                at /rustc/6067b36314ab5eb2eb47cecc464545ba58e1ad24/library/std/src/panic.rs:358:14
[INFO] [stdout]   39:     0x55781519b87a - std::thread::Builder::spawn_unchecked_::{{closure}}::h53c3a1894dce8407
[INFO] [stdout]                                at /rustc/6067b36314ab5eb2eb47cecc464545ba58e1ad24/library/std/src/thread/mod.rs:557:30
[INFO] [stdout]   40:     0x55781519b87a - core::ops::function::FnOnce::call_once{{vtable.shim}}::h048ce291ad4f62bf
[INFO] [stdout]                                at /rustc/6067b36314ab5eb2eb47cecc464545ba58e1ad24/library/core/src/ops/function.rs:250:5
[INFO] [stdout]   41:     0x55781522bd1b - <alloc::boxed::Box<F,A> as core::ops::function::FnOnce<Args>>::call_once::ha52bedf99a3b4981
[INFO] [stdout]                                at /rustc/6067b36314ab5eb2eb47cecc464545ba58e1ad24/library/alloc/src/boxed.rs:2013:9
[INFO] [stdout]   42:     0x55781522bd1b - <alloc::boxed::Box<F,A> as core::ops::function::FnOnce<Args>>::call_once::h567748934d80ccf8
[INFO] [stdout]                                at /rustc/6067b36314ab5eb2eb47cecc464545ba58e1ad24/library/alloc/src/boxed.rs:2013:9
[INFO] [stdout]   43:     0x55781522bd1b - std::sys::pal::unix::thread::Thread::new::thread_start::h2d970728ae887adc
[INFO] [stdout]                                at /rustc/6067b36314ab5eb2eb47cecc464545ba58e1ad24/library/std/src/sys/pal/unix/thread.rs:106:17
[INFO] [stdout]   44:     0x73d3a31f3ac3 - <unknown>
[INFO] [stdout]   45:     0x73d3a3284a04 - clone
[INFO] [stdout]   46:                0x0 - <unknown>
[INFO] [stdout] 
[INFO] [stdout] ---- test_handover_one_faulty_node_and_many_packet_drops stdout ----
[INFO] [stdout] 
[INFO] [stdout] thread 'test_handover_one_faulty_node_and_many_packet_drops' panicked at tests/sn_handover.rs:67:10:
[INFO] [stdout] called `Result::unwrap()` on an `Err` value: IO(Os { code: 30, kind: ReadOnlyFilesystem, message: "Read-only file system" })
[INFO] [stdout] stack backtrace:
[INFO] [stdout]    0:     0x557815225eba - std::backtrace_rs::backtrace::libunwind::trace::hb059275cfc8d6126
[INFO] [stdout]                                at /rustc/6067b36314ab5eb2eb47cecc464545ba58e1ad24/library/std/src/../../backtrace/src/backtrace/libunwind.rs:116:5
[INFO] [stdout]    1:     0x557815225eba - std::backtrace_rs::backtrace::trace_unsynchronized::h2da071e4327ce3ee
[INFO] [stdout]                                at /rustc/6067b36314ab5eb2eb47cecc464545ba58e1ad24/library/std/src/../../backtrace/src/backtrace/mod.rs:66:5
[INFO] [stdout]    2:     0x557815225eba - std::sys::backtrace::_print_fmt::h842a1474e6f8d23f
[INFO] [stdout]                                at /rustc/6067b36314ab5eb2eb47cecc464545ba58e1ad24/library/std/src/sys/backtrace.rs:66:9
[INFO] [stdout]    3:     0x557815225eba - <std::sys::backtrace::BacktraceLock::print::DisplayBacktrace as core::fmt::Display>::fmt::h71a62eb3b9696b12
[INFO] [stdout]                                at /rustc/6067b36314ab5eb2eb47cecc464545ba58e1ad24/library/std/src/sys/backtrace.rs:39:26
[INFO] [stdout]    4:     0x55781524e0a3 - core::fmt::rt::Argument::fmt::hdb6b616786b41dc1
[INFO] [stdout]                                at /rustc/6067b36314ab5eb2eb47cecc464545ba58e1ad24/library/core/src/fmt/rt.rs:177:76
[INFO] [stdout]    5:     0x55781524e0a3 - core::fmt::write::h2cc1698af7e2d686
[INFO] [stdout]                                at /rustc/6067b36314ab5eb2eb47cecc464545ba58e1ad24/library/core/src/fmt/mod.rs:1440:21
[INFO] [stdout]    6:     0x557815222a13 - std::io::Write::write_fmt::hab1b4cd059a79022
[INFO] [stdout]                                at /rustc/6067b36314ab5eb2eb47cecc464545ba58e1ad24/library/std/src/io/mod.rs:1887:15
[INFO] [stdout]    7:     0x557815225d02 - std::sys::backtrace::BacktraceLock::print::h147fe35b4ea13b08
[INFO] [stdout]                                at /rustc/6067b36314ab5eb2eb47cecc464545ba58e1ad24/library/std/src/sys/backtrace.rs:42:9
[INFO] [stdout]    8:     0x5578152272df - std::panicking::default_hook::{{closure}}::hbd44223dbdc0d208
[INFO] [stdout]                                at /rustc/6067b36314ab5eb2eb47cecc464545ba58e1ad24/library/std/src/panicking.rs:298:22
[INFO] [stdout]    9:     0x5578152270f8 - std::panicking::default_hook::h20f81eb0576efcec
[INFO] [stdout]                                at /rustc/6067b36314ab5eb2eb47cecc464545ba58e1ad24/library/std/src/panicking.rs:322:9
[INFO] [stdout]   10:     0x5578151d0823 - <alloc::boxed::Box<F,A> as core::ops::function::Fn<Args>>::call::hdb53814c496a4d34
[INFO] [stdout]                                at /rustc/6067b36314ab5eb2eb47cecc464545ba58e1ad24/library/alloc/src/boxed.rs:2027:9
[INFO] [stdout]   11:     0x5578151d0823 - test::test_main::{{closure}}::hc0a4963c59427c24
[INFO] [stdout]                                at /rustc/6067b36314ab5eb2eb47cecc464545ba58e1ad24/library/test/src/lib.rs:134:21
[INFO] [stdout]   12:     0x557815227dd3 - <alloc::boxed::Box<F,A> as core::ops::function::Fn<Args>>::call::h591b2225413a77e9
[INFO] [stdout]                                at /rustc/6067b36314ab5eb2eb47cecc464545ba58e1ad24/library/alloc/src/boxed.rs:2027:9
[INFO] [stdout]   13:     0x557815227dd3 - std::panicking::rust_panic_with_hook::h625eea43051b2edc
[INFO] [stdout]                                at /rustc/6067b36314ab5eb2eb47cecc464545ba58e1ad24/library/std/src/panicking.rs:839:13
[INFO] [stdout]   14:     0x557815227a8a - std::panicking::begin_panic_handler::{{closure}}::h4f9159cfbc3f6bd3
[INFO] [stdout]                                at /rustc/6067b36314ab5eb2eb47cecc464545ba58e1ad24/library/std/src/panicking.rs:704:13
[INFO] [stdout]   15:     0x5578152263b9 - std::sys::backtrace::__rust_end_short_backtrace::h0390abce48353151
[INFO] [stdout]                                at /rustc/6067b36314ab5eb2eb47cecc464545ba58e1ad24/library/std/src/sys/backtrace.rs:168:18
[INFO] [stdout]   16:     0x55781522771d - rust_begin_unwind
[INFO] [stdout]                                at /rustc/6067b36314ab5eb2eb47cecc464545ba58e1ad24/library/std/src/panicking.rs:695:5
[INFO] [stdout]   17:     0x55781524c730 - core::panicking::panic_fmt::h9e7c637e9e5f29c9
[INFO] [stdout]                                at /rustc/6067b36314ab5eb2eb47cecc464545ba58e1ad24/library/core/src/panicking.rs:75:14
[INFO] [stdout]   18:     0x55781524cba6 - core::result::unwrap_failed::h7979f09313fe1849
[INFO] [stdout]                                at /rustc/6067b36314ab5eb2eb47cecc464545ba58e1ad24/library/core/src/result.rs:1704:5
[INFO] [stdout]   19:     0x557815089e8a - core::result::Result<T,E>::unwrap::h239ed5db034a0d97
[INFO] [stdout]                                at /rustc/6067b36314ab5eb2eb47cecc464545ba58e1ad24/library/core/src/result.rs:1109:23
[INFO] [stdout]   20:     0x557815089e8a - sn_handover::test_handover_one_faulty_node_and_many_packet_drops::h522f6eb5d6d4ebd7
[INFO] [stdout]                                at /opt/rustwide/workdir/tests/sn_handover.rs:66:5
[INFO] [stdout]   21:     0x557815089e8a - sn_handover::test_handover_one_faulty_node_and_many_packet_drops::{{closure}}::h1172722bc9fbee27
[INFO] [stdout]                                at /opt/rustwide/workdir/tests/sn_handover.rs:18:57
[INFO] [stdout]   22:     0x557815089e8a - core::ops::function::FnOnce::call_once::hf42ee04de6eefbe2
[INFO] [stdout]                                at /rustc/6067b36314ab5eb2eb47cecc464545ba58e1ad24/library/core/src/ops/function.rs:250:5
[INFO] [stdout]   23:     0x5578151d5f7b - core::ops::function::FnOnce::call_once::he27718dfdd183f43
[INFO] [stdout]                                at /rustc/6067b36314ab5eb2eb47cecc464545ba58e1ad24/library/core/src/ops/function.rs:250:5
[INFO] [stdout]   24:     0x5578151d5f7b - test::__rust_begin_short_backtrace::h4e84902998457a5d
[INFO] [stdout]                                at /rustc/6067b36314ab5eb2eb47cecc464545ba58e1ad24/library/test/src/lib.rs:632:18
[INFO] [stdout]   25:     0x5578151d4eb3 - test::run_test_in_process::{{closure}}::h7176fd18fc1feca0
[INFO] [stdout]                                at /rustc/6067b36314ab5eb2eb47cecc464545ba58e1ad24/library/test/src/lib.rs:655:60
[INFO] [stdout]   26:     0x5578151d4eb3 - <core::panic::unwind_safe::AssertUnwindSafe<F> as core::ops::function::FnOnce<()>>::call_once::hf79cff2a624d8cf7
[INFO] [stdout]                                at /rustc/6067b36314ab5eb2eb47cecc464545ba58e1ad24/library/core/src/panic/unwind_safe.rs:272:9
[INFO] [stdout]   27:     0x5578151d4eb3 - std::panicking::try::do_call::h3da0561d9ab99c25
[INFO] [stdout]                                at /rustc/6067b36314ab5eb2eb47cecc464545ba58e1ad24/library/std/src/panicking.rs:587:40
[INFO] [stdout]   28:     0x5578151d4eb3 - std::panicking::try::h41c9fa508bc61df6
[INFO] [stdout]                                at /rustc/6067b36314ab5eb2eb47cecc464545ba58e1ad24/library/std/src/panicking.rs:550:19
[INFO] [stdout]   29:     0x5578151d4eb3 - std::panic::catch_unwind::h6b3ff07bb5afad93
[INFO] [stdout]                                at /rustc/6067b36314ab5eb2eb47cecc464545ba58e1ad24/library/std/src/panic.rs:358:14
[INFO] [stdout]   30:     0x5578151d4eb3 - test::run_test_in_process::hc7253dd11b39b9f4
[INFO] [stdout]                                at /rustc/6067b36314ab5eb2eb47cecc464545ba58e1ad24/library/test/src/lib.rs:655:27
[INFO] [stdout]   31:     0x5578151d4eb3 - test::run_test::{{closure}}::hfb2007f8649c30bb
[INFO] [stdout]                                at /rustc/6067b36314ab5eb2eb47cecc464545ba58e1ad24/library/test/src/lib.rs:576:43
[INFO] [stdout]   32:     0x557815197f95 - test::run_test::{{closure}}::h56a17aa7a282a9f4
[INFO] [stdout]                                at /rustc/6067b36314ab5eb2eb47cecc464545ba58e1ad24/library/test/src/lib.rs:606:41
[INFO] [stdout]   33:     0x557815197f95 - std::sys::backtrace::__rust_begin_short_backtrace::hd2d2d2fb8e8c6aac
[INFO] [stdout]                                at /rustc/6067b36314ab5eb2eb47cecc464545ba58e1ad24/library/std/src/sys/backtrace.rs:152:18
[INFO] [stdout]   34:     0x55781519b87a - std::thread::Builder::spawn_unchecked_::{{closure}}::{{closure}}::h4faa3f9db6133423
[INFO] [stdout]                                at /rustc/6067b36314ab5eb2eb47cecc464545ba58e1ad24/library/std/src/thread/mod.rs:559:17
[INFO] [stdout]   35:     0x55781519b87a - <core::panic::unwind_safe::AssertUnwindSafe<F> as core::ops::function::FnOnce<()>>::call_once::hf2e855a36a4ea846
[INFO] [stdout]                                at /rustc/6067b36314ab5eb2eb47cecc464545ba58e1ad24/library/core/src/panic/unwind_safe.rs:272:9
[INFO] [stdout]   36:     0x55781519b87a - std::panicking::try::do_call::h2f73af3616c35465
[INFO] [stdout]                                at /rustc/6067b36314ab5eb2eb47cecc464545ba58e1ad24/library/std/src/panicking.rs:587:40
[INFO] [stdout]   37:     0x55781519b87a - std::panicking::try::hd1660ce9efadef5a
[INFO] [stdout]                                at /rustc/6067b36314ab5eb2eb47cecc464545ba58e1ad24/library/std/src/panicking.rs:550:19
[INFO] [stdout]   38:     0x55781519b87a - std::panic::catch_unwind::h5ee8d7823b8ca744
[INFO] [stdout]                                at /rustc/6067b36314ab5eb2eb47cecc464545ba58e1ad24/library/std/src/panic.rs:358:14
[INFO] [stdout]   39:     0x55781519b87a - std::thread::Builder::spawn_unchecked_::{{closure}}::h53c3a1894dce8407
[INFO] [stdout]                                at /rustc/6067b36314ab5eb2eb47cecc464545ba58e1ad24/library/std/src/thread/mod.rs:557:30
[INFO] [stdout]   40:     0x55781519b87a - core::ops::function::FnOnce::call_once{{vtable.shim}}::h048ce291ad4f62bf
[INFO] [stdout]                                at /rustc/6067b36314ab5eb2eb47cecc464545ba58e1ad24/library/core/src/ops/function.rs:250:5
[INFO] [stdout]   41:     0x55781522bd1b - <alloc::boxed::Box<F,A> as core::ops::function::FnOnce<Args>>::call_once::ha52bedf99a3b4981
[INFO] [stdout]                                at /rustc/6067b36314ab5eb2eb47cecc464545ba58e1ad24/library/alloc/src/boxed.rs:2013:9
[INFO] [stdout]   42:     0x55781522bd1b - <alloc::boxed::Box<F,A> as core::ops::function::FnOnce<Args>>::call_once::h567748934d80ccf8
[INFO] [stdout]                                at /rustc/6067b36314ab5eb2eb47cecc464545ba58e1ad24/library/alloc/src/boxed.rs:2013:9
[INFO] [stdout]   43:     0x55781522bd1b - std::sys::pal::unix::thread::Thread::new::thread_start::h2d970728ae887adc
[INFO] [stdout]                                at /rustc/6067b36314ab5eb2eb47cecc464545ba58e1ad24/library/std/src/sys/pal/unix/thread.rs:106:17
[INFO] [stdout]   44:     0x73d3a31f3ac3 - <unknown>
[INFO] [stdout]   45:     0x73d3a3284a04 - clone
[INFO] [stdout]   46:                0x0 - <unknown>
[INFO] [stdout] 
[INFO] [stdout] 
[INFO] [stdout] failures:
[INFO] [stdout]     test_handover_one_faulty_node_and_many_packet_drops
[INFO] [stdout]     test_handover_round_robin_split_vote
[INFO] [stdout]     test_handover_simple_proposal
[INFO] [stdout] 
[INFO] [stdout] test result: FAILED. 5 passed; 3 failed; 0 ignored; 0 measured; 0 filtered out; finished in 4.19s
[INFO] [stdout] 
[INFO] [stderr] error: test failed, to rerun pass `--test sn_handover`
[INFO] running `Command { std: "docker" "inspect" "805fa4b5c2cd44fbe810dfa6a36415f1bde952e5180c4eeddafa8f0ce70baf7a", kill_on_drop: false }`
[INFO] running `Command { std: "docker" "rm" "-f" "805fa4b5c2cd44fbe810dfa6a36415f1bde952e5180c4eeddafa8f0ce70baf7a", kill_on_drop: false }`
[INFO] [stdout] 805fa4b5c2cd44fbe810dfa6a36415f1bde952e5180c4eeddafa8f0ce70baf7a
