[INFO] fetching crate smlog 0.1.4...
[INFO] testing smlog-0.1.4 against nightly-2025-01-18 for randomize-layout-2
[INFO] extracting crate smlog 0.1.4 into /workspace/builds/worker-4-tc1/source
[INFO] validating manifest of crates.io crate smlog 0.1.4 on toolchain nightly-2025-01-18
[INFO] running `Command { std: CARGO_HOME="/workspace/cargo-home" RUSTUP_HOME="/workspace/rustup-home" "/workspace/cargo-home/bin/cargo" "+nightly-2025-01-18" "metadata" "--manifest-path" "Cargo.toml" "--no-deps", kill_on_drop: false }`
[INFO] started tweaking crates.io crate smlog 0.1.4
[INFO] finished tweaking crates.io crate smlog 0.1.4
[INFO] tweaked toml for crates.io crate smlog 0.1.4 written to /workspace/builds/worker-4-tc1/source/Cargo.toml
[INFO] running `Command { std: CARGO_HOME="/workspace/cargo-home" RUSTUP_HOME="/workspace/rustup-home" "/workspace/cargo-home/bin/cargo" "+nightly-2025-01-18" "generate-lockfile" "--manifest-path" "Cargo.toml", kill_on_drop: false }`
[INFO] [stderr]     Updating crates.io index
[INFO] [stderr]      Locking 1 package to latest compatible version
[INFO] running `Command { std: CARGO_HOME="/workspace/cargo-home" RUSTUP_HOME="/workspace/rustup-home" "/workspace/cargo-home/bin/cargo" "+nightly-2025-01-18" "fetch" "--manifest-path" "Cargo.toml", kill_on_drop: false }`
[INFO] running `Command { std: "docker" "create" "-v" "/var/lib/crater-agent-workspace/builds/worker-4-tc1/target:/opt/rustwide/target:rw,Z" "-v" "/var/lib/crater-agent-workspace/builds/worker-4-tc1/source:/opt/rustwide/workdir:ro,Z" "-v" "/var/lib/crater-agent-workspace/cargo-home:/opt/rustwide/cargo-home:ro,Z" "-v" "/var/lib/crater-agent-workspace/rustup-home:/opt/rustwide/rustup-home:ro,Z" "-e" "SOURCE_DIR=/opt/rustwide/workdir" "-e" "CARGO_TARGET_DIR=/opt/rustwide/target" "-e" "CARGO_HOME=/opt/rustwide/cargo-home" "-e" "RUSTUP_HOME=/opt/rustwide/rustup-home" "-w" "/opt/rustwide/workdir" "-m" "1610612736" "--user" "0:0" "--network" "none" "ghcr.io/rust-lang/crates-build-env/linux@sha256:819108c5571ea2e421544af4d832f968d213c87fbe3707a016657f43d2f853bc" "/opt/rustwide/cargo-home/bin/cargo" "+nightly-2025-01-18" "metadata" "--no-deps" "--format-version=1", kill_on_drop: false }`
[INFO] [stdout] 2c2ba548af54876f7e2ef528421d04a62788c6217f96d02d853c90b9e44e5c99
[INFO] running `Command { std: "docker" "start" "-a" "2c2ba548af54876f7e2ef528421d04a62788c6217f96d02d853c90b9e44e5c99", kill_on_drop: false }`
[INFO] running `Command { std: "docker" "inspect" "2c2ba548af54876f7e2ef528421d04a62788c6217f96d02d853c90b9e44e5c99", kill_on_drop: false }`
[INFO] running `Command { std: "docker" "rm" "-f" "2c2ba548af54876f7e2ef528421d04a62788c6217f96d02d853c90b9e44e5c99", kill_on_drop: false }`
[INFO] [stdout] 2c2ba548af54876f7e2ef528421d04a62788c6217f96d02d853c90b9e44e5c99
[INFO] running `Command { std: "docker" "create" "-v" "/var/lib/crater-agent-workspace/builds/worker-4-tc1/target:/opt/rustwide/target:rw,Z" "-v" "/var/lib/crater-agent-workspace/builds/worker-4-tc1/source:/opt/rustwide/workdir:ro,Z" "-v" "/var/lib/crater-agent-workspace/cargo-home:/opt/rustwide/cargo-home:ro,Z" "-v" "/var/lib/crater-agent-workspace/rustup-home:/opt/rustwide/rustup-home:ro,Z" "-e" "SOURCE_DIR=/opt/rustwide/workdir" "-e" "CARGO_TARGET_DIR=/opt/rustwide/target" "-e" "CARGO_INCREMENTAL=0" "-e" "RUST_BACKTRACE=full" "-e" "RUSTFLAGS=--cap-lints=forbid" "-e" "RUSTDOCFLAGS=--cap-lints=forbid" "-e" "CARGO_HOME=/opt/rustwide/cargo-home" "-e" "RUSTUP_HOME=/opt/rustwide/rustup-home" "-w" "/opt/rustwide/workdir" "-m" "1610612736" "--user" "0:0" "--network" "none" "ghcr.io/rust-lang/crates-build-env/linux@sha256:819108c5571ea2e421544af4d832f968d213c87fbe3707a016657f43d2f853bc" "/opt/rustwide/cargo-home/bin/cargo" "+nightly-2025-01-18" "build" "--frozen" "--message-format=json", kill_on_drop: false }`
[INFO] [stdout] 088ff488b2d12098b32f02e24d3e438539366a09fcf6503a167ea72e946969f4
[INFO] running `Command { std: "docker" "start" "-a" "088ff488b2d12098b32f02e24d3e438539366a09fcf6503a167ea72e946969f4", kill_on_drop: false }`
[INFO] [stderr]    Compiling smlog v0.1.4 (/opt/rustwide/workdir)
[INFO] [stderr]     Finished `dev` profile [unoptimized + debuginfo] target(s) in 0.26s
[INFO] running `Command { std: "docker" "inspect" "088ff488b2d12098b32f02e24d3e438539366a09fcf6503a167ea72e946969f4", kill_on_drop: false }`
[INFO] running `Command { std: "docker" "rm" "-f" "088ff488b2d12098b32f02e24d3e438539366a09fcf6503a167ea72e946969f4", kill_on_drop: false }`
[INFO] [stdout] 088ff488b2d12098b32f02e24d3e438539366a09fcf6503a167ea72e946969f4
[INFO] running `Command { std: "docker" "create" "-v" "/var/lib/crater-agent-workspace/builds/worker-4-tc1/target:/opt/rustwide/target:rw,Z" "-v" "/var/lib/crater-agent-workspace/builds/worker-4-tc1/source:/opt/rustwide/workdir:ro,Z" "-v" "/var/lib/crater-agent-workspace/cargo-home:/opt/rustwide/cargo-home:ro,Z" "-v" "/var/lib/crater-agent-workspace/rustup-home:/opt/rustwide/rustup-home:ro,Z" "-e" "SOURCE_DIR=/opt/rustwide/workdir" "-e" "CARGO_TARGET_DIR=/opt/rustwide/target" "-e" "CARGO_INCREMENTAL=0" "-e" "RUST_BACKTRACE=full" "-e" "RUSTFLAGS=--cap-lints=forbid" "-e" "RUSTDOCFLAGS=--cap-lints=forbid" "-e" "CARGO_HOME=/opt/rustwide/cargo-home" "-e" "RUSTUP_HOME=/opt/rustwide/rustup-home" "-w" "/opt/rustwide/workdir" "-m" "1610612736" "--user" "0:0" "--network" "none" "ghcr.io/rust-lang/crates-build-env/linux@sha256:819108c5571ea2e421544af4d832f968d213c87fbe3707a016657f43d2f853bc" "/opt/rustwide/cargo-home/bin/cargo" "+nightly-2025-01-18" "test" "--frozen" "--no-run" "--message-format=json", kill_on_drop: false }`
[INFO] [stdout] 62463ac073cbff26d2b7a82e833b5b39440e59e6c320316a3e9193dab27ace0b
[INFO] running `Command { std: "docker" "start" "-a" "62463ac073cbff26d2b7a82e833b5b39440e59e6c320316a3e9193dab27ace0b", kill_on_drop: false }`
[INFO] [stderr]    Compiling smlog v0.1.4 (/opt/rustwide/workdir)
[INFO] [stderr]     Finished `test` profile [unoptimized + debuginfo] target(s) in 0.38s
[INFO] running `Command { std: "docker" "inspect" "62463ac073cbff26d2b7a82e833b5b39440e59e6c320316a3e9193dab27ace0b", kill_on_drop: false }`
[INFO] running `Command { std: "docker" "rm" "-f" "62463ac073cbff26d2b7a82e833b5b39440e59e6c320316a3e9193dab27ace0b", kill_on_drop: false }`
[INFO] [stdout] 62463ac073cbff26d2b7a82e833b5b39440e59e6c320316a3e9193dab27ace0b
[INFO] running `Command { std: "docker" "create" "-v" "/var/lib/crater-agent-workspace/builds/worker-4-tc1/target:/opt/rustwide/target:rw,Z" "-v" "/var/lib/crater-agent-workspace/builds/worker-4-tc1/source:/opt/rustwide/workdir:ro,Z" "-v" "/var/lib/crater-agent-workspace/cargo-home:/opt/rustwide/cargo-home:ro,Z" "-v" "/var/lib/crater-agent-workspace/rustup-home:/opt/rustwide/rustup-home:ro,Z" "-e" "SOURCE_DIR=/opt/rustwide/workdir" "-e" "CARGO_TARGET_DIR=/opt/rustwide/target" "-e" "CARGO_INCREMENTAL=0" "-e" "RUST_BACKTRACE=full" "-e" "RUSTFLAGS=--cap-lints=forbid" "-e" "RUSTDOCFLAGS=--cap-lints=forbid" "-e" "CARGO_HOME=/opt/rustwide/cargo-home" "-e" "RUSTUP_HOME=/opt/rustwide/rustup-home" "-w" "/opt/rustwide/workdir" "-m" "1610612736" "--user" "0:0" "--network" "none" "ghcr.io/rust-lang/crates-build-env/linux@sha256:819108c5571ea2e421544af4d832f968d213c87fbe3707a016657f43d2f853bc" "/opt/rustwide/cargo-home/bin/cargo" "+nightly-2025-01-18" "test" "--frozen", kill_on_drop: false }`
[INFO] [stdout] 8add3767f0034efaf6fcddd1d407c18725c1d92fbdf1136b9295277c93e939fe
[INFO] running `Command { std: "docker" "start" "-a" "8add3767f0034efaf6fcddd1d407c18725c1d92fbdf1136b9295277c93e939fe", kill_on_drop: false }`
[INFO] [stderr]     Finished `test` profile [unoptimized + debuginfo] target(s) in 0.01s
[INFO] [stderr]      Running unittests src/lib.rs (/opt/rustwide/target/debug/deps/smlog-6432e76bc77d465c)
[INFO] [stdout] 
[INFO] [stdout] running 0 tests
[INFO] [stdout] 
[INFO] [stdout] test result: ok. 0 passed; 0 failed; 0 ignored; 0 measured; 0 filtered out; finished in 0.00s
[INFO] [stdout] 
[INFO] [stderr]    Doc-tests smlog
[INFO] [stdout] 
[INFO] [stdout] running 3 tests
[INFO] [stdout] test src/lib.rs - ignore (line 23) ... FAILED
[INFO] [stdout] test src/lib.rs - (line 26) ... FAILED
[INFO] [stdout] test src/lib.rs - allow (line 47) ... FAILED
[INFO] [stdout] 
[INFO] [stdout] failures:
[INFO] [stdout] 
[INFO] [stdout] ---- src/lib.rs - ignore (line 23) stdout ----
[INFO] [stdout] error[E0603]: enum `LevelFilter` is private
[INFO] [stdout]  --> src/lib.rs:25:18
[INFO] [stdout]   |
[INFO] [stdout] 4 | use smlog::{Log, LevelFilter, ignore};
[INFO] [stdout]   |                  ^^^^^^^^^^^ private enum
[INFO] [stdout]   |
[INFO] [stdout] note: the enum `LevelFilter` is defined here
[INFO] [stdout]  --> /opt/rustwide/workdir/src/lib.rs:5:11
[INFO] [stdout]   |
[INFO] [stderr] error: doctest failed, to rerun pass `--doc`
[INFO] [stdout] 5 | use log::{LevelFilter, Level};
[INFO] [stdout]   |           ^^^^^^^^^^^
[INFO] [stdout] help: import `LevelFilter` directly
[INFO] [stdout]   |
[INFO] [stdout] 4 | use smlog::{Log, log::LevelFilter, ignore};
[INFO] [stdout]   |                  ~~~~~~~~~~~~~~~~
[INFO] [stdout] 
[INFO] [stdout] error: aborting due to 1 previous error
[INFO] [stdout] 
[INFO] [stdout] For more information about this error, try `rustc --explain E0603`.
[INFO] [stdout] Couldn't compile the test.
[INFO] [stdout] ---- src/lib.rs - (line 26) stdout ----
[INFO] [stdout] error[E0603]: enum `LevelFilter` is private
[INFO] [stdout]  --> src/lib.rs:28:38
[INFO] [stdout]   |
[INFO] [stdout] 4 | use smlog::{log::{info, error}, Log, LevelFilter};
[INFO] [stdout]   |                                      ^^^^^^^^^^^ private enum
[INFO] [stdout]   |
[INFO] [stdout] note: the enum `LevelFilter` is defined here
[INFO] [stdout]  --> /opt/rustwide/workdir/src/lib.rs:5:11
[INFO] [stdout]   |
[INFO] [stdout] 5 | use log::{LevelFilter, Level};
[INFO] [stdout]   |           ^^^^^^^^^^^
[INFO] [stdout] help: import `LevelFilter` directly
[INFO] [stdout]   |
[INFO] [stdout] 4 | use smlog::{log::{info, error}, Log, log::LevelFilter};
[INFO] [stdout]   |                                      ~~~~~~~~~~~~~~~~
[INFO] [stdout] 
[INFO] [stdout] error: aborting due to 1 previous error
[INFO] [stdout] 
[INFO] [stdout] For more information about this error, try `rustc --explain E0603`.
[INFO] [stdout] Couldn't compile the test.
[INFO] [stdout] ---- src/lib.rs - allow (line 47) stdout ----
[INFO] [stdout] error[E0603]: enum `LevelFilter` is private
[INFO] [stdout]  --> src/lib.rs:49:18
[INFO] [stdout]   |
[INFO] [stdout] 4 | use smlog::{Log, LevelFilter, ignore, allow};
[INFO] [stdout]   |                  ^^^^^^^^^^^ private enum
[INFO] [stdout]   |
[INFO] [stdout] note: the enum `LevelFilter` is defined here
[INFO] [stdout]  --> /opt/rustwide/workdir/src/lib.rs:5:11
[INFO] [stdout]   |
[INFO] [stdout] 5 | use log::{LevelFilter, Level};
[INFO] [stdout]   |           ^^^^^^^^^^^
[INFO] [stdout] help: import `LevelFilter` directly
[INFO] [stdout]   |
[INFO] [stdout] 4 | use smlog::{Log, log::LevelFilter, ignore, allow};
[INFO] [stdout]   |                  ~~~~~~~~~~~~~~~~
[INFO] [stdout] 
[INFO] [stdout] error: aborting due to 1 previous error
[INFO] [stdout] 
[INFO] [stdout] For more information about this error, try `rustc --explain E0603`.
[INFO] [stdout] Couldn't compile the test.
[INFO] [stdout] 
[INFO] [stdout] failures:
[INFO] [stdout]     src/lib.rs - (line 26)
[INFO] [stdout]     src/lib.rs - allow (line 47)
[INFO] [stdout]     src/lib.rs - ignore (line 23)
[INFO] [stdout] 
[INFO] [stdout] test result: FAILED. 0 passed; 3 failed; 0 ignored; 0 measured; 0 filtered out; finished in 0.16s
[INFO] [stdout] 
[INFO] running `Command { std: "docker" "inspect" "8add3767f0034efaf6fcddd1d407c18725c1d92fbdf1136b9295277c93e939fe", kill_on_drop: false }`
[INFO] running `Command { std: "docker" "rm" "-f" "8add3767f0034efaf6fcddd1d407c18725c1d92fbdf1136b9295277c93e939fe", kill_on_drop: false }`
[INFO] [stdout] 8add3767f0034efaf6fcddd1d407c18725c1d92fbdf1136b9295277c93e939fe
