[INFO] fetching crate smart-read 0.7.0...
[INFO] testing smart-read-0.7.0 against nightly-2025-01-18+rustflags=-Zrandomize-layout for randomize-layout-2
[INFO] extracting crate smart-read 0.7.0 into /workspace/builds/worker-7-tc2/source
[INFO] validating manifest of crates.io crate smart-read 0.7.0 on toolchain nightly-2025-01-18
[INFO] running `Command { std: CARGO_HOME="/workspace/cargo-home" RUSTUP_HOME="/workspace/rustup-home" "/workspace/cargo-home/bin/cargo" "+nightly-2025-01-18" "metadata" "--manifest-path" "Cargo.toml" "--no-deps", kill_on_drop: false }`
[INFO] started tweaking crates.io crate smart-read 0.7.0
[INFO] removed 0 missing examples
[INFO] finished tweaking crates.io crate smart-read 0.7.0
[INFO] tweaked toml for crates.io crate smart-read 0.7.0 written to /workspace/builds/worker-7-tc2/source/Cargo.toml
[INFO] crate crates.io crate smart-read 0.7.0 already has a lockfile, it will not be regenerated
[INFO] running `Command { std: CARGO_HOME="/workspace/cargo-home" RUSTUP_HOME="/workspace/rustup-home" "/workspace/cargo-home/bin/cargo" "+nightly-2025-01-18" "fetch" "--manifest-path" "Cargo.toml", kill_on_drop: false }`
[INFO] running `Command { std: "docker" "create" "-v" "/var/lib/crater-agent-workspace/builds/worker-7-tc2/target:/opt/rustwide/target:rw,Z" "-v" "/var/lib/crater-agent-workspace/builds/worker-7-tc2/source:/opt/rustwide/workdir:ro,Z" "-v" "/var/lib/crater-agent-workspace/cargo-home:/opt/rustwide/cargo-home:ro,Z" "-v" "/var/lib/crater-agent-workspace/rustup-home:/opt/rustwide/rustup-home:ro,Z" "-e" "SOURCE_DIR=/opt/rustwide/workdir" "-e" "CARGO_TARGET_DIR=/opt/rustwide/target" "-e" "CARGO_HOME=/opt/rustwide/cargo-home" "-e" "RUSTUP_HOME=/opt/rustwide/rustup-home" "-w" "/opt/rustwide/workdir" "-m" "1610612736" "--user" "0:0" "--network" "none" "ghcr.io/rust-lang/crates-build-env/linux@sha256:819108c5571ea2e421544af4d832f968d213c87fbe3707a016657f43d2f853bc" "/opt/rustwide/cargo-home/bin/cargo" "+nightly-2025-01-18" "metadata" "--no-deps" "--format-version=1", kill_on_drop: false }`
[INFO] [stdout] 0c4fa8d40d33a05a962fcfef8ede6db0f3746b5c3cafdbb593725a74e18516b1
[INFO] running `Command { std: "docker" "start" "-a" "0c4fa8d40d33a05a962fcfef8ede6db0f3746b5c3cafdbb593725a74e18516b1", kill_on_drop: false }`
[INFO] running `Command { std: "docker" "inspect" "0c4fa8d40d33a05a962fcfef8ede6db0f3746b5c3cafdbb593725a74e18516b1", kill_on_drop: false }`
[INFO] running `Command { std: "docker" "rm" "-f" "0c4fa8d40d33a05a962fcfef8ede6db0f3746b5c3cafdbb593725a74e18516b1", kill_on_drop: false }`
[INFO] [stdout] 0c4fa8d40d33a05a962fcfef8ede6db0f3746b5c3cafdbb593725a74e18516b1
[INFO] running `Command { std: "docker" "create" "-v" "/var/lib/crater-agent-workspace/builds/worker-7-tc2/target:/opt/rustwide/target:rw,Z" "-v" "/var/lib/crater-agent-workspace/builds/worker-7-tc2/source:/opt/rustwide/workdir:ro,Z" "-v" "/var/lib/crater-agent-workspace/cargo-home:/opt/rustwide/cargo-home:ro,Z" "-v" "/var/lib/crater-agent-workspace/rustup-home:/opt/rustwide/rustup-home:ro,Z" "-e" "SOURCE_DIR=/opt/rustwide/workdir" "-e" "CARGO_TARGET_DIR=/opt/rustwide/target" "-e" "CARGO_INCREMENTAL=0" "-e" "RUST_BACKTRACE=full" "-e" "RUSTFLAGS=--cap-lints=forbid -Zrandomize-layout" "-e" "RUSTDOCFLAGS=--cap-lints=forbid" "-e" "CARGO_HOME=/opt/rustwide/cargo-home" "-e" "RUSTUP_HOME=/opt/rustwide/rustup-home" "-w" "/opt/rustwide/workdir" "-m" "1610612736" "--user" "0:0" "--network" "none" "ghcr.io/rust-lang/crates-build-env/linux@sha256:819108c5571ea2e421544af4d832f968d213c87fbe3707a016657f43d2f853bc" "/opt/rustwide/cargo-home/bin/cargo" "+nightly-2025-01-18" "build" "--frozen" "--message-format=json", kill_on_drop: false }`
[INFO] [stdout] d811862cfa9eebed4cafd8f7bf6934149bd4a51a314a9a911d42a8bde20bdba6
[INFO] running `Command { std: "docker" "start" "-a" "d811862cfa9eebed4cafd8f7bf6934149bd4a51a314a9a911d42a8bde20bdba6", kill_on_drop: false }`
[INFO] [stderr]    Compiling smart-read v0.7.0 (/opt/rustwide/workdir)
[INFO] [stderr]     Finished `dev` profile [unoptimized + debuginfo] target(s) in 0.43s
[INFO] running `Command { std: "docker" "inspect" "d811862cfa9eebed4cafd8f7bf6934149bd4a51a314a9a911d42a8bde20bdba6", kill_on_drop: false }`
[INFO] running `Command { std: "docker" "rm" "-f" "d811862cfa9eebed4cafd8f7bf6934149bd4a51a314a9a911d42a8bde20bdba6", kill_on_drop: false }`
[INFO] [stdout] d811862cfa9eebed4cafd8f7bf6934149bd4a51a314a9a911d42a8bde20bdba6
[INFO] running `Command { std: "docker" "create" "-v" "/var/lib/crater-agent-workspace/builds/worker-7-tc2/target:/opt/rustwide/target:rw,Z" "-v" "/var/lib/crater-agent-workspace/builds/worker-7-tc2/source:/opt/rustwide/workdir:ro,Z" "-v" "/var/lib/crater-agent-workspace/cargo-home:/opt/rustwide/cargo-home:ro,Z" "-v" "/var/lib/crater-agent-workspace/rustup-home:/opt/rustwide/rustup-home:ro,Z" "-e" "SOURCE_DIR=/opt/rustwide/workdir" "-e" "CARGO_TARGET_DIR=/opt/rustwide/target" "-e" "CARGO_INCREMENTAL=0" "-e" "RUST_BACKTRACE=full" "-e" "RUSTFLAGS=--cap-lints=forbid -Zrandomize-layout" "-e" "RUSTDOCFLAGS=--cap-lints=forbid" "-e" "CARGO_HOME=/opt/rustwide/cargo-home" "-e" "RUSTUP_HOME=/opt/rustwide/rustup-home" "-w" "/opt/rustwide/workdir" "-m" "1610612736" "--user" "0:0" "--network" "none" "ghcr.io/rust-lang/crates-build-env/linux@sha256:819108c5571ea2e421544af4d832f968d213c87fbe3707a016657f43d2f853bc" "/opt/rustwide/cargo-home/bin/cargo" "+nightly-2025-01-18" "test" "--frozen" "--no-run" "--message-format=json", kill_on_drop: false }`
[INFO] [stdout] 348914f5cb1c94492b2bac94f14066cae94f0397dfa64287e3c9c6b0550555c1
[INFO] running `Command { std: "docker" "start" "-a" "348914f5cb1c94492b2bac94f14066cae94f0397dfa64287e3c9c6b0550555c1", kill_on_drop: false }`
[INFO] [stderr]    Compiling smart-read v0.7.0 (/opt/rustwide/workdir)
[INFO] [stderr]     Finished `test` profile [unoptimized + debuginfo] target(s) in 1.01s
[INFO] running `Command { std: "docker" "inspect" "348914f5cb1c94492b2bac94f14066cae94f0397dfa64287e3c9c6b0550555c1", kill_on_drop: false }`
[INFO] running `Command { std: "docker" "rm" "-f" "348914f5cb1c94492b2bac94f14066cae94f0397dfa64287e3c9c6b0550555c1", kill_on_drop: false }`
[INFO] [stdout] 348914f5cb1c94492b2bac94f14066cae94f0397dfa64287e3c9c6b0550555c1
[INFO] running `Command { std: "docker" "create" "-v" "/var/lib/crater-agent-workspace/builds/worker-7-tc2/target:/opt/rustwide/target:rw,Z" "-v" "/var/lib/crater-agent-workspace/builds/worker-7-tc2/source:/opt/rustwide/workdir:ro,Z" "-v" "/var/lib/crater-agent-workspace/cargo-home:/opt/rustwide/cargo-home:ro,Z" "-v" "/var/lib/crater-agent-workspace/rustup-home:/opt/rustwide/rustup-home:ro,Z" "-e" "SOURCE_DIR=/opt/rustwide/workdir" "-e" "CARGO_TARGET_DIR=/opt/rustwide/target" "-e" "CARGO_INCREMENTAL=0" "-e" "RUST_BACKTRACE=full" "-e" "RUSTFLAGS=--cap-lints=forbid -Zrandomize-layout" "-e" "RUSTDOCFLAGS=--cap-lints=forbid" "-e" "CARGO_HOME=/opt/rustwide/cargo-home" "-e" "RUSTUP_HOME=/opt/rustwide/rustup-home" "-w" "/opt/rustwide/workdir" "-m" "1610612736" "--user" "0:0" "--network" "none" "ghcr.io/rust-lang/crates-build-env/linux@sha256:819108c5571ea2e421544af4d832f968d213c87fbe3707a016657f43d2f853bc" "/opt/rustwide/cargo-home/bin/cargo" "+nightly-2025-01-18" "test" "--frozen", kill_on_drop: false }`
[INFO] [stdout] 1b62303dc7f9136ca7e44f11aee353ee05a430dee90bec7ee44a475c7e42f931
[INFO] running `Command { std: "docker" "start" "-a" "1b62303dc7f9136ca7e44f11aee353ee05a430dee90bec7ee44a475c7e42f931", kill_on_drop: false }`
[INFO] [stderr]     Finished `test` profile [unoptimized + debuginfo] target(s) in 0.01s
[INFO] [stderr]      Running unittests src/lib.rs (/opt/rustwide/target/debug/deps/smart_read-f24d48c7b8782479)
[INFO] [stdout] 
[INFO] [stdout] running 0 tests
[INFO] [stdout] 
[INFO] [stdout] test result: ok. 0 passed; 0 failed; 0 ignored; 0 measured; 0 filtered out; finished in 0.00s
[INFO] [stderr]    Doc-tests smart_read
[INFO] [stdout] 
[INFO] [stdout] 
[INFO] [stdout] running 5 tests
[INFO] [stdout] test src/lib.rs - (line 35) ... FAILED
[INFO] [stdout] test src/lib.rs - (line 16) ... FAILED
[INFO] [stdout] test src/lib.rs - (line 65) ... FAILED
[INFO] [stdout] test src/lib.rs - (line 49) ... FAILED
[INFO] [stdout] test src/list_constraints.rs - list_constraints::InputOption (line 183) ... FAILED
[INFO] [stdout] 
[INFO] [stdout] failures:
[INFO] [stdout] 
[INFO] [stdout] ---- src/lib.rs - (line 35) stdout ----
[INFO] [stdout] error: expected one of `!`, `+`, `::`, `where`, or `{`, found keyword `impl`
[INFO] [stdout]  --> src/lib.rs:37:1
[INFO] [stdout]   |
[INFO] [stdout] 3 | impl<F: Fn(&str) -> Result<(), String>> TryRead for SimpleValidate<F>
[INFO] [stdout]   |                                                                      - expected one of `!`, `+`, `::`, `where`, or `{`
[INFO] [stdout] 4 | impl<F: Fn(String) -> Result<O, String>, O: Display> TryRead for TransformValidate<F, O>
[INFO] [stdout]   | ^^^^ unexpected token
[INFO] [stdout] 
[INFO] [stdout] error: aborting due to 1 previous error
[INFO] [stdout] 
[INFO] [stdout] Couldn't compile the test.
[INFO] [stdout] ---- src/lib.rs - (line 16) stdout ----
[INFO] [stdout] error: expected one of `where` or `{`, found keyword `impl`
[INFO] [stdout]  --> src/lib.rs:18:1
[INFO] [stdout]   |
[INFO] [stdout] 3 | impl TryRead for ()
[INFO] [stdout]   |                    - expected one of `where` or `{`
[INFO] [stdout] 4 | impl TryRead for NonEmptyInput
[INFO] [stdout]   | ^^^^ unexpected token
[INFO] [stdout] 
[INFO] [stdout] error: aborting due to 1 previous error
[INFO] [stdout] 
[INFO] [stdout] Couldn't compile the test.
[INFO] [stdout] ---- src/lib.rs - (line 65) stdout ----
[INFO] [stdout] error: expected identifier, found `<`
[INFO] [stdout]  --> src/lib.rs:67:5
[INFO] [stdout]   |
[INFO] [stdout] 4 | impl<T> TryRead for RangeInclusive<T>   where T: Display + FromStr + PartialOrd<T>, <T as FromStr>::Err: Display,
[INFO] [stdout]   |     ^ expected identifier
[INFO] [stdout] 
[INFO] [stdout] error: aborting due to 1 previous error
[INFO] [stdout] 
[INFO] [stdout] Couldn't compile the test.
[INFO] [stdout] ---- src/lib.rs - (line 49) stdout ----
[INFO] [stdout] error: expected one of `!`, `+`, `::`, `where`, or `{`, found keyword `impl`
[INFO] [stdout]  --> src/lib.rs:51:1
[INFO] [stdout]   |
[INFO] [stdout] 3 | impl<Data> TryRead for Vec<InputOption<Data>> // this is the main implementation, the 5 below this ultimately use this impl
[INFO] [stdout]   |                                              - expected one of `!`, `+`, `::`, `where`, or `{`
[INFO] [stdout] 4 | impl<T: Display> TryRead for &[T]
[INFO] [stdout]   | ^^^^ unexpected token
[INFO] [stdout] 
[INFO] [stdout] error: aborting due to 1 previous error
[INFO] [stdout] 
[INFO] [stdout] Couldn't compile the test.
[INFO] [stdout] ---- src/list_constraints.rs - list_constraints::InputOption (line 183) stdout ----
[INFO] [stdout] error: cannot find macro `prompt` in this scope
[INFO] [stdout]   --> src/list_constraints.rs:199:50
[INFO] [stdout]    |
[INFO] [stdout] 18 | let OptionWithData {data: index_to_remove, ..} = prompt!("Choose a color to remove: "; choosable_colors);
[INFO] [stdout]    |                                                  ^^^^^^
[INFO] [stdout]    |
[INFO] [stdout] help: consider importing this macro
[INFO] [stdout]    |
[INFO] [stdout] 3  + use smart_read::prompt;
[INFO] [stdout]    |
[INFO] [stdout] 
[INFO] [stdout] error[E0422]: cannot find struct, variant or union type `OptionWithData` in this scope
[INFO] [stdout]   --> src/list_constraints.rs:199:5
[INFO] [stdout]    |
[INFO] [stdout] 18 | let OptionWithData {data: index_to_remove, ..} = prompt!("Choose a color to remove: "; choosable_colors);
[INFO] [stdout]    |     ^^^^^^^^^^^^^^ not found in this scope
[INFO] [stdout] 
[INFO] [stdout] error[E0433]: failed to resolve: use of undeclared type `OptionWithData`
[INFO] [stdout]   --> src/list_constraints.rs:194:8
[INFO] [stdout]    |
[INFO] [stdout] 13 |         Some(OptionWithData::new(option_number, color_name, vec!(), i))
[INFO] [stdout]    |              ^^^^^^^^^^^^^^ use of undeclared type `OptionWithData`
[INFO] [stdout] 
[INFO] [stdout] error: aborting due to 3 previous errors
[INFO] [stdout] 
[INFO] [stdout] Some errors have detailed explanations: E0422, E0433.
[INFO] [stdout] For more information about an error, try `rustc --explain E0422`.
[INFO] [stdout] Couldn't compile the test.
[INFO] [stdout] 
[INFO] [stdout] failures:
[INFO] [stdout]     src/lib.rs - (line 16)
[INFO] [stdout]     src/lib.rs - (line 35)
[INFO] [stdout]     src/lib.rs - (line 49)
[INFO] [stdout]     src/lib.rs - (line 65)
[INFO] [stdout]     src/list_constraints.rs - list_constraints::InputOption (line 183)
[INFO] [stdout] 
[INFO] [stdout] test result: FAILED. 0 passed; 5 failed; 0 ignored; 0 measured; 0 filtered out; finished in 0.14s
[INFO] [stdout] 
[INFO] [stderr] error: doctest failed, to rerun pass `--doc`
[INFO] running `Command { std: "docker" "inspect" "1b62303dc7f9136ca7e44f11aee353ee05a430dee90bec7ee44a475c7e42f931", kill_on_drop: false }`
[INFO] running `Command { std: "docker" "rm" "-f" "1b62303dc7f9136ca7e44f11aee353ee05a430dee90bec7ee44a475c7e42f931", kill_on_drop: false }`
[INFO] [stdout] 1b62303dc7f9136ca7e44f11aee353ee05a430dee90bec7ee44a475c7e42f931
