[INFO] fetching crate skyscraper 0.7.0-beta.2...
[INFO] testing skyscraper-0.7.0-beta.2 against nightly-2025-01-18 for randomize-layout-2
[INFO] extracting crate skyscraper 0.7.0-beta.2 into /workspace/builds/worker-6-tc1/source
[INFO] validating manifest of crates.io crate skyscraper 0.7.0-beta.2 on toolchain nightly-2025-01-18
[INFO] running `Command { std: CARGO_HOME="/workspace/cargo-home" RUSTUP_HOME="/workspace/rustup-home" "/workspace/cargo-home/bin/cargo" "+nightly-2025-01-18" "metadata" "--manifest-path" "Cargo.toml" "--no-deps", kill_on_drop: false }`
[INFO] started tweaking crates.io crate skyscraper 0.7.0-beta.2
[INFO] finished tweaking crates.io crate skyscraper 0.7.0-beta.2
[INFO] tweaked toml for crates.io crate skyscraper 0.7.0-beta.2 written to /workspace/builds/worker-6-tc1/source/Cargo.toml
[INFO] running `Command { std: CARGO_HOME="/workspace/cargo-home" RUSTUP_HOME="/workspace/rustup-home" "/workspace/cargo-home/bin/cargo" "+nightly-2025-01-18" "generate-lockfile" "--manifest-path" "Cargo.toml", kill_on_drop: false }`
[INFO] [stderr]     Updating crates.io index
[INFO] [stderr]      Locking 121 packages to latest compatible versions
[INFO] [stderr]       Adding mockall v0.12.1 (available: v0.13.1)
[INFO] [stderr]       Adding thiserror v1.0.69 (available: v2.0.11)
[INFO] running `Command { std: CARGO_HOME="/workspace/cargo-home" RUSTUP_HOME="/workspace/rustup-home" "/workspace/cargo-home/bin/cargo" "+nightly-2025-01-18" "fetch" "--manifest-path" "Cargo.toml", kill_on_drop: false }`
[INFO] [stderr]  Downloading crates ...
[INFO] [stderr]   Downloaded indextree v4.7.3
[INFO] [stderr]   Downloaded enum-extract-error v0.1.1
[INFO] [stderr]   Downloaded indextree-macros v0.1.2
[INFO] [stderr]   Downloaded enum-extract-macro v0.1.1
[INFO] running `Command { std: "docker" "create" "-v" "/var/lib/crater-agent-workspace/builds/worker-6-tc1/target:/opt/rustwide/target:rw,Z" "-v" "/var/lib/crater-agent-workspace/builds/worker-6-tc1/source:/opt/rustwide/workdir:ro,Z" "-v" "/var/lib/crater-agent-workspace/cargo-home:/opt/rustwide/cargo-home:ro,Z" "-v" "/var/lib/crater-agent-workspace/rustup-home:/opt/rustwide/rustup-home:ro,Z" "-e" "SOURCE_DIR=/opt/rustwide/workdir" "-e" "CARGO_TARGET_DIR=/opt/rustwide/target" "-e" "CARGO_HOME=/opt/rustwide/cargo-home" "-e" "RUSTUP_HOME=/opt/rustwide/rustup-home" "-w" "/opt/rustwide/workdir" "-m" "1610612736" "--user" "0:0" "--network" "none" "ghcr.io/rust-lang/crates-build-env/linux@sha256:819108c5571ea2e421544af4d832f968d213c87fbe3707a016657f43d2f853bc" "/opt/rustwide/cargo-home/bin/cargo" "+nightly-2025-01-18" "metadata" "--no-deps" "--format-version=1", kill_on_drop: false }`
[INFO] [stdout] 8f601ce0edee94674e96739b3a76b2240990000fd95dcc841a4583398fa412a8
[INFO] running `Command { std: "docker" "start" "-a" "8f601ce0edee94674e96739b3a76b2240990000fd95dcc841a4583398fa412a8", kill_on_drop: false }`
[INFO] running `Command { std: "docker" "inspect" "8f601ce0edee94674e96739b3a76b2240990000fd95dcc841a4583398fa412a8", kill_on_drop: false }`
[INFO] running `Command { std: "docker" "rm" "-f" "8f601ce0edee94674e96739b3a76b2240990000fd95dcc841a4583398fa412a8", kill_on_drop: false }`
[INFO] [stdout] 8f601ce0edee94674e96739b3a76b2240990000fd95dcc841a4583398fa412a8
[INFO] running `Command { std: "docker" "create" "-v" "/var/lib/crater-agent-workspace/builds/worker-6-tc1/target:/opt/rustwide/target:rw,Z" "-v" "/var/lib/crater-agent-workspace/builds/worker-6-tc1/source:/opt/rustwide/workdir:ro,Z" "-v" "/var/lib/crater-agent-workspace/cargo-home:/opt/rustwide/cargo-home:ro,Z" "-v" "/var/lib/crater-agent-workspace/rustup-home:/opt/rustwide/rustup-home:ro,Z" "-e" "SOURCE_DIR=/opt/rustwide/workdir" "-e" "CARGO_TARGET_DIR=/opt/rustwide/target" "-e" "CARGO_INCREMENTAL=0" "-e" "RUST_BACKTRACE=full" "-e" "RUSTFLAGS=--cap-lints=forbid" "-e" "RUSTDOCFLAGS=--cap-lints=forbid" "-e" "CARGO_HOME=/opt/rustwide/cargo-home" "-e" "RUSTUP_HOME=/opt/rustwide/rustup-home" "-w" "/opt/rustwide/workdir" "-m" "1610612736" "--user" "0:0" "--network" "none" "ghcr.io/rust-lang/crates-build-env/linux@sha256:819108c5571ea2e421544af4d832f968d213c87fbe3707a016657f43d2f853bc" "/opt/rustwide/cargo-home/bin/cargo" "+nightly-2025-01-18" "build" "--frozen" "--message-format=json", kill_on_drop: false }`
[INFO] [stdout] 87fdebfff310c19d3d3a2179fd4d534b7922259ef0fedf21a7ccc0d3d1f93db2
[INFO] running `Command { std: "docker" "start" "-a" "87fdebfff310c19d3d3a2179fd4d534b7922259ef0fedf21a7ccc0d3d1f93db2", kill_on_drop: false }`
[INFO] [stderr]    Compiling proc-macro2 v1.0.93
[INFO] [stderr]    Compiling unicode-ident v1.0.14
[INFO] [stderr]    Compiling thiserror v1.0.69
[INFO] [stderr]    Compiling rustversion v1.0.19
[INFO] [stderr]    Compiling heck v0.5.0
[INFO] [stderr]    Compiling autocfg v1.4.0
[INFO] [stderr]    Compiling either v1.13.0
[INFO] [stderr]    Compiling memchr v2.7.4
[INFO] [stderr]    Compiling hashbrown v0.15.2
[INFO] [stderr]    Compiling heck v0.4.1
[INFO] [stderr]    Compiling equivalent v1.0.1
[INFO] [stderr]    Compiling minimal-lexical v0.2.1
[INFO] [stderr]    Compiling log v0.4.25
[INFO] [stderr]    Compiling once_cell v1.20.2
[INFO] [stderr]    Compiling num-traits v0.2.19
[INFO] [stderr]    Compiling itertools v0.13.0
[INFO] [stderr]    Compiling nom v7.1.3
[INFO] [stderr]    Compiling indexmap v2.7.1
[INFO] [stderr]    Compiling quote v1.0.38
[INFO] [stderr]    Compiling syn v2.0.96
[INFO] [stderr]    Compiling ordered-float v4.6.0
[INFO] [stderr]    Compiling thiserror-impl v1.0.69
[INFO] [stderr]    Compiling strum_macros v0.26.4
[INFO] [stderr]    Compiling enum-extract-error v0.1.1
[INFO] [stderr]    Compiling enum-extract-macro v0.1.1
[INFO] [stderr]    Compiling strum v0.26.3
[INFO] [stderr]    Compiling indextree-macros v0.1.2
[INFO] [stderr]    Compiling indextree v4.7.3
[INFO] [stderr]    Compiling skyscraper v0.7.0-beta.2 (/opt/rustwide/workdir)
[INFO] [stdout] warning: field `0` is never read
[INFO] [stdout]    --> src/xpath/grammar/expressions/path_expressions/steps/node_tests.rs:108:17
[INFO] [stdout]     |
[INFO] [stdout] 108 |     ReverseAxis(ReverseAxis),
[INFO] [stdout]     |     ----------- ^^^^^^^^^^^
[INFO] [stdout]     |     |
[INFO] [stdout]     |     field in this variant
[INFO] [stdout]     |
[INFO] [stdout]     = note: `#[warn(dead_code)]` on by default
[INFO] [stdout] help: consider changing the field to be of unit type to suppress this warning while preserving the field numbering, or remove the field
[INFO] [stdout]     |
[INFO] [stdout] 108 |     ReverseAxis(()),
[INFO] [stdout]     |                 ~~
[INFO] [stdout] 
[INFO] [stdout] 
[INFO] [stderr]     Finished `dev` profile [unoptimized + debuginfo] target(s) in 15.57s
[INFO] running `Command { std: "docker" "inspect" "87fdebfff310c19d3d3a2179fd4d534b7922259ef0fedf21a7ccc0d3d1f93db2", kill_on_drop: false }`
[INFO] running `Command { std: "docker" "rm" "-f" "87fdebfff310c19d3d3a2179fd4d534b7922259ef0fedf21a7ccc0d3d1f93db2", kill_on_drop: false }`
[INFO] [stdout] 87fdebfff310c19d3d3a2179fd4d534b7922259ef0fedf21a7ccc0d3d1f93db2
[INFO] running `Command { std: "docker" "create" "-v" "/var/lib/crater-agent-workspace/builds/worker-6-tc1/target:/opt/rustwide/target:rw,Z" "-v" "/var/lib/crater-agent-workspace/builds/worker-6-tc1/source:/opt/rustwide/workdir:ro,Z" "-v" "/var/lib/crater-agent-workspace/cargo-home:/opt/rustwide/cargo-home:ro,Z" "-v" "/var/lib/crater-agent-workspace/rustup-home:/opt/rustwide/rustup-home:ro,Z" "-e" "SOURCE_DIR=/opt/rustwide/workdir" "-e" "CARGO_TARGET_DIR=/opt/rustwide/target" "-e" "CARGO_INCREMENTAL=0" "-e" "RUST_BACKTRACE=full" "-e" "RUSTFLAGS=--cap-lints=forbid" "-e" "RUSTDOCFLAGS=--cap-lints=forbid" "-e" "CARGO_HOME=/opt/rustwide/cargo-home" "-e" "RUSTUP_HOME=/opt/rustwide/rustup-home" "-w" "/opt/rustwide/workdir" "-m" "1610612736" "--user" "0:0" "--network" "none" "ghcr.io/rust-lang/crates-build-env/linux@sha256:819108c5571ea2e421544af4d832f968d213c87fbe3707a016657f43d2f853bc" "/opt/rustwide/cargo-home/bin/cargo" "+nightly-2025-01-18" "test" "--frozen" "--no-run" "--message-format=json", kill_on_drop: false }`
[INFO] [stdout] c8ba529329a87d8f52e2aa054efed1e086bcdd640dcc1595bbd70cae070f9baf
[INFO] running `Command { std: "docker" "start" "-a" "c8ba529329a87d8f52e2aa054efed1e086bcdd640dcc1595bbd70cae070f9baf", kill_on_drop: false }`
[INFO] [stderr]    Compiling cfg-if v1.0.0
[INFO] [stderr]    Compiling libc v0.2.169
[INFO] [stderr]    Compiling crossbeam-utils v0.8.21
[INFO] [stderr]    Compiling serde v1.0.217
[INFO] [stderr]    Compiling anstyle v1.0.10
[INFO] [stderr]    Compiling rustix v0.38.43
[INFO] [stderr]    Compiling byteorder v1.5.0
[INFO] [stderr]    Compiling serde_json v1.0.137
[INFO] [stderr]    Compiling num-traits v0.2.19
[INFO] [stderr]    Compiling linux-raw-sys v0.4.15
[INFO] [stderr]    Compiling regex-syntax v0.8.5
[INFO] [stderr]    Compiling bitflags v2.8.0
[INFO] [stderr]    Compiling either v1.13.0
[INFO] [stderr]    Compiling rayon-core v1.12.1
[INFO] [stderr]    Compiling serde_derive v1.0.217
[INFO] [stderr]    Compiling zerocopy-derive v0.7.35
[INFO] [stderr]    Compiling half v2.4.1
[INFO] [stderr]    Compiling aho-corasick v1.1.3
[INFO] [stderr]    Compiling plotters-backend v0.3.7
[INFO] [stderr]    Compiling predicates-core v1.0.9
[INFO] [stderr]    Compiling ciborium-io v0.2.2
[INFO] [stderr]    Compiling ryu v1.0.18
[INFO] [stderr]    Compiling fastrand v2.3.0
[INFO] [stderr]    Compiling itoa v1.0.14
[INFO] [stderr]    Compiling clap_lex v0.7.4
[INFO] [stderr]    Compiling ciborium-ll v0.2.2
[INFO] [stderr]    Compiling itertools v0.10.5
[INFO] [stderr]    Compiling cast v0.3.0
[INFO] [stderr]    Compiling quick-error v1.2.3
[INFO] [stderr]    Compiling plotters-svg v0.3.7
[INFO] [stderr]    Compiling clap_builder v4.5.27
[INFO] [stderr]    Compiling bit-vec v0.8.0
[INFO] [stderr]    Compiling fnv v1.0.7
[INFO] [stderr]    Compiling lazy_static v1.5.0
[INFO] [stderr]    Compiling same-file v1.0.6
[INFO] [stderr]    Compiling termtree v0.5.1
[INFO] [stderr]    Compiling predicates v3.1.3
[INFO] [stderr]    Compiling mockall_derive v0.12.1
[INFO] [stderr]    Compiling predicates-tree v1.0.12
[INFO] [stderr]    Compiling walkdir v2.5.0
[INFO] [stderr]    Compiling downcast v0.11.0
[INFO] [stderr]    Compiling fragile v2.0.0
[INFO] [stderr]    Compiling bit-set v0.8.0
[INFO] [stderr]    Compiling zerocopy v0.7.35
[INFO] [stderr]    Compiling crossbeam-epoch v0.9.18
[INFO] [stderr]    Compiling oorandom v11.1.4
[INFO] [stderr]    Compiling unarray v0.1.4
[INFO] [stderr]    Compiling ordered-float v4.6.0
[INFO] [stderr]    Compiling plotters v0.3.7
[INFO] [stderr]    Compiling anes v0.1.6
[INFO] [stderr]    Compiling getrandom v0.2.15
[INFO] [stderr]    Compiling crossbeam-deque v0.8.6
[INFO] [stderr]    Compiling rand_core v0.6.4
[INFO] [stderr]    Compiling wait-timeout v0.2.0
[INFO] [stderr]    Compiling is-terminal v0.4.13
[INFO] [stderr]    Compiling indoc v2.0.5
[INFO] [stderr]    Compiling skyscraper v0.7.0-beta.2 (/opt/rustwide/workdir)
[INFO] [stderr]    Compiling rand_xorshift v0.3.0
[INFO] [stderr]    Compiling regex-automata v0.4.9
[INFO] [stderr]    Compiling ppv-lite86 v0.2.20
[INFO] [stderr]    Compiling criterion-plot v0.5.0
[INFO] [stderr]    Compiling rayon v1.10.0
[INFO] [stderr]    Compiling tempfile v3.15.0
[INFO] [stderr]    Compiling rand_chacha v0.3.1
[INFO] [stderr]    Compiling clap v4.5.27
[INFO] [stderr]    Compiling rusty-fork v0.3.0
[INFO] [stderr]    Compiling rand v0.8.5
[INFO] [stderr]    Compiling mockall v0.12.1
[INFO] [stderr]    Compiling proptest v1.6.0
[INFO] [stdout] warning: field `0` is never read
[INFO] [stdout]    --> src/xpath/grammar/expressions/path_expressions/steps/node_tests.rs:108:17
[INFO] [stdout]     |
[INFO] [stdout] 108 |     ReverseAxis(ReverseAxis),
[INFO] [stdout]     |     ----------- ^^^^^^^^^^^
[INFO] [stdout]     |     |
[INFO] [stdout]     |     field in this variant
[INFO] [stdout]     |
[INFO] [stdout]     = note: `#[warn(dead_code)]` on by default
[INFO] [stdout] help: consider changing the field to be of unit type to suppress this warning while preserving the field numbering, or remove the field
[INFO] [stdout]     |
[INFO] [stdout] 108 |     ReverseAxis(()),
[INFO] [stdout]     |                 ~~
[INFO] [stdout] 
[INFO] [stdout] 
[INFO] [stderr]    Compiling regex v1.11.1
[INFO] [stderr]    Compiling ciborium v0.2.2
[INFO] [stderr]    Compiling tinytemplate v1.2.1
[INFO] [stderr]    Compiling criterion v0.5.1
[INFO] [stdout] warning: field `0` is never read
[INFO] [stdout]    --> src/xpath/grammar/expressions/path_expressions/steps/node_tests.rs:108:17
[INFO] [stdout]     |
[INFO] [stdout] 108 |     ReverseAxis(ReverseAxis),
[INFO] [stdout]     |     ----------- ^^^^^^^^^^^
[INFO] [stdout]     |     |
[INFO] [stdout]     |     field in this variant
[INFO] [stdout]     |
[INFO] [stdout]     = note: `#[warn(dead_code)]` on by default
[INFO] [stdout] help: consider changing the field to be of unit type to suppress this warning while preserving the field numbering, or remove the field
[INFO] [stdout]     |
[INFO] [stdout] 108 |     ReverseAxis(()),
[INFO] [stdout]     |                 ~~
[INFO] [stdout] 
[INFO] [stdout] 
[INFO] [stdout] warning: missing documentation for a module
[INFO] [stdout]    --> src/html/parse/mod.rs:409:1
[INFO] [stdout]     |
[INFO] [stdout] 409 | pub mod test_helpers {
[INFO] [stdout]     | ^^^^^^^^^^^^^^^^^^^^
[INFO] [stdout]     |
[INFO] [stdout] note: the lint level is defined here
[INFO] [stdout]    --> src/lib.rs:97:9
[INFO] [stdout]     |
[INFO] [stdout] 97  | #![warn(missing_docs)]
[INFO] [stdout]     |         ^^^^^^^^^^^^
[INFO] [stdout] 
[INFO] [stdout] 
[INFO] [stdout] warning: missing documentation for a function
[INFO] [stdout]    --> src/html/parse/mod.rs:414:5
[INFO] [stdout]     |
[INFO] [stdout] 414 | /     pub fn assert_tag(
[INFO] [stdout] 415 | |         document: &HtmlDocument,
[INFO] [stdout] 416 | |         doc_node: DocumentNode,
[INFO] [stdout] 417 | |         tag_name: &str,
[INFO] [stdout] 418 | |         attributes: Option<HashMap<&str, &str>>,
[INFO] [stdout] 419 | |     ) -> Vec<DocumentNode> {
[INFO] [stdout]     | |__________________________^
[INFO] [stdout] 
[INFO] [stdout] 
[INFO] [stdout] warning: missing documentation for a function
[INFO] [stdout]    --> src/html/parse/mod.rs:444:5
[INFO] [stdout]     |
[INFO] [stdout] 444 |     pub fn assert_text(document: &HtmlDocument, key: DocumentNode, text: &str) {
[INFO] [stdout]     |     ^^^^^^^^^^^^^^^^^^^^^^^^^^^^^^^^^^^^^^^^^^^^^^^^^^^^^^^^^^^^^^^^^^^^^^^^^^
[INFO] [stdout] 
[INFO] [stdout] 
[INFO] [stderr]     Finished `test` profile [unoptimized + debuginfo] target(s) in 20.39s
[INFO] running `Command { std: "docker" "inspect" "c8ba529329a87d8f52e2aa054efed1e086bcdd640dcc1595bbd70cae070f9baf", kill_on_drop: false }`
[INFO] running `Command { std: "docker" "rm" "-f" "c8ba529329a87d8f52e2aa054efed1e086bcdd640dcc1595bbd70cae070f9baf", kill_on_drop: false }`
[INFO] [stdout] c8ba529329a87d8f52e2aa054efed1e086bcdd640dcc1595bbd70cae070f9baf
[INFO] running `Command { std: "docker" "create" "-v" "/var/lib/crater-agent-workspace/builds/worker-6-tc1/target:/opt/rustwide/target:rw,Z" "-v" "/var/lib/crater-agent-workspace/builds/worker-6-tc1/source:/opt/rustwide/workdir:ro,Z" "-v" "/var/lib/crater-agent-workspace/cargo-home:/opt/rustwide/cargo-home:ro,Z" "-v" "/var/lib/crater-agent-workspace/rustup-home:/opt/rustwide/rustup-home:ro,Z" "-e" "SOURCE_DIR=/opt/rustwide/workdir" "-e" "CARGO_TARGET_DIR=/opt/rustwide/target" "-e" "CARGO_INCREMENTAL=0" "-e" "RUST_BACKTRACE=full" "-e" "RUSTFLAGS=--cap-lints=forbid" "-e" "RUSTDOCFLAGS=--cap-lints=forbid" "-e" "CARGO_HOME=/opt/rustwide/cargo-home" "-e" "RUSTUP_HOME=/opt/rustwide/rustup-home" "-w" "/opt/rustwide/workdir" "-m" "1610612736" "--user" "0:0" "--network" "none" "ghcr.io/rust-lang/crates-build-env/linux@sha256:819108c5571ea2e421544af4d832f968d213c87fbe3707a016657f43d2f853bc" "/opt/rustwide/cargo-home/bin/cargo" "+nightly-2025-01-18" "test" "--frozen", kill_on_drop: false }`
[INFO] [stdout] 4f160a2a40c649780eb62d17821c896259c6a3d4ccf0f1e8a3cfe83f09065f5f
[INFO] running `Command { std: "docker" "start" "-a" "4f160a2a40c649780eb62d17821c896259c6a3d4ccf0f1e8a3cfe83f09065f5f", kill_on_drop: false }`
[INFO] [stderr] warning: field `0` is never read
[INFO] [stderr]    --> src/xpath/grammar/expressions/path_expressions/steps/node_tests.rs:108:17
[INFO] [stderr]     |
[INFO] [stderr] 108 |     ReverseAxis(ReverseAxis),
[INFO] [stderr]     |     ----------- ^^^^^^^^^^^
[INFO] [stderr]     |     |
[INFO] [stderr]     |     field in this variant
[INFO] [stderr]     |
[INFO] [stderr]     = note: `#[warn(dead_code)]` on by default
[INFO] [stderr] help: consider changing the field to be of unit type to suppress this warning while preserving the field numbering, or remove the field
[INFO] [stderr]     |
[INFO] [stderr] 108 |     ReverseAxis(()),
[INFO] [stderr]     |                 ~~
[INFO] [stderr] 
[INFO] [stderr] warning: `skyscraper` (lib) generated 1 warning
[INFO] [stderr] warning: missing documentation for a module
[INFO] [stderr]    --> src/html/parse/mod.rs:409:1
[INFO] [stderr]     |
[INFO] [stderr] 409 | pub mod test_helpers {
[INFO] [stderr]     | ^^^^^^^^^^^^^^^^^^^^
[INFO] [stderr]     |
[INFO] [stderr] note: the lint level is defined here
[INFO] [stderr]    --> src/lib.rs:97:9
[INFO] [stderr]     |
[INFO] [stderr] 97  | #![warn(missing_docs)]
[INFO] [stderr]     |         ^^^^^^^^^^^^
[INFO] [stderr] 
[INFO] [stderr] warning: missing documentation for a function
[INFO] [stderr]    --> src/html/parse/mod.rs:414:5
[INFO] [stderr]     |
[INFO] [stderr] 414 | /     pub fn assert_tag(
[INFO] [stderr] 415 | |         document: &HtmlDocument,
[INFO] [stderr] 416 | |         doc_node: DocumentNode,
[INFO] [stderr] 417 | |         tag_name: &str,
[INFO] [stderr] 418 | |         attributes: Option<HashMap<&str, &str>>,
[INFO] [stderr] 419 | |     ) -> Vec<DocumentNode> {
[INFO] [stderr]     | |__________________________^
[INFO] [stderr] 
[INFO] [stderr] warning: missing documentation for a function
[INFO] [stderr]    --> src/html/parse/mod.rs:444:5
[INFO] [stderr]     |
[INFO] [stderr] 444 |     pub fn assert_text(document: &HtmlDocument, key: DocumentNode, text: &str) {
[INFO] [stderr]     |     ^^^^^^^^^^^^^^^^^^^^^^^^^^^^^^^^^^^^^^^^^^^^^^^^^^^^^^^^^^^^^^^^^^^^^^^^^^
[INFO] [stderr] 
[INFO] [stderr] warning: `skyscraper` (lib test) generated 4 warnings (1 duplicate)
[INFO] [stderr]     Finished `test` profile [unoptimized + debuginfo] target(s) in 0.14s
[INFO] [stderr]      Running unittests src/lib.rs (/opt/rustwide/target/debug/deps/skyscraper-da82538f9dff2511)
[INFO] [stdout] 
[INFO] [stdout] running 249 tests
[INFO] [stdout] test html::parse::malformed_html_handlers::tests::close_handler_should_close_both_tags_for_missing_end_tag ... ok
[INFO] [stdout] test html::parse::malformed_html_handlers::tests::error_handler_should_err_for_missing_end_tag ... ok
[INFO] [stdout] test html::parse::malformed_html_handlers::tests::close_handler_should_ignore_mismatch_for_mismatched_end_tag ... ok
[INFO] [stdout] test html::parse::parse_options::tests::with_mismatched_tag_handler_should_set_handler ... ok
[INFO] [stdout] test html::parse::malformed_html_handlers::tests::void_handler_should_ignore_mismatch_for_missing_end_tag ... ok
[INFO] [stdout] test html::parse::malformed_html_handlers::tests::error_handler_should_err_for_mismatched_end_tag ... ok
[INFO] [stdout] test html::parse::malformed_html_handlers::tests::void_handler_should_ignore_mismatch_for_mismatched_end_tag ... ok
[INFO] [stdout] test html::parse::tests::parse_should_trim_newlines_out_of_end_tag_names ... ok
[INFO] [stdout] test html::parse::tests::parse_should_handle_single_tags ... ok
[INFO] [stdout] test html::tests::document_node_get_attributes_for_tag ... ok
[INFO] [stdout] test html::tests::document_node_get_attributes_for_text ... ok
[INFO] [stdout] test html::tests::html_document_display_should_escape_text ... ok
[INFO] [stdout] test html::parse::tests::parse_should_handle_attributes_without_value ... ok
[INFO] [stdout] test html::parse::tests::parse_works ... ok
[INFO] [stdout] test html::tests::html_document_display_should_expand_self_closing_tags ... ok
[INFO] [stdout] test html::tests::html_document_display_should_handle_void_tags ... ok
[INFO] [stdout] test html::parse::tests::parse_should_work_with_html ... ok
[INFO] [stdout] test html::tests::html_node_get_text_should_work_on_tag_node_with_one_text_child ... ok
[INFO] [stdout] test html::tests::html_document_display_should_output_same_text ... ok
[INFO] [stdout] test html::tests::html_node_get_text_should_work_on_tag_node_with_two_text_children ... ok
[INFO] [stdout] test html::tests::html_node_get_text_should_work_on_text_node ... ok
[INFO] [stdout] test html::tests::html_node_get_all_text_should_include_nested_text ... ok
[INFO] [stdout] test html::tokenizer::helpers::tests::is_comment_works ... ok
[INFO] [stdout] test html::parse::tests::parse_should_include_tag_like_text_in_script_tags ... ok
[INFO] [stdout] test html::parse::tests::parse_should_trim_newlines_out_of_start_tag_names ... ok
[INFO] [stdout] test html::tokenizer::helpers::tests::is_end_comment_works ... ok
[INFO] [stdout] test html::tokenizer::helpers::tests::is_end_tag_does_not_move_pointer_if_not_found ... ok
[INFO] [stdout] test html::tokenizer::helpers::tests::is_end_comment_does_not_move_pointer_if_not_found ... ok
[INFO] [stdout] test html::tests::html_node_get_attributes_for_tag ... ok
[INFO] [stdout] test html::tokenizer::helpers::tests::is_assignment_sign_does_not_move_pointer_if_not_found ... ok
[INFO] [stdout] test html::tokenizer::helpers::tests::is_comment_does_not_move_pointer_if_not_found ... ok
[INFO] [stdout] test html::tests::html_node_get_attributes_for_text ... ok
[INFO] [stdout] test html::tokenizer::helpers::tests::is_literal_works_single_quote ... ok
[INFO] [stdout] test html::tokenizer::helpers::tests::is_literal_works_escaped_quote ... ok
[INFO] [stdout] test html::tokenizer::helpers::tests::is_assignment_sign_works ... ok
[INFO] [stdout] test html::tokenizer::helpers::tests::is_identifier_works ... ok
[INFO] [stdout] test html::tokenizer::helpers::tests::is_start_tag_finds_and_moves_pointer ... ok
[INFO] [stdout] test html::tokenizer::helpers::tests::is_tag_close_and_end_does_not_move_pointer_if_not_found ... ok
[INFO] [stdout] test html::tokenizer::helpers::tests::is_tag_close_and_end_works ... ok
[INFO] [stdout] test html::tokenizer::helpers::tests::is_tag_close_does_not_move_pointer_if_not_found ... ok
[INFO] [stdout] test html::tokenizer::helpers::tests::is_tag_close_works ... ok
[INFO] [stdout] test html::tokenizer::helpers::tests::is_text_not_move_pointer_if_end_tag ... ok
[INFO] [stdout] test html::tokenizer::helpers::tests::is_text_not_move_pointer_if_start_tag ... ok
[INFO] [stdout] test html::tokenizer::helpers::tests::is_text_should_allow_tag_like_strings_in_script_tags ... ok
[INFO] [stdout] test html::tokenizer::helpers::tests::is_text_should_capture_multiple_lines_of_whitespace ... ok
[INFO] [stdout] test html::tokenizer::helpers::tests::is_text_should_capture_starting_new_line_and_whitespace ... ok
[INFO] [stdout] test html::tokenizer::helpers::tests::is_text_should_end_on_tag_end ... ok
[INFO] [stdout] test html::tokenizer::helpers::tests::is_text_should_not_end_on_floating_triangle_bracket ... ok
[INFO] [stdout] test html::tokenizer::helpers::tests::is_text_should_not_terminate_on_newline ... ok
[INFO] [stdout] test html::tokenizer::helpers::tests::is_text_works ... ok
[INFO] [stdout] test html::tokenizer::tests::lex_should_handle_attribute_without_value ... ok
[INFO] [stdout] test html::tokenizer::tests::lex_should_handle_encoded_json ... ok
[INFO] [stdout] test html::tokenizer::tests::lex_should_handle_end_tag_with_whitespace ... ok
[INFO] [stdout] test html::tokenizer::tests::lex_should_work_with_single_char_text ... ok
[INFO] [stdout] test html::tokenizer::tests::lex_works ... ok
[INFO] [stdout] test xpath::grammar::expressions::arithmetic_expressions::test::additive_expr_should_parse ... ok
[INFO] [stdout] test xpath::grammar::expressions::arithmetic_expressions::test::multiplicative_expr_should_parse ... ok
[INFO] [stdout] test html::tokenizer::helpers::tests::is_start_tag_does_not_move_pointer_if_not_found ... ok
[INFO] [stdout] test html::parse::tests::parse_should_handle_attributes_without_value_other_attributes ... ok
[INFO] [stdout] test html::tokenizer::helpers::tests::is_literal_does_not_move_pointer_if_not_found ... ok
[INFO] [stdout] test html::tokenizer::helpers::tests::is_end_tag_works ... ok
[INFO] [stdout] test xpath::grammar::expressions::arrow_operator::test::arrow_expr_should_parse ... ok
[INFO] [stdout] test xpath::grammar::expressions::arithmetic_expressions::test::additive_expr_should_parse_whitespace ... ok
[INFO] [stdout] test xpath::grammar::expressions::arithmetic_expressions::test::unary_expr_should_parse_minus ... ok
[INFO] [stdout] test xpath::grammar::expressions::arithmetic_expressions::test::unary_expr_should_parse_minus_whitespace ... ok
[INFO] [stdout] test html::tokenizer::helpers::tests::is_identifier_not_move_pointer_if_not_found ... ok
[INFO] [stdout] test html::tokenizer::helpers::tests::is_literal_works_double_quote ... ok
[INFO] [stdout] test html::tokenizer::helpers::tests::is_identifier_should_not_match_newline ... ok
[INFO] [stdout] test html::tests::html_node_get_text_should_ignore_nested_text ... ok
[INFO] [stdout] test html::parse::tests::parse_should_handle_text_with_triangle_brackets ... ok
[INFO] [stdout] test html::tests::html_document_display_should_handle_attributes ... ok
[INFO] [stdout] test xpath::grammar::expressions::arithmetic_expressions::test::multiplicative_expr_should_parse_whitespace ... ok
[INFO] [stdout] test xpath::grammar::expressions::expressions_on_sequence_types::cast::tests::single_type_should_parse ... ok
[INFO] [stdout] test xpath::grammar::expressions::arrow_operator::test::arrow_expr_should_parse_whitespace ... ok
[INFO] [stdout] test xpath::grammar::expressions::expressions_on_sequence_types::instance_of::tests::instanceof_expr_should_parse ... ok
[INFO] [stdout] test xpath::grammar::expressions::expressions_on_sequence_types::treat::tests::treat_expr_should_parse ... ok
[INFO] [stdout] test xpath::grammar::expressions::common::test::argument_list_should_parse ... ok
[INFO] [stdout] test xpath::grammar::expressions::common::test::argument_list_should_parse_whitespace ... ok
[INFO] [stdout] test xpath::grammar::expressions::expressions_on_sequence_types::cast::tests::cast_expr_should_parse ... ok
[INFO] [stdout] test xpath::grammar::expressions::comparison_expressions::test::comparison_expr_should_parse ... ok
[INFO] [stdout] test xpath::grammar::expressions::comparison_expressions::test::comparison_expr_should_parse_general_comp ... ok
[INFO] [stdout] test xpath::grammar::expressions::comparison_expressions::test::comparison_expr_should_parse_general_comp_whitespace ... ok
[INFO] [stdout] test xpath::grammar::expressions::let_expressions::test::let_expr_should_parse ... ok
[INFO] [stdout] test xpath::grammar::expressions::let_expressions::test::let_expr_should_parse_whitespace ... ok
[INFO] [stdout] test xpath::grammar::expressions::logical_expressions::test::and_expr_expr_should_not_match_second_with_no_separator ... ok
[INFO] [stdout] test xpath::grammar::expressions::comparison_expressions::test::comparison_expr_should_parse_node_comp_is ... ok
[INFO] [stdout] test xpath::grammar::expressions::comparison_expressions::test::comparison_expr_should_parse_node_comp_precedes_whitespace ... ok
[INFO] [stdout] test xpath::grammar::expressions::expressions_on_sequence_types::castable::tests::castable_expr_should_parse ... ok
[INFO] [stdout] test xpath::grammar::expressions::conditional_expressions::test::if_expr_should_parse ... ok
[INFO] [stdout] test xpath::grammar::expressions::for_expressions::test::for_expr_should_parse_whitespace ... ok
[INFO] [stdout] test xpath::grammar::expressions::logical_expressions::test::and_expr_expr_should_parse ... ok
[INFO] [stdout] test xpath::grammar::expressions::logical_expressions::test::or_expr_should_parse ... ok
[INFO] [stdout] test xpath::grammar::expressions::maps_and_arrays::arrays::tests::curly_array_constructor_should_parse_lots_of_whitespace ... ok
[INFO] [stdout] test xpath::grammar::expressions::logical_expressions::test::or_expr_should_not_match_second_with_no_separator ... ok
[INFO] [stdout] test xpath::grammar::expressions::maps_and_arrays::arrays::tests::curly_array_constructor_should_parse_no_whitespace ... ok
[INFO] [stdout] test xpath::grammar::expressions::maps_and_arrays::arrays::tests::square_array_constructor_should_parse_lots_of_whitespace ... ok
[INFO] [stdout] test xpath::grammar::expressions::maps_and_arrays::arrays::tests::square_array_constructor_should_parse_no_whitespace ... ok
[INFO] [stdout] test xpath::grammar::expressions::maps_and_arrays::lookup_operator::postfix_lookup::tests::lookup_should_parse ... ok
[INFO] [stdout] test xpath::grammar::expressions::comparison_expressions::test::comparison_expr_should_parse_node_comp_precedes ... ok
[INFO] [stdout] test xpath::grammar::expressions::path_expressions::abbreviated_syntax::tests::abbrev_forward_step_step_should_parse ... ok
[INFO] [stdout] test xpath::grammar::expressions::path_expressions::steps::forward_step::tests::forward_step_should_parse_full ... ok
[INFO] [stdout] test xpath::grammar::expressions::maps_and_arrays::maps::tests::map_constructor_should_parse ... ok
[INFO] [stdout] test xpath::grammar::expressions::maps_and_arrays::maps::tests::map_constructor_should_parse_no_whitespace ... ok
[INFO] [stdout] test xpath::grammar::expressions::path_expressions::abbreviated_syntax::tests::abbrev_forward_step_step_should_parse_with_whitespace ... ok
[INFO] [stdout] test xpath::grammar::expressions::conditional_expressions::test::if_expr_should_parse_whitespace ... ok
[INFO] [stdout] test xpath::grammar::expressions::path_expressions::steps::forward_step::tests::forward_step_should_parse_full_whitespace ... ok
[INFO] [stdout] test xpath::grammar::expressions::path_expressions::steps::node_tests::tests::wildcard_should_parse_suffixed_name ... ok
[INFO] [stdout] test xpath::grammar::expressions::path_expressions::steps::axis_step::tests::axis_step_should_parse ... ok
[INFO] [stdout] test xpath::grammar::expressions::path_expressions::steps::axis_step::tests::axis_step_should_use_text_test_not_function_call ... ok
[INFO] [stdout] test xpath::grammar::expressions::path_expressions::steps::node_tests::tests::wildcard_should_parse_braced_uri ... ok
[INFO] [stdout] test xpath::grammar::expressions::path_expressions::steps::node_tests::tests::wildcard_should_parse_prefixed_name ... ok
[INFO] [stdout] test xpath::grammar::expressions::path_expressions::steps::node_tests::tests::wildcard_should_parse_simple ... ok
[INFO] [stdout] test xpath::grammar::expressions::path_expressions::steps::axis_step::tests::axis_step_should_parse_with_whitespace ... ok
[INFO] [stdout] test xpath::grammar::expressions::for_expressions::test::for_expr_should_parse ... ok
[INFO] [stdout] test xpath::grammar::expressions::maps_and_arrays::lookup_operator::unary_lookup::tests::unary_lookup_should_parse ... ok
[INFO] [stdout] test xpath::grammar::expressions::path_expressions::steps::forward_step::tests::forward_step_should_parse_abbrev ... ok
[INFO] [stdout] test xpath::grammar::expressions::path_expressions::steps::forward_step::tests::forward_step_should_use_text_test_not_function_call ... ok
[INFO] [stdout] test xpath::grammar::expressions::path_expressions::steps::reverse_step::tests::reverse_step_should_parse_full ... ok
[INFO] [stdout] test xpath::grammar::expressions::path_expressions::steps::reverse_step::tests::reverse_step_should_parse_full_whitespace ... ok
[INFO] [stdout] test xpath::grammar::expressions::path_expressions::tests::double_slash_expansion_should_be_as_documented ... ok
[INFO] [stdout] test xpath::grammar::expressions::path_expressions::steps::step_expr::tests::step_expr_should_use_text_test_not_function_call ... ok
[INFO] [stdout] test xpath::grammar::expressions::path_expressions::tests::path_expr_should_parse_whitespace ... ok
[INFO] [stdout] test xpath::grammar::expressions::path_expressions::steps::tests::predicate_list_should_parse_whitespace ... ok
[INFO] [stdout] test xpath::grammar::expressions::path_expressions::steps::tests::predicate_list_should_parse ... ok
[INFO] [stdout] test xpath::grammar::expressions::path_expressions::tests::initial_slash_expansion_no_expr_should_be_as_documented ... ok
[INFO] [stdout] test xpath::grammar::expressions::postfix_expressions::test::postfix_expr_should_parse1 ... ok
[INFO] [stdout] test xpath::grammar::expressions::postfix_expressions::test::predicate_should_parse1 ... ok
[INFO] [stdout] test xpath::grammar::expressions::path_expressions::tests::relative_path_expr_should_parse ... ok
[INFO] [stdout] test xpath::grammar::expressions::path_expressions::tests::initial_slash_expansion_should_be_as_documented ... ok
[INFO] [stdout] test xpath::grammar::expressions::primary_expressions::enclosed_expressions::tests::enclosed_expr_should_parse_no_whitespace ... ok
[INFO] [stdout] test xpath::grammar::expressions::postfix_expressions::test::predicate_should_parse2 ... ok
[INFO] [stdout] test xpath::grammar::expressions::path_expressions::tests::initial_double_slash_expansion_should_be_as_documented ... ok
[INFO] [stdout] test xpath::grammar::expressions::path_expressions::steps::reverse_step::tests::reverse_step_should_parse_abbrev ... ok
[INFO] [stdout] test xpath::grammar::expressions::postfix_expressions::test::predicate_should_parse3 ... ok
[INFO] [stdout] test xpath::grammar::expressions::primary_expressions::literals::test::numeric_literal_should_match_decimal ... ok
[INFO] [stdout] test xpath::grammar::expressions::primary_expressions::literals::test::numeric_literal_should_match_double ... ok
[INFO] [stdout] test xpath::grammar::expressions::primary_expressions::literals::test::numeric_literal_should_match_integer ... ok
[INFO] [stdout] test xpath::grammar::expressions::path_expressions::tests::path_expr_should_parse ... ok
[INFO] [stdout] test xpath::grammar::expressions::primary_expressions::named_function_references::tests::named_function_ref_should_parse_whitespace ... ok
[INFO] [stdout] test xpath::grammar::expressions::primary_expressions::enclosed_expressions::tests::enclosed_expr_should_parse_lots_of_whitespace ... ok
[INFO] [stdout] test xpath::grammar::expressions::primary_expressions::named_function_references::tests::named_function_ref_should_parse ... ok
[INFO] [stdout] test xpath::grammar::expressions::primary_expressions::inline_function_expressions::tests::inline_function_expr_should_parse_whitespace ... ok
[INFO] [stdout] test xpath::grammar::expressions::primary_expressions::parenthesized_expressions::test::parenthesized_expr_should_parse ... ok
[INFO] [stdout] test xpath::grammar::expressions::primary_expressions::static_function_calls::test::function_call_should_parse ... ok
[INFO] [stdout] test xpath::grammar::expressions::primary_expressions::inline_function_expressions::tests::inline_function_expr_should_parse ... ok
[INFO] [stdout] test xpath::grammar::expressions::primary_expressions::parenthesized_expressions::test::parenthesized_expr_should_parse_whitespace ... ok
[INFO] [stdout] test xpath::grammar::expressions::sequence_expressions::combining_node_sequences::test::union_expr_should_parse_intersect ... ok
[INFO] [stdout] test xpath::grammar::expressions::primary_expressions::variable_references::test::var_ref_should_parse ... ok
[INFO] [stdout] test xpath::grammar::expressions::simple_map_operator::tests::simple_map_expr_should_parse ... ok
[INFO] [stdout] test xpath::grammar::expressions::sequence_expressions::constructing_sequences::test::range_expr_should_parse ... ok
[INFO] [stdout] test xpath::grammar::expressions::primary_expressions::static_function_calls::test::function_call_should_parse_whitespace ... ok
[INFO] [stdout] test xpath::grammar::expressions::tests::expr_should_parse2 ... ok
[INFO] [stdout] test xpath::grammar::expressions::quantified_expressions::test::quantified_expr_should_parse_some ... ok
[INFO] [stdout] test xpath::grammar::expressions::simple_map_operator::tests::simple_map_expr_should_parse_whitespace ... ok
[INFO] [stdout] test xpath::grammar::expressions::simple_map_operator::tests::simple_map_expr_should_parse1 ... ok
[INFO] [stdout] test xpath::grammar::expressions::sequence_expressions::combining_node_sequences::test::union_expr_should_parse_bar ... ok
[INFO] [stdout] test xpath::grammar::expressions::string_concat_expressions::test::string_concat_expr_should_parse_whitespace ... ok
[INFO] [stdout] test xpath::grammar::expressions::tests::xpath_should_parse3 ... ok
[INFO] [stdout] test xpath::grammar::expressions::sequence_expressions::combining_node_sequences::test::union_expr_should_parse_bar_whitespace ... ok
[INFO] [stdout] test xpath::grammar::expressions::tests::xpath_should_parse6 ... ok
[INFO] [stdout] test xpath::grammar::expressions::tests::expr_should_parse1 ... ok
[INFO] [stdout] test xpath::grammar::expressions::tests::xpath_should_parse2 ... ok
[INFO] [stdout] test xpath::grammar::recipes::tests::max_should_choose_option_that_matches_most ... ok
[INFO] [stdout] test xpath::grammar::expressions::tests::xpath_should_parse4 ... ok
[INFO] [stdout] test xpath::grammar::expressions::tests::xpath_should_parse5 ... ok
[INFO] [stdout] test xpath::grammar::expressions::sequence_expressions::combining_node_sequences::test::union_expr_should_parse_except ... ok
[INFO] [stdout] test xpath::grammar::expressions::quantified_expressions::test::quantified_expr_should_parse_every ... ok
[INFO] [stdout] test xpath::grammar::terminal_symbols::tests::comment_should_allow_nested_comments ... ok
[INFO] [stdout] test xpath::grammar::terminal_symbols::tests::double_should_match_scientific_notation_negative ... ok
[INFO] [stdout] test xpath::grammar::expressions::primary_expressions::variable_references::test::var_ref_should_parse_whitespace ... ok
[INFO] [stdout] test xpath::grammar::expressions::string_concat_expressions::test::string_concat_expr_should_parse ... ok
[INFO] [stdout] test xpath::grammar::expressions::sequence_expressions::combining_node_sequences::test::union_expr_should_parse_union ... ok
[INFO] [stdout] test xpath::grammar::terminal_symbols::tests::comment_should_match_comment ... ok
[INFO] [stdout] test xpath::grammar::terminal_symbols::tests::double_should_match_scientific_notation_positive ... ok
[INFO] [stdout] test xpath::grammar::expressions::tests::xpath_should_parse1 ... ok
[INFO] [stdout] test xpath::grammar::terminal_symbols::tests::decimal_literal_should_work_for_all_valid_f32 ... ok
[INFO] [stdout] test xpath::grammar::terminal_symbols::tests::string_literal_should_allow_escaped_double_quotes ... ok
[INFO] [stdout] test xpath::grammar::terminal_symbols::tests::string_literal_should_allow_escaped_single_quotes ... ok
[INFO] [stdout] test xpath::grammar::types::array_test::test::array_test_should_parse_any_whitespace ... ok
[INFO] [stdout] test xpath::grammar::types::array_test::test::array_test_should_parse ... ok
[INFO] [stdout] test xpath::grammar::types::array_test::test::array_test_should_parse_any ... ok
[INFO] [stdout] test xpath::grammar::types::array_test::test::array_test_should_parse_whitespace ... ok
[INFO] [stdout] test xpath::grammar::types::attribute_test::test::attribute_test_should_parse ... ok
[INFO] [stdout] test xpath::grammar::types::attribute_test::test::attribute_test_should_parse_any ... ok
[INFO] [stdout] test xpath::grammar::types::attribute_test::test::attribute_test_should_parse_any_whitespace ... ok
[INFO] [stdout] test xpath::grammar::types::attribute_test::test::attribute_test_should_parse_attrib_name_whitespace ... ok
[INFO] [stdout] test xpath::grammar::types::element_test::test::element_test_should_parse_attrib_name ... ok
[INFO] [stdout] test xpath::grammar::types::element_test::test::element_test_should_parse ... ok
[INFO] [stdout] test xpath::grammar::types::attribute_test::test::attribute_test_should_parse_attrib_name ... ok
[INFO] [stdout] test xpath::grammar::types::element_test::test::element_test_should_parse_any ... ok
[INFO] [stdout] test xpath::grammar::types::map_test::test::map_test_should_parse_any_whitespace ... ok
[INFO] [stdout] test xpath::grammar::types::element_test::test::element_test_should_parse_any_whitespace ... ok
[INFO] [stdout] test xpath::grammar::types::function_test::test::function_test_should_parse_typed_name ... ok
[INFO] [stdout] test xpath::grammar::types::map_test::test::map_test_should_parse_typed_name ... ok
[INFO] [stdout] test xpath::grammar::types::function_test::test::function_test_should_parse_any_whitespace ... ok
[INFO] [stdout] test xpath::grammar::types::function_test::test::function_test_should_parse_typed_whitespace ... ok
[INFO] [stdout] test xpath::grammar::types::schema_element_test::test::schema_element_test_should_whitespace ... ok
[INFO] [stdout] test xpath::grammar::types::sequence_type::test::item_type_example2 ... ok
[INFO] [stdout] test xpath::grammar::types::sequence_type::test::item_type_example1 ... ok
[INFO] [stdout] test xpath::grammar::types::sequence_type::test::item_type_example4 ... ok
[INFO] [stdout] test xpath::grammar::types::attribute_test::test::attribute_test_should_parse_whitespace ... ok
[INFO] [stdout] test xpath::grammar::types::map_test::test::map_test_should_parse_typed_whitespace ... ok
[INFO] [stdout] test xpath::grammar::types::sequence_type::test::item_type_example5 ... ok
[INFO] [stdout] test xpath::grammar::types::schema_element_test::test::schema_element_test_should_parse ... ok
[INFO] [stdout] test xpath::grammar::types::map_test::test::map_test_should_parse_any ... ok
[INFO] [stdout] test xpath::grammar::types::sequence_type::test::item_type_example3 ... ok
[INFO] [stdout] test xpath::grammar::types::sequence_type::test::item_type_example8 ... ok
[INFO] [stdout] test xpath::grammar::types::element_test::test::element_test_should_parse_attrib_name_whitespace ... ok
[INFO] [stdout] test xpath::grammar::types::sequence_type::test::sequence_type_test_should_parse_empty ... ok
[INFO] [stdout] test xpath::grammar::types::test::eq_name_example1 ... ok
[INFO] [stdout] test xpath::grammar::types::sequence_type::test::item_type_example7 ... ok
[INFO] [stdout] test xpath::grammar::types::sequence_type::test::sequence_type_should_parse_empty_whitespace ... ok
[INFO] [stdout] test xpath::grammar::types::element_test::test::element_test_should_parse_whitespace ... ok
[INFO] [stdout] test xpath::grammar::types::sequence_type::test::sequence_type_should_parse_value_whitespace ... ok
[INFO] [stdout] test xpath::grammar::types::sequence_type::test::item_type_example9 ... ok
[INFO] [stdout] test xpath::grammar::types::function_test::test::function_test_should_parse_any ... ok
[INFO] [stdout] test xpath::grammar::terminal_symbols::tests::double_literal_should_work_for_all_valid_f64 ... ok
[INFO] [stdout] test xpath::grammar::terminal_symbols::tests::integer_literal_should_work_for_all_valid_u32 ... ok
[INFO] [stdout] test xpath::grammar::terminal_symbols::tests::braced_uri_literal_should_work_for_all_strings ... ok
[INFO] [stdout] test xpath::grammar::whitespace_recipes::test::sep_many0_should_match_first ... ok
[INFO] [stdout] test xpath::grammar::whitespace_recipes::test::sep_many0_should_not_consume_trailing_sep_symbol ... ok
[INFO] [stdout] test xpath::grammar::whitespace_recipes::test::sep_many0_should_not_match_second_without_sep_symbol ... ok
[INFO] [stdout] test xpath::grammar::whitespace_recipes::test::sep_many0_should_not_match_without_sep_symbol ... ok
[INFO] [stdout] test xpath::grammar::whitespace_recipes::test::sep_should_allow_multiple_whitespace_before_and_after ... ok
[INFO] [stdout] test xpath::grammar::types::test::eq_name_example2 ... ok
[INFO] [stdout] test xpath::grammar::whitespace_recipes::test::sep_should_allow_whitespace_between ... ok
[INFO] [stdout] test xpath::grammar::whitespace_recipes::test::sep_should_match_when_opt_doesnt ... ok
[INFO] [stdout] test xpath::grammar::whitespace_recipes::test::sep_many0_should_match_multiple ... ok
[INFO] [stdout] test xpath::grammar::types::test::eq_name_example3 ... ok
[INFO] [stdout] test xpath::grammar::types::sequence_type::test::sequence_type_test_should_parse_value ... ok
[INFO] [stdout] test xpath::grammar::types::sequence_type::test::item_type_example6 ... ok
[INFO] [stdout] test xpath::grammar::whitespace_recipes::test::ws_should_allow_no_whitespace_between ... ok
[INFO] [stdout] test xpath::grammar::whitespace_recipes::test::ws_should_allow_leading_whitespace ... ok
[INFO] [stdout] test xpath::grammar::whitespace_recipes::test::ws_should_should_not_match_trailing_whitespace ... ok
[INFO] [stdout] test xpath::grammar::whitespace_recipes::test::ws_should_allow_whitespace_between ... ok
[INFO] [stdout] test xpath::grammar::xml_names::test::qname_should_match_prefixed_name ... ok
[INFO] [stdout] test xpath::grammar::xml_names::test::ncname_should_not_match_colon ... ok
[INFO] [stdout] test xpath::tests::parse_should_handle_multiple_double_slashes ... ok
[INFO] [stdout] test xpath::query::tests::find_elements_should_find_element ... ok
[INFO] [stdout] test xpath::query::tests::find_attributes_should_find_attribute ... ok
[INFO] [stdout] test xpath::query::tests::find_elements_from_item_should_find_element ... ok
[INFO] [stdout] test xpath::query::tests::find_elements_from_element_should_find_element ... ok
[INFO] [stdout] test xpath::tests::parse_should_handle_reverse_step_after_double_slash ... ok
[INFO] [stdout] test xpath::xpath_item_set::tests::macro_works_with_multiple ... ok
[INFO] [stdout] test xpath::xpath_item_set::tests::macro_works_with_one ... ok
[INFO] [stdout] test xpath::grammar::terminal_symbols::tests::string_literal_should_work_for_all_single_quoted_strings ... ok
[INFO] [stdout] test xpath::grammar::xml_names::test::nc_name_should_fail_for_all_invalid_names ... ok
[INFO] [stdout] test xpath::grammar::terminal_symbols::tests::string_literal_should_work_for_all_quoted_strings ... ok
[INFO] [stdout] test xpath::grammar::xml_names::test::nc_name_should_work_for_all_valid_names ... ok
[INFO] [stdout] 
[INFO] [stdout] test result: ok. 249 passed; 0 failed; 0 ignored; 0 measured; 0 filtered out; finished in 0.21s
[INFO] [stdout] 
[INFO] [stderr]      Running tests/apply_to_item_tests.rs (/opt/rustwide/target/debug/deps/apply_to_item_tests-b34e21e53696fd64)
[INFO] [stdout] 
[INFO] [stdout] running 3 tests
[INFO] [stdout] test apply_to_item_should_select_given_node ... ok
[INFO] [stdout] test apply_to_item_double_slash_should_select_self_or_descendents ... ok
[INFO] [stdout] test apply_to_item_slash_should_select_children ... ok
[INFO] [stdout] 
[INFO] [stdout] test result: ok. 3 passed; 0 failed; 0 ignored; 0 measured; 0 filtered out; finished in 0.01s
[INFO] [stdout] 
[INFO] [stderr]      Running tests/contains_tests.rs (/opt/rustwide/target/debug/deps/contains_tests-f9f35e43ecff0d7f)
[INFO] [stdout] 
[INFO] [stdout] running 3 tests
[INFO] [stdout] test contains_should_select_attribute ... ok
[INFO] [stdout] test contains_should_select_text ... ok
[INFO] [stdout] test contains_should_select_on_expression ... ok
[INFO] [stderr]      Running tests/forward_step_tests.rs (/opt/rustwide/target/debug/deps/forward_step_tests-29c76c347ae7d5a8)
[INFO] [stdout] 
[INFO] [stdout] test result: ok. 3 passed; 0 failed; 0 ignored; 0 measured; 0 filtered out; finished in 0.02s
[INFO] [stdout] 
[INFO] [stdout] 
[INFO] [stdout] running 1 test
[INFO] [stdout] test abbrev_attribute_step_should_match_given_attribute ... ok
[INFO] [stdout] 
[INFO] [stdout] test result: ok. 1 passed; 0 failed; 0 ignored; 0 measured; 0 filtered out; finished in 0.00s
[INFO] [stdout] 
[INFO] [stderr]      Running tests/github_sample_tests.rs (/opt/rustwide/target/debug/deps/github_sample_tests-2dc677cfcfece0ca)
[INFO] [stdout] 
[INFO] [stdout] running 11 tests
[INFO] [stdout] test xpath_github_root_search ... ok
[INFO] [stdout] test xpath_github_parent_axis ... ok
[INFO] [stdout] test xpath_github_sample1 ... ok
[INFO] [stdout] test xpath_github_sample2 ... ok
[INFO] [stdout] test xpath_github_root_wildcard ... ok
[INFO] [stdout] test xpath_github_sample3 ... ok
[INFO] [stdout] test xpath_github_get_text_sample ... ok
[INFO] [stdout] test xpath_github_parent_axis_recursive ... ok
[INFO] [stdout] test xpath_github_root_search_all ... ok
[INFO] [stdout] test xpath_github_dashed_attribute ... ok
[INFO] [stdout] test xpath_github_get_attributes_sample ... ok
[INFO] [stdout] 
[INFO] [stdout] test result: ok. 11 passed; 0 failed; 0 ignored; 0 measured; 0 filtered out; finished in 0.97s
[INFO] [stdout] 
[INFO] [stderr]      Running tests/html_tests.rs (/opt/rustwide/target/debug/deps/html_tests-5b77ed3de90e4c2f)
[INFO] [stdout] 
[INFO] [stdout] running 4 tests
[INFO] [stdout] test doctype_should_skip_regular_doctype ... ok
[INFO] [stdout] test doctype_should_skip_verbose_doctype ... ok
[INFO] [stdout] test text_should_unescape_characters ... ok
[INFO] [stdout] test text_should_include_text_before_between_and_after_child_element ... ok
[INFO] [stdout] 
[INFO] [stderr]      Running tests/lxml_tests.rs (/opt/rustwide/target/debug/deps/lxml_tests-6c82f6bd78a6ca42)
[INFO] [stdout] test result: ok. 4 passed; 0 failed; 0 ignored; 0 measured; 0 filtered out; finished in 0.01s
[INFO] [stdout] 
[INFO] [stdout] 
[INFO] [stdout] running 5 tests
[INFO] [stderr] Traceback (most recent call last):
[INFO] [stderr]   File "/opt/rustwide/workdir/tests/lxml_tests/xpath.py", line 1, in <module>
[INFO] [stderr]     import jsons
[INFO] [stderr] ModuleNotFoundError: No module named 'jsons'
[INFO] [stdout] test test_lxml_output ... FAILED
[INFO] [stderr] Traceback (most recent call last):
[INFO] [stderr]   File "/opt/rustwide/workdir/tests/lxml_tests/xpath.py", line 1, in <module>
[INFO] [stderr]     import jsons
[INFO] [stderr] ModuleNotFoundError: No module named 'jsons'
[INFO] [stdout] test test_text_handling ... FAILED
[INFO] [stderr] Traceback (most recent call last):
[INFO] [stderr]   File "/opt/rustwide/workdir/tests/lxml_tests/xpath.py", line 1, in <module>
[INFO] [stderr]     import jsons
[INFO] [stderr] ModuleNotFoundError: No module named 'jsons'
[INFO] [stderr] Traceback (most recent call last):
[INFO] [stderr]   File "/opt/rustwide/workdir/tests/lxml_tests/xpath.py", line 1, in <module>
[INFO] [stderr]     import jsons
[INFO] [stderr] ModuleNotFoundError: No module named 'jsons'
[INFO] [stdout] test test_text_handling3 ... FAILED
[INFO] [stderr] Traceback (most recent call last):
[INFO] [stderr]   File "/opt/rustwide/workdir/tests/lxml_tests/xpath.py", line 1, in <module>
[INFO] [stderr]     import jsons
[INFO] [stderr] ModuleNotFoundError: No module named 'jsons'
[INFO] [stdout] test test_text_handling2 ... FAILED
[INFO] [stdout] test test_item_count1 ... FAILED
[INFO] [stdout] 
[INFO] [stdout] failures:
[INFO] [stdout] 
[INFO] [stdout] ---- test_lxml_output stdout ----
[INFO] [stdout] 
[INFO] [stdout] thread '<unnamed>' panicked at tests/lxml_tests.rs:49:14:
[INFO] [stdout] Failed to write to stdin: Os { code: 32, kind: BrokenPipe, message: "Broken pipe" }
[INFO] [stdout] stack backtrace:
[INFO] [stdout]    0:     0x61ff11def10a - std::backtrace_rs::backtrace::libunwind::trace::hb059275cfc8d6126
[INFO] [stdout]                                at /rustc/6067b36314ab5eb2eb47cecc464545ba58e1ad24/library/std/src/../../backtrace/src/backtrace/libunwind.rs:116:5
[INFO] [stdout]    1:     0x61ff11def10a - std::backtrace_rs::backtrace::trace_unsynchronized::h2da071e4327ce3ee
[INFO] [stdout]                                at /rustc/6067b36314ab5eb2eb47cecc464545ba58e1ad24/library/std/src/../../backtrace/src/backtrace/mod.rs:66:5
[INFO] [stdout]    2:     0x61ff11def10a - std::sys::backtrace::_print_fmt::h842a1474e6f8d23f
[INFO] [stdout]                                at /rustc/6067b36314ab5eb2eb47cecc464545ba58e1ad24/library/std/src/sys/backtrace.rs:66:9
[INFO] [stdout]    3:     0x61ff11def10a - <std::sys::backtrace::BacktraceLock::print::DisplayBacktrace as core::fmt::Display>::fmt::h71a62eb3b9696b12
[INFO] [stdout]                                at /rustc/6067b36314ab5eb2eb47cecc464545ba58e1ad24/library/std/src/sys/backtrace.rs:39:26
[INFO] [stdout]    4:     0x61ff11e18b13 - core::fmt::rt::Argument::fmt::hdb6b616786b41dc1
[INFO] [stdout]                                at /rustc/6067b36314ab5eb2eb47cecc464545ba58e1ad24/library/core/src/fmt/rt.rs:177:76
[INFO] [stdout]    5:     0x61ff11e18b13 - core::fmt::write::h2cc1698af7e2d686
[INFO] [stdout]                                at /rustc/6067b36314ab5eb2eb47cecc464545ba58e1ad24/library/core/src/fmt/mod.rs:1440:21
[INFO] [stdout]    6:     0x61ff11deb923 - std::io::Write::write_fmt::hab1b4cd059a79022
[INFO] [stdout]                                at /rustc/6067b36314ab5eb2eb47cecc464545ba58e1ad24/library/std/src/io/mod.rs:1887:15
[INFO] [stdout]    7:     0x61ff11deef52 - std::sys::backtrace::BacktraceLock::print::h147fe35b4ea13b08
[INFO] [stdout]                                at /rustc/6067b36314ab5eb2eb47cecc464545ba58e1ad24/library/std/src/sys/backtrace.rs:42:9
[INFO] [stdout]    8:     0x61ff11df052f - std::panicking::default_hook::{{closure}}::hbd44223dbdc0d208
[INFO] [stdout]                                at /rustc/6067b36314ab5eb2eb47cecc464545ba58e1ad24/library/std/src/panicking.rs:298:22
[INFO] [stdout]    9:     0x61ff11df0348 - std::panicking::default_hook::h20f81eb0576efcec
[INFO] [stdout]                                at /rustc/6067b36314ab5eb2eb47cecc464545ba58e1ad24/library/std/src/panicking.rs:322:9
[INFO] [stdout]   10:     0x61ff11c64413 - <alloc::boxed::Box<F,A> as core::ops::function::Fn<Args>>::call::hdb53814c496a4d34
[INFO] [stdout]                                at /rustc/6067b36314ab5eb2eb47cecc464545ba58e1ad24/library/alloc/src/boxed.rs:2027:9
[INFO] [stdout]   11:     0x61ff11c64413 - test::test_main::{{closure}}::hc0a4963c59427c24
[INFO] [stdout]                                at /rustc/6067b36314ab5eb2eb47cecc464545ba58e1ad24/library/test/src/lib.rs:134:21
[INFO] [stdout]   12:     0x61ff11df1023 - <alloc::boxed::Box<F,A> as core::ops::function::Fn<Args>>::call::h591b2225413a77e9
[INFO] [stdout]                                at /rustc/6067b36314ab5eb2eb47cecc464545ba58e1ad24/library/alloc/src/boxed.rs:2027:9
[INFO] [stdout]   13:     0x61ff11df1023 - std::panicking::rust_panic_with_hook::h625eea43051b2edc
[INFO] [stdout]                                at /rustc/6067b36314ab5eb2eb47cecc464545ba58e1ad24/library/std/src/panicking.rs:839:13
[INFO] [stdout]   14:     0x61ff11df0cda - std::panicking::begin_panic_handler::{{closure}}::h4f9159cfbc3f6bd3
[INFO] [stdout]                                at /rustc/6067b36314ab5eb2eb47cecc464545ba58e1ad24/library/std/src/panicking.rs:704:13
[INFO] [stdout]   15:     0x61ff11def609 - std::sys::backtrace::__rust_end_short_backtrace::h0390abce48353151
[INFO] [stdout]                                at /rustc/6067b36314ab5eb2eb47cecc464545ba58e1ad24/library/std/src/sys/backtrace.rs:168:18
[INFO] [stdout]   16:     0x61ff11df096d - rust_begin_unwind
[INFO] [stdout]                                at /rustc/6067b36314ab5eb2eb47cecc464545ba58e1ad24/library/std/src/panicking.rs:695:5
[INFO] [stdout]   17:     0x61ff11e16b20 - core::panicking::panic_fmt::h9e7c637e9e5f29c9
[INFO] [stdout]                                at /rustc/6067b36314ab5eb2eb47cecc464545ba58e1ad24/library/core/src/panicking.rs:75:14
[INFO] [stdout]   18:     0x61ff11e16f96 - core::result::unwrap_failed::h7979f09313fe1849
[INFO] [stdout]                                at /rustc/6067b36314ab5eb2eb47cecc464545ba58e1ad24/library/core/src/result.rs:1704:5
[INFO] [stdout]   19:     0x61ff11c15a5f - core::result::Result<T,E>::expect::hbabc06193c705795
[INFO] [stdout]                                at /rustc/6067b36314ab5eb2eb47cecc464545ba58e1ad24/library/core/src/result.rs:1061:23
[INFO] [stdout]   20:     0x61ff11c05fc8 - lxml_tests::get_lxml_output::{{closure}}::h95c6b09f0db2c1bb
[INFO] [stdout]                                at /opt/rustwide/workdir/tests/lxml_tests.rs:47:9
[INFO] [stdout]   21:     0x61ff11c10386 - std::sys::backtrace::__rust_begin_short_backtrace::h84b73164256307c9
[INFO] [stdout]                                at /rustc/6067b36314ab5eb2eb47cecc464545ba58e1ad24/library/std/src/sys/backtrace.rs:152:18
[INFO] [stdout]   22:     0x61ff11c0d35a - std::thread::Builder::spawn_unchecked_::{{closure}}::{{closure}}::h310c401dd7d68386
[INFO] [stdout]                                at /rustc/6067b36314ab5eb2eb47cecc464545ba58e1ad24/library/std/src/thread/mod.rs:559:17
[INFO] [stdout]   23:     0x61ff11bff1e0 - <core::panic::unwind_safe::AssertUnwindSafe<F> as core::ops::function::FnOnce<()>>::call_once::h8742c3a198d863e0
[INFO] [stdout]                                at /rustc/6067b36314ab5eb2eb47cecc464545ba58e1ad24/library/core/src/panic/unwind_safe.rs:272:9
[INFO] [stdout]   24:     0x61ff11c1049f - std::panicking::try::do_call::hd833d5ad6bcf1e0d
[INFO] [stdout]                                at /rustc/6067b36314ab5eb2eb47cecc464545ba58e1ad24/library/std/src/panicking.rs:587:40
[INFO] [stdout]   25:     0x61ff11c0f72b - __rust_try
[INFO] [stdout]   26:     0x61ff11c0cfa6 - std::panicking::try::h3c95e6bbf25df30e
[INFO] [stdout]                                at /rustc/6067b36314ab5eb2eb47cecc464545ba58e1ad24/library/std/src/panicking.rs:550:19
[INFO] [stdout]   27:     0x61ff11c0cfa6 - std::panic::catch_unwind::h3ad3345dfe1ab38b
[INFO] [stdout]                                at /rustc/6067b36314ab5eb2eb47cecc464545ba58e1ad24/library/std/src/panic.rs:358:14
[INFO] [stdout]   28:     0x61ff11c0cfa6 - std::thread::Builder::spawn_unchecked_::{{closure}}::h971b8891e9b47484
[INFO] [stdout]                                at /rustc/6067b36314ab5eb2eb47cecc464545ba58e1ad24/library/std/src/thread/mod.rs:557:30
[INFO] [stdout]   29:     0x61ff11bff80e - core::ops::function::FnOnce::call_once{{vtable.shim}}::hce02eb4a3a85f31c
[INFO] [stdout]                                at /rustc/6067b36314ab5eb2eb47cecc464545ba58e1ad24/library/core/src/ops/function.rs:250:5
[INFO] [stdout]   30:     0x61ff11df50eb - <alloc::boxed::Box<F,A> as core::ops::function::FnOnce<Args>>::call_once::ha52bedf99a3b4981
[INFO] [stdout]                                at /rustc/6067b36314ab5eb2eb47cecc464545ba58e1ad24/library/alloc/src/boxed.rs:2013:9
[INFO] [stdout]   31:     0x61ff11df50eb - <alloc::boxed::Box<F,A> as core::ops::function::FnOnce<Args>>::call_once::h567748934d80ccf8
[INFO] [stdout]                                at /rustc/6067b36314ab5eb2eb47cecc464545ba58e1ad24/library/alloc/src/boxed.rs:2013:9
[INFO] [stdout]   32:     0x61ff11df50eb - std::sys::pal::unix::thread::Thread::new::thread_start::h2d970728ae887adc
[INFO] [stdout]                                at /rustc/6067b36314ab5eb2eb47cecc464545ba58e1ad24/library/std/src/sys/pal/unix/thread.rs:106:17
[INFO] [stdout]   33:     0x762ac977bac3 - <unknown>
[INFO] [stdout]   34:     0x762ac980ca04 - clone
[INFO] [stdout]   35:                0x0 - <unknown>
[INFO] [stdout] 
[INFO] [stdout] thread 'test_lxml_output' panicked at tests/lxml_tests.rs:62:5:
[INFO] [stdout] 
[INFO] [stdout] 
[INFO] [stdout] stack backtrace:
[INFO] [stdout]    0:     0x61ff11def10a - std::backtrace_rs::backtrace::libunwind::trace::hb059275cfc8d6126
[INFO] [stdout]                                at /rustc/6067b36314ab5eb2eb47cecc464545ba58e1ad24/library/std/src/../../backtrace/src/backtrace/libunwind.rs:116:5
[INFO] [stdout]    1:     0x61ff11def10a - std::backtrace_rs::backtrace::trace_unsynchronized::h2da071e4327ce3ee
[INFO] [stdout]                                at /rustc/6067b36314ab5eb2eb47cecc464545ba58e1ad24/library/std/src/../../backtrace/src/backtrace/mod.rs:66:5
[INFO] [stdout]    2:     0x61ff11def10a - std::sys::backtrace::_print_fmt::h842a1474e6f8d23f
[INFO] [stdout]                                at /rustc/6067b36314ab5eb2eb47cecc464545ba58e1ad24/library/std/src/sys/backtrace.rs:66:9
[INFO] [stdout]    3:     0x61ff11def10a - <std::sys::backtrace::BacktraceLock::print::DisplayBacktrace as core::fmt::Display>::fmt::h71a62eb3b9696b12
[INFO] [stdout]                                at /rustc/6067b36314ab5eb2eb47cecc464545ba58e1ad24/library/std/src/sys/backtrace.rs:39:26
[INFO] [stdout]    4:     0x61ff11e18b13 - core::fmt::rt::Argument::fmt::hdb6b616786b41dc1
[INFO] [stdout]                                at /rustc/6067b36314ab5eb2eb47cecc464545ba58e1ad24/library/core/src/fmt/rt.rs:177:76
[INFO] [stdout]    5:     0x61ff11e18b13 - core::fmt::write::h2cc1698af7e2d686
[INFO] [stdout]                                at /rustc/6067b36314ab5eb2eb47cecc464545ba58e1ad24/library/core/src/fmt/mod.rs:1440:21
[INFO] [stdout]    6:     0x61ff11deb923 - std::io::Write::write_fmt::hab1b4cd059a79022
[INFO] [stdout]                                at /rustc/6067b36314ab5eb2eb47cecc464545ba58e1ad24/library/std/src/io/mod.rs:1887:15
[INFO] [stdout]    7:     0x61ff11deef52 - std::sys::backtrace::BacktraceLock::print::h147fe35b4ea13b08
[INFO] [stdout]                                at /rustc/6067b36314ab5eb2eb47cecc464545ba58e1ad24/library/std/src/sys/backtrace.rs:42:9
[INFO] [stdout]    8:     0x61ff11df052f - std::panicking::default_hook::{{closure}}::hbd44223dbdc0d208
[INFO] [stdout]                                at /rustc/6067b36314ab5eb2eb47cecc464545ba58e1ad24/library/std/src/panicking.rs:298:22
[INFO] [stdout]    9:     0x61ff11df0348 - std::panicking::default_hook::h20f81eb0576efcec
[INFO] [stdout]                                at /rustc/6067b36314ab5eb2eb47cecc464545ba58e1ad24/library/std/src/panicking.rs:322:9
[INFO] [stdout]   10:     0x61ff11c64413 - <alloc::boxed::Box<F,A> as core::ops::function::Fn<Args>>::call::hdb53814c496a4d34
[INFO] [stdout]                                at /rustc/6067b36314ab5eb2eb47cecc464545ba58e1ad24/library/alloc/src/boxed.rs:2027:9
[INFO] [stdout]   11:     0x61ff11c64413 - test::test_main::{{closure}}::hc0a4963c59427c24
[INFO] [stdout]                                at /rustc/6067b36314ab5eb2eb47cecc464545ba58e1ad24/library/test/src/lib.rs:134:21
[INFO] [stdout]   12:     0x61ff11df1023 - <alloc::boxed::Box<F,A> as core::ops::function::Fn<Args>>::call::h591b2225413a77e9
[INFO] [stdout]                                at /rustc/6067b36314ab5eb2eb47cecc464545ba58e1ad24/library/alloc/src/boxed.rs:2027:9
[INFO] [stdout]   13:     0x61ff11df1023 - std::panicking::rust_panic_with_hook::h625eea43051b2edc
[INFO] [stdout]                                at /rustc/6067b36314ab5eb2eb47cecc464545ba58e1ad24/library/std/src/panicking.rs:839:13
[INFO] [stdout]   14:     0x61ff11df0cda - std::panicking::begin_panic_handler::{{closure}}::h4f9159cfbc3f6bd3
[INFO] [stdout]                                at /rustc/6067b36314ab5eb2eb47cecc464545ba58e1ad24/library/std/src/panicking.rs:704:13
[INFO] [stdout]   15:     0x61ff11def609 - std::sys::backtrace::__rust_end_short_backtrace::h0390abce48353151
[INFO] [stdout]                                at /rustc/6067b36314ab5eb2eb47cecc464545ba58e1ad24/library/std/src/sys/backtrace.rs:168:18
[INFO] [stdout]   16:     0x61ff11df096d - rust_begin_unwind
[INFO] [stdout]                                at /rustc/6067b36314ab5eb2eb47cecc464545ba58e1ad24/library/std/src/panicking.rs:695:5
[INFO] [stdout]   17:     0x61ff11e16b20 - core::panicking::panic_fmt::h9e7c637e9e5f29c9
[INFO] [stdout]                                at /rustc/6067b36314ab5eb2eb47cecc464545ba58e1ad24/library/core/src/panicking.rs:75:14
[INFO] [stdout]   18:     0x61ff11c061d8 - lxml_tests::get_lxml_elements::h3f91b3c2f0719ef1
[INFO] [stdout]                                at /opt/rustwide/workdir/tests/lxml_tests.rs:62:5
[INFO] [stdout]   19:     0x61ff11c094ae - lxml_tests::test_lxml_output::h02eea4d15afe2984
[INFO] [stdout]                                at /opt/rustwide/workdir/tests/lxml_tests.rs:143:25
[INFO] [stdout]   20:     0x61ff11c09427 - lxml_tests::test_lxml_output::{{closure}}::hf12bd55f92fb2264
[INFO] [stdout]                                at /opt/rustwide/workdir/tests/lxml_tests.rs:137:22
[INFO] [stdout]   21:     0x61ff11bff936 - core::ops::function::FnOnce::call_once::h347e522e52d8a23c
[INFO] [stdout]                                at /rustc/6067b36314ab5eb2eb47cecc464545ba58e1ad24/library/core/src/ops/function.rs:250:5
[INFO] [stdout]   22:     0x61ff11c69b6b - core::ops::function::FnOnce::call_once::he27718dfdd183f43
[INFO] [stdout]                                at /rustc/6067b36314ab5eb2eb47cecc464545ba58e1ad24/library/core/src/ops/function.rs:250:5
[INFO] [stdout]   23:     0x61ff11c69b6b - test::__rust_begin_short_backtrace::h4e84902998457a5d
[INFO] [stdout]                                at /rustc/6067b36314ab5eb2eb47cecc464545ba58e1ad24/library/test/src/lib.rs:632:18
[INFO] [stdout]   24:     0x61ff11c68aa3 - test::run_test_in_process::{{closure}}::h7176fd18fc1feca0
[INFO] [stdout]                                at /rustc/6067b36314ab5eb2eb47cecc464545ba58e1ad24/library/test/src/lib.rs:655:60
[INFO] [stdout]   25:     0x61ff11c68aa3 - <core::panic::unwind_safe::AssertUnwindSafe<F> as core::ops::function::FnOnce<()>>::call_once::hf79cff2a624d8cf7
[INFO] [stdout]                                at /rustc/6067b36314ab5eb2eb47cecc464545ba58e1ad24/library/core/src/panic/unwind_safe.rs:272:9
[INFO] [stdout]   26:     0x61ff11c68aa3 - std::panicking::try::do_call::h3da0561d9ab99c25
[INFO] [stdout]                                at /rustc/6067b36314ab5eb2eb47cecc464545ba58e1ad24/library/std/src/panicking.rs:587:40
[INFO] [stdout]   27:     0x61ff11c68aa3 - std::panicking::try::h41c9fa508bc61df6
[INFO] [stdout]                                at /rustc/6067b36314ab5eb2eb47cecc464545ba58e1ad24/library/std/src/panicking.rs:550:19
[INFO] [stdout]   28:     0x61ff11c68aa3 - std::panic::catch_unwind::h6b3ff07bb5afad93
[INFO] [stdout]                                at /rustc/6067b36314ab5eb2eb47cecc464545ba58e1ad24/library/std/src/panic.rs:358:14
[INFO] [stdout]   29:     0x61ff11c68aa3 - test::run_test_in_process::hc7253dd11b39b9f4
[INFO] [stdout]                                at /rustc/6067b36314ab5eb2eb47cecc464545ba58e1ad24/library/test/src/lib.rs:655:27
[INFO] [stdout]   30:     0x61ff11c68aa3 - test::run_test::{{closure}}::hfb2007f8649c30bb
[INFO] [stdout]                                at /rustc/6067b36314ab5eb2eb47cecc464545ba58e1ad24/library/test/src/lib.rs:576:43
[INFO] [stdout]   31:     0x61ff11c2bb85 - test::run_test::{{closure}}::h56a17aa7a282a9f4
[INFO] [stdout]                                at /rustc/6067b36314ab5eb2eb47cecc464545ba58e1ad24/library/test/src/lib.rs:606:41
[INFO] [stdout]   32:     0x61ff11c2bb85 - std::sys::backtrace::__rust_begin_short_backtrace::hd2d2d2fb8e8c6aac
[INFO] [stdout]                                at /rustc/6067b36314ab5eb2eb47cecc464545ba58e1ad24/library/std/src/sys/backtrace.rs:152:18
[INFO] [stdout]   33:     0x61ff11c2f46a - std::thread::Builder::spawn_unchecked_::{{closure}}::{{closure}}::h4faa3f9db6133423
[INFO] [stdout]                                at /rustc/6067b36314ab5eb2eb47cecc464545ba58e1ad24/library/std/src/thread/mod.rs:559:17
[INFO] [stdout]   34:     0x61ff11c2f46a - <core::panic::unwind_safe::AssertUnwindSafe<F> as core::ops::function::FnOnce<()>>::call_once::hf2e855a36a4ea846
[INFO] [stdout]                                at /rustc/6067b36314ab5eb2eb47cecc464545ba58e1ad24/library/core/src/panic/unwind_safe.rs:272:9
[INFO] [stdout]   35:     0x61ff11c2f46a - std::panicking::try::do_call::h2f73af3616c35465
[INFO] [stdout]                                at /rustc/6067b36314ab5eb2eb47cecc464545ba58e1ad24/library/std/src/panicking.rs:587:40
[INFO] [stdout]   36:     0x61ff11c2f46a - std::panicking::try::hd1660ce9efadef5a
[INFO] [stdout]                                at /rustc/6067b36314ab5eb2eb47cecc464545ba58e1ad24/library/std/src/panicking.rs:550:19
[INFO] [stdout]   37:     0x61ff11c2f46a - std::panic::catch_unwind::h5ee8d7823b8ca744
[INFO] [stdout]                                at /rustc/6067b36314ab5eb2eb47cecc464545ba58e1ad24/library/std/src/panic.rs:358:14
[INFO] [stdout]   38:     0x61ff11c2f46a - std::thread::Builder::spawn_unchecked_::{{closure}}::h53c3a1894dce8407
[INFO] [stdout]                                at /rustc/6067b36314ab5eb2eb47cecc464545ba58e1ad24/library/std/src/thread/mod.rs:557:30
[INFO] [stdout]   39:     0x61ff11c2f46a - core::ops::function::FnOnce::call_once{{vtable.shim}}::h048ce291ad4f62bf
[INFO] [stdout]                                at /rustc/6067b36314ab5eb2eb47cecc464545ba58e1ad24/library/core/src/ops/function.rs:250:5
[INFO] [stdout]   40:     0x61ff11df50eb - <alloc::boxed::Box<F,A> as core::ops::function::FnOnce<Args>>::call_once::ha52bedf99a3b4981
[INFO] [stdout]                                at /rustc/6067b36314ab5eb2eb47cecc464545ba58e1ad24/library/alloc/src/boxed.rs:2013:9
[INFO] [stdout]   41:     0x61ff11df50eb - <alloc::boxed::Box<F,A> as core::ops::function::FnOnce<Args>>::call_once::h567748934d80ccf8
[INFO] [stdout]                                at /rustc/6067b36314ab5eb2eb47cecc464545ba58e1ad24/library/alloc/src/boxed.rs:2013:9
[INFO] [stdout]   42:     0x61ff11df50eb - std::sys::pal::unix::thread::Thread::new::thread_start::h2d970728ae887adc
[INFO] [stdout]                                at /rustc/6067b36314ab5eb2eb47cecc464545ba58e1ad24/library/std/src/sys/pal/unix/thread.rs:106:17
[INFO] [stdout]   43:     0x762ac977bac3 - <unknown>
[INFO] [stdout]   44:     0x762ac980ca04 - clone
[INFO] [stdout]   45:                0x0 - <unknown>
[INFO] [stdout] 
[INFO] [stdout] ---- test_text_handling stdout ----
[INFO] [stdout] 
[INFO] [stdout] thread 'test_text_handling' panicked at tests/lxml_tests.rs:62:5:
[INFO] [stdout] 
[INFO] [stdout] 
[INFO] [stdout] stack backtrace:
[INFO] [stdout]    0:     0x61ff11def10a - std::backtrace_rs::backtrace::libunwind::trace::hb059275cfc8d6126
[INFO] [stdout]                                at /rustc/6067b36314ab5eb2eb47cecc464545ba58e1ad24/library/std/src/../../backtrace/src/backtrace/libunwind.rs:116:5
[INFO] [stdout]    1:     0x61ff11def10a - std::backtrace_rs::backtrace::trace_unsynchronized::h2da071e4327ce3ee
[INFO] [stdout]                                at /rustc/6067b36314ab5eb2eb47cecc464545ba58e1ad24/library/std/src/../../backtrace/src/backtrace/mod.rs:66:5
[INFO] [stdout]    2:     0x61ff11def10a - std::sys::backtrace::_print_fmt::h842a1474e6f8d23f
[INFO] [stdout]                                at /rustc/6067b36314ab5eb2eb47cecc464545ba58e1ad24/library/std/src/sys/backtrace.rs:66:9
[INFO] [stdout]    3:     0x61ff11def10a - <std::sys::backtrace::BacktraceLock::print::DisplayBacktrace as core::fmt::Display>::fmt::h71a62eb3b9696b12
[INFO] [stdout]                                at /rustc/6067b36314ab5eb2eb47cecc464545ba58e1ad24/library/std/src/sys/backtrace.rs:39:26
[INFO] [stdout]    4:     0x61ff11e18b13 - core::fmt::rt::Argument::fmt::hdb6b616786b41dc1
[INFO] [stdout]                                at /rustc/6067b36314ab5eb2eb47cecc464545ba58e1ad24/library/core/src/fmt/rt.rs:177:76
[INFO] [stdout]    5:     0x61ff11e18b13 - core::fmt::write::h2cc1698af7e2d686
[INFO] [stdout]                                at /rustc/6067b36314ab5eb2eb47cecc464545ba58e1ad24/library/core/src/fmt/mod.rs:1440:21
[INFO] [stdout]    6:     0x61ff11deb923 - std::io::Write::write_fmt::hab1b4cd059a79022
[INFO] [stdout]                                at /rustc/6067b36314ab5eb2eb47cecc464545ba58e1ad24/library/std/src/io/mod.rs:1887:15
[INFO] [stdout]    7:     0x61ff11deef52 - std::sys::backtrace::BacktraceLock::print::h147fe35b4ea13b08
[INFO] [stdout]                                at /rustc/6067b36314ab5eb2eb47cecc464545ba58e1ad24/library/std/src/sys/backtrace.rs:42:9
[INFO] [stdout]    8:     0x61ff11df052f - std::panicking::default_hook::{{closure}}::hbd44223dbdc0d208
[INFO] [stdout]                                at /rustc/6067b36314ab5eb2eb47cecc464545ba58e1ad24/library/std/src/panicking.rs:298:22
[INFO] [stdout]    9:     0x61ff11df0348 - std::panicking::default_hook::h20f81eb0576efcec
[INFO] [stdout]                                at /rustc/6067b36314ab5eb2eb47cecc464545ba58e1ad24/library/std/src/panicking.rs:322:9
[INFO] [stdout]   10:     0x61ff11c64413 - <alloc::boxed::Box<F,A> as core::ops::function::Fn<Args>>::call::hdb53814c496a4d34
[INFO] [stdout]                                at /rustc/6067b36314ab5eb2eb47cecc464545ba58e1ad24/library/alloc/src/boxed.rs:2027:9
[INFO] [stdout]   11:     0x61ff11c64413 - test::test_main::{{closure}}::hc0a4963c59427c24
[INFO] [stdout]                                at /rustc/6067b36314ab5eb2eb47cecc464545ba58e1ad24/library/test/src/lib.rs:134:21
[INFO] [stdout]   12:     0x61ff11df1023 - <alloc::boxed::Box<F,A> as core::ops::function::Fn<Args>>::call::h591b2225413a77e9
[INFO] [stdout]                                at /rustc/6067b36314ab5eb2eb47cecc464545ba58e1ad24/library/alloc/src/boxed.rs:2027:9
[INFO] [stdout]   13:     0x61ff11df1023 - std::panicking::rust_panic_with_hook::h625eea43051b2edc
[INFO] [stdout]                                at /rustc/6067b36314ab5eb2eb47cecc464545ba58e1ad24/library/std/src/panicking.rs:839:13
[INFO] [stdout]   14:     0x61ff11df0cda - std::panicking::begin_panic_handler::{{closure}}::h4f9159cfbc3f6bd3
[INFO] [stdout]                                at /rustc/6067b36314ab5eb2eb47cecc464545ba58e1ad24/library/std/src/panicking.rs:704:13
[INFO] [stdout]   15:     0x61ff11def609 - std::sys::backtrace::__rust_end_short_backtrace::h0390abce48353151
[INFO] [stdout]                                at /rustc/6067b36314ab5eb2eb47cecc464545ba58e1ad24/library/std/src/sys/backtrace.rs:168:18
[INFO] [stdout]   16:     0x61ff11df096d - rust_begin_unwind
[INFO] [stdout]                                at /rustc/6067b36314ab5eb2eb47cecc464545ba58e1ad24/library/std/src/panicking.rs:695:5
[INFO] [stdout]   17:     0x61ff11e16b20 - core::panicking::panic_fmt::h9e7c637e9e5f29c9
[INFO] [stdout]                                at /rustc/6067b36314ab5eb2eb47cecc464545ba58e1ad24/library/core/src/panicking.rs:75:14
[INFO] [stdout]   18:     0x61ff11c061d8 - lxml_tests::get_lxml_elements::h3f91b3c2f0719ef1
[INFO] [stdout]                                at /opt/rustwide/workdir/tests/lxml_tests.rs:62:5
[INFO] [stdout]   19:     0x61ff11c09c48 - lxml_tests::test_text_handling::hf6163ab20d7185b5
[INFO] [stdout]                                at /opt/rustwide/workdir/tests/lxml_tests.rs:167:25
[INFO] [stdout]   20:     0x61ff11c098d7 - lxml_tests::test_text_handling::{{closure}}::h55db7e0f478a371a
[INFO] [stdout]                                at /opt/rustwide/workdir/tests/lxml_tests.rs:157:24
[INFO] [stdout]   21:     0x61ff11bffac6 - core::ops::function::FnOnce::call_once::h9f3fd66105df3369
[INFO] [stdout]                                at /rustc/6067b36314ab5eb2eb47cecc464545ba58e1ad24/library/core/src/ops/function.rs:250:5
[INFO] [stdout]   22:     0x61ff11c69b6b - core::ops::function::FnOnce::call_once::he27718dfdd183f43
[INFO] [stdout]                                at /rustc/6067b36314ab5eb2eb47cecc464545ba58e1ad24/library/core/src/ops/function.rs:250:5
[INFO] [stdout]   23:     0x61ff11c69b6b - test::__rust_begin_short_backtrace::h4e84902998457a5d
[INFO] [stdout]                                at /rustc/6067b36314ab5eb2eb47cecc464545ba58e1ad24/library/test/src/lib.rs:632:18
[INFO] [stdout]   24:     0x61ff11c68aa3 - test::run_test_in_process::{{closure}}::h7176fd18fc1feca0
[INFO] [stdout]                                at /rustc/6067b36314ab5eb2eb47cecc464545ba58e1ad24/library/test/src/lib.rs:655:60
[INFO] [stdout]   25:     0x61ff11c68aa3 - <core::panic::unwind_safe::AssertUnwindSafe<F> as core::ops::function::FnOnce<()>>::call_once::hf79cff2a624d8cf7
[INFO] [stdout]                                at /rustc/6067b36314ab5eb2eb47cecc464545ba58e1ad24/library/core/src/panic/unwind_safe.rs:272:9
[INFO] [stdout]   26:     0x61ff11c68aa3 - std::panicking::try::do_call::h3da0561d9ab99c25
[INFO] [stdout]                                at /rustc/6067b36314ab5eb2eb47cecc464545ba58e1ad24/library/std/src/panicking.rs:587:40
[INFO] [stdout]   27:     0x61ff11c68aa3 - std::panicking::try::h41c9fa508bc61df6
[INFO] [stdout]                                at /rustc/6067b36314ab5eb2eb47cecc464545ba58e1ad24/library/std/src/panicking.rs:550:19
[INFO] [stdout]   28:     0x61ff11c68aa3 - std::panic::catch_unwind::h6b3ff07bb5afad93
[INFO] [stdout]                                at /rustc/6067b36314ab5eb2eb47cecc464545ba58e1ad24/library/std/src/panic.rs:358:14
[INFO] [stdout]   29:     0x61ff11c68aa3 - test::run_test_in_process::hc7253dd11b39b9f4
[INFO] [stdout]                                at /rustc/6067b36314ab5eb2eb47cecc464545ba58e1ad24/library/test/src/lib.rs:655:27
[INFO] [stdout]   30:     0x61ff11c68aa3 - test::run_test::{{closure}}::hfb2007f8649c30bb
[INFO] [stdout]                                at /rustc/6067b36314ab5eb2eb47cecc464545ba58e1ad24/library/test/src/lib.rs:576:43
[INFO] [stdout]   31:     0x61ff11c2bb85 - test::run_test::{{closure}}::h56a17aa7a282a9f4
[INFO] [stdout]                                at /rustc/6067b36314ab5eb2eb47cecc464545ba58e1ad24/library/test/src/lib.rs:606:41
[INFO] [stdout]   32:     0x61ff11c2bb85 - std::sys::backtrace::__rust_begin_short_backtrace::hd2d2d2fb8e8c6aac
[INFO] [stdout]                                at /rustc/6067b36314ab5eb2eb47cecc464545ba58e1ad24/library/std/src/sys/backtrace.rs:152:18
[INFO] [stdout]   33:     0x61ff11c2f46a - std::thread::Builder::spawn_unchecked_::{{closure}}::{{closure}}::h4faa3f9db6133423
[INFO] [stdout]                                at /rustc/6067b36314ab5eb2eb47cecc464545ba58e1ad24/library/std/src/thread/mod.rs:559:17
[INFO] [stdout]   34:     0x61ff11c2f46a - <core::panic::unwind_safe::AssertUnwindSafe<F> as core::ops::function::FnOnce<()>>::call_once::hf2e855a36a4ea846
[INFO] [stdout]                                at /rustc/6067b36314ab5eb2eb47cecc464545ba58e1ad24/library/core/src/panic/unwind_safe.rs:272:9
[INFO] [stdout]   35:     0x61ff11c2f46a - std::panicking::try::do_call::h2f73af3616c35465
[INFO] [stdout]                                at /rustc/6067b36314ab5eb2eb47cecc464545ba58e1ad24/library/std/src/panicking.rs:587:40
[INFO] [stdout]   36:     0x61ff11c2f46a - std::panicking::try::hd1660ce9efadef5a
[INFO] [stdout]                                at /rustc/6067b36314ab5eb2eb47cecc464545ba58e1ad24/library/std/src/panicking.rs:550:19
[INFO] [stdout]   37:     0x61ff11c2f46a - std::panic::catch_unwind::h5ee8d7823b8ca744
[INFO] [stdout]                                at /rustc/6067b36314ab5eb2eb47cecc464545ba58e1ad24/library/std/src/panic.rs:358:14
[INFO] [stdout]   38:     0x61ff11c2f46a - std::thread::Builder::spawn_unchecked_::{{closure}}::h53c3a1894dce8407
[INFO] [stdout]                                at /rustc/6067b36314ab5eb2eb47cecc464545ba58e1ad24/library/std/src/thread/mod.rs:557:30
[INFO] [stdout]   39:     0x61ff11c2f46a - core::ops::function::FnOnce::call_once{{vtable.shim}}::h048ce291ad4f62bf
[INFO] [stdout]                                at /rustc/6067b36314ab5eb2eb47cecc464545ba58e1ad24/library/core/src/ops/function.rs:250:5
[INFO] [stdout]   40:     0x61ff11df50eb - <alloc::boxed::Box<F,A> as core::ops::function::FnOnce<Args>>::call_once::ha52bedf99a3b4981
[INFO] [stdout]                                at /rustc/6067b36314ab5eb2eb47cecc464545ba58e1ad24/library/alloc/src/boxed.rs:2013:9
[INFO] [stdout]   41:     0x61ff11df50eb - <alloc::boxed::Box<F,A> as core::ops::function::FnOnce<Args>>::call_once::h567748934d80ccf8
[INFO] [stdout]                                at /rustc/6067b36314ab5eb2eb47cecc464545ba58e1ad24/library/alloc/src/boxed.rs:2013:9
[INFO] [stdout]   42:     0x61ff11df50eb - std::sys::pal::unix::thread::Thread::new::thread_start::h2d970728ae887adc
[INFO] [stdout]                                at /rustc/6067b36314ab5eb2eb47cecc464545ba58e1ad24/library/std/src/sys/pal/unix/thread.rs:106:17
[INFO] [stdout]   43:     0x762ac977bac3 - <unknown>
[INFO] [stdout]   44:     0x762ac980ca04 - clone
[INFO] [stdout]   45:                0x0 - <unknown>
[INFO] [stdout] 
[INFO] [stdout] thread '<unnamed>' panicked at tests/lxml_tests.rs:49:14:
[INFO] [stdout] Failed to write to stdin: Os { code: 32, kind: BrokenPipe, message: "Broken pipe" }
[INFO] [stdout] stack backtrace:
[INFO] [stdout]    0:     0x61ff11def10a - std::backtrace_rs::backtrace::libunwind::trace::hb059275cfc8d6126
[INFO] [stdout]                                at /rustc/6067b36314ab5eb2eb47cecc464545ba58e1ad24/library/std/src/../../backtrace/src/backtrace/libunwind.rs:116:5
[INFO] [stdout]    1:     0x61ff11def10a - std::backtrace_rs::backtrace::trace_unsynchronized::h2da071e4327ce3ee
[INFO] [stdout]                                at /rustc/6067b36314ab5eb2eb47cecc464545ba58e1ad24/library/std/src/../../backtrace/src/backtrace/mod.rs:66:5
[INFO] [stdout]    2:     0x61ff11def10a - std::sys::backtrace::_print_fmt::h842a1474e6f8d23f
[INFO] [stdout]                                at /rustc/6067b36314ab5eb2eb47cecc464545ba58e1ad24/library/std/src/sys/backtrace.rs:66:9
[INFO] [stdout]    3:     0x61ff11def10a - <std::sys::backtrace::BacktraceLock::print::DisplayBacktrace as core::fmt::Display>::fmt::h71a62eb3b9696b12
[INFO] [stdout]                                at /rustc/6067b36314ab5eb2eb47cecc464545ba58e1ad24/library/std/src/sys/backtrace.rs:39:26
[INFO] [stdout]    4:     0x61ff11e18b13 - core::fmt::rt::Argument::fmt::hdb6b616786b41dc1
[INFO] [stdout]                                at /rustc/6067b36314ab5eb2eb47cecc464545ba58e1ad24/library/core/src/fmt/rt.rs:177:76
[INFO] [stdout]    5:     0x61ff11e18b13 - core::fmt::write::h2cc1698af7e2d686
[INFO] [stdout]                                at /rustc/6067b36314ab5eb2eb47cecc464545ba58e1ad24/library/core/src/fmt/mod.rs:1440:21
[INFO] [stdout]    6:     0x61ff11deb923 - std::io::Write::write_fmt::hab1b4cd059a79022
[INFO] [stdout]                                at /rustc/6067b36314ab5eb2eb47cecc464545ba58e1ad24/library/std/src/io/mod.rs:1887:15
[INFO] [stdout]    7:     0x61ff11deef52 - std::sys::backtrace::BacktraceLock::print::h147fe35b4ea13b08
[INFO] [stdout]                                at /rustc/6067b36314ab5eb2eb47cecc464545ba58e1ad24/library/std/src/sys/backtrace.rs:42:9
[INFO] [stdout]    8:     0x61ff11df052f - std::panicking::default_hook::{{closure}}::hbd44223dbdc0d208
[INFO] [stdout]                                at /rustc/6067b36314ab5eb2eb47cecc464545ba58e1ad24/library/std/src/panicking.rs:298:22
[INFO] [stdout]    9:     0x61ff11df0348 - std::panicking::default_hook::h20f81eb0576efcec
[INFO] [stdout]                                at /rustc/6067b36314ab5eb2eb47cecc464545ba58e1ad24/library/std/src/panicking.rs:322:9
[INFO] [stdout]   10:     0x61ff11c64413 - <alloc::boxed::Box<F,A> as core::ops::function::Fn<Args>>::call::hdb53814c496a4d34
[INFO] [stdout]                                at /rustc/6067b36314ab5eb2eb47cecc464545ba58e1ad24/library/alloc/src/boxed.rs:2027:9
[INFO] [stdout]   11:     0x61ff11c64413 - test::test_main::{{closure}}::hc0a4963c59427c24
[INFO] [stdout]                                at /rustc/6067b36314ab5eb2eb47cecc464545ba58e1ad24/library/test/src/lib.rs:134:21
[INFO] [stdout]   12:     0x61ff11df1023 - <alloc::boxed::Box<F,A> as core::ops::function::Fn<Args>>::call::h591b2225413a77e9
[INFO] [stdout]                                at /rustc/6067b36314ab5eb2eb47cecc464545ba58e1ad24/library/alloc/src/boxed.rs:2027:9
[INFO] [stdout]   13:     0x61ff11df1023 - std::panicking::rust_panic_with_hook::h625eea43051b2edc
[INFO] [stdout]                                at /rustc/6067b36314ab5eb2eb47cecc464545ba58e1ad24/library/std/src/panicking.rs:839:13
[INFO] [stdout]   14:     0x61ff11df0cda - std::panicking::begin_panic_handler::{{closure}}::h4f9159cfbc3f6bd3
[INFO] [stdout]                                at /rustc/6067b36314ab5eb2eb47cecc464545ba58e1ad24/library/std/src/panicking.rs:704:13
[INFO] [stdout]   15:     0x61ff11def609 - std::sys::backtrace::__rust_end_short_backtrace::h0390abce48353151
[INFO] [stdout]                                at /rustc/6067b36314ab5eb2eb47cecc464545ba58e1ad24/library/std/src/sys/backtrace.rs:168:18
[INFO] [stdout]   16:     0x61ff11df096d - rust_begin_unwind
[INFO] [stdout]                                at /rustc/6067b36314ab5eb2eb47cecc464545ba58e1ad24/library/std/src/panicking.rs:695:5
[INFO] [stdout]   17:     0x61ff11e16b20 - core::panicking::panic_fmt::h9e7c637e9e5f29c9
[INFO] [stdout]                                at /rustc/6067b36314ab5eb2eb47cecc464545ba58e1ad24/library/core/src/panicking.rs:75:14
[INFO] [stdout]   18:     0x61ff11e16f96 - core::result::unwrap_failed::h7979f09313fe1849
[INFO] [stdout]                                at /rustc/6067b36314ab5eb2eb47cecc464545ba58e1ad24/library/core/src/result.rs:1704:5
[INFO] [stdout]   19:     0x61ff11c15a5f - core::result::Result<T,E>::expect::hbabc06193c705795
[INFO] [stdout]                                at /rustc/6067b36314ab5eb2eb47cecc464545ba58e1ad24/library/core/src/result.rs:1061:23
[INFO] [stdout]   20:     0x61ff11c05fc8 - lxml_tests::get_lxml_output::{{closure}}::h95c6b09f0db2c1bb
[INFO] [stdout]                                at /opt/rustwide/workdir/tests/lxml_tests.rs:47:9
[INFO] [stdout]   21:     0x61ff11c10386 - std::sys::backtrace::__rust_begin_short_backtrace::h84b73164256307c9
[INFO] [stdout]                                at /rustc/6067b36314ab5eb2eb47cecc464545ba58e1ad24/library/std/src/sys/backtrace.rs:152:18
[INFO] [stdout]   22:     0x61ff11c0d35a - std::thread::Builder::spawn_unchecked_::{{closure}}::{{closure}}::h310c401dd7d68386
[INFO] [stdout]                                at /rustc/6067b36314ab5eb2eb47cecc464545ba58e1ad24/library/std/src/thread/mod.rs:559:17
[INFO] [stdout]   23:     0x61ff11bff1e0 - <core::panic::unwind_safe::AssertUnwindSafe<F> as core::ops::function::FnOnce<()>>::call_once::h8742c3a198d863e0
[INFO] [stdout]                                at /rustc/6067b36314ab5eb2eb47cecc464545ba58e1ad24/library/core/src/panic/unwind_safe.rs:272:9
[INFO] [stdout]   24:     0x61ff11c1049f - std::panicking::try::do_call::hd833d5ad6bcf1e0d
[INFO] [stdout]                                at /rustc/6067b36314ab5eb2eb47cecc464545ba58e1ad24/library/std/src/panicking.rs:587:40
[INFO] [stdout]   25:     0x61ff11c0f72b - __rust_try
[INFO] [stdout]   26:     0x61ff11c0cfa6 - std::panicking::try::h3c95e6bbf25df30e
[INFO] [stdout]                                at /rustc/6067b36314ab5eb2eb47cecc464545ba58e1ad24/library/std/src/panicking.rs:550:19
[INFO] [stdout]   27:     0x61ff11c0cfa6 - std::panic::catch_unwind::h3ad3345dfe1ab38b
[INFO] [stdout]                                at /rustc/6067b36314ab5eb2eb47cecc464545ba58e1ad24/library/std/src/panic.rs:358:14
[INFO] [stdout]   28:     0x61ff11c0cfa6 - std::thread::Builder::spawn_unchecked_::{{closure}}::h971b8891e9b47484
[INFO] [stdout]                                at /rustc/6067b36314ab5eb2eb47cecc464545ba58e1ad24/library/std/src/thread/mod.rs:557:30
[INFO] [stdout]   29:     0x61ff11bff80e - core::ops::function::FnOnce::call_once{{vtable.shim}}::hce02eb4a3a85f31c
[INFO] [stdout]                                at /rustc/6067b36314ab5eb2eb47cecc464545ba58e1ad24/library/core/src/ops/function.rs:250:5
[INFO] [stdout]   30:     0x61ff11df50eb - <alloc::boxed::Box<F,A> as core::ops::function::FnOnce<Args>>::call_once::ha52bedf99a3b4981
[INFO] [stdout]                                at /rustc/6067b36314ab5eb2eb47cecc464545ba58e1ad24/library/alloc/src/boxed.rs:2013:9
[INFO] [stdout]   31:     0x61ff11df50eb - <alloc::boxed::Box<F,A> as core::ops::function::FnOnce<Args>>::call_once::h567748934d80ccf8
[INFO] [stdout]                                at /rustc/6067b36314ab5eb2eb47cecc464545ba58e1ad24/library/alloc/src/boxed.rs:2013:9
[INFO] [stdout]   32:     0x61ff11df50eb - std::sys::pal::unix::thread::Thread::new::thread_start::h2d970728ae887adc
[INFO] [stdout]                                at /rustc/6067b36314ab5eb2eb47cecc464545ba58e1ad24/library/std/src/sys/pal/unix/thread.rs:106:17
[INFO] [stdout]   33:     0x762ac977bac3 - <unknown>
[INFO] [stdout]   34:     0x762ac980ca04 - clone
[INFO] [stdout]   35:                0x0 - <unknown>
[INFO] [stdout] 
[INFO] [stdout] ---- test_text_handling3 stdout ----
[INFO] [stdout] 
[INFO] [stdout] thread '<unnamed>' panicked at tests/lxml_tests.rs:49:14:
[INFO] [stdout] Failed to write to stdin: Os { code: 32, kind: BrokenPipe, message: "Broken pipe" }
[INFO] [stdout] stack backtrace:
[INFO] [stdout]    0:     0x61ff11def10a - std::backtrace_rs::backtrace::libunwind::trace::hb059275cfc8d6126
[INFO] [stdout]                                at /rustc/6067b36314ab5eb2eb47cecc464545ba58e1ad24/library/std/src/../../backtrace/src/backtrace/libunwind.rs:116:5
[INFO] [stdout]    1:     0x61ff11def10a - std::backtrace_rs::backtrace::trace_unsynchronized::h2da071e4327ce3ee
[INFO] [stdout]                                at /rustc/6067b36314ab5eb2eb47cecc464545ba58e1ad24/library/std/src/../../backtrace/src/backtrace/mod.rs:66:5
[INFO] [stdout]    2:     0x61ff11def10a - std::sys::backtrace::_print_fmt::h842a1474e6f8d23f
[INFO] [stdout]                                at /rustc/6067b36314ab5eb2eb47cecc464545ba58e1ad24/library/std/src/sys/backtrace.rs:66:9
[INFO] [stdout]    3:     0x61ff11def10a - <std::sys::backtrace::BacktraceLock::print::DisplayBacktrace as core::fmt::Display>::fmt::h71a62eb3b9696b12
[INFO] [stdout]                                at /rustc/6067b36314ab5eb2eb47cecc464545ba58e1ad24/library/std/src/sys/backtrace.rs:39:26
[INFO] [stdout]    4:     0x61ff11e18b13 - core::fmt::rt::Argument::fmt::hdb6b616786b41dc1
[INFO] [stdout]                                at /rustc/6067b36314ab5eb2eb47cecc464545ba58e1ad24/library/core/src/fmt/rt.rs:177:76
[INFO] [stdout]    5:     0x61ff11e18b13 - core::fmt::write::h2cc1698af7e2d686
[INFO] [stdout]                                at /rustc/6067b36314ab5eb2eb47cecc464545ba58e1ad24/library/core/src/fmt/mod.rs:1440:21
[INFO] [stdout]    6:     0x61ff11deb923 - std::io::Write::write_fmt::hab1b4cd059a79022
[INFO] [stdout]                                at /rustc/6067b36314ab5eb2eb47cecc464545ba58e1ad24/library/std/src/io/mod.rs:1887:15
[INFO] [stdout]    7:     0x61ff11deef52 - std::sys::backtrace::BacktraceLock::print::h147fe35b4ea13b08
[INFO] [stdout]                                at /rustc/6067b36314ab5eb2eb47cecc464545ba58e1ad24/library/std/src/sys/backtrace.rs:42:9
[INFO] [stdout]    8:     0x61ff11df052f - std::panicking::default_hook::{{closure}}::hbd44223dbdc0d208
[INFO] [stdout]                                at /rustc/6067b36314ab5eb2eb47cecc464545ba58e1ad24/library/std/src/panicking.rs:298:22
[INFO] [stdout]    9:     0x61ff11df0348 - std::panicking::default_hook::h20f81eb0576efcec
[INFO] [stdout]                                at /rustc/6067b36314ab5eb2eb47cecc464545ba58e1ad24/library/std/src/panicking.rs:322:9
[INFO] [stdout]   10:     0x61ff11c64413 - <alloc::boxed::Box<F,A> as core::ops::function::Fn<Args>>::call::hdb53814c496a4d34
[INFO] [stdout]                                at /rustc/6067b36314ab5eb2eb47cecc464545ba58e1ad24/library/alloc/src/boxed.rs:2027:9
[INFO] [stdout]   11:     0x61ff11c64413 - test::test_main::{{closure}}::hc0a4963c59427c24
[INFO] [stdout]                                at /rustc/6067b36314ab5eb2eb47cecc464545ba58e1ad24/library/test/src/lib.rs:134:21
[INFO] [stdout]   12:     0x61ff11df1023 - <alloc::boxed::Box<F,A> as core::ops::function::Fn<Args>>::call::h591b2225413a77e9
[INFO] [stdout]                                at /rustc/6067b36314ab5eb2eb47cecc464545ba58e1ad24/library/alloc/src/boxed.rs:2027:9
[INFO] [stdout]   13:     0x61ff11df1023 - std::panicking::rust_panic_with_hook::h625eea43051b2edc
[INFO] [stdout]                                at /rustc/6067b36314ab5eb2eb47cecc464545ba58e1ad24/library/std/src/panicking.rs:839:13
[INFO] [stdout]   14:     0x61ff11df0cda - std::panicking::begin_panic_handler::{{closure}}::h4f9159cfbc3f6bd3
[INFO] [stdout]                                at /rustc/6067b36314ab5eb2eb47cecc464545ba58e1ad24/library/std/src/panicking.rs:704:13
[INFO] [stdout]   15:     0x61ff11def609 - std::sys::backtrace::__rust_end_short_backtrace::h0390abce48353151
[INFO] [stdout]                                at /rustc/6067b36314ab5eb2eb47cecc464545ba58e1ad24/library/std/src/sys/backtrace.rs:168:18
[INFO] [stdout]   16:     0x61ff11df096d - rust_begin_unwind
[INFO] [stdout]                                at /rustc/6067b36314ab5eb2eb47cecc464545ba58e1ad24/library/std/src/panicking.rs:695:5
[INFO] [stdout]   17:     0x61ff11e16b20 - core::panicking::panic_fmt::h9e7c637e9e5f29c9
[INFO] [stdout]                                at /rustc/6067b36314ab5eb2eb47cecc464545ba58e1ad24/library/core/src/panicking.rs:75:14
[INFO] [stdout]   18:     0x61ff11e16f96 - core::result::unwrap_failed::h7979f09313fe1849
[INFO] [stdout]                                at /rustc/6067b36314ab5eb2eb47cecc464545ba58e1ad24/library/core/src/result.rs:1704:5
[INFO] [stdout]   19:     0x61ff11c15a5f - core::result::Result<T,E>::expect::hbabc06193c705795
[INFO] [stdout]                                at /rustc/6067b36314ab5eb2eb47cecc464545ba58e1ad24/library/core/src/result.rs:1061:23
[INFO] [stdout]   20:     0x61ff11c05fc8 - lxml_tests::get_lxml_output::{{closure}}::h95c6b09f0db2c1bb
[INFO] [stdout]                                at /opt/rustwide/workdir/tests/lxml_tests.rs:47:9
[INFO] [stdout]   21:     0x61ff11c10386 - std::sys::backtrace::__rust_begin_short_backtrace::h84b73164256307c9
[INFO] [stdout]                                at /rustc/6067b36314ab5eb2eb47cecc464545ba58e1ad24/library/std/src/sys/backtrace.rs:152:18
[INFO] [stdout]   22:     0x61ff11c0d35a - std::thread::Builder::spawn_unchecked_::{{closure}}::{{closure}}::h310c401dd7d68386
[INFO] [stdout]                                at /rustc/6067b36314ab5eb2eb47cecc464545ba58e1ad24/library/std/src/thread/mod.rs:559:17
[INFO] [stdout]   23:     0x61ff11bff1e0 - <core::panic::unwind_safe::AssertUnwindSafe<F> as core::ops::function::FnOnce<()>>::call_once::h8742c3a198d863e0
[INFO] [stdout]                                at /rustc/6067b36314ab5eb2eb47cecc464545ba58e1ad24/library/core/src/panic/unwind_safe.rs:272:9
[INFO] [stdout]   24:     0x61ff11c1049f - std::panicking::try::do_call::hd833d5ad6bcf1e0d
[INFO] [stdout]                                at /rustc/6067b36314ab5eb2eb47cecc464545ba58e1ad24/library/std/src/panicking.rs:587:40
[INFO] [stdout]   25:     0x61ff11c0f72b - __rust_try
[INFO] [stdout]   26:     0x61ff11c0cfa6 - std::panicking::try::h3c95e6bbf25df30e
[INFO] [stdout]                                at /rustc/6067b36314ab5eb2eb47cecc464545ba58e1ad24/library/std/src/panicking.rs:550:19
[INFO] [stdout]   27:     0x61ff11c0cfa6 - std::panic::catch_unwind::h3ad3345dfe1ab38b
[INFO] [stdout]                                at /rustc/6067b36314ab5eb2eb47cecc464545ba58e1ad24/library/std/src/panic.rs:358:14
[INFO] [stdout]   28:     0x61ff11c0cfa6 - std::thread::Builder::spawn_unchecked_::{{closure}}::h971b8891e9b47484
[INFO] [stdout]                                at /rustc/6067b36314ab5eb2eb47cecc464545ba58e1ad24/library/std/src/thread/mod.rs:557:30
[INFO] [stdout]   29:     0x61ff11bff80e - core::ops::function::FnOnce::call_once{{vtable.shim}}::hce02eb4a3a85f31c
[INFO] [stdout]                                at /rustc/6067b36314ab5eb2eb47cecc464545ba58e1ad24/library/core/src/ops/function.rs:250:5
[INFO] [stdout]   30:     0x61ff11df50eb - <alloc::boxed::Box<F,A> as core::ops::function::FnOnce<Args>>::call_once::ha52bedf99a3b4981
[INFO] [stdout]                                at /rustc/6067b36314ab5eb2eb47cecc464545ba58e1ad24/library/alloc/src/boxed.rs:2013:9
[INFO] [stdout]   31:     0x61ff11df50eb - <alloc::boxed::Box<F,A> as core::ops::function::FnOnce<Args>>::call_once::h567748934d80ccf8
[INFO] [stdout]                                at /rustc/6067b36314ab5eb2eb47cecc464545ba58e1ad24/library/alloc/src/boxed.rs:2013:9
[INFO] [stdout]   32:     0x61ff11df50eb - std::sys::pal::unix::thread::Thread::new::thread_start::h2d970728ae887adc
[INFO] [stdout]                                at /rustc/6067b36314ab5eb2eb47cecc464545ba58e1ad24/library/std/src/sys/pal/unix/thread.rs:106:17
[INFO] [stdout]   33:     0x762ac977bac3 - <unknown>
[INFO] [stdout]   34:     0x762ac980ca04 - clone
[INFO] [stdout]   35:                0x0 - <unknown>
[INFO] [stdout] 
[INFO] [stdout] thread 'test_text_handling3' panicked at tests/lxml_tests.rs:62:5:
[INFO] [stdout] 
[INFO] [stdout] 
[INFO] [stdout] stack backtrace:
[INFO] [stdout]    0:     0x61ff11def10a - std::backtrace_rs::backtrace::libunwind::trace::hb059275cfc8d6126
[INFO] [stdout]                                at /rustc/6067b36314ab5eb2eb47cecc464545ba58e1ad24/library/std/src/../../backtrace/src/backtrace/libunwind.rs:116:5
[INFO] [stdout]    1:     0x61ff11def10a - std::backtrace_rs::backtrace::trace_unsynchronized::h2da071e4327ce3ee
[INFO] [stdout]                                at /rustc/6067b36314ab5eb2eb47cecc464545ba58e1ad24/library/std/src/../../backtrace/src/backtrace/mod.rs:66:5
[INFO] [stdout]    2:     0x61ff11def10a - std::sys::backtrace::_print_fmt::h842a1474e6f8d23f
[INFO] [stdout]                                at /rustc/6067b36314ab5eb2eb47cecc464545ba58e1ad24/library/std/src/sys/backtrace.rs:66:9
[INFO] [stdout]    3:     0x61ff11def10a - <std::sys::backtrace::BacktraceLock::print::DisplayBacktrace as core::fmt::Display>::fmt::h71a62eb3b9696b12
[INFO] [stdout]                                at /rustc/6067b36314ab5eb2eb47cecc464545ba58e1ad24/library/std/src/sys/backtrace.rs:39:26
[INFO] [stdout]    4:     0x61ff11e18b13 - core::fmt::rt::Argument::fmt::hdb6b616786b41dc1
[INFO] [stdout]                                at /rustc/6067b36314ab5eb2eb47cecc464545ba58e1ad24/library/core/src/fmt/rt.rs:177:76
[INFO] [stdout]    5:     0x61ff11e18b13 - core::fmt::write::h2cc1698af7e2d686
[INFO] [stdout]                                at /rustc/6067b36314ab5eb2eb47cecc464545ba58e1ad24/library/core/src/fmt/mod.rs:1440:21
[INFO] [stdout]    6:     0x61ff11deb923 - std::io::Write::write_fmt::hab1b4cd059a79022
[INFO] [stdout]                                at /rustc/6067b36314ab5eb2eb47cecc464545ba58e1ad24/library/std/src/io/mod.rs:1887:15
[INFO] [stdout]    7:     0x61ff11deef52 - std::sys::backtrace::BacktraceLock::print::h147fe35b4ea13b08
[INFO] [stdout]                                at /rustc/6067b36314ab5eb2eb47cecc464545ba58e1ad24/library/std/src/sys/backtrace.rs:42:9
[INFO] [stdout]    8:     0x61ff11df052f - std::panicking::default_hook::{{closure}}::hbd44223dbdc0d208
[INFO] [stdout]                                at /rustc/6067b36314ab5eb2eb47cecc464545ba58e1ad24/library/std/src/panicking.rs:298:22
[INFO] [stdout]    9:     0x61ff11df0348 - std::panicking::default_hook::h20f81eb0576efcec
[INFO] [stdout]                                at /rustc/6067b36314ab5eb2eb47cecc464545ba58e1ad24/library/std/src/panicking.rs:322:9
[INFO] [stdout]   10:     0x61ff11c64413 - <alloc::boxed::Box<F,A> as core::ops::function::Fn<Args>>::call::hdb53814c496a4d34
[INFO] [stdout]                                at /rustc/6067b36314ab5eb2eb47cecc464545ba58e1ad24/library/alloc/src/boxed.rs:2027:9
[INFO] [stdout]   11:     0x61ff11c64413 - test::test_main::{{closure}}::hc0a4963c59427c24
[INFO] [stdout]                                at /rustc/6067b36314ab5eb2eb47cecc464545ba58e1ad24/library/test/src/lib.rs:134:21
[INFO] [stdout]   12:     0x61ff11df1023 - <alloc::boxed::Box<F,A> as core::ops::function::Fn<Args>>::call::h591b2225413a77e9
[INFO] [stdout]                                at /rustc/6067b36314ab5eb2eb47cecc464545ba58e1ad24/library/alloc/src/boxed.rs:2027:9
[INFO] [stdout]   13:     0x61ff11df1023 - std::panicking::rust_panic_with_hook::h625eea43051b2edc
[INFO] [stdout]                                at /rustc/6067b36314ab5eb2eb47cecc464545ba58e1ad24/library/std/src/panicking.rs:839:13
[INFO] [stdout]   14:     0x61ff11df0cda - std::panicking::begin_panic_handler::{{closure}}::h4f9159cfbc3f6bd3
[INFO] [stdout]                                at /rustc/6067b36314ab5eb2eb47cecc464545ba58e1ad24/library/std/src/panicking.rs:704:13
[INFO] [stdout]   15:     0x61ff11def609 - std::sys::backtrace::__rust_end_short_backtrace::h0390abce48353151
[INFO] [stdout]                                at /rustc/6067b36314ab5eb2eb47cecc464545ba58e1ad24/library/std/src/sys/backtrace.rs:168:18
[INFO] [stdout]   16:     0x61ff11df096d - rust_begin_unwind
[INFO] [stdout]                                at /rustc/6067b36314ab5eb2eb47cecc464545ba58e1ad24/library/std/src/panicking.rs:695:5
[INFO] [stdout]   17:     0x61ff11e16b20 - core::panicking::panic_fmt::h9e7c637e9e5f29c9
[INFO] [stdout]                                at /rustc/6067b36314ab5eb2eb47cecc464545ba58e1ad24/library/core/src/panicking.rs:75:14
[INFO] [stdout]   18:     0x61ff11c061d8 - lxml_tests::get_lxml_elements::h3f91b3c2f0719ef1
[INFO] [stdout]                                at /opt/rustwide/workdir/tests/lxml_tests.rs:62:5
[INFO] [stdout]   19:     0x61ff11c0a808 - lxml_tests::test_text_handling3::h98a3c6b13c9577c8
[INFO] [stdout]                                at /opt/rustwide/workdir/tests/lxml_tests.rs:209:25
[INFO] [stdout]   20:     0x61ff11c0a497 - lxml_tests::test_text_handling3::{{closure}}::h634e2d6988ec0e16
[INFO] [stdout]                                at /opt/rustwide/workdir/tests/lxml_tests.rs:199:25
[INFO] [stdout]   21:     0x61ff11bff9f6 - core::ops::function::FnOnce::call_once::h9b7adcb12c66dbbc
[INFO] [stdout]                                at /rustc/6067b36314ab5eb2eb47cecc464545ba58e1ad24/library/core/src/ops/function.rs:250:5
[INFO] [stdout]   22:     0x61ff11c69b6b - core::ops::function::FnOnce::call_once::he27718dfdd183f43
[INFO] [stdout]                                at /rustc/6067b36314ab5eb2eb47cecc464545ba58e1ad24/library/core/src/ops/function.rs:250:5
[INFO] [stdout]   23:     0x61ff11c69b6b - test::__rust_begin_short_backtrace::h4e84902998457a5d
[INFO] [stdout]                                at /rustc/6067b36314ab5eb2eb47cecc464545ba58e1ad24/library/test/src/lib.rs:632:18
[INFO] [stdout]   24:     0x61ff11c68aa3 - test::run_test_in_process::{{closure}}::h7176fd18fc1feca0
[INFO] [stdout]                                at /rustc/6067b36314ab5eb2eb47cecc464545ba58e1ad24/library/test/src/lib.rs:655:60
[INFO] [stdout]   25:     0x61ff11c68aa3 - <core::panic::unwind_safe::AssertUnwindSafe<F> as core::ops::function::FnOnce<()>>::call_once::hf79cff2a624d8cf7
[INFO] [stdout]                                at /rustc/6067b36314ab5eb2eb47cecc464545ba58e1ad24/library/core/src/panic/unwind_safe.rs:272:9
[INFO] [stdout]   26:     0x61ff11c68aa3 - std::panicking::try::do_call::h3da0561d9ab99c25
[INFO] [stdout]                                at /rustc/6067b36314ab5eb2eb47cecc464545ba58e1ad24/library/std/src/panicking.rs:587:40
[INFO] [stdout]   27:     0x61ff11c68aa3 - std::panicking::try::h41c9fa508bc61df6
[INFO] [stdout]                                at /rustc/6067b36314ab5eb2eb47cecc464545ba58e1ad24/library/std/src/panicking.rs:550:19
[INFO] [stdout]   28:     0x61ff11c68aa3 - std::panic::catch_unwind::h6b3ff07bb5afad93
[INFO] [stdout]                                at /rustc/6067b36314ab5eb2eb47cecc464545ba58e1ad24/library/std/src/panic.rs:358:14
[INFO] [stdout]   29:     0x61ff11c68aa3 - test::run_test_in_process::hc7253dd11b39b9f4
[INFO] [stdout]                                at /rustc/6067b36314ab5eb2eb47cecc464545ba58e1ad24/library/test/src/lib.rs:655:27
[INFO] [stdout]   30:     0x61ff11c68aa3 - test::run_test::{{closure}}::hfb2007f8649c30bb
[INFO] [stdout]                                at /rustc/6067b36314ab5eb2eb47cecc464545ba58e1ad24/library/test/src/lib.rs:576:43
[INFO] [stdout]   31:     0x61ff11c2bb85 - test::run_test::{{closure}}::h56a17aa7a282a9f4
[INFO] [stdout]                                at /rustc/6067b36314ab5eb2eb47cecc464545ba58e1ad24/library/test/src/lib.rs:606:41
[INFO] [stdout]   32:     0x61ff11c2bb85 - std::sys::backtrace::__rust_begin_short_backtrace::hd2d2d2fb8e8c6aac
[INFO] [stdout]                                at /rustc/6067b36314ab5eb2eb47cecc464545ba58e1ad24/library/std/src/sys/backtrace.rs:152:18
[INFO] [stdout]   33:     0x61ff11c2f46a - std::thread::Builder::spawn_unchecked_::{{closure}}::{{closure}}::h4faa3f9db6133423
[INFO] [stdout]                                at /rustc/6067b36314ab5eb2eb47cecc464545ba58e1ad24/library/std/src/thread/mod.rs:559:17
[INFO] [stdout]   34:     0x61ff11c2f46a - <core::panic::unwind_safe::AssertUnwindSafe<F> as core::ops::function::FnOnce<()>>::call_once::hf2e855a36a4ea846
[INFO] [stdout]                                at /rustc/6067b36314ab5eb2eb47cecc464545ba58e1ad24/library/core/src/panic/unwind_safe.rs:272:9
[INFO] [stdout]   35:     0x61ff11c2f46a - std::panicking::try::do_call::h2f73af3616c35465
[INFO] [stdout]                                at /rustc/6067b36314ab5eb2eb47cecc464545ba58e1ad24/library/std/src/panicking.rs:587:40
[INFO] [stdout]   36:     0x61ff11c2f46a - std::panicking::try::hd1660ce9efadef5a
[INFO] [stdout]                                at /rustc/6067b36314ab5eb2eb47cecc464545ba58e1ad24/library/std/src/panicking.rs:550:19
[INFO] [stdout]   37:     0x61ff11c2f46a - std::panic::catch_unwind::h5ee8d7823b8ca744
[INFO] [stdout]                                at /rustc/6067b36314ab5eb2eb47cecc464545ba58e1ad24/library/std/src/panic.rs:358:14
[INFO] [stdout]   38:     0x61ff11c2f46a - std::thread::Builder::spawn_unchecked_::{{closure}}::h53c3a1894dce8407
[INFO] [stdout]                                at /rustc/6067b36314ab5eb2eb47cecc464545ba58e1ad24/library/std/src/thread/mod.rs:557:30
[INFO] [stdout]   39:     0x61ff11c2f46a - core::ops::function::FnOnce::call_once{{vtable.shim}}::h048ce291ad4f62bf
[INFO] [stdout]                                at /rustc/6067b36314ab5eb2eb47cecc464545ba58e1ad24/library/core/src/ops/function.rs:250:5
[INFO] [stdout]   40:     0x61ff11df50eb - <alloc::boxed::Box<F,A> as core::ops::function::FnOnce<Args>>::call_once::ha52bedf99a3b4981
[INFO] [stdout]                                at /rustc/6067b36314ab5eb2eb47cecc464545ba58e1ad24/library/alloc/src/boxed.rs:2013:9
[INFO] [stdout]   41:     0x61ff11df50eb - <alloc::boxed::Box<F,A> as core::ops::function::FnOnce<Args>>::call_once::h567748934d80ccf8
[INFO] [stdout]                                at /rustc/6067b36314ab5eb2eb47cecc464545ba58e1ad24/library/alloc/src/boxed.rs:2013:9
[INFO] [stdout]   42:     0x61ff11df50eb - std::sys::pal::unix::thread::Thread::new::thread_start::h2d970728ae887adc
[INFO] [stdout]                                at /rustc/6067b36314ab5eb2eb47cecc464545ba58e1ad24/library/std/src/sys/pal/unix/thread.rs:106:17
[INFO] [stdout]   43:     0x762ac977bac3 - <unknown>
[INFO] [stdout]   44:     0x762ac980ca04 - clone
[INFO] [stdout]   45:                0x0 - <unknown>
[INFO] [stdout] 
[INFO] [stdout] ---- test_text_handling2 stdout ----
[INFO] [stdout] 
[INFO] [stdout] thread 'test_text_handling2' panicked at tests/lxml_tests.rs:62:5:
[INFO] [stdout] 
[INFO] [stdout] 
[INFO] [stdout] stack backtrace:
[INFO] [stdout]    0:     0x61ff11def10a - std::backtrace_rs::backtrace::libunwind::trace::hb059275cfc8d6126
[INFO] [stdout]                                at /rustc/6067b36314ab5eb2eb47cecc464545ba58e1ad24/library/std/src/../../backtrace/src/backtrace/libunwind.rs:116:5
[INFO] [stdout]    1:     0x61ff11def10a - std::backtrace_rs::backtrace::trace_unsynchronized::h2da071e4327ce3ee
[INFO] [stdout]                                at /rustc/6067b36314ab5eb2eb47cecc464545ba58e1ad24/library/std/src/../../backtrace/src/backtrace/mod.rs:66:5
[INFO] [stdout]    2:     0x61ff11def10a - std::sys::backtrace::_print_fmt::h842a1474e6f8d23f
[INFO] [stdout]                                at /rustc/6067b36314ab5eb2eb47cecc464545ba58e1ad24/library/std/src/sys/backtrace.rs:66:9
[INFO] [stdout]    3:     0x61ff11def10a - <std::sys::backtrace::BacktraceLock::print::DisplayBacktrace as core::fmt::Display>::fmt::h71a62eb3b9696b12
[INFO] [stdout]                                at /rustc/6067b36314ab5eb2eb47cecc464545ba58e1ad24/library/std/src/sys/backtrace.rs:39:26
[INFO] [stdout]    4:     0x61ff11e18b13 - core::fmt::rt::Argument::fmt::hdb6b616786b41dc1
[INFO] [stdout]                                at /rustc/6067b36314ab5eb2eb47cecc464545ba58e1ad24/library/core/src/fmt/rt.rs:177:76
[INFO] [stdout]    5:     0x61ff11e18b13 - core::fmt::write::h2cc1698af7e2d686
[INFO] [stdout]                                at /rustc/6067b36314ab5eb2eb47cecc464545ba58e1ad24/library/core/src/fmt/mod.rs:1440:21
[INFO] [stdout]    6:     0x61ff11deb923 - std::io::Write::write_fmt::hab1b4cd059a79022
[INFO] [stdout]                                at /rustc/6067b36314ab5eb2eb47cecc464545ba58e1ad24/library/std/src/io/mod.rs:1887:15
[INFO] [stdout]    7:     0x61ff11deef52 - std::sys::backtrace::BacktraceLock::print::h147fe35b4ea13b08
[INFO] [stdout]                                at /rustc/6067b36314ab5eb2eb47cecc464545ba58e1ad24/library/std/src/sys/backtrace.rs:42:9
[INFO] [stdout]    8:     0x61ff11df052f - std::panicking::default_hook::{{closure}}::hbd44223dbdc0d208
[INFO] [stdout]                                at /rustc/6067b36314ab5eb2eb47cecc464545ba58e1ad24/library/std/src/panicking.rs:298:22
[INFO] [stdout]    9:     0x61ff11df0348 - std::panicking::default_hook::h20f81eb0576efcec
[INFO] [stdout]                                at /rustc/6067b36314ab5eb2eb47cecc464545ba58e1ad24/library/std/src/panicking.rs:322:9
[INFO] [stdout]   10:     0x61ff11c64413 - <alloc::boxed::Box<F,A> as core::ops::function::Fn<Args>>::call::hdb53814c496a4d34
[INFO] [stdout]                                at /rustc/6067b36314ab5eb2eb47cecc464545ba58e1ad24/library/alloc/src/boxed.rs:2027:9
[INFO] [stdout]   11:     0x61ff11c64413 - test::test_main::{{closure}}::hc0a4963c59427c24
[INFO] [stdout]                                at /rustc/6067b36314ab5eb2eb47cecc464545ba58e1ad24/library/test/src/lib.rs:134:21
[INFO] [stdout]   12:     0x61ff11df1023 - <alloc::boxed::Box<F,A> as core::ops::function::Fn<Args>>::call::h591b2225413a77e9
[INFO] [stdout]                                at /rustc/6067b36314ab5eb2eb47cecc464545ba58e1ad24/library/alloc/src/boxed.rs:2027:9
[INFO] [stdout]   13:     0x61ff11df1023 - std::panicking::rust_panic_with_hook::h625eea43051b2edc
[INFO] [stdout]                                at /rustc/6067b36314ab5eb2eb47cecc464545ba58e1ad24/library/std/src/panicking.rs:839:13
[INFO] [stdout]   14:     0x61ff11df0cda - std::panicking::begin_panic_handler::{{closure}}::h4f9159cfbc3f6bd3
[INFO] [stdout]                                at /rustc/6067b36314ab5eb2eb47cecc464545ba58e1ad24/library/std/src/panicking.rs:704:13
[INFO] [stdout]   15:     0x61ff11def609 - std::sys::backtrace::__rust_end_short_backtrace::h0390abce48353151
[INFO] [stdout]                                at /rustc/6067b36314ab5eb2eb47cecc464545ba58e1ad24/library/std/src/sys/backtrace.rs:168:18
[INFO] [stdout]   16:     0x61ff11df096d - rust_begin_unwind
[INFO] [stdout]                                at /rustc/6067b36314ab5eb2eb47cecc464545ba58e1ad24/library/std/src/panicking.rs:695:5
[INFO] [stdout]   17:     0x61ff11e16b20 - core::panicking::panic_fmt::h9e7c637e9e5f29c9
[INFO] [stdout]                                at /rustc/6067b36314ab5eb2eb47cecc464545ba58e1ad24/library/core/src/panicking.rs:75:14
[INFO] [stdout]   18:     0x61ff11c061d8 - lxml_tests::get_lxml_elements::h3f91b3c2f0719ef1
[INFO] [stdout]                                at /opt/rustwide/workdir/tests/lxml_tests.rs:62:5
[INFO] [stdout]   19:     0x61ff11c0a228 - lxml_tests::test_text_handling2::h0cd701da3ea533d6
[INFO] [stdout]                                at /opt/rustwide/workdir/tests/lxml_tests.rs:188:25
[INFO] [stdout]   20:     0x61ff11c09eb7 - lxml_tests::test_text_handling2::{{closure}}::hd29a96f9ee95cd39
[INFO] [stdout]                                at /opt/rustwide/workdir/tests/lxml_tests.rs:178:25
[INFO] [stdout]   21:     0x61ff11bff976 - core::ops::function::FnOnce::call_once::h4044910ae9a58066
[INFO] [stdout]                                at /rustc/6067b36314ab5eb2eb47cecc464545ba58e1ad24/library/core/src/ops/function.rs:250:5
[INFO] [stdout]   22:     0x61ff11c69b6b - core::ops::function::FnOnce::call_once::he27718dfdd183f43
[INFO] [stdout]                                at /rustc/6067b36314ab5eb2eb47cecc464545ba58e1ad24/library/core/src/ops/function.rs:250:5
[INFO] [stdout]   23:     0x61ff11c69b6b - test::__rust_begin_short_backtrace::h4e84902998457a5d
[INFO] [stdout]                                at /rustc/6067b36314ab5eb2eb47cecc464545ba58e1ad24/library/test/src/lib.rs:632:18
[INFO] [stdout]   24:     0x61ff11c68aa3 - test::run_test_in_process::{{closure}}::h7176fd18fc1feca0
[INFO] [stdout]                                at /rustc/6067b36314ab5eb2eb47cecc464545ba58e1ad24/library/test/src/lib.rs:655:60
[INFO] [stdout]   25:     0x61ff11c68aa3 - <core::panic::unwind_safe::AssertUnwindSafe<F> as core::ops::function::FnOnce<()>>::call_once::hf79cff2a624d8cf7
[INFO] [stdout]                                at /rustc/6067b36314ab5eb2eb47cecc464545ba58e1ad24/library/core/src/panic/unwind_safe.rs:272:9
[INFO] [stdout]   26:     0x61ff11c68aa3 - std::panicking::try::do_call::h3da0561d9ab99c25
[INFO] [stdout]                                at /rustc/6067b36314ab5eb2eb47cecc464545ba58e1ad24/library/std/src/panicking.rs:587:40
[INFO] [stdout]   27:     0x61ff11c68aa3 - std::panicking::try::h41c9fa508bc61df6
[INFO] [stdout]                                at /rustc/6067b36314ab5eb2eb47cecc464545ba58e1ad24/library/std/src/panicking.rs:550:19
[INFO] [stdout]   28:     0x61ff11c68aa3 - std::panic::catch_unwind::h6b3ff07bb5afad93
[INFO] [stdout]                                at /rustc/6067b36314ab5eb2eb47cecc464545ba58e1ad24/library/std/src/panic.rs:358:14
[INFO] [stdout]   29:     0x61ff11c68aa3 - test::run_test_in_process::hc7253dd11b39b9f4
[INFO] [stdout]                                at /rustc/6067b36314ab5eb2eb47cecc464545ba58e1ad24/library/test/src/lib.rs:655:27
[INFO] [stdout]   30:     0x61ff11c68aa3 - test::run_test::{{closure}}::hfb2007f8649c30bb
[INFO] [stdout]                                at /rustc/6067b36314ab5eb2eb47cecc464545ba58e1ad24/library/test/src/lib.rs:576:43
[INFO] [stdout]   31:     0x61ff11c2bb85 - test::run_test::{{closure}}::h56a17aa7a282a9f4
[INFO] [stdout]                                at /rustc/6067b36314ab5eb2eb47cecc464545ba58e1ad24/library/test/src/lib.rs:606:41
[INFO] [stdout]   32:     0x61ff11c2bb85 - std::sys::backtrace::__rust_begin_short_backtrace::hd2d2d2fb8e8c6aac
[INFO] [stdout]                                at /rustc/6067b36314ab5eb2eb47cecc464545ba58e1ad24/library/std/src/sys/backtrace.rs:152:18
[INFO] [stdout]   33:     0x61ff11c2f46a - std::thread::Builder::spawn_unchecked_::{{closure}}::{{closure}}::h4faa3f9db6133423
[INFO] [stdout]                                at /rustc/6067b36314ab5eb2eb47cecc464545ba58e1ad24/library/std/src/thread/mod.rs:559:17
[INFO] [stdout]   34:     0x61ff11c2f46a - <core::panic::unwind_safe::AssertUnwindSafe<F> as core::ops::function::FnOnce<()>>::call_once::hf2e855a36a4ea846
[INFO] [stdout]                                at /rustc/6067b36314ab5eb2eb47cecc464545ba58e1ad24/library/core/src/panic/unwind_safe.rs:272:9
[INFO] [stdout]   35:     0x61ff11c2f46a - std::panicking::try::do_call::h2f73af3616c35465
[INFO] [stdout]                                at /rustc/6067b36314ab5eb2eb47cecc464545ba58e1ad24/library/std/src/panicking.rs:587:40
[INFO] [stdout]   36:     0x61ff11c2f46a - std::panicking::try::hd1660ce9efadef5a
[INFO] [stdout]                                at /rustc/6067b36314ab5eb2eb47cecc464545ba58e1ad24/library/std/src/panicking.rs:550:19
[INFO] [stdout]   37:     0x61ff11c2f46a - std::panic::catch_unwind::h5ee8d7823b8ca744
[INFO] [stdout]                                at /rustc/6067b36314ab5eb2eb47cecc464545ba58e1ad24/library/std/src/panic.rs:358:14
[INFO] [stdout]   38:     0x61ff11c2f46a - std::thread::Builder::spawn_unchecked_::{{closure}}::h53c3a1894dce8407
[INFO] [stdout]                                at /rustc/6067b36314ab5eb2eb47cecc464545ba58e1ad24/library/std/src/thread/mod.rs:557:30
[INFO] [stdout]   39:     0x61ff11c2f46a - core::ops::function::FnOnce::call_once{{vtable.shim}}::h048ce291ad4f62bf
[INFO] [stdout]                                at /rustc/6067b36314ab5eb2eb47cecc464545ba58e1ad24/library/core/src/ops/function.rs:250:5
[INFO] [stdout]   40:     0x61ff11df50eb - <alloc::boxed::Box<F,A> as core::ops::function::FnOnce<Args>>::call_once::ha52bedf99a3b4981
[INFO] [stdout]                                at /rustc/6067b36314ab5eb2eb47cecc464545ba58e1ad24/library/alloc/src/boxed.rs:2013:9
[INFO] [stdout]   41:     0x61ff11df50eb - <alloc::boxed::Box<F,A> as core::ops::function::FnOnce<Args>>::call_once::h567748934d80ccf8
[INFO] [stdout]                                at /rustc/6067b36314ab5eb2eb47cecc464545ba58e1ad24/library/alloc/src/boxed.rs:2013:9
[INFO] [stdout]   42:     0x61ff11df50eb - std::sys::pal::unix::thread::Thread::new::thread_start::h2d970728ae887adc
[INFO] [stdout]                                at /rustc/6067b36314ab5eb2eb47cecc464545ba58e1ad24/library/std/src/sys/pal/unix/thread.rs:106:17
[INFO] [stdout]   43:     0x762ac977bac3 - <unknown>
[INFO] [stdout]   44:     0x762ac980ca04 - clone
[INFO] [stdout]   45:                0x0 - <unknown>
[INFO] [stdout] 
[INFO] [stdout] ---- test_item_count1 stdout ----
[INFO] [stdout] 
[INFO] [stdout] thread '<unnamed>' panicked at tests/lxml_tests.rs:49:14:
[INFO] [stdout] Failed to write to stdin: Os { code: 32, kind: BrokenPipe, message: "Broken pipe" }
[INFO] [stdout] stack backtrace:
[INFO] [stdout]    0:     0x61ff11def10a - std::backtrace_rs::backtrace::libunwind::trace::hb059275cfc8d6126
[INFO] [stdout]                                at /rustc/6067b36314ab5eb2eb47cecc464545ba58e1ad24/library/std/src/../../backtrace/src/backtrace/libunwind.rs:116:5
[INFO] [stdout]    1:     0x61ff11def10a - std::backtrace_rs::backtrace::trace_unsynchronized::h2da071e4327ce3ee
[INFO] [stdout]                                at /rustc/6067b36314ab5eb2eb47cecc464545ba58e1ad24/library/std/src/../../backtrace/src/backtrace/mod.rs:66:5
[INFO] [stdout]    2:     0x61ff11def10a - std::sys::backtrace::_print_fmt::h842a1474e6f8d23f
[INFO] [stdout]                                at /rustc/6067b36314ab5eb2eb47cecc464545ba58e1ad24/library/std/src/sys/backtrace.rs:66:9
[INFO] [stdout]    3:     0x61ff11def10a - <std::sys::backtrace::BacktraceLock::print::DisplayBacktrace as core::fmt::Display>::fmt::h71a62eb3b9696b12
[INFO] [stdout]                                at /rustc/6067b36314ab5eb2eb47cecc464545ba58e1ad24/library/std/src/sys/backtrace.rs:39:26
[INFO] [stdout]    4:     0x61ff11e18b13 - core::fmt::rt::Argument::fmt::hdb6b616786b41dc1
[INFO] [stdout]                                at /rustc/6067b36314ab5eb2eb47cecc464545ba58e1ad24/library/core/src/fmt/rt.rs:177:76
[INFO] [stdout]    5:     0x61ff11e18b13 - core::fmt::write::h2cc1698af7e2d686
[INFO] [stdout]                                at /rustc/6067b36314ab5eb2eb47cecc464545ba58e1ad24/library/core/src/fmt/mod.rs:1440:21
[INFO] [stdout]    6:     0x61ff11deb923 - std::io::Write::write_fmt::hab1b4cd059a79022
[INFO] [stdout]                                at /rustc/6067b36314ab5eb2eb47cecc464545ba58e1ad24/library/std/src/io/mod.rs:1887:15
[INFO] [stdout]    7:     0x61ff11deef52 - std::sys::backtrace::BacktraceLock::print::h147fe35b4ea13b08
[INFO] [stdout]                                at /rustc/6067b36314ab5eb2eb47cecc464545ba58e1ad24/library/std/src/sys/backtrace.rs:42:9
[INFO] [stdout]    8:     0x61ff11df052f - std::panicking::default_hook::{{closure}}::hbd44223dbdc0d208
[INFO] [stdout]                                at /rustc/6067b36314ab5eb2eb47cecc464545ba58e1ad24/library/std/src/panicking.rs:298:22
[INFO] [stdout]    9:     0x61ff11df0348 - std::panicking::default_hook::h20f81eb0576efcec
[INFO] [stdout]                                at /rustc/6067b36314ab5eb2eb47cecc464545ba58e1ad24/library/std/src/panicking.rs:322:9
[INFO] [stdout]   10:     0x61ff11c64413 - <alloc::boxed::Box<F,A> as core::ops::function::Fn<Args>>::call::hdb53814c496a4d34
[INFO] [stdout]                                at /rustc/6067b36314ab5eb2eb47cecc464545ba58e1ad24/library/alloc/src/boxed.rs:2027:9
[INFO] [stdout]   11:     0x61ff11c64413 - test::test_main::{{closure}}::hc0a4963c59427c24
[INFO] [stdout]                                at /rustc/6067b36314ab5eb2eb47cecc464545ba58e1ad24/library/test/src/lib.rs:134:21
[INFO] [stdout]   12:     0x61ff11df1023 - <alloc::boxed::Box<F,A> as core::ops::function::Fn<Args>>::call::h591b2225413a77e9
[INFO] [stdout]                                at /rustc/6067b36314ab5eb2eb47cecc464545ba58e1ad24/library/alloc/src/boxed.rs:2027:9
[INFO] [stdout]   13:     0x61ff11df1023 - std::panicking::rust_panic_with_hook::h625eea43051b2edc
[INFO] [stdout]                                at /rustc/6067b36314ab5eb2eb47cecc464545ba58e1ad24/library/std/src/panicking.rs:839:13
[INFO] [stdout]   14:     0x61ff11df0cda - std::panicking::begin_panic_handler::{{closure}}::h4f9159cfbc3f6bd3
[INFO] [stdout]                                at /rustc/6067b36314ab5eb2eb47cecc464545ba58e1ad24/library/std/src/panicking.rs:704:13
[INFO] [stdout]   15:     0x61ff11def609 - std::sys::backtrace::__rust_end_short_backtrace::h0390abce48353151
[INFO] [stdout]                                at /rustc/6067b36314ab5eb2eb47cecc464545ba58e1ad24/library/std/src/sys/backtrace.rs:168:18
[INFO] [stdout]   16:     0x61ff11df096d - rust_begin_unwind
[INFO] [stdout]                                at /rustc/6067b36314ab5eb2eb47cecc464545ba58e1ad24/library/std/src/panicking.rs:695:5
[INFO] [stdout]   17:     0x61ff11e16b20 - core::panicking::panic_fmt::h9e7c637e9e5f29c9
[INFO] [stdout]                                at /rustc/6067b36314ab5eb2eb47cecc464545ba58e1ad24/library/core/src/panicking.rs:75:14
[INFO] [stdout]   18:     0x61ff11e16f96 - core::result::unwrap_failed::h7979f09313fe1849
[INFO] [stdout]                                at /rustc/6067b36314ab5eb2eb47cecc464545ba58e1ad24/library/core/src/result.rs:1704:5
[INFO] [stdout]   19:     0x61ff11c15a5f - core::result::Result<T,E>::expect::hbabc06193c705795
[INFO] [stdout]                                at /rustc/6067b36314ab5eb2eb47cecc464545ba58e1ad24/library/core/src/result.rs:1061:23
[INFO] [stdout]   20:     0x61ff11c05fc8 - lxml_tests::get_lxml_output::{{closure}}::h95c6b09f0db2c1bb
[INFO] [stdout]                                at /opt/rustwide/workdir/tests/lxml_tests.rs:47:9
[INFO] [stdout]   21:     0x61ff11c10386 - std::sys::backtrace::__rust_begin_short_backtrace::h84b73164256307c9
[INFO] [stdout]                                at /rustc/6067b36314ab5eb2eb47cecc464545ba58e1ad24/library/std/src/sys/backtrace.rs:152:18
[INFO] [stdout]   22:     0x61ff11c0d35a - std::thread::Builder::spawn_unchecked_::{{closure}}::{{closure}}::h310c401dd7d68386
[INFO] [stdout]                                at /rustc/6067b36314ab5eb2eb47cecc464545ba58e1ad24/library/std/src/thread/mod.rs:559:17
[INFO] [stdout]   23:     0x61ff11bff1e0 - <core::panic::unwind_safe::AssertUnwindSafe<F> as core::ops::function::FnOnce<()>>::call_once::h8742c3a198d863e0
[INFO] [stdout]                                at /rustc/6067b36314ab5eb2eb47cecc464545ba58e1ad24/library/core/src/panic/unwind_safe.rs:272:9
[INFO] [stdout]   24:     0x61ff11c1049f - std::panicking::try::do_call::hd833d5ad6bcf1e0d
[INFO] [stdout]                                at /rustc/6067b36314ab5eb2eb47cecc464545ba58e1ad24/library/std/src/panicking.rs:587:40
[INFO] [stdout]   25:     0x61ff11c0f72b - __rust_try
[INFO] [stdout]   26:     0x61ff11c0cfa6 - std::panicking::try::h3c95e6bbf25df30e
[INFO] [stdout]                                at /rustc/6067b36314ab5eb2eb47cecc464545ba58e1ad24/library/std/src/panicking.rs:550:19
[INFO] [stdout]   27:     0x61ff11c0cfa6 - std::panic::catch_unwind::h3ad3345dfe1ab38b
[INFO] [stdout]                                at /rustc/6067b36314ab5eb2eb47cecc464545ba58e1ad24/library/std/src/panic.rs:358:14
[INFO] [stdout]   28:     0x61ff11c0cfa6 - std::thread::Builder::spawn_unchecked_::{{closure}}::h971b8891e9b47484
[INFO] [stdout]                                at /rustc/6067b36314ab5eb2eb47cecc464545ba58e1ad24/library/std/src/thread/mod.rs:557:30
[INFO] [stdout]   29:     0x61ff11bff80e - core::ops::function::FnOnce::call_once{{vtable.shim}}::hce02eb4a3a85f31c
[INFO] [stdout]                                at /rustc/6067b36314ab5eb2eb47cecc464545ba58e1ad24/library/core/src/ops/function.rs:250:5
[INFO] [stdout]   30:     0x61ff11df50eb - <alloc::boxed::Box<F,A> as core::ops::function::FnOnce<Args>>::call_once::ha52bedf99a3b4981
[INFO] [stdout]                                at /rustc/6067b36314ab5eb2eb47cecc464545ba58e1ad24/library/alloc/src/boxed.rs:2013:9
[INFO] [stdout]   31:     0x61ff11df50eb - <alloc::boxed::Box<F,A> as core::ops::function::FnOnce<Args>>::call_once::h567748934d80ccf8
[INFO] [stdout]                                at /rustc/6067b36314ab5eb2eb47cecc464545ba58e1ad24/library/alloc/src/boxed.rs:2013:9
[INFO] [stdout]   32:     0x61ff11df50eb - std::sys::pal::unix::thread::Thread::new::thread_start::h2d970728ae887adc
[INFO] [stdout]                                at /rustc/6067b36314ab5eb2eb47cecc464545ba58e1ad24/library/std/src/sys/pal/unix/thread.rs:106:17
[INFO] [stdout]   33:     0x762ac977bac3 - <unknown>
[INFO] [stdout]   34:     0x762ac980ca04 - clone
[INFO] [stdout]   35:                0x0 - <unknown>
[INFO] [stdout] 
[INFO] [stdout] thread 'test_item_count1' panicked at tests/lxml_tests.rs:235:53:
[INFO] [stdout] called `Result::unwrap()` on an `Err` value: ParseIntError { kind: Empty }
[INFO] [stdout] stack backtrace:
[INFO] [stdout]    0:     0x61ff11def10a - std::backtrace_rs::backtrace::libunwind::trace::hb059275cfc8d6126
[INFO] [stdout]                                at /rustc/6067b36314ab5eb2eb47cecc464545ba58e1ad24/library/std/src/../../backtrace/src/backtrace/libunwind.rs:116:5
[INFO] [stdout]    1:     0x61ff11def10a - std::backtrace_rs::backtrace::trace_unsynchronized::h2da071e4327ce3ee
[INFO] [stdout]                                at /rustc/6067b36314ab5eb2eb47cecc464545ba58e1ad24/library/std/src/../../backtrace/src/backtrace/mod.rs:66:5
[INFO] [stdout]    2:     0x61ff11def10a - std::sys::backtrace::_print_fmt::h842a1474e6f8d23f
[INFO] [stdout]                                at /rustc/6067b36314ab5eb2eb47cecc464545ba58e1ad24/library/std/src/sys/backtrace.rs:66:9
[INFO] [stdout]    3:     0x61ff11def10a - <std::sys::backtrace::BacktraceLock::print::DisplayBacktrace as core::fmt::Display>::fmt::h71a62eb3b9696b12
[INFO] [stdout]                                at /rustc/6067b36314ab5eb2eb47cecc464545ba58e1ad24/library/std/src/sys/backtrace.rs:39:26
[INFO] [stdout]    4:     0x61ff11e18b13 - core::fmt::rt::Argument::fmt::hdb6b616786b41dc1
[INFO] [stdout]                                at /rustc/6067b36314ab5eb2eb47cecc464545ba58e1ad24/library/core/src/fmt/rt.rs:177:76
[INFO] [stdout]    5:     0x61ff11e18b13 - core::fmt::write::h2cc1698af7e2d686
[INFO] [stdout]                                at /rustc/6067b36314ab5eb2eb47cecc464545ba58e1ad24/library/core/src/fmt/mod.rs:1440:21
[INFO] [stdout]    6:     0x61ff11deb923 - std::io::Write::write_fmt::hab1b4cd059a79022
[INFO] [stdout]                                at /rustc/6067b36314ab5eb2eb47cecc464545ba58e1ad24/library/std/src/io/mod.rs:1887:15
[INFO] [stdout]    7:     0x61ff11deef52 - std::sys::backtrace::BacktraceLock::print::h147fe35b4ea13b08
[INFO] [stdout]                                at /rustc/6067b36314ab5eb2eb47cecc464545ba58e1ad24/library/std/src/sys/backtrace.rs:42:9
[INFO] [stdout]    8:     0x61ff11df052f - std::panicking::default_hook::{{closure}}::hbd44223dbdc0d208
[INFO] [stdout]                                at /rustc/6067b36314ab5eb2eb47cecc464545ba58e1ad24/library/std/src/panicking.rs:298:22
[INFO] [stdout]    9:     0x61ff11df0348 - std::panicking::default_hook::h20f81eb0576efcec
[INFO] [stdout]                                at /rustc/6067b36314ab5eb2eb47cecc464545ba58e1ad24/library/std/src/panicking.rs:322:9
[INFO] [stdout]   10:     0x61ff11c64413 - <alloc::boxed::Box<F,A> as core::ops::function::Fn<Args>>::call::hdb53814c496a4d34
[INFO] [stdout]                                at /rustc/6067b36314ab5eb2eb47cecc464545ba58e1ad24/library/alloc/src/boxed.rs:2027:9
[INFO] [stdout]   11:     0x61ff11c64413 - test::test_main::{{closure}}::hc0a4963c59427c24
[INFO] [stdout]                                at /rustc/6067b36314ab5eb2eb47cecc464545ba58e1ad24/library/test/src/lib.rs:134:21
[INFO] [stdout]   12:     0x61ff11df1023 - <alloc::boxed::Box<F,A> as core::ops::function::Fn<Args>>::call::h591b2225413a77e9
[INFO] [stdout]                                at /rustc/6067b36314ab5eb2eb47cecc464545ba58e1ad24/library/alloc/src/boxed.rs:2027:9
[INFO] [stdout]   13:     0x61ff11df1023 - std::panicking::rust_panic_with_hook::h625eea43051b2edc
[INFO] [stdout]                                at /rustc/6067b36314ab5eb2eb47cecc464545ba58e1ad24/library/std/src/panicking.rs:839:13
[INFO] [stdout]   14:     0x61ff11df0cda - std::panicking::begin_panic_handler::{{closure}}::h4f9159cfbc3f6bd3
[INFO] [stdout]                                at /rustc/6067b36314ab5eb2eb47cecc464545ba58e1ad24/library/std/src/panicking.rs:704:13
[INFO] [stdout]   15:     0x61ff11def609 - std::sys::backtrace::__rust_end_short_backtrace::h0390abce48353151
[INFO] [stdout]                                at /rustc/6067b36314ab5eb2eb47cecc464545ba58e1ad24/library/std/src/sys/backtrace.rs:168:18
[INFO] [stdout]   16:     0x61ff11df096d - rust_begin_unwind
[INFO] [stdout]                                at /rustc/6067b36314ab5eb2eb47cecc464545ba58e1ad24/library/std/src/panicking.rs:695:5
[INFO] [stdout]   17:     0x61ff11e16b20 - core::panicking::panic_fmt::h9e7c637e9e5f29c9
[INFO] [stdout]                                at /rustc/6067b36314ab5eb2eb47cecc464545ba58e1ad24/library/core/src/panicking.rs:75:14
[INFO] [stdout]   18:     0x61ff11e16f96 - core::result::unwrap_failed::h7979f09313fe1849
[INFO] [stdout]                                at /rustc/6067b36314ab5eb2eb47cecc464545ba58e1ad24/library/core/src/result.rs:1704:5
[INFO] [stdout]   19:     0x61ff11c0b0ac - core::result::Result<T,E>::unwrap::h15d63634fd5476c8
[INFO] [stdout]                                at /rustc/6067b36314ab5eb2eb47cecc464545ba58e1ad24/library/core/src/result.rs:1109:23
[INFO] [stdout]   20:     0x61ff11c0b0ac - lxml_tests::test_item_count1::h3c8f109474bc930d
[INFO] [stdout]                                at /opt/rustwide/workdir/tests/lxml_tests.rs:235:22
[INFO] [stdout]   21:     0x61ff11c0aa77 - lxml_tests::test_item_count1::{{closure}}::h57888655a24d0fe0
[INFO] [stdout]                                at /opt/rustwide/workdir/tests/lxml_tests.rs:220:22
[INFO] [stdout]   22:     0x61ff11bffb06 - core::ops::function::FnOnce::call_once::hbad9cbc20b5da8d9
[INFO] [stdout]                                at /rustc/6067b36314ab5eb2eb47cecc464545ba58e1ad24/library/core/src/ops/function.rs:250:5
[INFO] [stdout]   23:     0x61ff11c69b6b - core::ops::function::FnOnce::call_once::he27718dfdd183f43
[INFO] [stdout]                                at /rustc/6067b36314ab5eb2eb47cecc464545ba58e1ad24/library/core/src/ops/function.rs:250:5
[INFO] [stdout]   24:     0x61ff11c69b6b - test::__rust_begin_short_backtrace::h4e84902998457a5d
[INFO] [stdout]                                at /rustc/6067b36314ab5eb2eb47cecc464545ba58e1ad24/library/test/src/lib.rs:632:18
[INFO] [stdout]   25:     0x61ff11c68aa3 - test::run_test_in_process::{{closure}}::h7176fd18fc1feca0
[INFO] [stdout]                                at /rustc/6067b36314ab5eb2eb47cecc464545ba58e1ad24/library/test/src/lib.rs:655:60
[INFO] [stdout]   26:     0x61ff11c68aa3 - <core::panic::unwind_safe::AssertUnwindSafe<F> as core::ops::function::FnOnce<()>>::call_once::hf79cff2a624d8cf7
[INFO] [stdout]                                at /rustc/6067b36314ab5eb2eb47cecc464545ba58e1ad24/library/core/src/panic/unwind_safe.rs:272:9
[INFO] [stdout]   27:     0x61ff11c68aa3 - std::panicking::try::do_call::h3da0561d9ab99c25
[INFO] [stdout]                                at /rustc/6067b36314ab5eb2eb47cecc464545ba58e1ad24/library/std/src/panicking.rs:587:40
[INFO] [stdout]   28:     0x61ff11c68aa3 - std::panicking::try::h41c9fa508bc61df6
[INFO] [stdout]                                at /rustc/6067b36314ab5eb2eb47cecc464545ba58e1ad24/library/std/src/panicking.rs:550:19
[INFO] [stdout]   29:     0x61ff11c68aa3 - std::panic::catch_unwind::h6b3ff07bb5afad93
[INFO] [stdout]                                at /rustc/6067b36314ab5eb2eb47cecc464545ba58e1ad24/library/std/src/panic.rs:358:14
[INFO] [stdout]   30:     0x61ff11c68aa3 - test::run_test_in_process::hc7253dd11b39b9f4
[INFO] [stdout]                                at /rustc/6067b36314ab5eb2eb47cecc464545ba58e1ad24/library/test/src/lib.rs:655:27
[INFO] [stdout]   31:     0x61ff11c68aa3 - test::run_test::{{closure}}::hfb2007f8649c30bb
[INFO] [stdout]                                at /rustc/6067b36314ab5eb2eb47cecc464545ba58e1ad24/library/test/src/lib.rs:576:43
[INFO] [stdout]   32:     0x61ff11c2bb85 - test::run_test::{{closure}}::h56a17aa7a282a9f4
[INFO] [stdout]                                at /rustc/6067b36314ab5eb2eb47cecc464545ba58e1ad24/library/test/src/lib.rs:606:41
[INFO] [stdout]   33:     0x61ff11c2bb85 - std::sys::backtrace::__rust_begin_short_backtrace::hd2d2d2fb8e8c6aac
[INFO] [stdout]                                at /rustc/6067b36314ab5eb2eb47cecc464545ba58e1ad24/library/std/src/sys/backtrace.rs:152:18
[INFO] [stdout]   34:     0x61ff11c2f46a - std::thread::Builder::spawn_unchecked_::{{closure}}::{{closure}}::h4faa3f9db6133423
[INFO] [stdout]                                at /rustc/6067b36314ab5eb2eb47cecc464545ba58e1ad24/library/std/src/thread/mod.rs:559:17
[INFO] [stdout]   35:     0x61ff11c2f46a - <core::panic::unwind_safe::AssertUnwindSafe<F> as core::ops::function::FnOnce<()>>::call_once::hf2e855a36a4ea846
[INFO] [stdout]                                at /rustc/6067b36314ab5eb2eb47cecc464545ba58e1ad24/library/core/src/panic/unwind_safe.rs:272:9
[INFO] [stdout]   36:     0x61ff11c2f46a - std::panicking::try::do_call::h2f73af3616c35465
[INFO] [stdout]                                at /rustc/6067b36314ab5eb2eb47cecc464545ba58e1ad24/library/std/src/panicking.rs:587:40
[INFO] [stdout]   37:     0x61ff11c2f46a - std::panicking::try::hd1660ce9efadef5a
[INFO] [stdout]                                at /rustc/6067b36314ab5eb2eb47cecc464545ba58e1ad24/library/std/src/panicking.rs:550:19
[INFO] [stdout]   38:     0x61ff11c2f46a - std::panic::catch_unwind::h5ee8d7823b8ca744
[INFO] [stdout]                                at /rustc/6067b36314ab5eb2eb47cecc464545ba58e1ad24/library/std/src/panic.rs:358:14
[INFO] [stdout]   39:     0x61ff11c2f46a - std::thread::Builder::spawn_unchecked_::{{closure}}::h53c3a1894dce8407
[INFO] [stdout]                                at /rustc/6067b36314ab5eb2eb47cecc464545ba58e1ad24/library/std/src/thread/mod.rs:557:30
[INFO] [stdout]   40:     0x61ff11c2f46a - core::ops::function::FnOnce::call_once{{vtable.shim}}::h048ce291ad4f62bf
[INFO] [stdout]                                at /rustc/6067b36314ab5eb2eb47cecc464545ba58e1ad24/library/core/src/ops/function.rs:250:5
[INFO] [stdout]   41:     0x61ff11df50eb - <alloc::boxed::Box<F,A> as core::ops::function::FnOnce<Args>>::call_once::ha52bedf99a3b4981
[INFO] [stdout]                                at /rustc/6067b36314ab5eb2eb47cecc464545ba58e1ad24/library/alloc/src/boxed.rs:2013:9
[INFO] [stdout]   42:     0x61ff11df50eb - <alloc::boxed::Box<F,A> as core::ops::function::FnOnce<Args>>::call_once::h567748934d80ccf8
[INFO] [stdout]                                at /rustc/6067b36314ab5eb2eb47cecc464545ba58e1ad24/library/alloc/src/boxed.rs:2013:9
[INFO] [stdout]   43:     0x61ff11df50eb - std::sys::pal::unix::thread::Thread::new::thread_start::h2d970728ae887adc
[INFO] [stdout]                                at /rustc/6067b36314ab5eb2eb47cecc464545ba58e1ad24/library/std/src/sys/pal/unix/thread.rs:106:17
[INFO] [stdout]   44:     0x762ac977bac3 - <unknown>
[INFO] [stdout]   45:     0x762ac980ca04 - clone
[INFO] [stdout]   46:                0x0 - <unknown>
[INFO] [stdout] 
[INFO] [stdout] 
[INFO] [stdout] failures:
[INFO] [stdout]     test_item_count1
[INFO] [stdout]     test_lxml_output
[INFO] [stdout]     test_text_handling
[INFO] [stdout]     test_text_handling2
[INFO] [stdout]     test_text_handling3
[INFO] [stdout] 
[INFO] [stdout] test result: FAILED. 0 passed; 5 failed; 0 ignored; 0 measured; 0 filtered out; finished in 0.66s
[INFO] [stdout] 
[INFO] [stderr] error: test failed, to rerun pass `--test lxml_tests`
[INFO] running `Command { std: "docker" "inspect" "4f160a2a40c649780eb62d17821c896259c6a3d4ccf0f1e8a3cfe83f09065f5f", kill_on_drop: false }`
[INFO] running `Command { std: "docker" "rm" "-f" "4f160a2a40c649780eb62d17821c896259c6a3d4ccf0f1e8a3cfe83f09065f5f", kill_on_drop: false }`
[INFO] [stdout] 4f160a2a40c649780eb62d17821c896259c6a3d4ccf0f1e8a3cfe83f09065f5f
