[INFO] fetching crate simplistis 0.1.0...
[INFO] testing simplistis-0.1.0 against nightly-2025-01-18+rustflags=-Zrandomize-layout for randomize-layout-2
[INFO] extracting crate simplistis 0.1.0 into /workspace/builds/worker-6-tc2/source
[INFO] validating manifest of crates.io crate simplistis 0.1.0 on toolchain nightly-2025-01-18
[INFO] running `Command { std: CARGO_HOME="/workspace/cargo-home" RUSTUP_HOME="/workspace/rustup-home" "/workspace/cargo-home/bin/cargo" "+nightly-2025-01-18" "metadata" "--manifest-path" "Cargo.toml" "--no-deps", kill_on_drop: false }`
[INFO] started tweaking crates.io crate simplistis 0.1.0
[INFO] finished tweaking crates.io crate simplistis 0.1.0
[INFO] tweaked toml for crates.io crate simplistis 0.1.0 written to /workspace/builds/worker-6-tc2/source/Cargo.toml
[INFO] crate crates.io crate simplistis 0.1.0 already has a lockfile, it will not be regenerated
[INFO] running `Command { std: CARGO_HOME="/workspace/cargo-home" RUSTUP_HOME="/workspace/rustup-home" "/workspace/cargo-home/bin/cargo" "+nightly-2025-01-18" "fetch" "--manifest-path" "Cargo.toml", kill_on_drop: false }`
[INFO] running `Command { std: "docker" "create" "-v" "/var/lib/crater-agent-workspace/builds/worker-6-tc2/target:/opt/rustwide/target:rw,Z" "-v" "/var/lib/crater-agent-workspace/builds/worker-6-tc2/source:/opt/rustwide/workdir:ro,Z" "-v" "/var/lib/crater-agent-workspace/cargo-home:/opt/rustwide/cargo-home:ro,Z" "-v" "/var/lib/crater-agent-workspace/rustup-home:/opt/rustwide/rustup-home:ro,Z" "-e" "SOURCE_DIR=/opt/rustwide/workdir" "-e" "CARGO_TARGET_DIR=/opt/rustwide/target" "-e" "CARGO_HOME=/opt/rustwide/cargo-home" "-e" "RUSTUP_HOME=/opt/rustwide/rustup-home" "-w" "/opt/rustwide/workdir" "-m" "1610612736" "--user" "0:0" "--network" "none" "ghcr.io/rust-lang/crates-build-env/linux@sha256:819108c5571ea2e421544af4d832f968d213c87fbe3707a016657f43d2f853bc" "/opt/rustwide/cargo-home/bin/cargo" "+nightly-2025-01-18" "metadata" "--no-deps" "--format-version=1", kill_on_drop: false }`
[INFO] [stdout] f19d8004c2c832d57dd223d6dd5ed735a377f7a9ae250dcd0e66bfa5b36a5dba
[INFO] running `Command { std: "docker" "start" "-a" "f19d8004c2c832d57dd223d6dd5ed735a377f7a9ae250dcd0e66bfa5b36a5dba", kill_on_drop: false }`
[INFO] running `Command { std: "docker" "inspect" "f19d8004c2c832d57dd223d6dd5ed735a377f7a9ae250dcd0e66bfa5b36a5dba", kill_on_drop: false }`
[INFO] running `Command { std: "docker" "rm" "-f" "f19d8004c2c832d57dd223d6dd5ed735a377f7a9ae250dcd0e66bfa5b36a5dba", kill_on_drop: false }`
[INFO] [stdout] f19d8004c2c832d57dd223d6dd5ed735a377f7a9ae250dcd0e66bfa5b36a5dba
[INFO] running `Command { std: "docker" "create" "-v" "/var/lib/crater-agent-workspace/builds/worker-6-tc2/target:/opt/rustwide/target:rw,Z" "-v" "/var/lib/crater-agent-workspace/builds/worker-6-tc2/source:/opt/rustwide/workdir:ro,Z" "-v" "/var/lib/crater-agent-workspace/cargo-home:/opt/rustwide/cargo-home:ro,Z" "-v" "/var/lib/crater-agent-workspace/rustup-home:/opt/rustwide/rustup-home:ro,Z" "-e" "SOURCE_DIR=/opt/rustwide/workdir" "-e" "CARGO_TARGET_DIR=/opt/rustwide/target" "-e" "CARGO_INCREMENTAL=0" "-e" "RUST_BACKTRACE=full" "-e" "RUSTFLAGS=--cap-lints=forbid -Zrandomize-layout" "-e" "RUSTDOCFLAGS=--cap-lints=forbid" "-e" "CARGO_HOME=/opt/rustwide/cargo-home" "-e" "RUSTUP_HOME=/opt/rustwide/rustup-home" "-w" "/opt/rustwide/workdir" "-m" "1610612736" "--user" "0:0" "--network" "none" "ghcr.io/rust-lang/crates-build-env/linux@sha256:819108c5571ea2e421544af4d832f968d213c87fbe3707a016657f43d2f853bc" "/opt/rustwide/cargo-home/bin/cargo" "+nightly-2025-01-18" "build" "--frozen" "--message-format=json", kill_on_drop: false }`
[INFO] [stdout] 07ea15831b94545d9a22d499aae41c974b696642f2766e3268aafa75b981cb78
[INFO] running `Command { std: "docker" "start" "-a" "07ea15831b94545d9a22d499aae41c974b696642f2766e3268aafa75b981cb78", kill_on_drop: false }`
[INFO] [stderr]    Compiling proc-macro2 v1.0.81
[INFO] [stderr]    Compiling unicode-ident v1.0.12
[INFO] [stderr]    Compiling serde v1.0.199
[INFO] [stderr]    Compiling thiserror v1.0.59
[INFO] [stderr]    Compiling memchr v2.7.2
[INFO] [stderr]    Compiling autocfg v1.3.0
[INFO] [stderr]    Compiling ucd-trie v0.1.6
[INFO] [stderr]    Compiling once_cell v1.19.0
[INFO] [stderr]    Compiling version_check v0.9.4
[INFO] [stderr]    Compiling hashbrown v0.14.5
[INFO] [stderr]    Compiling serde_json v1.0.116
[INFO] [stderr]    Compiling equivalent v1.0.1
[INFO] [stderr]    Compiling unicode-width v0.1.12
[INFO] [stderr]    Compiling iana-time-zone v0.1.60
[INFO] [stderr]    Compiling pulldown-cmark v0.10.3
[INFO] [stderr]    Compiling itoa v1.0.11
[INFO] [stderr]    Compiling winnow v0.6.7
[INFO] [stderr]    Compiling log v0.4.21
[INFO] [stderr]    Compiling pulldown-cmark-escape v0.10.1
[INFO] [stderr]    Compiling getopts v0.2.21
[INFO] [stderr]    Compiling bitflags v2.5.0
[INFO] [stderr]    Compiling unicase v2.7.0
[INFO] [stderr]    Compiling num-traits v0.2.19
[INFO] [stderr]    Compiling indexmap v2.2.6
[INFO] [stderr]    Compiling quote v1.0.36
[INFO] [stderr]    Compiling syn v2.0.60
[INFO] [stderr]    Compiling chrono v0.4.38
[INFO] [stderr]    Compiling serde_derive v1.0.199
[INFO] [stderr]    Compiling thiserror-impl v1.0.59
[INFO] [stderr]    Compiling pest v2.7.10
[INFO] [stderr]    Compiling pest_meta v2.7.10
[INFO] [stderr]    Compiling pest_generator v2.7.10
[INFO] [stderr]    Compiling pest_derive v2.7.10
[INFO] [stderr]    Compiling toml_datetime v0.6.5
[INFO] [stderr]    Compiling serde_spanned v0.6.5
[INFO] [stderr]    Compiling toml_datetime v0.5.1
[INFO] [stderr]    Compiling toml_edit v0.22.12
[INFO] [stderr]    Compiling toml-datetime-compat v0.3.0
[INFO] [stderr]    Compiling handlebars v5.1.2
[INFO] [stderr]    Compiling toml v0.8.12
[INFO] [stderr]    Compiling simplistis v0.1.0 (/opt/rustwide/workdir)
[INFO] [stderr]     Finished `dev` profile [unoptimized + debuginfo] target(s) in 24.22s
[INFO] running `Command { std: "docker" "inspect" "07ea15831b94545d9a22d499aae41c974b696642f2766e3268aafa75b981cb78", kill_on_drop: false }`
[INFO] running `Command { std: "docker" "rm" "-f" "07ea15831b94545d9a22d499aae41c974b696642f2766e3268aafa75b981cb78", kill_on_drop: false }`
[INFO] [stdout] 07ea15831b94545d9a22d499aae41c974b696642f2766e3268aafa75b981cb78
[INFO] running `Command { std: "docker" "create" "-v" "/var/lib/crater-agent-workspace/builds/worker-6-tc2/target:/opt/rustwide/target:rw,Z" "-v" "/var/lib/crater-agent-workspace/builds/worker-6-tc2/source:/opt/rustwide/workdir:ro,Z" "-v" "/var/lib/crater-agent-workspace/cargo-home:/opt/rustwide/cargo-home:ro,Z" "-v" "/var/lib/crater-agent-workspace/rustup-home:/opt/rustwide/rustup-home:ro,Z" "-e" "SOURCE_DIR=/opt/rustwide/workdir" "-e" "CARGO_TARGET_DIR=/opt/rustwide/target" "-e" "CARGO_INCREMENTAL=0" "-e" "RUST_BACKTRACE=full" "-e" "RUSTFLAGS=--cap-lints=forbid -Zrandomize-layout" "-e" "RUSTDOCFLAGS=--cap-lints=forbid" "-e" "CARGO_HOME=/opt/rustwide/cargo-home" "-e" "RUSTUP_HOME=/opt/rustwide/rustup-home" "-w" "/opt/rustwide/workdir" "-m" "1610612736" "--user" "0:0" "--network" "none" "ghcr.io/rust-lang/crates-build-env/linux@sha256:819108c5571ea2e421544af4d832f968d213c87fbe3707a016657f43d2f853bc" "/opt/rustwide/cargo-home/bin/cargo" "+nightly-2025-01-18" "test" "--frozen" "--no-run" "--message-format=json", kill_on_drop: false }`
[INFO] [stdout] 760cda4d611fac1e6e174cde9ad69940a1554263903c28e844c40819d9535f21
[INFO] running `Command { std: "docker" "start" "-a" "760cda4d611fac1e6e174cde9ad69940a1554263903c28e844c40819d9535f21", kill_on_drop: false }`
[INFO] [stderr]    Compiling simplistis v0.1.0 (/opt/rustwide/workdir)
[INFO] [stderr]     Finished `test` profile [unoptimized + debuginfo] target(s) in 1.25s
[INFO] running `Command { std: "docker" "inspect" "760cda4d611fac1e6e174cde9ad69940a1554263903c28e844c40819d9535f21", kill_on_drop: false }`
[INFO] running `Command { std: "docker" "rm" "-f" "760cda4d611fac1e6e174cde9ad69940a1554263903c28e844c40819d9535f21", kill_on_drop: false }`
[INFO] [stdout] 760cda4d611fac1e6e174cde9ad69940a1554263903c28e844c40819d9535f21
[INFO] running `Command { std: "docker" "create" "-v" "/var/lib/crater-agent-workspace/builds/worker-6-tc2/target:/opt/rustwide/target:rw,Z" "-v" "/var/lib/crater-agent-workspace/builds/worker-6-tc2/source:/opt/rustwide/workdir:ro,Z" "-v" "/var/lib/crater-agent-workspace/cargo-home:/opt/rustwide/cargo-home:ro,Z" "-v" "/var/lib/crater-agent-workspace/rustup-home:/opt/rustwide/rustup-home:ro,Z" "-e" "SOURCE_DIR=/opt/rustwide/workdir" "-e" "CARGO_TARGET_DIR=/opt/rustwide/target" "-e" "CARGO_INCREMENTAL=0" "-e" "RUST_BACKTRACE=full" "-e" "RUSTFLAGS=--cap-lints=forbid -Zrandomize-layout" "-e" "RUSTDOCFLAGS=--cap-lints=forbid" "-e" "CARGO_HOME=/opt/rustwide/cargo-home" "-e" "RUSTUP_HOME=/opt/rustwide/rustup-home" "-w" "/opt/rustwide/workdir" "-m" "1610612736" "--user" "0:0" "--network" "none" "ghcr.io/rust-lang/crates-build-env/linux@sha256:819108c5571ea2e421544af4d832f968d213c87fbe3707a016657f43d2f853bc" "/opt/rustwide/cargo-home/bin/cargo" "+nightly-2025-01-18" "test" "--frozen", kill_on_drop: false }`
[INFO] [stdout] b9add0185fc41e68960735c946cbfd787e76d3b10b52c8c701f5ba18138c1288
[INFO] running `Command { std: "docker" "start" "-a" "b9add0185fc41e68960735c946cbfd787e76d3b10b52c8c701f5ba18138c1288", kill_on_drop: false }`
[INFO] [stderr]     Finished `test` profile [unoptimized + debuginfo] target(s) in 0.08s
[INFO] [stderr]      Running unittests src/lib.rs (/opt/rustwide/target/debug/deps/simplistis-e67d0f2110268d5f)
[INFO] [stdout] 
[INFO] [stdout] running 5 tests
[INFO] [stdout] test preparser::preprocess_test::empty_metadata_ignored ... ok
[INFO] [stdout] test preparser::preprocess_test::metadata_parsed ... ok
[INFO] [stdout] test content::content_test::test_directory_parsing ... ok
[INFO] [stdout] test content::content_test::test_content_file_parsing ... ok
[INFO] [stdout] test pages::page_test::test_with_test_files ... FAILED
[INFO] [stdout] 
[INFO] [stdout] failures:
[INFO] [stdout] 
[INFO] [stdout] ---- pages::page_test::test_with_test_files stdout ----
[INFO] [stdout] [page_test::test_with_test_files] reading from file path: "/opt/rustwide/workdir/test_files"
[INFO] [stdout] [ContentMetadata::preprocess_content_metadata] Metadata field:
[INFO] [stdout] title = "Home Page"
[INFO] [stdout] 
[INFO] [stdout] [ContentMetadata::preprocess_content_metadata] Parsed metadata:
[INFO] [stdout] ContentMetadata {
[INFO] [stdout]     title: Some(
[INFO] [stdout]         "Home Page",
[INFO] [stderr] error: test failed, to rerun pass `--lib`
[INFO] [stdout]     ),
[INFO] [stdout]     slug: None,
[INFO] [stdout]     author: None,
[INFO] [stdout]     tags: None,
[INFO] [stdout]     updated_at: 2025-01-21T00:15:00.225384749Z,
[INFO] [stdout] }
[INFO] [stdout] [ContentMetadata::preprocess_content_metadata] No slug, setting it with file_name:
[INFO] [stdout] _index
[INFO] [stdout] [Content::from_dir] Starting to parse: []
[INFO] [stdout] [ContentMetadata::preprocess_content_metadata] Metadata field:
[INFO] [stdout] title = "Blog Directory"
[INFO] [stdout] 
[INFO] [stdout] [ContentMetadata::preprocess_content_metadata] Parsed metadata:
[INFO] [stdout] ContentMetadata {
[INFO] [stdout]     title: Some(
[INFO] [stdout]         "Blog Directory",
[INFO] [stdout]     ),
[INFO] [stdout]     slug: None,
[INFO] [stdout]     author: None,
[INFO] [stdout]     tags: None,
[INFO] [stdout]     updated_at: 2025-01-21T00:15:00.225652089Z,
[INFO] [stdout] }
[INFO] [stdout] [ContentMetadata::preprocess_content_metadata] No slug, setting it with file_name:
[INFO] [stdout] _index
[INFO] [stdout] [Content::from_dir] Starting to parse: []
[INFO] [stdout] [Content::from_dir] Parsing file '"/opt/rustwide/workdir/test_files/blog/test-hello.md"
[INFO] [stdout] [ContentMetadata::preprocess_content_metadata] Metadata field:
[INFO] [stdout] title = "Hello World!"
[INFO] [stdout] author = "fauh45"
[INFO] [stdout] tags = ["test", "world", "first!"]
[INFO] [stdout] 
[INFO] [stdout] [ContentMetadata::preprocess_content_metadata] Parsed metadata:
[INFO] [stdout] ContentMetadata {
[INFO] [stdout]     title: Some(
[INFO] [stdout]         "Hello World!",
[INFO] [stdout]     ),
[INFO] [stdout]     slug: None,
[INFO] [stdout]     author: Some(
[INFO] [stdout]         "fauh45",
[INFO] [stdout]     ),
[INFO] [stdout]     tags: Some(
[INFO] [stdout]         [
[INFO] [stdout]             "test",
[INFO] [stdout]             "world",
[INFO] [stdout]             "first!",
[INFO] [stdout]         ],
[INFO] [stdout]     ),
[INFO] [stdout]     updated_at: 2025-01-21T00:15:00.225923509Z,
[INFO] [stdout] }
[INFO] [stdout] [ContentMetadata::preprocess_content_metadata] No slug, setting it with file_name:
[INFO] [stdout] test-hello
[INFO] [stdout] [page_test::test_with_test_files] Page root result: Page {
[INFO] [stdout]     path: "",
[INFO] [stdout]     content: Content {
[INFO] [stdout]         raw_content: "## simplistis\n\nWelcome to `simplistis`!\n\n## What is it?\n\nIt's a (very) simple static page generator, based on CommonMark, and Handlebars.",
[INFO] [stdout]         metadata: ContentMetadata {
[INFO] [stdout]             title: Some(
[INFO] [stdout]                 "Home Page",
[INFO] [stdout]             ),
[INFO] [stdout]             slug: Some(
[INFO] [stdout]                 "_index",
[INFO] [stdout]             ),
[INFO] [stdout]             author: None,
[INFO] [stdout]             tags: None,
[INFO] [stdout]             updated_at: 2025-01-21T00:15:00.225384749Z,
[INFO] [stdout]         },
[INFO] [stdout]     },
[INFO] [stdout]     template: "<html lang=\"en\">\n  <head>\n    <meta charset=\"UTF-8\" />\n    <meta name=\"viewport\" content=\"width=device-width, initial-scale=1\" />\n    <title>fauh45</title>\n  </head>\n  <body>\n    <!-- TODO: Add some template for index -->\n  </body>\n</html>\n",
[INFO] [stdout]     is_dir_root: true,
[INFO] [stdout]     child: [
[INFO] [stdout]         Page {
[INFO] [stdout]             path: "blog",
[INFO] [stdout]             content: Content {
[INFO] [stdout]                 raw_content: "Here's the directory of all the blogs, you can see all the blog post here!",
[INFO] [stdout]                 metadata: ContentMetadata {
[INFO] [stdout]                     title: Some(
[INFO] [stdout]                         "Blog Directory",
[INFO] [stdout]                     ),
[INFO] [stdout]                     slug: Some(
[INFO] [stdout]                         "_index",
[INFO] [stdout]                     ),
[INFO] [stdout]                     author: None,
[INFO] [stdout]                     tags: None,
[INFO] [stdout]                     updated_at: 2025-01-21T00:15:00.225652089Z,
[INFO] [stdout]                 },
[INFO] [stdout]             },
[INFO] [stdout]             template: "<html lang=\"en\">\n  <head>\n    <meta charset=\"UTF-8\" />\n    <meta name=\"viewport\" content=\"width=device-width, initial-scale=1\" />\n    <title>Blog | fauh45</title>\n  </head>\n  <body>\n    <!-- TODO: Add some template for blog -->\n  </body>\n</html>\n",
[INFO] [stdout]             is_dir_root: true,
[INFO] [stdout]             child: [
[INFO] [stdout]                 Page {
[INFO] [stdout]                     path: "blog/test-hello",
[INFO] [stdout]                     content: Content {
[INFO] [stdout]                         raw_content: "## Hello World\n\nThis file is just to do testing on the parsing system! But you can absolutely use\nthis file to check how you should be writing content (or a whole damn website)\nusing `simplistis`!\n\n## How?\n\nWell the rest of this should just be a valid [CommonMark](https://spec.commonmark.org/0.31.2/) markdown!",
[INFO] [stdout]                         metadata: ContentMetadata {
[INFO] [stdout]                             title: Some(
[INFO] [stdout]                                 "Hello World!",
[INFO] [stdout]                             ),
[INFO] [stdout]                             slug: Some(
[INFO] [stdout]                                 "test-hello",
[INFO] [stdout]                             ),
[INFO] [stdout]                             author: Some(
[INFO] [stdout]                                 "fauh45",
[INFO] [stdout]                             ),
[INFO] [stdout]                             tags: Some(
[INFO] [stdout]                                 [
[INFO] [stdout]                                     "test",
[INFO] [stdout]                                     "world",
[INFO] [stdout]                                     "first!",
[INFO] [stdout]                                 ],
[INFO] [stdout]                             ),
[INFO] [stdout]                             updated_at: 2025-01-21T00:15:00.225923509Z,
[INFO] [stdout]                         },
[INFO] [stdout]                     },
[INFO] [stdout]                     template: "<html lang=\"en\">\n  <head>\n    <meta charset=\"UTF-8\" />\n    <meta name=\"viewport\" content=\"width=device-width, initial-scale=1\" />\n    <title>Blog | fauh45</title>\n  </head>\n  <body>\n    <!-- TODO: Add some template for blog -->\n  </body>\n</html>\n",
[INFO] [stdout]                     is_dir_root: false,
[INFO] [stdout]                     child: [],
[INFO] [stdout]                 },
[INFO] [stdout]             ],
[INFO] [stdout]         },
[INFO] [stdout]     ],
[INFO] [stdout] }
[INFO] [stdout] 
[INFO] [stdout] thread 'pages::page_test::test_with_test_files' panicked at src/pages.rs:257:9:
[INFO] [stdout] assertion `left == right` failed: Page root should always be '/'!
[INFO] [stdout]   left: ""
[INFO] [stdout]  right: "/"
[INFO] [stdout] stack backtrace:
[INFO] [stdout]    0:     0x5659e3f9faba - std::backtrace_rs::backtrace::libunwind::trace::hb059275cfc8d6126
[INFO] [stdout]                                at /rustc/6067b36314ab5eb2eb47cecc464545ba58e1ad24/library/std/src/../../backtrace/src/backtrace/libunwind.rs:116:5
[INFO] [stdout]    1:     0x5659e3f9faba - std::backtrace_rs::backtrace::trace_unsynchronized::h2da071e4327ce3ee
[INFO] [stdout]                                at /rustc/6067b36314ab5eb2eb47cecc464545ba58e1ad24/library/std/src/../../backtrace/src/backtrace/mod.rs:66:5
[INFO] [stdout]    2:     0x5659e3f9faba - std::sys::backtrace::_print_fmt::h842a1474e6f8d23f
[INFO] [stdout]                                at /rustc/6067b36314ab5eb2eb47cecc464545ba58e1ad24/library/std/src/sys/backtrace.rs:66:9
[INFO] [stdout]    3:     0x5659e3f9faba - <std::sys::backtrace::BacktraceLock::print::DisplayBacktrace as core::fmt::Display>::fmt::h71a62eb3b9696b12
[INFO] [stdout]                                at /rustc/6067b36314ab5eb2eb47cecc464545ba58e1ad24/library/std/src/sys/backtrace.rs:39:26
[INFO] [stdout]    4:     0x5659e3fc8e03 - core::fmt::rt::Argument::fmt::hdb6b616786b41dc1
[INFO] [stdout]                                at /rustc/6067b36314ab5eb2eb47cecc464545ba58e1ad24/library/core/src/fmt/rt.rs:177:76
[INFO] [stdout]    5:     0x5659e3fc8e03 - core::fmt::write::h2cc1698af7e2d686
[INFO] [stdout]                                at /rustc/6067b36314ab5eb2eb47cecc464545ba58e1ad24/library/core/src/fmt/mod.rs:1440:21
[INFO] [stdout]    6:     0x5659e3f9c1f3 - std::io::Write::write_fmt::hab1b4cd059a79022
[INFO] [stdout]                                at /rustc/6067b36314ab5eb2eb47cecc464545ba58e1ad24/library/std/src/io/mod.rs:1887:15
[INFO] [stdout]    7:     0x5659e3f9f902 - std::sys::backtrace::BacktraceLock::print::h147fe35b4ea13b08
[INFO] [stdout]                                at /rustc/6067b36314ab5eb2eb47cecc464545ba58e1ad24/library/std/src/sys/backtrace.rs:42:9
[INFO] [stdout]    8:     0x5659e3fa0edf - std::panicking::default_hook::{{closure}}::hbd44223dbdc0d208
[INFO] [stdout]                                at /rustc/6067b36314ab5eb2eb47cecc464545ba58e1ad24/library/std/src/panicking.rs:298:22
[INFO] [stdout]    9:     0x5659e3fa0cf8 - std::panicking::default_hook::h20f81eb0576efcec
[INFO] [stdout]                                at /rustc/6067b36314ab5eb2eb47cecc464545ba58e1ad24/library/std/src/panicking.rs:322:9
[INFO] [stdout]   10:     0x5659e3f011b3 - <alloc::boxed::Box<F,A> as core::ops::function::Fn<Args>>::call::hdb53814c496a4d34
[INFO] [stdout]                                at /rustc/6067b36314ab5eb2eb47cecc464545ba58e1ad24/library/alloc/src/boxed.rs:2027:9
[INFO] [stdout]   11:     0x5659e3f011b3 - test::test_main::{{closure}}::hc0a4963c59427c24
[INFO] [stdout]                                at /rustc/6067b36314ab5eb2eb47cecc464545ba58e1ad24/library/test/src/lib.rs:134:21
[INFO] [stdout]   12:     0x5659e3fa19d3 - <alloc::boxed::Box<F,A> as core::ops::function::Fn<Args>>::call::h591b2225413a77e9
[INFO] [stdout]                                at /rustc/6067b36314ab5eb2eb47cecc464545ba58e1ad24/library/alloc/src/boxed.rs:2027:9
[INFO] [stdout]   13:     0x5659e3fa19d3 - std::panicking::rust_panic_with_hook::h625eea43051b2edc
[INFO] [stdout]                                at /rustc/6067b36314ab5eb2eb47cecc464545ba58e1ad24/library/std/src/panicking.rs:839:13
[INFO] [stdout]   14:     0x5659e3fa168a - std::panicking::begin_panic_handler::{{closure}}::h4f9159cfbc3f6bd3
[INFO] [stdout]                                at /rustc/6067b36314ab5eb2eb47cecc464545ba58e1ad24/library/std/src/panicking.rs:704:13
[INFO] [stdout]   15:     0x5659e3f9ffb9 - std::sys::backtrace::__rust_end_short_backtrace::h0390abce48353151
[INFO] [stdout]                                at /rustc/6067b36314ab5eb2eb47cecc464545ba58e1ad24/library/std/src/sys/backtrace.rs:168:18
[INFO] [stdout]   16:     0x5659e3fa131d - rust_begin_unwind
[INFO] [stdout]                                at /rustc/6067b36314ab5eb2eb47cecc464545ba58e1ad24/library/std/src/panicking.rs:695:5
[INFO] [stdout]   17:     0x5659e3fc7880 - core::panicking::panic_fmt::h9e7c637e9e5f29c9
[INFO] [stdout]                                at /rustc/6067b36314ab5eb2eb47cecc464545ba58e1ad24/library/core/src/panicking.rs:75:14
[INFO] [stdout]   18:     0x5659e3fc7bd2 - core::panicking::assert_failed_inner::h538bec7c1374cd9c
[INFO] [stdout]   19:     0x5659e3dcf100 - core::panicking::assert_failed::h058f334c55080c47
[INFO] [stdout]                                at /rustc/6067b36314ab5eb2eb47cecc464545ba58e1ad24/library/core/src/panicking.rs:364:5
[INFO] [stdout]   20:     0x5659e3dd8a78 - simplistis::pages::page_test::test_with_test_files::hbdb473203aa9b92b
[INFO] [stdout]                                at /opt/rustwide/workdir/src/pages.rs:257:9
[INFO] [stdout]   21:     0x5659e3dd84c7 - simplistis::pages::page_test::test_with_test_files::{{closure}}::h83d624ad2afcfdf2
[INFO] [stdout]                                at /opt/rustwide/workdir/src/pages.rs:236:30
[INFO] [stdout]   22:     0x5659e3dbb2b6 - core::ops::function::FnOnce::call_once::ha2fd99d1ecd276ed
[INFO] [stdout]                                at /rustc/6067b36314ab5eb2eb47cecc464545ba58e1ad24/library/core/src/ops/function.rs:250:5
[INFO] [stdout]   23:     0x5659e3f0690b - core::ops::function::FnOnce::call_once::he27718dfdd183f43
[INFO] [stdout]                                at /rustc/6067b36314ab5eb2eb47cecc464545ba58e1ad24/library/core/src/ops/function.rs:250:5
[INFO] [stdout]   24:     0x5659e3f0690b - test::__rust_begin_short_backtrace::h4e84902998457a5d
[INFO] [stdout]                                at /rustc/6067b36314ab5eb2eb47cecc464545ba58e1ad24/library/test/src/lib.rs:632:18
[INFO] [stdout]   25:     0x5659e3f05843 - test::run_test_in_process::{{closure}}::h7176fd18fc1feca0
[INFO] [stdout]                                at /rustc/6067b36314ab5eb2eb47cecc464545ba58e1ad24/library/test/src/lib.rs:655:60
[INFO] [stdout]   26:     0x5659e3f05843 - <core::panic::unwind_safe::AssertUnwindSafe<F> as core::ops::function::FnOnce<()>>::call_once::hf79cff2a624d8cf7
[INFO] [stdout]                                at /rustc/6067b36314ab5eb2eb47cecc464545ba58e1ad24/library/core/src/panic/unwind_safe.rs:272:9
[INFO] [stdout]   27:     0x5659e3f05843 - std::panicking::try::do_call::h3da0561d9ab99c25
[INFO] [stdout]                                at /rustc/6067b36314ab5eb2eb47cecc464545ba58e1ad24/library/std/src/panicking.rs:587:40
[INFO] [stdout]   28:     0x5659e3f05843 - std::panicking::try::h41c9fa508bc61df6
[INFO] [stdout]                                at /rustc/6067b36314ab5eb2eb47cecc464545ba58e1ad24/library/std/src/panicking.rs:550:19
[INFO] [stdout]   29:     0x5659e3f05843 - std::panic::catch_unwind::h6b3ff07bb5afad93
[INFO] [stdout]                                at /rustc/6067b36314ab5eb2eb47cecc464545ba58e1ad24/library/std/src/panic.rs:358:14
[INFO] [stdout]   30:     0x5659e3f05843 - test::run_test_in_process::hc7253dd11b39b9f4
[INFO] [stdout]                                at /rustc/6067b36314ab5eb2eb47cecc464545ba58e1ad24/library/test/src/lib.rs:655:27
[INFO] [stdout]   31:     0x5659e3f05843 - test::run_test::{{closure}}::hfb2007f8649c30bb
[INFO] [stdout]                                at /rustc/6067b36314ab5eb2eb47cecc464545ba58e1ad24/library/test/src/lib.rs:576:43
[INFO] [stdout]   32:     0x5659e3ec8925 - test::run_test::{{closure}}::h56a17aa7a282a9f4
[INFO] [stdout]                                at /rustc/6067b36314ab5eb2eb47cecc464545ba58e1ad24/library/test/src/lib.rs:606:41
[INFO] [stdout]   33:     0x5659e3ec8925 - std::sys::backtrace::__rust_begin_short_backtrace::hd2d2d2fb8e8c6aac
[INFO] [stdout]                                at /rustc/6067b36314ab5eb2eb47cecc464545ba58e1ad24/library/std/src/sys/backtrace.rs:152:18
[INFO] [stdout]   34:     0x5659e3ecc20a - std::thread::Builder::spawn_unchecked_::{{closure}}::{{closure}}::h4faa3f9db6133423
[INFO] [stdout]                                at /rustc/6067b36314ab5eb2eb47cecc464545ba58e1ad24/library/std/src/thread/mod.rs:559:17
[INFO] [stdout]   35:     0x5659e3ecc20a - <core::panic::unwind_safe::AssertUnwindSafe<F> as core::ops::function::FnOnce<()>>::call_once::hf2e855a36a4ea846
[INFO] [stdout]                                at /rustc/6067b36314ab5eb2eb47cecc464545ba58e1ad24/library/core/src/panic/unwind_safe.rs:272:9
[INFO] [stdout]   36:     0x5659e3ecc20a - std::panicking::try::do_call::h2f73af3616c35465
[INFO] [stdout]                                at /rustc/6067b36314ab5eb2eb47cecc464545ba58e1ad24/library/std/src/panicking.rs:587:40
[INFO] [stdout]   37:     0x5659e3ecc20a - std::panicking::try::hd1660ce9efadef5a
[INFO] [stdout]                                at /rustc/6067b36314ab5eb2eb47cecc464545ba58e1ad24/library/std/src/panicking.rs:550:19
[INFO] [stdout]   38:     0x5659e3ecc20a - std::panic::catch_unwind::h5ee8d7823b8ca744
[INFO] [stdout]                                at /rustc/6067b36314ab5eb2eb47cecc464545ba58e1ad24/library/std/src/panic.rs:358:14
[INFO] [stdout]   39:     0x5659e3ecc20a - std::thread::Builder::spawn_unchecked_::{{closure}}::h53c3a1894dce8407
[INFO] [stdout]                                at /rustc/6067b36314ab5eb2eb47cecc464545ba58e1ad24/library/std/src/thread/mod.rs:557:30
[INFO] [stdout]   40:     0x5659e3ecc20a - core::ops::function::FnOnce::call_once{{vtable.shim}}::h048ce291ad4f62bf
[INFO] [stdout]                                at /rustc/6067b36314ab5eb2eb47cecc464545ba58e1ad24/library/core/src/ops/function.rs:250:5
[INFO] [stdout]   41:     0x5659e3fa5e7b - <alloc::boxed::Box<F,A> as core::ops::function::FnOnce<Args>>::call_once::ha52bedf99a3b4981
[INFO] [stdout]                                at /rustc/6067b36314ab5eb2eb47cecc464545ba58e1ad24/library/alloc/src/boxed.rs:2013:9
[INFO] [stdout]   42:     0x5659e3fa5e7b - <alloc::boxed::Box<F,A> as core::ops::function::FnOnce<Args>>::call_once::h567748934d80ccf8
[INFO] [stdout]                                at /rustc/6067b36314ab5eb2eb47cecc464545ba58e1ad24/library/alloc/src/boxed.rs:2013:9
[INFO] [stdout]   43:     0x5659e3fa5e7b - std::sys::pal::unix::thread::Thread::new::thread_start::h2d970728ae887adc
[INFO] [stdout]                                at /rustc/6067b36314ab5eb2eb47cecc464545ba58e1ad24/library/std/src/sys/pal/unix/thread.rs:106:17
[INFO] [stdout]   44:     0x7b18526ffac3 - <unknown>
[INFO] [stdout]   45:     0x7b1852790a04 - clone
[INFO] [stdout]   46:                0x0 - <unknown>
[INFO] [stdout] 
[INFO] [stdout] 
[INFO] [stdout] failures:
[INFO] [stdout]     pages::page_test::test_with_test_files
[INFO] [stdout] 
[INFO] [stdout] test result: FAILED. 4 passed; 1 failed; 0 ignored; 0 measured; 0 filtered out; finished in 0.06s
[INFO] [stdout] 
[INFO] running `Command { std: "docker" "inspect" "b9add0185fc41e68960735c946cbfd787e76d3b10b52c8c701f5ba18138c1288", kill_on_drop: false }`
[INFO] running `Command { std: "docker" "rm" "-f" "b9add0185fc41e68960735c946cbfd787e76d3b10b52c8c701f5ba18138c1288", kill_on_drop: false }`
[INFO] [stdout] b9add0185fc41e68960735c946cbfd787e76d3b10b52c8c701f5ba18138c1288
