[INFO] fetching crate simavr-section-macro 0.1.0...
[INFO] testing simavr-section-macro-0.1.0 against nightly-2025-01-18 for randomize-layout-2
[INFO] extracting crate simavr-section-macro 0.1.0 into /workspace/builds/worker-5-tc1/source
[INFO] validating manifest of crates.io crate simavr-section-macro 0.1.0 on toolchain nightly-2025-01-18
[INFO] running `Command { std: CARGO_HOME="/workspace/cargo-home" RUSTUP_HOME="/workspace/rustup-home" "/workspace/cargo-home/bin/cargo" "+nightly-2025-01-18" "metadata" "--manifest-path" "Cargo.toml" "--no-deps", kill_on_drop: false }`
[INFO] started tweaking crates.io crate simavr-section-macro 0.1.0
[INFO] finished tweaking crates.io crate simavr-section-macro 0.1.0
[INFO] tweaked toml for crates.io crate simavr-section-macro 0.1.0 written to /workspace/builds/worker-5-tc1/source/Cargo.toml
[INFO] running `Command { std: CARGO_HOME="/workspace/cargo-home" RUSTUP_HOME="/workspace/rustup-home" "/workspace/cargo-home/bin/cargo" "+nightly-2025-01-18" "generate-lockfile" "--manifest-path" "Cargo.toml", kill_on_drop: false }`
[INFO] [stderr]     Updating crates.io index
[INFO] [stderr]      Locking 4 packages to latest compatible versions
[INFO] [stderr]       Adding syn v1.0.109 (available: v2.0.96)
[INFO] running `Command { std: CARGO_HOME="/workspace/cargo-home" RUSTUP_HOME="/workspace/rustup-home" "/workspace/cargo-home/bin/cargo" "+nightly-2025-01-18" "fetch" "--manifest-path" "Cargo.toml", kill_on_drop: false }`
[INFO] running `Command { std: "docker" "create" "-v" "/var/lib/crater-agent-workspace/builds/worker-5-tc1/target:/opt/rustwide/target:rw,Z" "-v" "/var/lib/crater-agent-workspace/builds/worker-5-tc1/source:/opt/rustwide/workdir:ro,Z" "-v" "/var/lib/crater-agent-workspace/cargo-home:/opt/rustwide/cargo-home:ro,Z" "-v" "/var/lib/crater-agent-workspace/rustup-home:/opt/rustwide/rustup-home:ro,Z" "-e" "SOURCE_DIR=/opt/rustwide/workdir" "-e" "CARGO_TARGET_DIR=/opt/rustwide/target" "-e" "CARGO_HOME=/opt/rustwide/cargo-home" "-e" "RUSTUP_HOME=/opt/rustwide/rustup-home" "-w" "/opt/rustwide/workdir" "-m" "1610612736" "--user" "0:0" "--network" "none" "ghcr.io/rust-lang/crates-build-env/linux@sha256:819108c5571ea2e421544af4d832f968d213c87fbe3707a016657f43d2f853bc" "/opt/rustwide/cargo-home/bin/cargo" "+nightly-2025-01-18" "metadata" "--no-deps" "--format-version=1", kill_on_drop: false }`
[INFO] [stdout] bd62560a99005be9b21377b15a25f37316e5465ab7949fb6a4b298b8ae8622d2
[INFO] running `Command { std: "docker" "start" "-a" "bd62560a99005be9b21377b15a25f37316e5465ab7949fb6a4b298b8ae8622d2", kill_on_drop: false }`
[INFO] running `Command { std: "docker" "inspect" "bd62560a99005be9b21377b15a25f37316e5465ab7949fb6a4b298b8ae8622d2", kill_on_drop: false }`
[INFO] running `Command { std: "docker" "rm" "-f" "bd62560a99005be9b21377b15a25f37316e5465ab7949fb6a4b298b8ae8622d2", kill_on_drop: false }`
[INFO] [stdout] bd62560a99005be9b21377b15a25f37316e5465ab7949fb6a4b298b8ae8622d2
[INFO] running `Command { std: "docker" "create" "-v" "/var/lib/crater-agent-workspace/builds/worker-5-tc1/target:/opt/rustwide/target:rw,Z" "-v" "/var/lib/crater-agent-workspace/builds/worker-5-tc1/source:/opt/rustwide/workdir:ro,Z" "-v" "/var/lib/crater-agent-workspace/cargo-home:/opt/rustwide/cargo-home:ro,Z" "-v" "/var/lib/crater-agent-workspace/rustup-home:/opt/rustwide/rustup-home:ro,Z" "-e" "SOURCE_DIR=/opt/rustwide/workdir" "-e" "CARGO_TARGET_DIR=/opt/rustwide/target" "-e" "CARGO_INCREMENTAL=0" "-e" "RUST_BACKTRACE=full" "-e" "RUSTFLAGS=--cap-lints=forbid" "-e" "RUSTDOCFLAGS=--cap-lints=forbid" "-e" "CARGO_HOME=/opt/rustwide/cargo-home" "-e" "RUSTUP_HOME=/opt/rustwide/rustup-home" "-w" "/opt/rustwide/workdir" "-m" "1610612736" "--user" "0:0" "--network" "none" "ghcr.io/rust-lang/crates-build-env/linux@sha256:819108c5571ea2e421544af4d832f968d213c87fbe3707a016657f43d2f853bc" "/opt/rustwide/cargo-home/bin/cargo" "+nightly-2025-01-18" "build" "--frozen" "--message-format=json", kill_on_drop: false }`
[INFO] [stdout] c15ce5ddc989f8dfc514c2e5cf687ad28885d286b2104de3ea8bebed3efb72a9
[INFO] running `Command { std: "docker" "start" "-a" "c15ce5ddc989f8dfc514c2e5cf687ad28885d286b2104de3ea8bebed3efb72a9", kill_on_drop: false }`
[INFO] [stderr]    Compiling proc-macro2 v1.0.93
[INFO] [stderr]    Compiling unicode-ident v1.0.14
[INFO] [stderr]    Compiling syn v1.0.109
[INFO] [stderr]    Compiling quote v1.0.38
[INFO] [stderr]    Compiling simavr-section-macro v0.1.0 (/opt/rustwide/workdir)
[INFO] [stderr]     Finished `dev` profile [unoptimized + debuginfo] target(s) in 2.71s
[INFO] running `Command { std: "docker" "inspect" "c15ce5ddc989f8dfc514c2e5cf687ad28885d286b2104de3ea8bebed3efb72a9", kill_on_drop: false }`
[INFO] running `Command { std: "docker" "rm" "-f" "c15ce5ddc989f8dfc514c2e5cf687ad28885d286b2104de3ea8bebed3efb72a9", kill_on_drop: false }`
[INFO] [stdout] c15ce5ddc989f8dfc514c2e5cf687ad28885d286b2104de3ea8bebed3efb72a9
[INFO] running `Command { std: "docker" "create" "-v" "/var/lib/crater-agent-workspace/builds/worker-5-tc1/target:/opt/rustwide/target:rw,Z" "-v" "/var/lib/crater-agent-workspace/builds/worker-5-tc1/source:/opt/rustwide/workdir:ro,Z" "-v" "/var/lib/crater-agent-workspace/cargo-home:/opt/rustwide/cargo-home:ro,Z" "-v" "/var/lib/crater-agent-workspace/rustup-home:/opt/rustwide/rustup-home:ro,Z" "-e" "SOURCE_DIR=/opt/rustwide/workdir" "-e" "CARGO_TARGET_DIR=/opt/rustwide/target" "-e" "CARGO_INCREMENTAL=0" "-e" "RUST_BACKTRACE=full" "-e" "RUSTFLAGS=--cap-lints=forbid" "-e" "RUSTDOCFLAGS=--cap-lints=forbid" "-e" "CARGO_HOME=/opt/rustwide/cargo-home" "-e" "RUSTUP_HOME=/opt/rustwide/rustup-home" "-w" "/opt/rustwide/workdir" "-m" "1610612736" "--user" "0:0" "--network" "none" "ghcr.io/rust-lang/crates-build-env/linux@sha256:819108c5571ea2e421544af4d832f968d213c87fbe3707a016657f43d2f853bc" "/opt/rustwide/cargo-home/bin/cargo" "+nightly-2025-01-18" "test" "--frozen" "--no-run" "--message-format=json", kill_on_drop: false }`
[INFO] [stdout] 226b096be8d695b49cf3adc3340a718729fa2255a2e23ebfb84ea4d0aa0393ed
[INFO] running `Command { std: "docker" "start" "-a" "226b096be8d695b49cf3adc3340a718729fa2255a2e23ebfb84ea4d0aa0393ed", kill_on_drop: false }`
[INFO] [stderr]    Compiling simavr-section-macro v0.1.0 (/opt/rustwide/workdir)
[INFO] [stderr]     Finished `test` profile [unoptimized + debuginfo] target(s) in 0.27s
[INFO] running `Command { std: "docker" "inspect" "226b096be8d695b49cf3adc3340a718729fa2255a2e23ebfb84ea4d0aa0393ed", kill_on_drop: false }`
[INFO] running `Command { std: "docker" "rm" "-f" "226b096be8d695b49cf3adc3340a718729fa2255a2e23ebfb84ea4d0aa0393ed", kill_on_drop: false }`
[INFO] [stdout] 226b096be8d695b49cf3adc3340a718729fa2255a2e23ebfb84ea4d0aa0393ed
[INFO] running `Command { std: "docker" "create" "-v" "/var/lib/crater-agent-workspace/builds/worker-5-tc1/target:/opt/rustwide/target:rw,Z" "-v" "/var/lib/crater-agent-workspace/builds/worker-5-tc1/source:/opt/rustwide/workdir:ro,Z" "-v" "/var/lib/crater-agent-workspace/cargo-home:/opt/rustwide/cargo-home:ro,Z" "-v" "/var/lib/crater-agent-workspace/rustup-home:/opt/rustwide/rustup-home:ro,Z" "-e" "SOURCE_DIR=/opt/rustwide/workdir" "-e" "CARGO_TARGET_DIR=/opt/rustwide/target" "-e" "CARGO_INCREMENTAL=0" "-e" "RUST_BACKTRACE=full" "-e" "RUSTFLAGS=--cap-lints=forbid" "-e" "RUSTDOCFLAGS=--cap-lints=forbid" "-e" "CARGO_HOME=/opt/rustwide/cargo-home" "-e" "RUSTUP_HOME=/opt/rustwide/rustup-home" "-w" "/opt/rustwide/workdir" "-m" "1610612736" "--user" "0:0" "--network" "none" "ghcr.io/rust-lang/crates-build-env/linux@sha256:819108c5571ea2e421544af4d832f968d213c87fbe3707a016657f43d2f853bc" "/opt/rustwide/cargo-home/bin/cargo" "+nightly-2025-01-18" "test" "--frozen", kill_on_drop: false }`
[INFO] [stdout] de625807f0ea4c3089d4a40f11a907d09d06023d56e4184645bb63545d61396f
[INFO] running `Command { std: "docker" "start" "-a" "de625807f0ea4c3089d4a40f11a907d09d06023d56e4184645bb63545d61396f", kill_on_drop: false }`
[INFO] [stderr]     Finished `test` profile [unoptimized + debuginfo] target(s) in 0.02s
[INFO] [stderr]      Running unittests src/lib.rs (/opt/rustwide/target/debug/deps/simavr_section_macro-f95e01c2e5b80879)
[INFO] [stdout] 
[INFO] [stdout] running 0 tests
[INFO] [stdout] 
[INFO] [stdout] test result: ok. 0 passed; 0 failed; 0 ignored; 0 measured; 0 filtered out; finished in 0.00s
[INFO] [stdout] 
[INFO] [stderr]    Doc-tests simavr_section_macro
[INFO] [stdout] 
[INFO] [stdout] running 3 tests
[INFO] [stdout] test src/lib.rs - avr_mcu_vcd_trace (line 159) ... FAILED
[INFO] [stdout] test src/lib.rs - avr_mcu_long (line 105) ... FAILED
[INFO] [stdout] test src/lib.rs - avr_mcu_string (line 47) ... FAILED
[INFO] [stdout] 
[INFO] [stdout] failures:
[INFO] [stdout] 
[INFO] [stdout] ---- src/lib.rs - avr_mcu_vcd_trace (line 159) stdout ----
[INFO] [stdout] error[E0432]: unresolved import `simavr_section`
[INFO] [stdout]  --> src/lib.rs:160:5
[INFO] [stdout]   |
[INFO] [stdout] 3 | use simavr_section::avr_mcu_vcd_trace;
[INFO] [stdout]   |     ^^^^^^^^^^^^^^ use of undeclared crate or module `simavr_section`
[INFO] [stdout] 
[INFO] [stdout] error: aborting due to 1 previous error
[INFO] [stdout] 
[INFO] [stdout] For more information about this error, try `rustc --explain E0432`.
[INFO] [stdout] Couldn't compile the test.
[INFO] [stdout] ---- src/lib.rs - avr_mcu_long (line 105) stdout ----
[INFO] [stdout] error[E0432]: unresolved import `simavr_section`
[INFO] [stdout]  --> src/lib.rs:106:5
[INFO] [stdout]   |
[INFO] [stdout] 3 | use simavr_section::avr_mcu_long;
[INFO] [stdout]   |     ^^^^^^^^^^^^^^ use of undeclared crate or module `simavr_section`
[INFO] [stdout] 
[INFO] [stdout] error: aborting due to 1 previous error
[INFO] [stdout] 
[INFO] [stdout] For more information about this error, try `rustc --explain E0432`.
[INFO] [stdout] Couldn't compile the test.
[INFO] [stdout] ---- src/lib.rs - avr_mcu_string (line 47) stdout ----
[INFO] [stdout] error[E0432]: unresolved import `simavr_section`
[INFO] [stdout]  --> src/lib.rs:48:5
[INFO] [stdout]   |
[INFO] [stdout] 3 | use simavr_section::avr_mcu_string;
[INFO] [stdout]   |     ^^^^^^^^^^^^^^ use of undeclared crate or module `simavr_section`
[INFO] [stdout] 
[INFO] [stdout] error: aborting due to 1 previous error
[INFO] [stdout] 
[INFO] [stdout] For more information about this error, try `rustc --explain E0432`.
[INFO] [stdout] Couldn't compile the test.
[INFO] [stdout] 
[INFO] [stdout] failures:
[INFO] [stdout]     src/lib.rs - avr_mcu_long (line 105)
[INFO] [stdout]     src/lib.rs - avr_mcu_string (line 47)
[INFO] [stdout]     src/lib.rs - avr_mcu_vcd_trace (line 159)
[INFO] [stdout] 
[INFO] [stdout] test result: FAILED. 0 passed; 3 failed; 0 ignored; 0 measured; 0 filtered out; finished in 0.06s
[INFO] [stdout] 
[INFO] [stderr] error: doctest failed, to rerun pass `--doc`
[INFO] running `Command { std: "docker" "inspect" "de625807f0ea4c3089d4a40f11a907d09d06023d56e4184645bb63545d61396f", kill_on_drop: false }`
[INFO] running `Command { std: "docker" "rm" "-f" "de625807f0ea4c3089d4a40f11a907d09d06023d56e4184645bb63545d61396f", kill_on_drop: false }`
[INFO] [stdout] de625807f0ea4c3089d4a40f11a907d09d06023d56e4184645bb63545d61396f
