[INFO] fetching crate shared_memory_derive 0.10.0...
[INFO] testing shared_memory_derive-0.10.0 against nightly-2025-01-18 for randomize-layout-2
[INFO] extracting crate shared_memory_derive 0.10.0 into /workspace/builds/worker-1-tc1/source
[INFO] validating manifest of crates.io crate shared_memory_derive 0.10.0 on toolchain nightly-2025-01-18
[INFO] running `Command { std: CARGO_HOME="/workspace/cargo-home" RUSTUP_HOME="/workspace/rustup-home" "/workspace/cargo-home/bin/cargo" "+nightly-2025-01-18" "metadata" "--manifest-path" "Cargo.toml" "--no-deps", kill_on_drop: false }`
[INFO] started tweaking crates.io crate shared_memory_derive 0.10.0
[INFO] finished tweaking crates.io crate shared_memory_derive 0.10.0
[INFO] tweaked toml for crates.io crate shared_memory_derive 0.10.0 written to /workspace/builds/worker-1-tc1/source/Cargo.toml
[INFO] running `Command { std: CARGO_HOME="/workspace/cargo-home" RUSTUP_HOME="/workspace/rustup-home" "/workspace/cargo-home/bin/cargo" "+nightly-2025-01-18" "generate-lockfile" "--manifest-path" "Cargo.toml", kill_on_drop: false }`
[INFO] [stderr]     Updating crates.io index
[INFO] [stderr]      Locking 62 packages to latest compatible versions
[INFO] [stderr]       Adding proc-macro2 v0.4.30 (available: v1.0.93)
[INFO] [stderr]       Adding quote v0.6.13 (available: v1.0.38)
[INFO] [stderr]       Adding syn v0.15.44 (available: v2.0.96)
[INFO] running `Command { std: CARGO_HOME="/workspace/cargo-home" RUSTUP_HOME="/workspace/rustup-home" "/workspace/cargo-home/bin/cargo" "+nightly-2025-01-18" "fetch" "--manifest-path" "Cargo.toml", kill_on_drop: false }`
[INFO] [stderr]  Downloading crates ...
[INFO] [stderr]   Downloaded win-sys v0.3.1
[INFO] [stderr]   Downloaded shared_memory v0.12.4
[INFO] [stderr]   Downloaded nix v0.23.2
[INFO] [stderr]   Downloaded windows v0.34.0
[INFO] running `Command { std: "docker" "create" "-v" "/var/lib/crater-agent-workspace/builds/worker-1-tc1/target:/opt/rustwide/target:rw,Z" "-v" "/var/lib/crater-agent-workspace/builds/worker-1-tc1/source:/opt/rustwide/workdir:ro,Z" "-v" "/var/lib/crater-agent-workspace/cargo-home:/opt/rustwide/cargo-home:ro,Z" "-v" "/var/lib/crater-agent-workspace/rustup-home:/opt/rustwide/rustup-home:ro,Z" "-e" "SOURCE_DIR=/opt/rustwide/workdir" "-e" "CARGO_TARGET_DIR=/opt/rustwide/target" "-e" "CARGO_HOME=/opt/rustwide/cargo-home" "-e" "RUSTUP_HOME=/opt/rustwide/rustup-home" "-w" "/opt/rustwide/workdir" "-m" "1610612736" "--user" "0:0" "--network" "none" "ghcr.io/rust-lang/crates-build-env/linux@sha256:819108c5571ea2e421544af4d832f968d213c87fbe3707a016657f43d2f853bc" "/opt/rustwide/cargo-home/bin/cargo" "+nightly-2025-01-18" "metadata" "--no-deps" "--format-version=1", kill_on_drop: false }`
[INFO] [stdout] aefa656746b5f0e965ce8614bc653db33c76cdb3421ac8e7ee73ac11fd786672
[INFO] running `Command { std: "docker" "start" "-a" "aefa656746b5f0e965ce8614bc653db33c76cdb3421ac8e7ee73ac11fd786672", kill_on_drop: false }`
[INFO] running `Command { std: "docker" "inspect" "aefa656746b5f0e965ce8614bc653db33c76cdb3421ac8e7ee73ac11fd786672", kill_on_drop: false }`
[INFO] running `Command { std: "docker" "rm" "-f" "aefa656746b5f0e965ce8614bc653db33c76cdb3421ac8e7ee73ac11fd786672", kill_on_drop: false }`
[INFO] [stdout] aefa656746b5f0e965ce8614bc653db33c76cdb3421ac8e7ee73ac11fd786672
[INFO] running `Command { std: "docker" "create" "-v" "/var/lib/crater-agent-workspace/builds/worker-1-tc1/target:/opt/rustwide/target:rw,Z" "-v" "/var/lib/crater-agent-workspace/builds/worker-1-tc1/source:/opt/rustwide/workdir:ro,Z" "-v" "/var/lib/crater-agent-workspace/cargo-home:/opt/rustwide/cargo-home:ro,Z" "-v" "/var/lib/crater-agent-workspace/rustup-home:/opt/rustwide/rustup-home:ro,Z" "-e" "SOURCE_DIR=/opt/rustwide/workdir" "-e" "CARGO_TARGET_DIR=/opt/rustwide/target" "-e" "CARGO_INCREMENTAL=0" "-e" "RUST_BACKTRACE=full" "-e" "RUSTFLAGS=--cap-lints=forbid" "-e" "RUSTDOCFLAGS=--cap-lints=forbid" "-e" "CARGO_HOME=/opt/rustwide/cargo-home" "-e" "RUSTUP_HOME=/opt/rustwide/rustup-home" "-w" "/opt/rustwide/workdir" "-m" "1610612736" "--user" "0:0" "--network" "none" "ghcr.io/rust-lang/crates-build-env/linux@sha256:819108c5571ea2e421544af4d832f968d213c87fbe3707a016657f43d2f853bc" "/opt/rustwide/cargo-home/bin/cargo" "+nightly-2025-01-18" "build" "--frozen" "--message-format=json", kill_on_drop: false }`
[INFO] [stdout] 7670a0ccfe28e503a2863384602c3e5b66b54c3d00b3c674922b0ee4cd3532d1
[INFO] running `Command { std: "docker" "start" "-a" "7670a0ccfe28e503a2863384602c3e5b66b54c3d00b3c674922b0ee4cd3532d1", kill_on_drop: false }`
[INFO] [stderr]    Compiling proc-macro2 v0.4.30
[INFO] [stderr]    Compiling unicode-xid v0.1.0
[INFO] [stderr]    Compiling syn v0.15.44
[INFO] [stderr]    Compiling quote v0.6.13
[INFO] [stderr]    Compiling shared_memory_derive v0.10.0 (/opt/rustwide/workdir)
[INFO] [stderr]     Finished `dev` profile [unoptimized + debuginfo] target(s) in 2.72s
[INFO] running `Command { std: "docker" "inspect" "7670a0ccfe28e503a2863384602c3e5b66b54c3d00b3c674922b0ee4cd3532d1", kill_on_drop: false }`
[INFO] running `Command { std: "docker" "rm" "-f" "7670a0ccfe28e503a2863384602c3e5b66b54c3d00b3c674922b0ee4cd3532d1", kill_on_drop: false }`
[INFO] [stdout] 7670a0ccfe28e503a2863384602c3e5b66b54c3d00b3c674922b0ee4cd3532d1
[INFO] running `Command { std: "docker" "create" "-v" "/var/lib/crater-agent-workspace/builds/worker-1-tc1/target:/opt/rustwide/target:rw,Z" "-v" "/var/lib/crater-agent-workspace/builds/worker-1-tc1/source:/opt/rustwide/workdir:ro,Z" "-v" "/var/lib/crater-agent-workspace/cargo-home:/opt/rustwide/cargo-home:ro,Z" "-v" "/var/lib/crater-agent-workspace/rustup-home:/opt/rustwide/rustup-home:ro,Z" "-e" "SOURCE_DIR=/opt/rustwide/workdir" "-e" "CARGO_TARGET_DIR=/opt/rustwide/target" "-e" "CARGO_INCREMENTAL=0" "-e" "RUST_BACKTRACE=full" "-e" "RUSTFLAGS=--cap-lints=forbid" "-e" "RUSTDOCFLAGS=--cap-lints=forbid" "-e" "CARGO_HOME=/opt/rustwide/cargo-home" "-e" "RUSTUP_HOME=/opt/rustwide/rustup-home" "-w" "/opt/rustwide/workdir" "-m" "1610612736" "--user" "0:0" "--network" "none" "ghcr.io/rust-lang/crates-build-env/linux@sha256:819108c5571ea2e421544af4d832f968d213c87fbe3707a016657f43d2f853bc" "/opt/rustwide/cargo-home/bin/cargo" "+nightly-2025-01-18" "test" "--frozen" "--no-run" "--message-format=json", kill_on_drop: false }`
[INFO] [stdout] 7d45a4b9d3f0cf2d194562949055a835d6e4681fef6a7583ead7e8d4fbc07fb0
[INFO] running `Command { std: "docker" "start" "-a" "7d45a4b9d3f0cf2d194562949055a835d6e4681fef6a7583ead7e8d4fbc07fb0", kill_on_drop: false }`
[INFO] [stderr]    Compiling libc v0.2.169
[INFO] [stderr]    Compiling serde v1.0.217
[INFO] [stderr]    Compiling cfg-if v1.0.0
[INFO] [stderr]    Compiling byteorder v1.5.0
[INFO] [stderr]    Compiling equivalent v1.0.1
[INFO] [stderr]    Compiling hashbrown v0.15.2
[INFO] [stderr]    Compiling unicode-xid v0.1.0
[INFO] [stderr]    Compiling serde_json v1.0.137
[INFO] [stderr]    Compiling memoffset v0.6.5
[INFO] [stderr]    Compiling proc-macro2 v0.4.30
[INFO] [stderr]    Compiling winnow v0.6.24
[INFO] [stderr]    Compiling target-triple v0.1.3
[INFO] [stderr]    Compiling bitflags v1.3.2
[INFO] [stderr]    Compiling itoa v1.0.14
[INFO] [stderr]    Compiling syn v0.15.44
[INFO] [stderr]    Compiling zerocopy-derive v0.7.35
[INFO] [stderr]    Compiling memchr v2.7.4
[INFO] [stderr]    Compiling ryu v1.0.18
[INFO] [stderr]    Compiling serde_derive v1.0.217
[INFO] [stderr]    Compiling termcolor v1.4.1
[INFO] [stderr]    Compiling glob v0.3.2
[INFO] [stderr]    Compiling quote v0.6.13
[INFO] [stderr]    Compiling indexmap v2.7.1
[INFO] [stderr]    Compiling zerocopy v0.7.35
[INFO] [stderr]    Compiling ppv-lite86 v0.2.20
[INFO] [stderr]    Compiling getrandom v0.2.15
[INFO] [stderr]    Compiling nix v0.23.2
[INFO] [stderr]    Compiling rand_core v0.6.4
[INFO] [stderr]    Compiling rand_chacha v0.3.1
[INFO] [stderr]    Compiling rand v0.8.5
[INFO] [stderr]    Compiling shared_memory_derive v0.10.0 (/opt/rustwide/workdir)
[INFO] [stderr]    Compiling serde_spanned v0.6.8
[INFO] [stderr]    Compiling toml_datetime v0.6.8
[INFO] [stderr]    Compiling toml_edit v0.22.22
[INFO] [stderr]    Compiling shared_memory v0.12.4
[INFO] [stderr]    Compiling toml v0.8.19
[INFO] [stderr]    Compiling trybuild v1.0.102
[INFO] [stderr]     Finished `test` profile [unoptimized + debuginfo] target(s) in 11.86s
[INFO] running `Command { std: "docker" "inspect" "7d45a4b9d3f0cf2d194562949055a835d6e4681fef6a7583ead7e8d4fbc07fb0", kill_on_drop: false }`
[INFO] running `Command { std: "docker" "rm" "-f" "7d45a4b9d3f0cf2d194562949055a835d6e4681fef6a7583ead7e8d4fbc07fb0", kill_on_drop: false }`
[INFO] [stdout] 7d45a4b9d3f0cf2d194562949055a835d6e4681fef6a7583ead7e8d4fbc07fb0
[INFO] running `Command { std: "docker" "create" "-v" "/var/lib/crater-agent-workspace/builds/worker-1-tc1/target:/opt/rustwide/target:rw,Z" "-v" "/var/lib/crater-agent-workspace/builds/worker-1-tc1/source:/opt/rustwide/workdir:ro,Z" "-v" "/var/lib/crater-agent-workspace/cargo-home:/opt/rustwide/cargo-home:ro,Z" "-v" "/var/lib/crater-agent-workspace/rustup-home:/opt/rustwide/rustup-home:ro,Z" "-e" "SOURCE_DIR=/opt/rustwide/workdir" "-e" "CARGO_TARGET_DIR=/opt/rustwide/target" "-e" "CARGO_INCREMENTAL=0" "-e" "RUST_BACKTRACE=full" "-e" "RUSTFLAGS=--cap-lints=forbid" "-e" "RUSTDOCFLAGS=--cap-lints=forbid" "-e" "CARGO_HOME=/opt/rustwide/cargo-home" "-e" "RUSTUP_HOME=/opt/rustwide/rustup-home" "-w" "/opt/rustwide/workdir" "-m" "1610612736" "--user" "0:0" "--network" "none" "ghcr.io/rust-lang/crates-build-env/linux@sha256:819108c5571ea2e421544af4d832f968d213c87fbe3707a016657f43d2f853bc" "/opt/rustwide/cargo-home/bin/cargo" "+nightly-2025-01-18" "test" "--frozen", kill_on_drop: false }`
[INFO] [stdout] e3b19ee63c554c21202809fc5f26e73d20d4b4d732bfd751d6c8b396aa9287de
[INFO] running `Command { std: "docker" "start" "-a" "e3b19ee63c554c21202809fc5f26e73d20d4b4d732bfd751d6c8b396aa9287de", kill_on_drop: false }`
[INFO] [stderr]     Finished `test` profile [unoptimized + debuginfo] target(s) in 0.07s
[INFO] [stderr]      Running unittests src/lib.rs (/opt/rustwide/target/debug/deps/shared_memory_derive-8f14e7fd12287afc)
[INFO] [stdout] 
[INFO] [stdout] running 0 tests
[INFO] [stdout] 
[INFO] [stdout] test result: ok. 0 passed; 0 failed; 0 ignored; 0 measured; 0 filtered out; finished in 0.00s
[INFO] [stdout] 
[INFO] [stderr]      Running tests/compile_tests.rs (/opt/rustwide/target/debug/deps/compile_tests-9b56026079678e87)
[INFO] [stdout] 
[INFO] [stdout] running 1 test
[INFO] [stderr]    Compiling proc-macro2 v1.0.93
[INFO] [stderr]    Compiling unicode-ident v1.0.14
[INFO] [stderr]    Compiling proc-macro2 v0.4.30
[INFO] [stderr]    Compiling libc v0.2.169
[INFO] [stderr]    Compiling cfg-if v1.0.0
[INFO] [stderr]    Compiling byteorder v1.5.0
[INFO] [stderr]    Compiling syn v0.15.44
[INFO] [stderr]    Compiling autocfg v1.4.0
[INFO] [stderr]    Compiling unicode-xid v0.1.0
[INFO] [stderr]    Compiling bitflags v1.3.2
[INFO] [stderr]    Compiling memoffset v0.6.5
[INFO] [stderr]    Compiling quote v0.6.13
[INFO] [stderr]    Compiling quote v1.0.38
[INFO] [stderr]    Compiling syn v2.0.96
[INFO] [stderr]    Compiling getrandom v0.2.15
[INFO] [stderr]    Compiling nix v0.23.2
[INFO] [stderr]    Compiling rand_core v0.6.4
[INFO] [stderr]    Compiling shared_memory_derive v0.10.0 (/opt/rustwide/workdir)
[INFO] [stderr]    Compiling zerocopy-derive v0.7.35
[INFO] [stderr]    Compiling zerocopy v0.7.35
[INFO] [stderr]    Compiling ppv-lite86 v0.2.20
[INFO] [stderr]    Compiling rand_chacha v0.3.1
[INFO] [stderr]    Compiling rand v0.8.5
[INFO] [stderr]    Compiling shared_memory v0.12.4
[INFO] [stderr]    Compiling shared_memory_derive-tests v0.0.0 (/opt/rustwide/target/tests/trybuild/shared_memory_derive)
[INFO] [stderr]     Finished `dev` profile [unoptimized + debuginfo] target(s) in 9.14s
[INFO] [stderr] 
[INFO] [stderr] 
[INFO] [stderr] test tests/run-pass/arrays.rs [should pass] ... error
[INFO] [stderr] ┈┈┈┈┈┈┈┈┈┈┈┈┈┈┈┈┈┈┈┈┈┈┈┈┈┈┈┈┈┈┈┈┈┈┈┈┈┈┈┈┈┈┈┈┈┈┈┈┈┈┈┈┈┈┈┈┈┈┈┈
[INFO] [stderr] error[E0432]: unresolved import `shared_memory::SharedMemCast`
[INFO] [stderr]  --> tests/run-pass/arrays.rs:1:5
[INFO] [stderr]   |
[INFO] [stderr] 1 | use shared_memory::SharedMemCast;
[INFO] [stderr]   |     ^^^^^^^^^^^^^^^^^^^^^^^^^^^^ no `SharedMemCast` in the root
[INFO] [stderr] ┈┈┈┈┈┈┈┈┈┈┈┈┈┈┈┈┈┈┈┈┈┈┈┈┈┈┈┈┈┈┈┈┈┈┈┈┈┈┈┈┈┈┈┈┈┈┈┈┈┈┈┈┈┈┈┈┈┈┈┈
[INFO] [stderr] 
[INFO] [stderr] test tests/run-pass/brace_structs.rs [should pass] ... error
[INFO] [stderr] ┈┈┈┈┈┈┈┈┈┈┈┈┈┈┈┈┈┈┈┈┈┈┈┈┈┈┈┈┈┈┈┈┈┈┈┈┈┈┈┈┈┈┈┈┈┈┈┈┈┈┈┈┈┈┈┈┈┈┈┈
[INFO] [stderr] error[E0432]: unresolved import `shared_memory::SharedMemCast`
[INFO] [stderr]  --> tests/run-pass/brace_structs.rs:1:5
[INFO] [stderr]   |
[INFO] [stderr] 1 | use shared_memory::SharedMemCast;
[INFO] [stderr]   |     ^^^^^^^^^^^^^^^^^^^^^^^^^^^^ no `SharedMemCast` in the root
[INFO] [stderr] ┈┈┈┈┈┈┈┈┈┈┈┈┈┈┈┈┈┈┈┈┈┈┈┈┈┈┈┈┈┈┈┈┈┈┈┈┈┈┈┈┈┈┈┈┈┈┈┈┈┈┈┈┈┈┈┈┈┈┈┈
[INFO] [stderr] 
[INFO] [stderr] test tests/run-pass/enums.rs [should pass] ... error
[INFO] [stderr] ┈┈┈┈┈┈┈┈┈┈┈┈┈┈┈┈┈┈┈┈┈┈┈┈┈┈┈┈┈┈┈┈┈┈┈┈┈┈┈┈┈┈┈┈┈┈┈┈┈┈┈┈┈┈┈┈┈┈┈┈
[INFO] [stderr] error[E0432]: unresolved import `shared_memory::SharedMemCast`
[INFO] [stderr]  --> tests/run-pass/enums.rs:1:5
[INFO] [stderr]   |
[INFO] [stderr] 1 | use shared_memory::SharedMemCast;
[INFO] [stderr]   |     ^^^^^^^^^^^^^^^^^^^^^^^^^^^^ no `SharedMemCast` in the root
[INFO] [stderr] ┈┈┈┈┈┈┈┈┈┈┈┈┈┈┈┈┈┈┈┈┈┈┈┈┈┈┈┈┈┈┈┈┈┈┈┈┈┈┈┈┈┈┈┈┈┈┈┈┈┈┈┈┈┈┈┈┈┈┈┈
[INFO] [stderr] 
[INFO] [stderr] test tests/run-pass/generic.rs [should pass] ... error
[INFO] [stderr] ┈┈┈┈┈┈┈┈┈┈┈┈┈┈┈┈┈┈┈┈┈┈┈┈┈┈┈┈┈┈┈┈┈┈┈┈┈┈┈┈┈┈┈┈┈┈┈┈┈┈┈┈┈┈┈┈┈┈┈┈
[INFO] [stderr] error[E0432]: unresolved import `shared_memory::SharedMemCast`
[INFO] [stderr]  --> tests/run-pass/generic.rs:3:5
[INFO] [stderr]   |
[INFO] [stderr] 3 | use shared_memory::SharedMemCast;
[INFO] [stderr]   |     ^^^^^^^^^^^^^^^^^^^^^^^^^^^^ no `SharedMemCast` in the root
[INFO] [stderr] ┈┈┈┈┈┈┈┈┈┈┈┈┈┈┈┈┈┈┈┈┈┈┈┈┈┈┈┈┈┈┈┈┈┈┈┈┈┈┈┈┈┈┈┈┈┈┈┈┈┈┈┈┈┈┈┈┈┈┈┈
[INFO] [stderr] 
[INFO] [stderr] test tests/run-pass/tuple_structs.rs [should pass] ... error
[INFO] [stderr] ┈┈┈┈┈┈┈┈┈┈┈┈┈┈┈┈┈┈┈┈┈┈┈┈┈┈┈┈┈┈┈┈┈┈┈┈┈┈┈┈┈┈┈┈┈┈┈┈┈┈┈┈┈┈┈┈┈┈┈┈
[INFO] [stderr] error[E0432]: unresolved import `shared_memory::SharedMemCast`
[INFO] [stderr]  --> tests/run-pass/tuple_structs.rs:1:5
[INFO] [stderr]   |
[INFO] [stderr] 1 | use shared_memory::SharedMemCast;
[INFO] [stderr]   |     ^^^^^^^^^^^^^^^^^^^^^^^^^^^^ no `SharedMemCast` in the root
[INFO] [stderr] ┈┈┈┈┈┈┈┈┈┈┈┈┈┈┈┈┈┈┈┈┈┈┈┈┈┈┈┈┈┈┈┈┈┈┈┈┈┈┈┈┈┈┈┈┈┈┈┈┈┈┈┈┈┈┈┈┈┈┈┈
[INFO] [stderr] 
[INFO] [stderr] test tests/ui/generic.rs [should fail to compile] ... mismatch
[INFO] [stderr] 
[INFO] [stderr] EXPECTED:
[INFO] [stderr] ┈┈┈┈┈┈┈┈┈┈┈┈┈┈┈┈┈┈┈┈┈┈┈┈┈┈┈┈┈┈┈┈┈┈┈┈┈┈┈┈┈┈┈┈┈┈┈┈┈┈┈┈┈┈┈┈┈┈┈┈
[INFO] [stderr] error[E0277]: the trait bound `NotShared: shared_memory::cast::SharedMemCast` is not satisfied
[INFO] [stderr]   --> $DIR/generic.rs:28:5
[INFO] [stderr]    |
[INFO] [stderr] 28 |     assert_impl::<MyStruct<NotShared>>();
[INFO] [stderr]    |     ^^^^^^^^^^^^^^^^^^^^^^^^^^^^^^^^^^ the trait `shared_memory::cast::SharedMemCast` is not implemented for `NotShared`
[INFO] [stderr]    |
[INFO] [stderr]    = note: required because of the requirements on the impl of `shared_memory::cast::SharedMemCast` for `MyStruct<NotShared>`
[INFO] [stderr] note: required by `assert_impl`
[INFO] [stderr]   --> $DIR/generic.rs:26:1
[INFO] [stderr]    |
[INFO] [stderr] 26 | fn assert_impl<T: SharedMemCast>() {}
[INFO] [stderr]    | ^^^^^^^^^^^^^^^^^^^^^^^^^^^^^^^^^^
[INFO] [stderr] 
[INFO] [stderr] error[E0277]: the trait bound `std::vec::Vec<i32>: shared_memory::cast::SharedMemCast` is not satisfied
[INFO] [stderr]   --> $DIR/generic.rs:29:5
[INFO] [stderr]    |
[INFO] [stderr] 29 |     assert_impl::<MyStruct<Vec<i32>>>();
[INFO] [stderr]    |     ^^^^^^^^^^^^^^^^^^^^^^^^^^^^^^^^^ the trait `shared_memory::cast::SharedMemCast` is not implemented for `std::vec::Vec<i32>`
[INFO] [stderr]    |
[INFO] [stderr]    = note: required because of the requirements on the impl of `shared_memory::cast::SharedMemCast` for `MyStruct<std::vec::Vec<i32>>`
[INFO] [stderr] note: required by `assert_impl`
[INFO] [stderr]   --> $DIR/generic.rs:26:1
[INFO] [stderr]    |
[INFO] [stderr] 26 | fn assert_impl<T: SharedMemCast>() {}
[INFO] [stderr]    | ^^^^^^^^^^^^^^^^^^^^^^^^^^^^^^^^^^
[INFO] [stderr] 
[INFO] [stderr] error[E0277]: the trait bound `&[i32]: shared_memory::cast::SharedMemCast` is not satisfied
[INFO] [stderr]   --> $DIR/generic.rs:30:5
[INFO] [stderr]    |
[INFO] [stderr] 30 |     assert_impl::<MyStruct<&[i32]>>();
[INFO] [stderr]    |     ^^^^^^^^^^^^^^^^^^^^^^^^^^^^^^^ the trait `shared_memory::cast::SharedMemCast` is not implemented for `&[i32]`
[INFO] [stderr]    |
[INFO] [stderr]    = help: the following implementations were found:
[INFO] [stderr]              <[T; 1024] as shared_memory::cast::SharedMemCast>
[INFO] [stderr]              <[T; 1048576] as shared_memory::cast::SharedMemCast>
[INFO] [stderr]              <[T; 1073741824] as shared_memory::cast::SharedMemCast>
[INFO] [stderr]              <[T; 10] as shared_memory::cast::SharedMemCast>
[INFO] [stderr]            and 55 others
[INFO] [stderr]    = note: required because of the requirements on the impl of `shared_memory::cast::SharedMemCast` for `MyStruct<&[i32]>`
[INFO] [stderr] note: required by `assert_impl`
[INFO] [stderr]   --> $DIR/generic.rs:26:1
[INFO] [stderr]    |
[INFO] [stderr] 26 | fn assert_impl<T: SharedMemCast>() {}
[INFO] [stderr]    | ^^^^^^^^^^^^^^^^^^^^^^^^^^^^^^^^^^
[INFO] [stderr] 
[INFO] [stderr] error[E0277]: the trait bound `NotShared: shared_memory::cast::SharedMemCast` is not satisfied
[INFO] [stderr]   --> $DIR/generic.rs:35:5
[INFO] [stderr]    |
[INFO] [stderr] 35 |     assert_impl::<MyStruct2<NotShared>>();
[INFO] [stderr]    |     ^^^^^^^^^^^^^^^^^^^^^^^^^^^^^^^^^^^ the trait `shared_memory::cast::SharedMemCast` is not implemented for `NotShared`
[INFO] [stderr]    |
[INFO] [stderr]    = note: required because of the requirements on the impl of `shared_memory::cast::SharedMemCast` for `MyStruct2<NotShared>`
[INFO] [stderr] note: required by `assert_impl`
[INFO] [stderr]   --> $DIR/generic.rs:26:1
[INFO] [stderr]    |
[INFO] [stderr] 26 | fn assert_impl<T: SharedMemCast>() {}
[INFO] [stderr]    | ^^^^^^^^^^^^^^^^^^^^^^^^^^^^^^^^^^
[INFO] [stderr] 
[INFO] [stderr] error[E0277]: the trait bound `std::vec::Vec<i32>: shared_memory::cast::SharedMemCast` is not satisfied
[INFO] [stderr]   --> $DIR/generic.rs:36:5
[INFO] [stderr]    |
[INFO] [stderr] 36 |     assert_impl::<MyStruct2<Vec<i32>>>();
[INFO] [stderr]    |     ^^^^^^^^^^^^^^^^^^^^^^^^^^^^^^^^^^ the trait `shared_memory::cast::SharedMemCast` is not implemented for `std::vec::Vec<i32>`
[INFO] [stderr]    |
[INFO] [stderr]    = note: required because of the requirements on the impl of `shared_memory::cast::SharedMemCast` for `MyStruct2<std::vec::Vec<i32>>`
[INFO] [stderr] note: required by `assert_impl`
[INFO] [stderr]   --> $DIR/generic.rs:26:1
[INFO] [stderr]    |
[INFO] [stderr] 26 | fn assert_impl<T: SharedMemCast>() {}
[INFO] [stderr]    | ^^^^^^^^^^^^^^^^^^^^^^^^^^^^^^^^^^
[INFO] [stderr] 
[INFO] [stderr] error[E0277]: the trait bound `&[i32]: shared_memory::cast::SharedMemCast` is not satisfied
[INFO] [stderr]   --> $DIR/generic.rs:37:5
[INFO] [stderr]    |
[INFO] [stderr] 37 |     assert_impl::<MyStruct2<&[i32]>>();
[INFO] [stderr]    |     ^^^^^^^^^^^^^^^^^^^^^^^^^^^^^^^^ the trait `shared_memory::cast::SharedMemCast` is not implemented for `&[i32]`
[INFO] [stderr]    |
[INFO] [stderr]    = help: the following implementations were found:
[INFO] [stderr]              <[T; 1024] as shared_memory::cast::SharedMemCast>
[INFO] [stderr]              <[T; 1048576] as shared_memory::cast::SharedMemCast>
[INFO] [stderr]              <[T; 1073741824] as shared_memory::cast::SharedMemCast>
[INFO] [stderr]              <[T; 10] as shared_memory::cast::SharedMemCast>
[INFO] [stderr]            and 55 others
[INFO] [stderr]    = note: required because of the requirements on the impl of `shared_memory::cast::SharedMemCast` for `MyStruct2<&[i32]>`
[INFO] [stderr] note: required by `assert_impl`
[INFO] [stderr]   --> $DIR/generic.rs:26:1
[INFO] [stderr]    |
[INFO] [stderr] 26 | fn assert_impl<T: SharedMemCast>() {}
[INFO] [stderr]    | ^^^^^^^^^^^^^^^^^^^^^^^^^^^^^^^^^^
[INFO] [stderr] 
[INFO] [stderr] error[E0277]: the trait bound `NotShared: shared_memory::cast::SharedMemCast` is not satisfied
[INFO] [stderr]   --> $DIR/generic.rs:42:5
[INFO] [stderr]    |
[INFO] [stderr] 42 |     assert_impl::<MyData<NotShared>>();
[INFO] [stderr]    |     ^^^^^^^^^^^^^^^^^^^^^^^^^^^^^^^^ the trait `shared_memory::cast::SharedMemCast` is not implemented for `NotShared`
[INFO] [stderr]    |
[INFO] [stderr]    = note: required because of the requirements on the impl of `shared_memory::cast::SharedMemCast` for `MyData<NotShared>`
[INFO] [stderr] note: required by `assert_impl`
[INFO] [stderr]   --> $DIR/generic.rs:26:1
[INFO] [stderr]    |
[INFO] [stderr] 26 | fn assert_impl<T: SharedMemCast>() {}
[INFO] [stderr]    | ^^^^^^^^^^^^^^^^^^^^^^^^^^^^^^^^^^
[INFO] [stderr] 
[INFO] [stderr] error[E0277]: the trait bound `std::vec::Vec<i32>: shared_memory::cast::SharedMemCast` is not satisfied
[INFO] [stderr]   --> $DIR/generic.rs:43:5
[INFO] [stderr]    |
[INFO] [stderr] 43 |     assert_impl::<MyData<Vec<i32>>>();
[INFO] [stderr]    |     ^^^^^^^^^^^^^^^^^^^^^^^^^^^^^^^ the trait `shared_memory::cast::SharedMemCast` is not implemented for `std::vec::Vec<i32>`
[INFO] [stderr]    |
[INFO] [stderr]    = note: required because of the requirements on the impl of `shared_memory::cast::SharedMemCast` for `MyData<std::vec::Vec<i32>>`
[INFO] [stderr] note: required by `assert_impl`
[INFO] [stderr]   --> $DIR/generic.rs:26:1
[INFO] [stderr]    |
[INFO] [stderr] 26 | fn assert_impl<T: SharedMemCast>() {}
[INFO] [stderr]    | ^^^^^^^^^^^^^^^^^^^^^^^^^^^^^^^^^^
[INFO] [stderr] 
[INFO] [stderr] error[E0277]: the trait bound `&[i32]: shared_memory::cast::SharedMemCast` is not satisfied
[INFO] [stderr]   --> $DIR/generic.rs:44:5
[INFO] [stderr]    |
[INFO] [stderr] 44 |     assert_impl::<MyData<&[i32]>>();
[INFO] [stderr]    |     ^^^^^^^^^^^^^^^^^^^^^^^^^^^^^ the trait `shared_memory::cast::SharedMemCast` is not implemented for `&[i32]`
[INFO] [stderr]    |
[INFO] [stderr]    = help: the following implementations were found:
[INFO] [stderr]              <[T; 1024] as shared_memory::cast::SharedMemCast>
[INFO] [stderr]              <[T; 1048576] as shared_memory::cast::SharedMemCast>
[INFO] [stderr]              <[T; 1073741824] as shared_memory::cast::SharedMemCast>
[INFO] [stderr]              <[T; 10] as shared_memory::cast::SharedMemCast>
[INFO] [stderr]            and 55 others
[INFO] [stderr]    = note: required because of the requirements on the impl of `shared_memory::cast::SharedMemCast` for `MyData<&[i32]>`
[INFO] [stderr] note: required by `assert_impl`
[INFO] [stderr]   --> $DIR/generic.rs:26:1
[INFO] [stderr]    |
[INFO] [stderr] 26 | fn assert_impl<T: SharedMemCast>() {}
[INFO] [stderr]    | ^^^^^^^^^^^^^^^^^^^^^^^^^^^^^^^^^^
[INFO] [stderr] 
[INFO] [stderr] error[E0277]: the trait bound `U: shared_memory::cast::SharedMemCast` is not satisfied
[INFO] [stderr]   --> $DIR/generic.rs:32:9
[INFO] [stderr]    |
[INFO] [stderr] 32 |         assert_impl::<MyStruct<U>>();
[INFO] [stderr]    |         ^^^^^^^^^^^^^^^^^^^^^^^^^^ the trait `shared_memory::cast::SharedMemCast` is not implemented for `U`
[INFO] [stderr]    |
[INFO] [stderr]    = help: consider adding a `where U: shared_memory::cast::SharedMemCast` bound
[INFO] [stderr]    = note: required because of the requirements on the impl of `shared_memory::cast::SharedMemCast` for `MyStruct<U>`
[INFO] [stderr] note: required by `assert_impl`
[INFO] [stderr]   --> $DIR/generic.rs:26:1
[INFO] [stderr]    |
[INFO] [stderr] 26 | fn assert_impl<T: SharedMemCast>() {}
[INFO] [stderr]    | ^^^^^^^^^^^^^^^^^^^^^^^^^^^^^^^^^^
[INFO] [stderr] 
[INFO] [stderr] error[E0277]: the trait bound `U: shared_memory::cast::SharedMemCast` is not satisfied
[INFO] [stderr]   --> $DIR/generic.rs:39:9
[INFO] [stderr]    |
[INFO] [stderr] 39 |         assert_impl::<MyStruct2<U>>();
[INFO] [stderr]    |         ^^^^^^^^^^^^^^^^^^^^^^^^^^^ the trait `shared_memory::cast::SharedMemCast` is not implemented for `U`
[INFO] [stderr]    |
[INFO] [stderr]    = help: consider adding a `where U: shared_memory::cast::SharedMemCast` bound
[INFO] [stderr]    = note: required because of the requirements on the impl of `shared_memory::cast::SharedMemCast` for `MyStruct2<U>`
[INFO] [stderr] note: required by `assert_impl`
[INFO] [stderr]   --> $DIR/generic.rs:26:1
[INFO] [stderr]    |
[INFO] [stderr] 26 | fn assert_impl<T: SharedMemCast>() {}
[INFO] [stderr]    | ^^^^^^^^^^^^^^^^^^^^^^^^^^^^^^^^^^
[INFO] [stderr] 
[INFO] [stderr] error[E0277]: the trait bound `U: shared_memory::cast::SharedMemCast` is not satisfied
[INFO] [stderr]   --> $DIR/generic.rs:46:9
[INFO] [stderr]    |
[INFO] [stderr] 46 |         assert_impl::<MyData<U>>();
[INFO] [stderr]    |         ^^^^^^^^^^^^^^^^^^^^^^^^ the trait `shared_memory::cast::SharedMemCast` is not implemented for `U`
[INFO] [stderr]    |
[INFO] [stderr]    = help: consider adding a `where U: shared_memory::cast::SharedMemCast` bound
[INFO] [stderr]    = note: required because of the requirements on the impl of `shared_memory::cast::SharedMemCast` for `MyData<U>`
[INFO] [stderr] note: required by `assert_impl`
[INFO] [stderr]   --> $DIR/generic.rs:26:1
[INFO] [stderr]    |
[INFO] [stderr] 26 | fn assert_impl<T: SharedMemCast>() {}
[INFO] [stderr]    | ^^^^^^^^^^^^^^^^^^^^^^^^^^^^^^^^^^
[INFO] [stderr] 
[INFO] [stderr] For more information about this error, try `rustc --explain E0277`.
[INFO] [stderr] ┈┈┈┈┈┈┈┈┈┈┈┈┈┈┈┈┈┈┈┈┈┈┈┈┈┈┈┈┈┈┈┈┈┈┈┈┈┈┈┈┈┈┈┈┈┈┈┈┈┈┈┈┈┈┈┈┈┈┈┈
[INFO] [stderr] 
[INFO] [stderr] ACTUAL OUTPUT:
[INFO] [stderr] ┈┈┈┈┈┈┈┈┈┈┈┈┈┈┈┈┈┈┈┈┈┈┈┈┈┈┈┈┈┈┈┈┈┈┈┈┈┈┈┈┈┈┈┈┈┈┈┈┈┈┈┈┈┈┈┈┈┈┈┈
[INFO] [stderr] error[E0432]: unresolved import `shared_memory::SharedMemCast`
[INFO] [stderr]  --> tests/ui/generic.rs:4:5
[INFO] [stderr]   |
[INFO] [stderr] 4 | use shared_memory::SharedMemCast;
[INFO] [stderr]   |     ^^^^^^^^^^^^^^^^^^^^^^^^^^^^ no `SharedMemCast` in the root
[INFO] [stderr] ┈┈┈┈┈┈┈┈┈┈┈┈┈┈┈┈┈┈┈┈┈┈┈┈┈┈┈┈┈┈┈┈┈┈┈┈┈┈┈┈┈┈┈┈┈┈┈┈┈┈┈┈┈┈┈┈┈┈┈┈
[INFO] [stderr] note: If the actual output is the correct output you can bless it by rerunning
[INFO] [stderr]       your test with the environment variable TRYBUILD=overwrite
[INFO] [stderr] 
[INFO] [stderr] test tests/ui/refs.rs [should fail to compile] ... mismatch
[INFO] [stderr] 
[INFO] [stderr] EXPECTED:
[INFO] [stderr] ┈┈┈┈┈┈┈┈┈┈┈┈┈┈┈┈┈┈┈┈┈┈┈┈┈┈┈┈┈┈┈┈┈┈┈┈┈┈┈┈┈┈┈┈┈┈┈┈┈┈┈┈┈┈┈┈┈┈┈┈
[INFO] [stderr] error[E0277]: the trait bound `&'a i32: shared_memory::cast::SharedMemCast` is not satisfied
[INFO] [stderr]  --> $DIR/refs.rs:7:8
[INFO] [stderr]   |
[INFO] [stderr] 7 |     x: &'a i32,
[INFO] [stderr]   |        ^
[INFO] [stderr]   |        |
[INFO] [stderr]   |        the trait `shared_memory::cast::SharedMemCast` is not implemented for `&'a i32`
[INFO] [stderr]   |        help: consider removing 1 leading `&`-references
[INFO] [stderr]   |
[INFO] [stderr]   = help: the following implementations were found:
[INFO] [stderr]             <i32 as shared_memory::cast::SharedMemCast>
[INFO] [stderr]   = note: required by `shared_memory::cast::AssertIsSharedMemCast`
[INFO] [stderr] 
[INFO] [stderr] error[E0277]: the trait bound `&'a i32: shared_memory::cast::SharedMemCast` is not satisfied
[INFO] [stderr]   --> $DIR/refs.rs:11:26
[INFO] [stderr]    |
[INFO] [stderr] 11 | pub struct MyStruct2<'a>(&'a i32);
[INFO] [stderr]    |                          ^
[INFO] [stderr]    |                          |
[INFO] [stderr]    |                          the trait `shared_memory::cast::SharedMemCast` is not implemented for `&'a i32`
[INFO] [stderr]    |                          help: consider removing 1 leading `&`-references
[INFO] [stderr]    |
[INFO] [stderr]    = help: the following implementations were found:
[INFO] [stderr]              <i32 as shared_memory::cast::SharedMemCast>
[INFO] [stderr]    = note: required by `shared_memory::cast::AssertIsSharedMemCast`
[INFO] [stderr] 
[INFO] [stderr] error[E0277]: the trait bound `&'a (dyn shared_memory::cast::SharedMemCast + 'a): shared_memory::cast::SharedMemCast` is not satisfied
[INFO] [stderr]   --> $DIR/refs.rs:15:8
[INFO] [stderr]    |
[INFO] [stderr] 15 |     x: &'a dyn SharedMemCast,
[INFO] [stderr]    |        ^
[INFO] [stderr]    |        |
[INFO] [stderr]    |        the trait `shared_memory::cast::SharedMemCast` is not implemented for `&'a (dyn shared_memory::cast::SharedMemCast + 'a)`
[INFO] [stderr]    |        help: consider removing 1 leading `&`-references
[INFO] [stderr]    |
[INFO] [stderr]    = note: required by `shared_memory::cast::AssertIsSharedMemCast`
[INFO] [stderr] 
[INFO] [stderr] error[E0277]: the trait bound `&'a (dyn shared_memory::cast::SharedMemCast + 'a): shared_memory::cast::SharedMemCast` is not satisfied
[INFO] [stderr]   --> $DIR/refs.rs:19:37
[INFO] [stderr]    |
[INFO] [stderr] 19 | pub struct MyStruct2TraitObject<'a>(&'a dyn SharedMemCast);
[INFO] [stderr]    |                                     ^
[INFO] [stderr]    |                                     |
[INFO] [stderr]    |                                     the trait `shared_memory::cast::SharedMemCast` is not implemented for `&'a (dyn shared_memory::cast::SharedMemCast + 'a)`
[INFO] [stderr]    |                                     help: consider removing 1 leading `&`-references
[INFO] [stderr]    |
[INFO] [stderr]    = note: required by `shared_memory::cast::AssertIsSharedMemCast`
[INFO] [stderr] 
[INFO] [stderr] error[E0277]: the trait bound `&'static T: shared_memory::cast::SharedMemCast` is not satisfied
[INFO] [stderr]   --> $DIR/refs.rs:24:8
[INFO] [stderr]    |
[INFO] [stderr] 24 |     x: &'static T,
[INFO] [stderr]    |        ^
[INFO] [stderr]    |        |
[INFO] [stderr]    |        the trait `shared_memory::cast::SharedMemCast` is not implemented for `&'static T`
[INFO] [stderr]    |        help: consider removing 1 leading `&`-references
[INFO] [stderr]    |
[INFO] [stderr]    = note: required by `shared_memory::cast::AssertIsSharedMemCast`
[INFO] [stderr] 
[INFO] [stderr] error[E0277]: the trait bound `&'static T: shared_memory::cast::SharedMemCast` is not satisfied
[INFO] [stderr]   --> $DIR/refs.rs:28:56
[INFO] [stderr]    |
[INFO] [stderr] 28 | pub struct MyStruct2Static<T: SharedMemCast + 'static>(&'static T);
[INFO] [stderr]    |                                                        ^
[INFO] [stderr]    |                                                        |
[INFO] [stderr]    |                                                        the trait `shared_memory::cast::SharedMemCast` is not implemented for `&'static T`
[INFO] [stderr]    |                                                        help: consider removing 1 leading `&`-references
[INFO] [stderr]    |
[INFO] [stderr]    = note: required by `shared_memory::cast::AssertIsSharedMemCast`
[INFO] [stderr] 
[INFO] [stderr] For more information about this error, try `rustc --explain E0277`.
[INFO] [stderr] ┈┈┈┈┈┈┈┈┈┈┈┈┈┈┈┈┈┈┈┈┈┈┈┈┈┈┈┈┈┈┈┈┈┈┈┈┈┈┈┈┈┈┈┈┈┈┈┈┈┈┈┈┈┈┈┈┈┈┈┈
[INFO] [stderr] 
[INFO] [stderr] ACTUAL OUTPUT:
[INFO] [stderr] ┈┈┈┈┈┈┈┈┈┈┈┈┈┈┈┈┈┈┈┈┈┈┈┈┈┈┈┈┈┈┈┈┈┈┈┈┈┈┈┈┈┈┈┈┈┈┈┈┈┈┈┈┈┈┈┈┈┈┈┈
[INFO] [stderr] error[E0432]: unresolved import `shared_memory::SharedMemCast`
[INFO] [stderr]  --> tests/ui/refs.rs:3:5
[INFO] [stderr]   |
[INFO] [stderr] 3 | use shared_memory::SharedMemCast;
[INFO] [stderr]   |     ^^^^^^^^^^^^^^^^^^^^^^^^^^^^ no `SharedMemCast` in the root
[INFO] [stderr] ┈┈┈┈┈┈┈┈┈┈┈┈┈┈┈┈┈┈┈┈┈┈┈┈┈┈┈┈┈┈┈┈┈┈┈┈┈┈┈┈┈┈┈┈┈┈┈┈┈┈┈┈┈┈┈┈┈┈┈┈
[INFO] [stderr] note: If the actual output is the correct output you can bless it by rerunning
[INFO] [stderr]       your test with the environment variable TRYBUILD=overwrite
[INFO] [stderr] 
[INFO] [stderr] test tests/ui/str.rs [should fail to compile] ... mismatch
[INFO] [stderr] 
[INFO] [stderr] EXPECTED:
[INFO] [stderr] ┈┈┈┈┈┈┈┈┈┈┈┈┈┈┈┈┈┈┈┈┈┈┈┈┈┈┈┈┈┈┈┈┈┈┈┈┈┈┈┈┈┈┈┈┈┈┈┈┈┈┈┈┈┈┈┈┈┈┈┈
[INFO] [stderr] error[E0277]: the trait bound `&'a str: shared_memory::cast::SharedMemCast` is not satisfied
[INFO] [stderr]  --> $DIR/str.rs:9:8
[INFO] [stderr]   |
[INFO] [stderr] 9 |     x: &'a str,
[INFO] [stderr]   |        ^
[INFO] [stderr]   |        |
[INFO] [stderr]   |        the trait `shared_memory::cast::SharedMemCast` is not implemented for `&'a str`
[INFO] [stderr]   |        help: consider removing 1 leading `&`-references
[INFO] [stderr]   |
[INFO] [stderr]   = help: the following implementations were found:
[INFO] [stderr]             <str as shared_memory::cast::SharedMemCast>
[INFO] [stderr]   = note: required by `shared_memory::cast::AssertIsSharedMemCast`
[INFO] [stderr] 
[INFO] [stderr] error[E0277]: the trait bound `&'a str: shared_memory::cast::SharedMemCast` is not satisfied
[INFO] [stderr]   --> $DIR/str.rs:13:26
[INFO] [stderr]    |
[INFO] [stderr] 13 | pub struct MyStruct2<'a>(&'a str);
[INFO] [stderr]    |                          ^
[INFO] [stderr]    |                          |
[INFO] [stderr]    |                          the trait `shared_memory::cast::SharedMemCast` is not implemented for `&'a str`
[INFO] [stderr]    |                          help: consider removing 1 leading `&`-references
[INFO] [stderr]    |
[INFO] [stderr]    = help: the following implementations were found:
[INFO] [stderr]              <str as shared_memory::cast::SharedMemCast>
[INFO] [stderr]    = note: required by `shared_memory::cast::AssertIsSharedMemCast`
[INFO] [stderr] 
[INFO] [stderr] error[E0277]: the trait bound `&'static str: shared_memory::cast::SharedMemCast` is not satisfied
[INFO] [stderr]   --> $DIR/str.rs:18:8
[INFO] [stderr]    |
[INFO] [stderr] 18 |     x: &'static str,
[INFO] [stderr]    |        ^
[INFO] [stderr]    |        |
[INFO] [stderr]    |        the trait `shared_memory::cast::SharedMemCast` is not implemented for `&'static str`
[INFO] [stderr]    |        help: consider removing 1 leading `&`-references
[INFO] [stderr]    |
[INFO] [stderr]    = help: the following implementations were found:
[INFO] [stderr]              <str as shared_memory::cast::SharedMemCast>
[INFO] [stderr]    = note: required by `shared_memory::cast::AssertIsSharedMemCast`
[INFO] [stderr] 
[INFO] [stderr] error[E0277]: the trait bound `&'static str: shared_memory::cast::SharedMemCast` is not satisfied
[INFO] [stderr]   --> $DIR/str.rs:22:28
[INFO] [stderr]    |
[INFO] [stderr] 22 | pub struct MyStruct2Static(&'static str);
[INFO] [stderr]    |                            ^
[INFO] [stderr]    |                            |
[INFO] [stderr]    |                            the trait `shared_memory::cast::SharedMemCast` is not implemented for `&'static str`
[INFO] [stderr]    |                            help: consider removing 1 leading `&`-references
[INFO] [stderr]    |
[INFO] [stderr]    = help: the following implementations were found:
[INFO] [stderr]              <str as shared_memory::cast::SharedMemCast>
[INFO] [stderr]    = note: required by `shared_memory::cast::AssertIsSharedMemCast`
[INFO] [stderr] 
[INFO] [stderr] For more information about this error, try `rustc --explain E0277`.
[INFO] [stderr] ┈┈┈┈┈┈┈┈┈┈┈┈┈┈┈┈┈┈┈┈┈┈┈┈┈┈┈┈┈┈┈┈┈┈┈┈┈┈┈┈┈┈┈┈┈┈┈┈┈┈┈┈┈┈┈┈┈┈┈┈
[INFO] [stderr] 
[INFO] [stderr] ACTUAL OUTPUT:
[INFO] [stderr] ┈┈┈┈┈┈┈┈┈┈┈┈┈┈┈┈┈┈┈┈┈┈┈┈┈┈┈┈┈┈┈┈┈┈┈┈┈┈┈┈┈┈┈┈┈┈┈┈┈┈┈┈┈┈┈┈┈┈┈┈
[INFO] [stderr] error[E0432]: unresolved import `shared_memory::SharedMemCast`
[INFO] [stderr]  --> tests/ui/str.rs:5:5
[INFO] [stderr]   |
[INFO] [stderr] 5 | use shared_memory::SharedMemCast;
[INFO] [stderr]   |     ^^^^^^^^^^^^^^^^^^^^^^^^^^^^ no `SharedMemCast` in the root
[INFO] [stderr] ┈┈┈┈┈┈┈┈┈┈┈┈┈┈┈┈┈┈┈┈┈┈┈┈┈┈┈┈┈┈┈┈┈┈┈┈┈┈┈┈┈┈┈┈┈┈┈┈┈┈┈┈┈┈┈┈┈┈┈┈
[INFO] [stderr] note: If the actual output is the correct output you can bless it by rerunning
[INFO] [stderr]       your test with the environment variable TRYBUILD=overwrite
[INFO] [stderr] 
[INFO] [stderr] test tests/ui/vec.rs [should fail to compile] ... mismatch
[INFO] [stderr] 
[INFO] [stderr] EXPECTED:
[INFO] [stderr] ┈┈┈┈┈┈┈┈┈┈┈┈┈┈┈┈┈┈┈┈┈┈┈┈┈┈┈┈┈┈┈┈┈┈┈┈┈┈┈┈┈┈┈┈┈┈┈┈┈┈┈┈┈┈┈┈┈┈┈┈
[INFO] [stderr] error[E0277]: the trait bound `std::vec::Vec<u32>: shared_memory::cast::SharedMemCast` is not satisfied
[INFO] [stderr]  --> $DIR/vec.rs:7:8
[INFO] [stderr]   |
[INFO] [stderr] 7 |     x: Vec<u32>,
[INFO] [stderr]   |        ^^^ the trait `shared_memory::cast::SharedMemCast` is not implemented for `std::vec::Vec<u32>`
[INFO] [stderr]   |
[INFO] [stderr]   = note: required by `shared_memory::cast::AssertIsSharedMemCast`
[INFO] [stderr] 
[INFO] [stderr] error[E0277]: the trait bound `std::vec::Vec<u32>: shared_memory::cast::SharedMemCast` is not satisfied
[INFO] [stderr]   --> $DIR/vec.rs:11:22
[INFO] [stderr]    |
[INFO] [stderr] 11 | pub struct MyStruct2(Vec<u32>);
[INFO] [stderr]    |                      ^^^ the trait `shared_memory::cast::SharedMemCast` is not implemented for `std::vec::Vec<u32>`
[INFO] [stderr]    |
[INFO] [stderr]    = note: required by `shared_memory::cast::AssertIsSharedMemCast`
[INFO] [stderr] 
[INFO] [stderr] error[E0277]: the trait bound `&'a [u32]: shared_memory::cast::SharedMemCast` is not satisfied
[INFO] [stderr]   --> $DIR/vec.rs:15:8
[INFO] [stderr]    |
[INFO] [stderr] 15 |     x: &'a [u32],
[INFO] [stderr]    |        ^
[INFO] [stderr]    |        |
[INFO] [stderr]    |        the trait `shared_memory::cast::SharedMemCast` is not implemented for `&'a [u32]`
[INFO] [stderr]    |        help: consider removing 1 leading `&`-references
[INFO] [stderr]    |
[INFO] [stderr]    = help: the following implementations were found:
[INFO] [stderr]              <[T; 1024] as shared_memory::cast::SharedMemCast>
[INFO] [stderr]              <[T; 1048576] as shared_memory::cast::SharedMemCast>
[INFO] [stderr]              <[T; 1073741824] as shared_memory::cast::SharedMemCast>
[INFO] [stderr]              <[T; 10] as shared_memory::cast::SharedMemCast>
[INFO] [stderr]            and 55 others
[INFO] [stderr]    = note: required by `shared_memory::cast::AssertIsSharedMemCast`
[INFO] [stderr] 
[INFO] [stderr] error[E0277]: the trait bound `&'a [u32]: shared_memory::cast::SharedMemCast` is not satisfied
[INFO] [stderr]   --> $DIR/vec.rs:19:31
[INFO] [stderr]    |
[INFO] [stderr] 19 | pub struct MyStruct2Array<'a>(&'a [u32]);
[INFO] [stderr]    |                               ^
[INFO] [stderr]    |                               |
[INFO] [stderr]    |                               the trait `shared_memory::cast::SharedMemCast` is not implemented for `&'a [u32]`
[INFO] [stderr]    |                               help: consider removing 1 leading `&`-references
[INFO] [stderr]    |
[INFO] [stderr]    = help: the following implementations were found:
[INFO] [stderr]              <[T; 1024] as shared_memory::cast::SharedMemCast>
[INFO] [stderr]              <[T; 1048576] as shared_memory::cast::SharedMemCast>
[INFO] [stderr]              <[T; 1073741824] as shared_memory::cast::SharedMemCast>
[INFO] [stderr]              <[T; 10] as shared_memory::cast::SharedMemCast>
[INFO] [stderr]            and 55 others
[INFO] [stderr]    = note: required by `shared_memory::cast::AssertIsSharedMemCast`
[INFO] [stderr] 
[INFO] [stderr] For more information about this error, try `rustc --explain E0277`.
[INFO] [stderr] ┈┈┈┈┈┈┈┈┈┈┈┈┈┈┈┈┈┈┈┈┈┈┈┈┈┈┈┈┈┈┈┈┈┈┈┈┈┈┈┈┈┈┈┈┈┈┈┈┈┈┈┈┈┈┈┈┈┈┈┈
[INFO] [stderr] 
[INFO] [stderr] ACTUAL OUTPUT:
[INFO] [stderr] ┈┈┈┈┈┈┈┈┈┈┈┈┈┈┈┈┈┈┈┈┈┈┈┈┈┈┈┈┈┈┈┈┈┈┈┈┈┈┈┈┈┈┈┈┈┈┈┈┈┈┈┈┈┈┈┈┈┈┈┈
[INFO] [stderr] error[E0432]: unresolved import `shared_memory::SharedMemCast`
[INFO] [stderr]  --> tests/ui/vec.rs:3:5
[INFO] [stderr]   |
[INFO] [stderr] 3 | use shared_memory::SharedMemCast;
[INFO] [stderr]   |     ^^^^^^^^^^^^^^^^^^^^^^^^^^^^ no `SharedMemCast` in the root
[INFO] [stderr] ┈┈┈┈┈┈┈┈┈┈┈┈┈┈┈┈┈┈┈┈┈┈┈┈┈┈┈┈┈┈┈┈┈┈┈┈┈┈┈┈┈┈┈┈┈┈┈┈┈┈┈┈┈┈┈┈┈┈┈┈
[INFO] [stderr] note: If the actual output is the correct output you can bless it by rerunning
[INFO] [stderr]       your test with the environment variable TRYBUILD=overwrite
[INFO] [stderr] 
[INFO] [stderr] test tests/ui/zero_sized_types.rs [should fail to compile] ... mismatch
[INFO] [stderr] 
[INFO] [stderr] EXPECTED:
[INFO] [stderr] ┈┈┈┈┈┈┈┈┈┈┈┈┈┈┈┈┈┈┈┈┈┈┈┈┈┈┈┈┈┈┈┈┈┈┈┈┈┈┈┈┈┈┈┈┈┈┈┈┈┈┈┈┈┈┈┈┈┈┈┈
[INFO] [stderr] error: Empty enums types cannot be casted from shared memory
[INFO] [stderr]  --> $DIR/zero_sized_types.rs:6:10
[INFO] [stderr]   |
[INFO] [stderr] 6 | pub enum EmptyEnum {}
[INFO] [stderr]   |          ^^^^^^^^^
[INFO] [stderr] 
[INFO] [stderr] error: Zero-sized types cannot be casted from shared memory
[INFO] [stderr]  --> $DIR/zero_sized_types.rs:9:12
[INFO] [stderr]   |
[INFO] [stderr] 9 | pub struct Empty;
[INFO] [stderr]   |            ^^^^^
[INFO] [stderr] 
[INFO] [stderr] error: Zero-sized types cannot be casted from shared memory
[INFO] [stderr]   --> $DIR/zero_sized_types.rs:12:12
[INFO] [stderr]    |
[INFO] [stderr] 12 | pub struct Empty2 {
[INFO] [stderr]    |            ^^^^^^
[INFO] [stderr] 
[INFO] [stderr] error: Zero-sized types cannot be casted from shared memory
[INFO] [stderr]   --> $DIR/zero_sized_types.rs:16:12
[INFO] [stderr]    |
[INFO] [stderr] 16 | pub struct Empty3();
[INFO] [stderr]    |            ^^^^^^
[INFO] [stderr] 
[INFO] [stderr] error[E0277]: the trait bound `(): shared_memory::cast::SharedMemCast` is not satisfied
[INFO] [stderr]   --> $DIR/zero_sized_types.rs:20:8
[INFO] [stderr]    |
[INFO] [stderr] 20 |     x: (),
[INFO] [stderr]    |        ^^ the trait `shared_memory::cast::SharedMemCast` is not implemented for `()`
[INFO] [stderr]    |
[INFO] [stderr]    = note: required by `shared_memory::cast::AssertIsSharedMemCast`
[INFO] [stderr] 
[INFO] [stderr] error[E0277]: the trait bound `(): shared_memory::cast::SharedMemCast` is not satisfied
[INFO] [stderr]   --> $DIR/zero_sized_types.rs:26:8
[INFO] [stderr]    |
[INFO] [stderr] 26 |     x: (),
[INFO] [stderr]    |        ^^ the trait `shared_memory::cast::SharedMemCast` is not implemented for `()`
[INFO] [stderr]    |
[INFO] [stderr]    = note: required by `shared_memory::cast::AssertIsSharedMemCast`
[INFO] [stderr] 
[INFO] [stderr] error[E0277]: the trait bound `[i32; 0]: shared_memory::cast::SharedMemCast` is not satisfied
[INFO] [stderr]   --> $DIR/zero_sized_types.rs:28:8
[INFO] [stderr]    |
[INFO] [stderr] 28 |     w: [i32; 0],
[INFO] [stderr]    |        ^^^^^^^^ the trait `shared_memory::cast::SharedMemCast` is not implemented for `[i32; 0]`
[INFO] [stderr]    |
[INFO] [stderr]    = help: the following implementations were found:
[INFO] [stderr]              <[T; 1024] as shared_memory::cast::SharedMemCast>
[INFO] [stderr]              <[T; 1048576] as shared_memory::cast::SharedMemCast>
[INFO] [stderr]              <[T; 1073741824] as shared_memory::cast::SharedMemCast>
[INFO] [stderr]              <[T; 10] as shared_memory::cast::SharedMemCast>
[INFO] [stderr]            and 55 others
[INFO] [stderr]    = note: required by `shared_memory::cast::AssertIsSharedMemCast`
[INFO] [stderr] 
[INFO] [stderr] For more information about this error, try `rustc --explain E0277`.
[INFO] [stderr] ┈┈┈┈┈┈┈┈┈┈┈┈┈┈┈┈┈┈┈┈┈┈┈┈┈┈┈┈┈┈┈┈┈┈┈┈┈┈┈┈┈┈┈┈┈┈┈┈┈┈┈┈┈┈┈┈┈┈┈┈
[INFO] [stderr] 
[INFO] [stderr] ACTUAL OUTPUT:
[INFO] [stderr] ┈┈┈┈┈┈┈┈┈┈┈┈┈┈┈┈┈┈┈┈┈┈┈┈┈┈┈┈┈┈┈┈┈┈┈┈┈┈┈┈┈┈┈┈┈┈┈┈┈┈┈┈┈┈┈┈┈┈┈┈
[INFO] [stderr] error[E0432]: unresolved import `shared_memory::SharedMemCast`
[INFO] [stderr]  --> tests/ui/zero_sized_types.rs:3:5
[INFO] [stderr]   |
[INFO] [stderr] 3 | use shared_memory::SharedMemCast;
[INFO] [stderr]   |     ^^^^^^^^^^^^^^^^^^^^^^^^^^^^ no `SharedMemCast` in the root
[INFO] [stderr] ┈┈┈┈┈┈┈┈┈┈┈┈┈┈┈┈┈┈┈┈┈┈┈┈┈┈┈┈┈┈┈┈┈┈┈┈┈┈┈┈┈┈┈┈┈┈┈┈┈┈┈┈┈┈┈┈┈┈┈┈
[INFO] [stderr] note: If the actual output is the correct output you can bless it by rerunning
[INFO] [stderr]       your test with the environment variable TRYBUILD=overwrite
[INFO] [stderr] 
[INFO] [stderr] 
[INFO] [stderr] 
[INFO] [stdout] test compile_tests ... FAILED
[INFO] [stdout] 
[INFO] [stdout] failures:
[INFO] [stdout] 
[INFO] [stdout] ---- compile_tests stdout ----
[INFO] [stdout] 
[INFO] [stdout] thread 'compile_tests' panicked at /opt/rustwide/cargo-home/registry/src/index.crates.io-1949cf8c6b5b557f/trybuild-1.0.102/src/run.rs:102:13:
[INFO] [stdout] 10 of 10 tests failed
[INFO] [stdout] stack backtrace:
[INFO] [stdout]    0:     0x64359e9ec97a - std::backtrace_rs::backtrace::libunwind::trace::hb059275cfc8d6126
[INFO] [stdout]                                at /rustc/6067b36314ab5eb2eb47cecc464545ba58e1ad24/library/std/src/../../backtrace/src/backtrace/libunwind.rs:116:5
[INFO] [stdout]    1:     0x64359e9ec97a - std::backtrace_rs::backtrace::trace_unsynchronized::h2da071e4327ce3ee
[INFO] [stdout]                                at /rustc/6067b36314ab5eb2eb47cecc464545ba58e1ad24/library/std/src/../../backtrace/src/backtrace/mod.rs:66:5
[INFO] [stdout]    2:     0x64359e9ec97a - std::sys::backtrace::_print_fmt::h842a1474e6f8d23f
[INFO] [stdout]                                at /rustc/6067b36314ab5eb2eb47cecc464545ba58e1ad24/library/std/src/sys/backtrace.rs:66:9
[INFO] [stdout]    3:     0x64359e9ec97a - <std::sys::backtrace::BacktraceLock::print::DisplayBacktrace as core::fmt::Display>::fmt::h71a62eb3b9696b12
[INFO] [stdout]                                at /rustc/6067b36314ab5eb2eb47cecc464545ba58e1ad24/library/std/src/sys/backtrace.rs:39:26
[INFO] [stdout]    4:     0x64359ea184a3 - core::fmt::rt::Argument::fmt::hdb6b616786b41dc1
[INFO] [stdout]                                at /rustc/6067b36314ab5eb2eb47cecc464545ba58e1ad24/library/core/src/fmt/rt.rs:177:76
[INFO] [stdout]    5:     0x64359ea184a3 - core::fmt::write::h2cc1698af7e2d686
[INFO] [stdout]                                at /rustc/6067b36314ab5eb2eb47cecc464545ba58e1ad24/library/core/src/fmt/mod.rs:1440:21
[INFO] [stdout]    6:     0x64359e9e88a3 - std::io::Write::write_fmt::hab1b4cd059a79022
[INFO] [stdout]                                at /rustc/6067b36314ab5eb2eb47cecc464545ba58e1ad24/library/std/src/io/mod.rs:1887:15
[INFO] [stdout]    7:     0x64359e9ec7c2 - std::sys::backtrace::BacktraceLock::print::h147fe35b4ea13b08
[INFO] [stdout]                                at /rustc/6067b36314ab5eb2eb47cecc464545ba58e1ad24/library/std/src/sys/backtrace.rs:42:9
[INFO] [stdout]    8:     0x64359e9ee39f - std::panicking::default_hook::{{closure}}::hbd44223dbdc0d208
[INFO] [stdout]                                at /rustc/6067b36314ab5eb2eb47cecc464545ba58e1ad24/library/std/src/panicking.rs:298:22
[INFO] [stdout]    9:     0x64359e9ee1b8 - std::panicking::default_hook::h20f81eb0576efcec
[INFO] [stdout]                                at /rustc/6067b36314ab5eb2eb47cecc464545ba58e1ad24/library/std/src/panicking.rs:322:9
[INFO] [stdout]   10:     0x64359e9b3d63 - <alloc::boxed::Box<F,A> as core::ops::function::Fn<Args>>::call::hdb53814c496a4d34
[INFO] [stdout]                                at /rustc/6067b36314ab5eb2eb47cecc464545ba58e1ad24/library/alloc/src/boxed.rs:2027:9
[INFO] [stdout]   11:     0x64359e9b3d63 - test::test_main::{{closure}}::hc0a4963c59427c24
[INFO] [stdout]                                at /rustc/6067b36314ab5eb2eb47cecc464545ba58e1ad24/library/test/src/lib.rs:134:21
[INFO] [stdout]   12:     0x64359e9eee93 - <alloc::boxed::Box<F,A> as core::ops::function::Fn<Args>>::call::h591b2225413a77e9
[INFO] [stdout]                                at /rustc/6067b36314ab5eb2eb47cecc464545ba58e1ad24/library/alloc/src/boxed.rs:2027:9
[INFO] [stdout]   13:     0x64359e9eee93 - std::panicking::rust_panic_with_hook::h625eea43051b2edc
[INFO] [stdout]                                at /rustc/6067b36314ab5eb2eb47cecc464545ba58e1ad24/library/std/src/panicking.rs:839:13
[INFO] [stdout]   14:     0x64359e9eeb4a - std::panicking::begin_panic_handler::{{closure}}::h4f9159cfbc3f6bd3
[INFO] [stdout]                                at /rustc/6067b36314ab5eb2eb47cecc464545ba58e1ad24/library/std/src/panicking.rs:704:13
[INFO] [stdout]   15:     0x64359e9ece79 - std::sys::backtrace::__rust_end_short_backtrace::h0390abce48353151
[INFO] [stdout]                                at /rustc/6067b36314ab5eb2eb47cecc464545ba58e1ad24/library/std/src/sys/backtrace.rs:168:18
[INFO] [stdout]   16:     0x64359e9ee7dd - rust_begin_unwind
[INFO] [stdout]                                at /rustc/6067b36314ab5eb2eb47cecc464545ba58e1ad24/library/std/src/panicking.rs:695:5
[INFO] [stdout]   17:     0x64359ea167c0 - core::panicking::panic_fmt::h9e7c637e9e5f29c9
[INFO] [stdout]                                at /rustc/6067b36314ab5eb2eb47cecc464545ba58e1ad24/library/core/src/panicking.rs:75:14
[INFO] [stdout]   18:     0x64359e7c5a04 - trybuild::run::<impl trybuild::Runner>::run::h320f02e72db58f68
[INFO] [stdout]                                at /opt/rustwide/cargo-home/registry/src/index.crates.io-1949cf8c6b5b557f/trybuild-1.0.102/src/run.rs:102:13
[INFO] [stdout]   19:     0x64359e7cb1c8 - <trybuild::TestCases as core::ops::drop::Drop>::drop::habd6498ca025f677
[INFO] [stdout]                                at /opt/rustwide/cargo-home/registry/src/index.crates.io-1949cf8c6b5b557f/trybuild-1.0.102/src/lib.rs:340:13
[INFO] [stdout]   20:     0x64359e6ca307 - core::ptr::drop_in_place<trybuild::TestCases>::hc748faa3981e2627
[INFO] [stdout]                                at /rustc/6067b36314ab5eb2eb47cecc464545ba58e1ad24/library/core/src/ptr/mod.rs:523:1
[INFO] [stdout]   21:     0x64359e6cab6b - compile_tests::compile_tests::ha7a5901c0e17bf40
[INFO] [stdout]                                at /opt/rustwide/workdir/tests/compile_tests.rs:6:1
[INFO] [stdout]   22:     0x64359e6caae7 - compile_tests::compile_tests::{{closure}}::hf522388afd10b382
[INFO] [stdout]                                at /opt/rustwide/workdir/tests/compile_tests.rs:2:19
[INFO] [stdout]   23:     0x64359e6ca276 - core::ops::function::FnOnce::call_once::h76f998b3d8745e48
[INFO] [stdout]                                at /rustc/6067b36314ab5eb2eb47cecc464545ba58e1ad24/library/core/src/ops/function.rs:250:5
[INFO] [stdout]   24:     0x64359e9b94bb - core::ops::function::FnOnce::call_once::he27718dfdd183f43
[INFO] [stdout]                                at /rustc/6067b36314ab5eb2eb47cecc464545ba58e1ad24/library/core/src/ops/function.rs:250:5
[INFO] [stdout]   25:     0x64359e9b94bb - test::__rust_begin_short_backtrace::h4e84902998457a5d
[INFO] [stdout]                                at /rustc/6067b36314ab5eb2eb47cecc464545ba58e1ad24/library/test/src/lib.rs:632:18
[INFO] [stdout]   26:     0x64359e9b83f3 - test::run_test_in_process::{{closure}}::h7176fd18fc1feca0
[INFO] [stdout]                                at /rustc/6067b36314ab5eb2eb47cecc464545ba58e1ad24/library/test/src/lib.rs:655:60
[INFO] [stdout]   27:     0x64359e9b83f3 - <core::panic::unwind_safe::AssertUnwindSafe<F> as core::ops::function::FnOnce<()>>::call_once::hf79cff2a624d8cf7
[INFO] [stdout]                                at /rustc/6067b36314ab5eb2eb47cecc464545ba58e1ad24/library/core/src/panic/unwind_safe.rs:272:9
[INFO] [stdout]   28:     0x64359e9b83f3 - std::panicking::try::do_call::h3da0561d9ab99c25
[INFO] [stdout]                                at /rustc/6067b36314ab5eb2eb47cecc464545ba58e1ad24/library/std/src/panicking.rs:587:40
[INFO] [stdout]   29:     0x64359e9b83f3 - std::panicking::try::h41c9fa508bc61df6
[INFO] [stdout]                                at /rustc/6067b36314ab5eb2eb47cecc464545ba58e1ad24/library/std/src/panicking.rs:550:19
[INFO] [stdout]   30:     0x64359e9b83f3 - std::panic::catch_unwind::h6b3ff07bb5afad93
[INFO] [stdout]                                at /rustc/6067b36314ab5eb2eb47cecc464545ba58e1ad24/library/std/src/panic.rs:358:14
[INFO] [stdout]   31:     0x64359e9b83f3 - test::run_test_in_process::hc7253dd11b39b9f4
[INFO] [stdout]                                at /rustc/6067b36314ab5eb2eb47cecc464545ba58e1ad24/library/test/src/lib.rs:655:27
[INFO] [stdout]   32:     0x64359e9b83f3 - test::run_test::{{closure}}::hfb2007f8649c30bb
[INFO] [stdout]                                at /rustc/6067b36314ab5eb2eb47cecc464545ba58e1ad24/library/test/src/lib.rs:576:43
[INFO] [stdout]   33:     0x64359e97b4d5 - test::run_test::{{closure}}::h56a17aa7a282a9f4
[INFO] [stdout]                                at /rustc/6067b36314ab5eb2eb47cecc464545ba58e1ad24/library/test/src/lib.rs:606:41
[INFO] [stdout]   34:     0x64359e97b4d5 - std::sys::backtrace::__rust_begin_short_backtrace::hd2d2d2fb8e8c6aac
[INFO] [stdout]                                at /rustc/6067b36314ab5eb2eb47cecc464545ba58e1ad24/library/std/src/sys/backtrace.rs:152:18
[INFO] [stdout]   35:     0x64359e97edba - std::thread::Builder::spawn_unchecked_::{{closure}}::{{closure}}::h4faa3f9db6133423
[INFO] [stdout]                                at /rustc/6067b36314ab5eb2eb47cecc464545ba58e1ad24/library/std/src/thread/mod.rs:559:17
[INFO] [stdout]   36:     0x64359e97edba - <core::panic::unwind_safe::AssertUnwindSafe<F> as core::ops::function::FnOnce<()>>::call_once::hf2e855a36a4ea846
[INFO] [stdout]                                at /rustc/6067b36314ab5eb2eb47cecc464545ba58e1ad24/library/core/src/panic/unwind_safe.rs:272:9
[INFO] [stdout]   37:     0x64359e97edba - std::panicking::try::do_call::h2f73af3616c35465
[INFO] [stdout]                                at /rustc/6067b36314ab5eb2eb47cecc464545ba58e1ad24/library/std/src/panicking.rs:587:40
[INFO] [stdout]   38:     0x64359e97edba - std::panicking::try::hd1660ce9efadef5a
[INFO] [stdout]                                at /rustc/6067b36314ab5eb2eb47cecc464545ba58e1ad24/library/std/src/panicking.rs:550:19
[INFO] [stdout]   39:     0x64359e97edba - std::panic::catch_unwind::h5ee8d7823b8ca744
[INFO] [stdout]                                at /rustc/6067b36314ab5eb2eb47cecc464545ba58e1ad24/library/std/src/panic.rs:358:14
[INFO] [stdout]   40:     0x64359e97edba - std::thread::Builder::spawn_unchecked_::{{closure}}::h53c3a1894dce8407
[INFO] [stdout]                                at /rustc/6067b36314ab5eb2eb47cecc464545ba58e1ad24/library/std/src/thread/mod.rs:557:30
[INFO] [stdout]   41:     0x64359e97edba - core::ops::function::FnOnce::call_once{{vtable.shim}}::h048ce291ad4f62bf
[INFO] [stdout]                                at /rustc/6067b36314ab5eb2eb47cecc464545ba58e1ad24/library/core/src/ops/function.rs:250:5
[INFO] [stdout]   42:     0x64359e9f439b - <alloc::boxed::Box<F,A> as core::ops::function::FnOnce<Args>>::call_once::ha52bedf99a3b4981
[INFO] [stdout]                                at /rustc/6067b36314ab5eb2eb47cecc464545ba58e1ad24/library/alloc/src/boxed.rs:2013:9
[INFO] [stdout]   43:     0x64359e9f439b - <alloc::boxed::Box<F,A> as core::ops::function::FnOnce<Args>>::call_once::h567748934d80ccf8
[INFO] [stdout]                                at /rustc/6067b36314ab5eb2eb47cecc464545ba58e1ad24/library/alloc/src/boxed.rs:2013:9
[INFO] [stdout]   44:     0x64359e9f439b - std::sys::pal::unix::thread::Thread::new::thread_start::h2d970728ae887adc
[INFO] [stdout]                                at /rustc/6067b36314ab5eb2eb47cecc464545ba58e1ad24/library/std/src/sys/pal/unix/thread.rs:106:17
[INFO] [stdout]   45:     0x73beea390ac3 - <unknown>
[INFO] [stdout]   46:     0x73beea421a04 - clone
[INFO] [stdout]   47:                0x0 - <unknown>
[INFO] [stdout] 
[INFO] [stdout] 
[INFO] [stdout] failures:
[INFO] [stdout]     compile_tests
[INFO] [stdout] 
[INFO] [stdout] test result: FAILED. 0 passed; 1 failed; 0 ignored; 0 measured; 0 filtered out; finished in 10.69s
[INFO] [stdout] 
[INFO] [stderr] error: test failed, to rerun pass `--test compile_tests`
[INFO] running `Command { std: "docker" "inspect" "e3b19ee63c554c21202809fc5f26e73d20d4b4d732bfd751d6c8b396aa9287de", kill_on_drop: false }`
[INFO] running `Command { std: "docker" "rm" "-f" "e3b19ee63c554c21202809fc5f26e73d20d4b4d732bfd751d6c8b396aa9287de", kill_on_drop: false }`
[INFO] [stdout] e3b19ee63c554c21202809fc5f26e73d20d4b4d732bfd751d6c8b396aa9287de
