[INFO] fetching crate serde_arrow 0.12.3...
[INFO] testing serde_arrow-0.12.3 against nightly-2025-01-18+rustflags=-Zrandomize-layout for randomize-layout-2
[INFO] extracting crate serde_arrow 0.12.3 into /workspace/builds/worker-3-tc2/source
[INFO] validating manifest of crates.io crate serde_arrow 0.12.3 on toolchain nightly-2025-01-18
[INFO] running `Command { std: CARGO_HOME="/workspace/cargo-home" RUSTUP_HOME="/workspace/rustup-home" "/workspace/cargo-home/bin/cargo" "+nightly-2025-01-18" "metadata" "--manifest-path" "Cargo.toml" "--no-deps", kill_on_drop: false }`
[INFO] started tweaking crates.io crate serde_arrow 0.12.3
[INFO] finished tweaking crates.io crate serde_arrow 0.12.3
[INFO] tweaked toml for crates.io crate serde_arrow 0.12.3 written to /workspace/builds/worker-3-tc2/source/Cargo.toml
[INFO] running `Command { std: CARGO_HOME="/workspace/cargo-home" RUSTUP_HOME="/workspace/rustup-home" "/workspace/cargo-home/bin/cargo" "+nightly-2025-01-18" "generate-lockfile" "--manifest-path" "Cargo.toml", kill_on_drop: false }`
[INFO] [stderr]     Updating crates.io index
[INFO] [stderr]      Locking 252 packages to latest compatible versions
[INFO] [stderr]       Adding arrow-array v37.0.0 (available: v54.0.0)
[INFO] [stderr]       Adding arrow-array v38.0.0 (available: v54.0.0)
[INFO] [stderr]       Adding arrow-array v39.0.0 (available: v54.0.0)
[INFO] [stderr]       Adding arrow-array v40.0.0 (available: v54.0.0)
[INFO] [stderr]       Adding arrow-array v41.0.0 (available: v54.0.0)
[INFO] [stderr]       Adding arrow-array v42.0.0 (available: v54.0.0)
[INFO] [stderr]       Adding arrow-array v43.0.0 (available: v54.0.0)
[INFO] [stderr]       Adding arrow-array v44.0.0 (available: v54.0.0)
[INFO] [stderr]       Adding arrow-array v45.0.0 (available: v54.0.0)
[INFO] [stderr]       Adding arrow-array v46.0.0 (available: v54.0.0)
[INFO] [stderr]       Adding arrow-array v47.0.0 (available: v54.0.0)
[INFO] [stderr]       Adding arrow-array v48.0.1 (available: v54.0.0)
[INFO] [stderr]       Adding arrow-array v49.0.0 (available: v54.0.0)
[INFO] [stderr]       Adding arrow-array v50.0.0 (available: v54.0.0)
[INFO] [stderr]       Adding arrow-array v51.0.0 (available: v54.0.0)
[INFO] [stderr]       Adding arrow-array v52.2.0 (available: v54.0.0)
[INFO] [stderr]       Adding arrow-array v53.4.0 (available: v54.0.0)
[INFO] [stderr]       Adding arrow-buffer v37.0.0 (available: v54.0.0)
[INFO] [stderr]       Adding arrow-buffer v38.0.0 (available: v54.0.0)
[INFO] [stderr]       Adding arrow-buffer v39.0.0 (available: v54.0.0)
[INFO] [stderr]       Adding arrow-buffer v40.0.0 (available: v54.0.0)
[INFO] [stderr]       Adding arrow-buffer v41.0.0 (available: v54.0.0)
[INFO] [stderr]       Adding arrow-buffer v42.0.0 (available: v54.0.0)
[INFO] [stderr]       Adding arrow-buffer v43.0.0 (available: v54.0.0)
[INFO] [stderr]       Adding arrow-buffer v44.0.0 (available: v54.0.0)
[INFO] [stderr]       Adding arrow-buffer v45.0.0 (available: v54.0.0)
[INFO] [stderr]       Adding arrow-buffer v46.0.0 (available: v54.0.0)
[INFO] [stderr]       Adding arrow-buffer v47.0.0 (available: v54.0.0)
[INFO] [stderr]       Adding arrow-buffer v48.0.1 (available: v54.0.0)
[INFO] [stderr]       Adding arrow-buffer v49.0.0 (available: v54.0.0)
[INFO] [stderr]       Adding arrow-buffer v50.0.0 (available: v54.0.0)
[INFO] [stderr]       Adding arrow-buffer v51.0.0 (available: v54.0.0)
[INFO] [stderr]       Adding arrow-buffer v52.2.0 (available: v54.0.0)
[INFO] [stderr]       Adding arrow-buffer v53.4.0 (available: v54.0.0)
[INFO] [stderr]       Adding arrow-data v37.0.0 (available: v54.0.0)
[INFO] [stderr]       Adding arrow-data v38.0.0 (available: v54.0.0)
[INFO] [stderr]       Adding arrow-data v39.0.0 (available: v54.0.0)
[INFO] [stderr]       Adding arrow-data v40.0.0 (available: v54.0.0)
[INFO] [stderr]       Adding arrow-data v41.0.0 (available: v54.0.0)
[INFO] [stderr]       Adding arrow-data v42.0.0 (available: v54.0.0)
[INFO] [stderr]       Adding arrow-data v43.0.0 (available: v54.0.0)
[INFO] [stderr]       Adding arrow-data v44.0.0 (available: v54.0.0)
[INFO] [stderr]       Adding arrow-data v45.0.0 (available: v54.0.0)
[INFO] [stderr]       Adding arrow-data v46.0.0 (available: v54.0.0)
[INFO] [stderr]       Adding arrow-data v47.0.0 (available: v54.0.0)
[INFO] [stderr]       Adding arrow-data v48.0.1 (available: v54.0.0)
[INFO] [stderr]       Adding arrow-data v49.0.0 (available: v54.0.0)
[INFO] [stderr]       Adding arrow-data v50.0.0 (available: v54.0.0)
[INFO] [stderr]       Adding arrow-data v51.0.0 (available: v54.0.0)
[INFO] [stderr]       Adding arrow-data v52.2.0 (available: v54.0.0)
[INFO] [stderr]       Adding arrow-data v53.4.0 (available: v54.0.0)
[INFO] [stderr]       Adding arrow-schema v37.0.0 (available: v54.0.0)
[INFO] [stderr]       Adding arrow-schema v38.0.0 (available: v54.0.0)
[INFO] [stderr]       Adding arrow-schema v39.0.0 (available: v54.0.0)
[INFO] [stderr]       Adding arrow-schema v40.0.0 (available: v54.0.0)
[INFO] [stderr]       Adding arrow-schema v41.0.0 (available: v54.0.0)
[INFO] [stderr]       Adding arrow-schema v42.0.0 (available: v54.0.0)
[INFO] [stderr]       Adding arrow-schema v43.0.0 (available: v54.0.0)
[INFO] [stderr]       Adding arrow-schema v44.0.0 (available: v54.0.0)
[INFO] [stderr]       Adding arrow-schema v45.0.0 (available: v54.0.0)
[INFO] [stderr]       Adding arrow-schema v46.0.0 (available: v54.0.0)
[INFO] [stderr]       Adding arrow-schema v47.0.0 (available: v54.0.0)
[INFO] [stderr]       Adding arrow-schema v48.0.1 (available: v54.0.0)
[INFO] [stderr]       Adding arrow-schema v49.0.0 (available: v54.0.0)
[INFO] [stderr]       Adding arrow-schema v50.0.0 (available: v54.0.0)
[INFO] [stderr]       Adding arrow-schema v51.0.0 (available: v54.0.0)
[INFO] [stderr]       Adding arrow-schema v52.2.0 (available: v54.0.0)
[INFO] [stderr]       Adding arrow-schema v53.4.0 (available: v54.0.0)
[INFO] [stderr]       Adding arrow2 v0.16.0 (available: v0.18.0)
[INFO] [stderr]       Adding arrow2 v0.17.4 (available: v0.18.0)
[INFO] [stderr]       Adding simd-json v0.13.11 (available: v0.14.3)
[INFO] running `Command { std: CARGO_HOME="/workspace/cargo-home" RUSTUP_HOME="/workspace/rustup-home" "/workspace/cargo-home/bin/cargo" "+nightly-2025-01-18" "fetch" "--manifest-path" "Cargo.toml", kill_on_drop: false }`
[INFO] running `Command { std: "docker" "create" "-v" "/var/lib/crater-agent-workspace/builds/worker-3-tc2/target:/opt/rustwide/target:rw,Z" "-v" "/var/lib/crater-agent-workspace/builds/worker-3-tc2/source:/opt/rustwide/workdir:ro,Z" "-v" "/var/lib/crater-agent-workspace/cargo-home:/opt/rustwide/cargo-home:ro,Z" "-v" "/var/lib/crater-agent-workspace/rustup-home:/opt/rustwide/rustup-home:ro,Z" "-e" "SOURCE_DIR=/opt/rustwide/workdir" "-e" "CARGO_TARGET_DIR=/opt/rustwide/target" "-e" "CARGO_HOME=/opt/rustwide/cargo-home" "-e" "RUSTUP_HOME=/opt/rustwide/rustup-home" "-w" "/opt/rustwide/workdir" "-m" "1610612736" "--user" "0:0" "--network" "none" "ghcr.io/rust-lang/crates-build-env/linux@sha256:819108c5571ea2e421544af4d832f968d213c87fbe3707a016657f43d2f853bc" "/opt/rustwide/cargo-home/bin/cargo" "+nightly-2025-01-18" "metadata" "--no-deps" "--format-version=1", kill_on_drop: false }`
[INFO] [stdout] 13649ed1e0926dd7d00bd86f7dee6adbc28be4baf734c2a63a6306b6eec20b14
[INFO] running `Command { std: "docker" "start" "-a" "13649ed1e0926dd7d00bd86f7dee6adbc28be4baf734c2a63a6306b6eec20b14", kill_on_drop: false }`
[INFO] running `Command { std: "docker" "inspect" "13649ed1e0926dd7d00bd86f7dee6adbc28be4baf734c2a63a6306b6eec20b14", kill_on_drop: false }`
[INFO] running `Command { std: "docker" "rm" "-f" "13649ed1e0926dd7d00bd86f7dee6adbc28be4baf734c2a63a6306b6eec20b14", kill_on_drop: false }`
[INFO] [stdout] 13649ed1e0926dd7d00bd86f7dee6adbc28be4baf734c2a63a6306b6eec20b14
[INFO] running `Command { std: "docker" "create" "-v" "/var/lib/crater-agent-workspace/builds/worker-3-tc2/target:/opt/rustwide/target:rw,Z" "-v" "/var/lib/crater-agent-workspace/builds/worker-3-tc2/source:/opt/rustwide/workdir:ro,Z" "-v" "/var/lib/crater-agent-workspace/cargo-home:/opt/rustwide/cargo-home:ro,Z" "-v" "/var/lib/crater-agent-workspace/rustup-home:/opt/rustwide/rustup-home:ro,Z" "-e" "SOURCE_DIR=/opt/rustwide/workdir" "-e" "CARGO_TARGET_DIR=/opt/rustwide/target" "-e" "CARGO_INCREMENTAL=0" "-e" "RUST_BACKTRACE=full" "-e" "RUSTFLAGS=--cap-lints=forbid -Zrandomize-layout" "-e" "RUSTDOCFLAGS=--cap-lints=forbid" "-e" "CARGO_HOME=/opt/rustwide/cargo-home" "-e" "RUSTUP_HOME=/opt/rustwide/rustup-home" "-w" "/opt/rustwide/workdir" "-m" "1610612736" "--user" "0:0" "--network" "none" "ghcr.io/rust-lang/crates-build-env/linux@sha256:819108c5571ea2e421544af4d832f968d213c87fbe3707a016657f43d2f853bc" "/opt/rustwide/cargo-home/bin/cargo" "+nightly-2025-01-18" "build" "--frozen" "--message-format=json", kill_on_drop: false }`
[INFO] [stdout] 7da70dac6073a40eb378372098127ed55ab324dc546f4394b4e1f26c1ffd2f38
[INFO] running `Command { std: "docker" "start" "-a" "7da70dac6073a40eb378372098127ed55ab324dc546f4394b4e1f26c1ffd2f38", kill_on_drop: false }`
[INFO] [stderr]    Compiling proc-macro2 v1.0.93
[INFO] [stderr]    Compiling unicode-ident v1.0.14
[INFO] [stderr]    Compiling autocfg v1.4.0
[INFO] [stderr]    Compiling serde v1.0.217
[INFO] [stderr]    Compiling serde_arrow v0.12.3 (/opt/rustwide/workdir)
[INFO] [stderr]    Compiling cfg-if v1.0.0
[INFO] [stderr]    Compiling num-traits v0.2.19
[INFO] [stderr]    Compiling quote v1.0.38
[INFO] [stderr]    Compiling syn v2.0.96
[INFO] [stderr]    Compiling chrono v0.4.39
[INFO] [stderr]    Compiling bytemuck_derive v1.8.1
[INFO] [stderr]    Compiling serde_derive v1.0.217
[INFO] [stderr]    Compiling bytemuck v1.21.0
[INFO] [stderr]    Compiling half v2.4.1
[INFO] [stderr]     Finished `dev` profile [unoptimized + debuginfo] target(s) in 17.13s
[INFO] running `Command { std: "docker" "inspect" "7da70dac6073a40eb378372098127ed55ab324dc546f4394b4e1f26c1ffd2f38", kill_on_drop: false }`
[INFO] running `Command { std: "docker" "rm" "-f" "7da70dac6073a40eb378372098127ed55ab324dc546f4394b4e1f26c1ffd2f38", kill_on_drop: false }`
[INFO] [stdout] 7da70dac6073a40eb378372098127ed55ab324dc546f4394b4e1f26c1ffd2f38
[INFO] running `Command { std: "docker" "create" "-v" "/var/lib/crater-agent-workspace/builds/worker-3-tc2/target:/opt/rustwide/target:rw,Z" "-v" "/var/lib/crater-agent-workspace/builds/worker-3-tc2/source:/opt/rustwide/workdir:ro,Z" "-v" "/var/lib/crater-agent-workspace/cargo-home:/opt/rustwide/cargo-home:ro,Z" "-v" "/var/lib/crater-agent-workspace/rustup-home:/opt/rustwide/rustup-home:ro,Z" "-e" "SOURCE_DIR=/opt/rustwide/workdir" "-e" "CARGO_TARGET_DIR=/opt/rustwide/target" "-e" "CARGO_INCREMENTAL=0" "-e" "RUST_BACKTRACE=full" "-e" "RUSTFLAGS=--cap-lints=forbid -Zrandomize-layout" "-e" "RUSTDOCFLAGS=--cap-lints=forbid" "-e" "CARGO_HOME=/opt/rustwide/cargo-home" "-e" "RUSTUP_HOME=/opt/rustwide/rustup-home" "-w" "/opt/rustwide/workdir" "-m" "1610612736" "--user" "0:0" "--network" "none" "ghcr.io/rust-lang/crates-build-env/linux@sha256:819108c5571ea2e421544af4d832f968d213c87fbe3707a016657f43d2f853bc" "/opt/rustwide/cargo-home/bin/cargo" "+nightly-2025-01-18" "test" "--frozen" "--no-run" "--message-format=json", kill_on_drop: false }`
[INFO] [stdout] 74ff4de4477039ad6fb676bca102d29eaca914ba447076776d10cbdbbefee858
[INFO] running `Command { std: "docker" "start" "-a" "74ff4de4477039ad6fb676bca102d29eaca914ba447076776d10cbdbbefee858", kill_on_drop: false }`
[INFO] [stderr]    Compiling serde v1.0.217
[INFO] [stderr]    Compiling libm v0.2.11
[INFO] [stderr]    Compiling version_check v0.9.5
[INFO] [stderr]    Compiling libc v0.2.169
[INFO] [stderr]    Compiling byteorder v1.5.0
[INFO] [stderr]    Compiling once_cell v1.20.2
[INFO] [stderr]    Compiling static_assertions v1.1.0
[INFO] [stderr]    Compiling iana-time-zone v0.1.61
[INFO] [stderr]    Compiling semver v1.0.25
[INFO] [stderr]    Compiling syn v1.0.109
[INFO] [stderr]    Compiling crossbeam-utils v0.8.21
[INFO] [stderr]    Compiling ryu v1.0.18
[INFO] [stderr]    Compiling num-traits v0.2.19
[INFO] [stderr]    Compiling either v1.13.0
[INFO] [stderr]    Compiling serde_json v1.0.137
[INFO] [stderr]    Compiling zerocopy-derive v0.7.35
[INFO] [stderr]    Compiling lexical-util v1.0.6
[INFO] [stderr]    Compiling rustversion v1.0.19
[INFO] [stderr]    Compiling bytes v1.9.0
[INFO] [stderr]    Compiling itoa v1.0.14
[INFO] [stderr]    Compiling memchr v2.7.4
[INFO] [stderr]    Compiling hashbrown v0.15.2
[INFO] [stderr]    Compiling ahash v0.8.11
[INFO] [stderr]    Compiling proc-macro-error-attr v1.0.4
[INFO] [stderr]    Compiling proc-macro-error v1.0.4
[INFO] [stderr]    Compiling allocator-api2 v0.2.21
[INFO] [stderr]    Compiling rayon-core v1.12.1
[INFO] [stderr]    Compiling rustc_version v0.4.1
[INFO] [stderr]    Compiling plotters-backend v0.3.7
[INFO] [stderr]    Compiling unicode-xid v0.2.6
[INFO] [stderr]    Compiling simdutf8 v0.1.5
[INFO] [stderr]    Compiling ciborium-io v0.2.2
[INFO] [stderr]    Compiling ref-cast v1.0.23
[INFO] [stderr]    Compiling regex-syntax v0.8.5
[INFO] [stderr]    Compiling anstyle v1.0.10
[INFO] [stderr]    Compiling crossbeam-epoch v0.9.18
[INFO] [stderr]    Compiling arrow2 v0.17.4
[INFO] [stderr]    Compiling clap_lex v0.7.4
[INFO] [stderr]    Compiling plotters-svg v0.3.7
[INFO] [stderr]    Compiling itertools v0.10.5
[INFO] [stderr]    Compiling ref-cast-impl v1.0.23
[INFO] [stderr]    Compiling err-derive v0.3.1
[INFO] [stderr]    Compiling bigdecimal v0.4.7
[INFO] [stderr]    Compiling base64 v0.22.1
[INFO] [stderr]    Compiling same-file v1.0.6
[INFO] [stderr]    Compiling getrandom v0.2.15
[INFO] [stderr]    Compiling crossbeam-deque v0.8.6
[INFO] [stderr]    Compiling clap_builder v4.5.27
[INFO] [stderr]    Compiling rust_decimal v1.36.0
[INFO] [stderr]    Compiling dyn-clone v1.0.17
[INFO] [stderr]    Compiling equivalent v1.0.1
[INFO] [stderr]    Compiling hash_hasher v2.0.3
[INFO] [stderr]    Compiling anyhow v1.0.95
[INFO] [stderr]    Compiling ethnum v1.5.0
[INFO] [stderr]    Compiling zerocopy v0.7.35
[INFO] [stderr]    Compiling lexical-write-integer v1.0.5
[INFO] [stderr]    Compiling num-integer v0.1.46
[INFO] [stderr]    Compiling half v2.4.1
[INFO] [stderr]    Compiling num-complex v0.4.6
[INFO] [stderr]    Compiling lexical-parse-integer v1.0.5
[INFO] [stderr]    Compiling float-cmp v0.9.0
[INFO] [stderr]    Compiling atoi v2.0.0
[INFO] [stderr]    Compiling rand_core v0.6.4
[INFO] [stderr]    Compiling num-bigint v0.4.6
[INFO] [stderr]    Compiling num-iter v0.1.45
[INFO] [stderr]    Compiling lexical-parse-float v1.0.5
[INFO] [stderr]    Compiling cast v0.3.0
[INFO] [stderr]    Compiling foreign_vec v0.1.0
[INFO] [stderr]    Compiling rayon v1.10.0
[INFO] [stderr]    Compiling lexical-write-float v1.0.5
[INFO] [stderr]    Compiling ciborium-ll v0.2.2
[INFO] [stderr]    Compiling plotters v0.3.7
[INFO] [stderr]    Compiling regex-automata v0.4.9
[INFO] [stderr]    Compiling indexmap v2.7.1
[INFO] [stderr]    Compiling ppv-lite86 v0.2.20
[INFO] [stderr]    Compiling walkdir v2.5.0
[INFO] [stderr]    Compiling is-terminal v0.4.13
[INFO] [stderr]    Compiling lexical-core v1.0.5
[INFO] [stderr]    Compiling oorandom v11.1.4
[INFO] [stderr]    Compiling arrayvec v0.7.6
[INFO] [stderr]    Compiling anes v0.1.6
[INFO] [stderr]    Compiling clap v4.5.27
[INFO] [stderr]    Compiling criterion-plot v0.5.0
[INFO] [stderr]    Compiling hashbrown v0.14.5
[INFO] [stderr]    Compiling rand_chacha v0.3.1
[INFO] [stderr]    Compiling rand v0.8.5
[INFO] [stderr]    Compiling chrono v0.4.39
[INFO] [stderr]    Compiling arrow-schema v54.0.0
[INFO] [stderr]    Compiling halfbrown v0.2.5
[INFO] [stderr]    Compiling ciborium v0.2.2
[INFO] [stderr]    Compiling arrow-schema v43.0.0
[INFO] [stderr]    Compiling num-rational v0.4.2
[INFO] [stderr]    Compiling arrow-schema v37.0.0
[INFO] [stderr]    Compiling value-trait v0.8.1
[INFO] [stderr]    Compiling arrow-schema v50.0.0
[INFO] [stderr]    Compiling regex v1.11.1
[INFO] [stderr]    Compiling num v0.4.3
[INFO] [stderr]    Compiling arrow-buffer v54.0.0
[INFO] [stderr]    Compiling arrow-schema v53.4.0
[INFO] [stderr]    Compiling uuid v1.12.0
[INFO] [stderr]    Compiling serde-transcode v1.1.1
[INFO] [stderr]    Compiling synstructure v0.12.6
[INFO] [stderr]    Compiling arrow-schema v41.0.0
[INFO] [stderr]    Compiling serde_bytes v0.11.15
[INFO] [stderr]    Compiling arrow-data v54.0.0
[INFO] [stderr]    Compiling tinytemplate v1.2.1
[INFO] [stderr]    Compiling simd-json v0.13.11
[INFO] [stderr]    Compiling jiff v0.1.24
[INFO] [stderr]    Compiling arrow-schema v44.0.0
[INFO] [stderr]    Compiling arrow-schema v45.0.0
[INFO] [stderr]    Compiling arrow-schema v40.0.0
[INFO] [stderr]    Compiling arrow-schema v47.0.0
[INFO] [stderr]    Compiling arrow-schema v42.0.0
[INFO] [stderr]    Compiling arrow-schema v48.0.1
[INFO] [stderr]    Compiling arrow-array v54.0.0
[INFO] [stderr]    Compiling criterion v0.5.1
[INFO] [stderr]    Compiling arrow-schema v52.2.0
[INFO] [stderr]    Compiling arrow-schema v51.0.0
[INFO] [stderr]    Compiling arrow-schema v39.0.0
[INFO] [stderr]    Compiling arrow-schema v49.0.0
[INFO] [stderr]    Compiling arrow-schema v38.0.0
[INFO] [stderr]    Compiling arrow2_convert_derive v0.5.0
[INFO] [stderr]    Compiling arrow-schema v46.0.0
[INFO] [stderr]    Compiling serde_arrow v0.12.3 (/opt/rustwide/workdir)
[INFO] [stderr]    Compiling arrow-select v54.0.0
[INFO] [stderr]    Compiling arrow2_convert v0.5.0
[INFO] [stderr]    Compiling arrow-cast v54.0.0
[INFO] [stderr]    Compiling arrow-json v54.0.0
[INFO] [stderr]     Finished `test` profile [unoptimized + debuginfo] target(s) in 45.82s
[INFO] running `Command { std: "docker" "inspect" "74ff4de4477039ad6fb676bca102d29eaca914ba447076776d10cbdbbefee858", kill_on_drop: false }`
[INFO] running `Command { std: "docker" "rm" "-f" "74ff4de4477039ad6fb676bca102d29eaca914ba447076776d10cbdbbefee858", kill_on_drop: false }`
[INFO] [stdout] 74ff4de4477039ad6fb676bca102d29eaca914ba447076776d10cbdbbefee858
[INFO] running `Command { std: "docker" "create" "-v" "/var/lib/crater-agent-workspace/builds/worker-3-tc2/target:/opt/rustwide/target:rw,Z" "-v" "/var/lib/crater-agent-workspace/builds/worker-3-tc2/source:/opt/rustwide/workdir:ro,Z" "-v" "/var/lib/crater-agent-workspace/cargo-home:/opt/rustwide/cargo-home:ro,Z" "-v" "/var/lib/crater-agent-workspace/rustup-home:/opt/rustwide/rustup-home:ro,Z" "-e" "SOURCE_DIR=/opt/rustwide/workdir" "-e" "CARGO_TARGET_DIR=/opt/rustwide/target" "-e" "CARGO_INCREMENTAL=0" "-e" "RUST_BACKTRACE=full" "-e" "RUSTFLAGS=--cap-lints=forbid -Zrandomize-layout" "-e" "RUSTDOCFLAGS=--cap-lints=forbid" "-e" "CARGO_HOME=/opt/rustwide/cargo-home" "-e" "RUSTUP_HOME=/opt/rustwide/rustup-home" "-w" "/opt/rustwide/workdir" "-m" "1610612736" "--user" "0:0" "--network" "none" "ghcr.io/rust-lang/crates-build-env/linux@sha256:819108c5571ea2e421544af4d832f968d213c87fbe3707a016657f43d2f853bc" "/opt/rustwide/cargo-home/bin/cargo" "+nightly-2025-01-18" "test" "--frozen", kill_on_drop: false }`
[INFO] [stdout] 7a97a865f2a27c811df080051f7f6a369c2e3c4c19a6b218369da408af6a2ca1
[INFO] running `Command { std: "docker" "start" "-a" "7a97a865f2a27c811df080051f7f6a369c2e3c4c19a6b218369da408af6a2ca1", kill_on_drop: false }`
[INFO] [stderr]     Finished `test` profile [unoptimized + debuginfo] target(s) in 0.71s
[INFO] [stderr]      Running unittests src/lib.rs (/opt/rustwide/target/debug/deps/serde_arrow-df41d4a4a7af72f9)
[INFO] [stdout] 
[INFO] [stdout] running 310 tests
[INFO] [stdout] test internal::chrono::match_one_or_more_digits ... ok
[INFO] [stdout] test internal::chrono::match_span ... ok
[INFO] [stdout] test internal::chrono::match_optional_sign ... ok
[INFO] [stdout] test internal::chrono::test_match_naive_date ... ok
[INFO] [stdout] test internal::chrono::test_match_naive_datetime ... ok
[INFO] [stdout] test internal::chrono::test_match_utc_datetime ... ok
[INFO] [stdout] test internal::chrono::match_one_or_two_digits ... ok
[INFO] [stdout] test internal::deserialization::test::example ... ok
[INFO] [stdout] test internal::chrono::test_parse_and_format_duration ... ok
[INFO] [stdout] test internal::schema::extensions::bool8_field::bool8_repr ... ok
[INFO] [stdout] test internal::schema::extensions::fixed_shape_tensor_field::fixed_shape_tensor_field_repr ... ok
[INFO] [stdout] test internal::schema::from_samples::test::example_i32_nullable_some ... ok
[INFO] [stdout] test internal::schema::from_samples::test::example_simple_struct ... ok
[INFO] [stdout] test internal::schema::from_samples::test::example_i64 ... ok
[INFO] [stdout] test internal::schema::extensions::variable_shape_tensor_field::test_serialization ... ok
[INFO] [stdout] test internal::deserialization::utils::test_check_supported_list_layout ... ok
[INFO] [stdout] test internal::schema::from_samples::test_error_messages::enums_without_data ... ok
[INFO] [stdout] test internal::chrono::test_match_naive_time ... ok
[INFO] [stdout] test internal::schema::from_samples::test::example_vec_f32 ... ok
[INFO] [stdout] test internal::schema::from_samples::test::example_tuples ... ok
[INFO] [stdout] test internal::schema::from_samples::test_error_messages::outer_struct ... ok
[INFO] [stdout] test internal::schema::from_samples::test_error_messages::outer_sequence_issue_97 ... ok
[INFO] [stdout] test internal::schema::from_type::test_error_messages::enums_without_data ... ok
[INFO] [stdout] test internal::schema::from_type::test_error_messages::map_as_struct ... ok
[INFO] [stdout] test internal::schema::from_type::test_error_messages::mismatched_overwrite_name ... ok
[INFO] [stdout] test internal::schema::serde::deserialize::test_split_strategy_from_metadata_with_metadata ... ok
[INFO] [stdout] test internal::schema::test::example ... ok
[INFO] [stdout] test internal::schema::test::date64_field_complex ... ok
[INFO] [stdout] test internal::schema::test::list ... ok
[INFO] [stdout] test internal::schema::test::example_without_wrapper ... ok
[INFO] [stdout] test internal::schema::test::i16_field_simple ... ok
[INFO] [stdout] test internal::schema::test::doc_schema ... ok
[INFO] [stdout] test internal::schema::from_type::test_error_messages::from_type_budget ... ok
[INFO] [stdout] test internal::schema::from_samples::test::example_vec_nullable_f32 ... ok
[INFO] [stdout] test internal::schema::from_type::test_error_messages::non_self_describing_types ... ok
[INFO] [stdout] test internal::schema::test::list_field_complex ... ok
[INFO] [stdout] test internal::schema::from_type::test_error_messages::missing_overwrites ... ok
[INFO] [stdout] test internal::error::error_can_be_converted_to_anyhow ... ok
[INFO] [stdout] test internal::schema::serde::deserialize::test_split_strategy_from_metadata_without_metadata ... ok
[INFO] [stdout] test internal::schema::from_type::test_error_messages::outer_struct ... ok
[INFO] [stdout] test internal::schema::test::test_boolean ... ok
[INFO] [stdout] test internal::schema::test::map_field_complex ... ok
[INFO] [stdout] test internal::schema::test::test_binary ... ok
[INFO] [stdout] test internal::schema::from_type::test_error_messages::overwrite_invalid_name ... ok
[INFO] [stdout] test internal::schema::test::null_fields_are_nullable_implicitly ... ok
[INFO] [stdout] test internal::schema::test::test_date_32 ... ok
[INFO] [stdout] test internal::schema::test::date64_with_strategy ... ok
[INFO] [stdout] test internal::schema::test::test_date_64 ... ok
[INFO] [stdout] test internal::schema::test::test_decimal_128 ... ok
[INFO] [stdout] test internal::schema::test::test_duration_nanosecond ... ok
[INFO] [stdout] test internal::schema::test::test_duration_second ... ok
[INFO] [stdout] test internal::schema::test::test_fixed_size_binary ... ok
[INFO] [stdout] test internal::schema::test::test_float16 ... ok
[INFO] [stdout] test internal::schema::test::test_float32 ... ok
[INFO] [stdout] test internal::schema::test::test_float64 ... ok
[INFO] [stdout] test internal::schema::test::test_int16 ... ok
[INFO] [stdout] test internal::schema::test::test_int32 ... ok
[INFO] [stdout] test internal::schema::test::test_int8 ... ok
[INFO] [stdout] test internal::schema::test::test_large_binary ... ok
[INFO] [stdout] test internal::schema::test::test_large_utf8 ... ok
[INFO] [stdout] test internal::schema::test::test_metadata_strategy_from_metadata ... ok
[INFO] [stdout] test internal::schema::test::test_long_form_types ... ok
[INFO] [stdout] test internal::schema::test::test_int64 ... ok
[INFO] [stdout] test internal::schema::test::test_invalid_metadata ... ok
[INFO] [stdout] test internal::schema::test::test_null ... ok
[INFO] [stdout] test internal::schema::test::test_metadata_strategy_from_explicit ... ok
[INFO] [stdout] test internal::schema::test::test_time32_millisecond ... ok
[INFO] [stdout] test internal::schema::test::test_time64_nanosecond ... ok
[INFO] [stdout] test internal::schema::test::test_time64_microsecond ... ok
[INFO] [stdout] test internal::schema::test::test_timestamp_no_tz ... ok
[INFO] [stdout] test internal::schema::test::test_time32_second ... ok
[INFO] [stdout] test internal::schema::test::test_uint16 ... ok
[INFO] [stdout] test internal::schema::test::test_uint32 ... ok
[INFO] [stdout] test internal::schema::test::test_uint64 ... ok
[INFO] [stdout] test internal::schema::test::test_timestamp_utc ... ok
[INFO] [stdout] test internal::schema::test::test_utf8 ... ok
[INFO] [stdout] test internal::schema::test::test_uint8 ... ok
[INFO] [stdout] test internal::utils::decimal::test_format_decimal ... ok
[INFO] [stdout] test internal::utils::decimal::test_missing_number ... ok
[INFO] [stdout] test internal::utils::decimal::test_negative_scale ... ok
[INFO] [stdout] test internal::utils::decimal::test_negative_scale_truncation ... ok
[INFO] [stdout] test internal::utils::decimal::test_positive_scale_fraction ... ok
[INFO] [stdout] test internal::utils::decimal::test_positive_scale_fraction_truncation ... ok
[INFO] [stdout] test internal::utils::decimal::test_insufficient_precision_missing_number ... ok
[INFO] [stdout] test internal::utils::dsl::test::complex ... ok
[INFO] [stdout] test internal::utils::dsl::test::complex_whitespace ... ok
[INFO] [stdout] test internal::utils::dsl::test::example ... ok
[INFO] [stdout] test internal::utils::dsl::test::example_whitespace ... ok
[INFO] [stdout] test internal::utils::test_value::example ... ok
[INFO] [stdout] test internal::utils::test_value::example_i16 ... ok
[INFO] [stdout] test internal::utils::test_value::example_i32 ... ok
[INFO] [stdout] test internal::utils::decimal::test_copy_digits ... ok
[INFO] [stdout] test internal::utils::array_ext::test_set_bit_buffer ... ok
[INFO] [stdout] test internal::utils::decimal::test_examples_scale_0 ... ok
[INFO] [stdout] test internal::utils::test_value::example_i64 ... ok
[INFO] [stdout] test internal::utils::test_value::example_i8 ... ok
[INFO] [stdout] test internal::utils::test_value::example_u16 ... ok
[INFO] [stdout] test internal::utils::test_value::example_u64 ... ok
[INFO] [stdout] test test::api_chrono::test_chrono_api_datetime_debug ... ok
[INFO] [stdout] test test::api_chrono::test_chrono_api_naive_datetime ... ok
[INFO] [stdout] test test::api_chrono::test_chrono_fixed_offset ... ok
[INFO] [stdout] test internal::utils::test_value::example_u8 ... ok
[INFO] [stdout] test test::api_chrono::test_parse_utc ... ok
[INFO] [stdout] test test::deserialization::list::invalid_offsets ... ok
[INFO] [stdout] test test::deserialization::union::non_consecutive_offsets ... ok
[INFO] [stdout] test test::error_messages::deserializers::example_exhausted ... ok
[INFO] [stdout] test internal::utils::test_value::example_u32 ... ok
[INFO] [stdout] test test::api_chrono::test_chrono_api_datetime ... ok
[INFO] [stdout] test test::error_messages::misc::backtrace_on_debug ... ok
[INFO] [stdout] test test::error_messages::push_validity::struct_top_level ... ok
[INFO] [stdout] test test::error_messages::push_validity::struct_nested ... ok
[INFO] [stdout] test test::error_messages::push_validity::int_top_level ... ok
[INFO] [stdout] test test::error_messages::trace_from_samples::incompatible_primitives ... ok
[INFO] [stdout] test test::error_messages::trace_from_samples::non_sequence ... ok
[INFO] [stdout] test test::schema_like::extra_attributes_trailing ... ok
[INFO] [stdout] test test::error_messages::trace_from_type::net_ip_addr_is_not_self_describing ... ok
[INFO] [stdout] test test::schema_like::struct_missing_fields ... ok
[INFO] [stdout] test test::error_messages::push_validity::int_nested ... ok
[INFO] [stdout] test test::error_messages::trace_from_samples::number_coercion ... ok
[INFO] [stdout] test test::error_messages::trace_from_type::unsupported_recursive_types ... ok
[INFO] [stdout] test test::schema_like::invalid_top_level ... ok
[INFO] [stdout] test test::schema_like::list_missing_dat_tpye ... ok
[INFO] [stdout] test test::error_messages::trace_from_type::example ... ok
[INFO] [stdout] test test::schema_like::struct_missing_data_type ... ok
[INFO] [stdout] test test::schema_like::extra_attributes_leading ... ok
[INFO] [stdout] test test::error_messages::trace_from_type::chrono_types_are_not_self_describing ... ok
[INFO] [stdout] test test::schema_tracing::json_date64_naive_null::null_str ... ok
[INFO] [stdout] test test::schema_tracing::json_bool_null::pos_null ... ok
[INFO] [stdout] test test::schema_tracing::json_bool_null::null_pos ... ok
[INFO] [stdout] test test::schema_tracing::json_date64_naive_null::str_null ... ok
[INFO] [stdout] test test::schema_tracing::json_date64_to_string_coercions::naive_null_utc::large_utf8 ... ok
[INFO] [stdout] test test::schema_tracing::json_date64_to_string_coercions::naive_null_str::utf8 ... ok
[INFO] [stdout] test test::schema_tracing::json_date64_to_string_coercions::naive_null_utc::utf8 ... ok
[INFO] [stdout] test test::schema_tracing::json_date64_to_string_coercions::naive_str_null::large_utf8 ... ok
[INFO] [stdout] test test::schema_tracing::json_date64_to_string_coercions::naive_null_str::large_utf8 ... ok
[INFO] [stdout] test test::schema_tracing::json_date64_to_string_coercions::naive_utc_null::utf8 ... ok
[INFO] [stdout] test test::schema_tracing::json_date64_to_string_coercions::null_naive_utc::large_utf8 ... ok
[INFO] [stdout] test test::schema_tracing::json_date64_to_string_coercions::null_naive_str::large_utf8 ... ok
[INFO] [stdout] test test::schema_tracing::json_date64_to_string_coercions::naive_str_null::utf8 ... ok
[INFO] [stdout] test test::schema_tracing::json_date64_to_string_coercions::null_naive_utc::utf8 ... ok
[INFO] [stdout] test test::schema_tracing::json_date64_to_string_coercions::naive_utc_null::large_utf8 ... ok
[INFO] [stdout] test test::schema_tracing::json_date64_to_string_coercions::null_naive_str::utf8 ... ok
[INFO] [stdout] test test::schema_tracing::json_date64_to_string_coercions::null_str_naive::large_utf8 ... ok
[INFO] [stdout] test test::schema_tracing::json_date64_to_string_coercions::null_str_naive::utf8 ... ok
[INFO] [stdout] test test::schema_tracing::json_date64_to_string_coercions::null_str_utc::large_utf8 ... ok
[INFO] [stdout] test test::schema_tracing::json_date64_to_string_coercions::null_str_utc::utf8 ... ok
[INFO] [stdout] test test::schema_tracing::json_date64_to_string_coercions::null_utc_naive::large_utf8 ... ok
[INFO] [stdout] test test::schema_tracing::json_date64_to_string_coercions::null_utc_str::utf8 ... ok
[INFO] [stdout] test test::schema_tracing::json_date64_to_string_coercions::null_utc_naive::utf8 ... ok
[INFO] [stdout] test test::schema_tracing::json_date64_to_string_coercions::null_utc_str::large_utf8 ... ok
[INFO] [stdout] test test::schema_tracing::json_date64_to_string_coercions::str_naive_null::large_utf8 ... ok
[INFO] [stdout] test test::schema_tracing::json_date64_to_string_coercions::str_null_utc::large_utf8 ... ok
[INFO] [stdout] test test::schema_tracing::json_date64_to_string_coercions::str_naive_null::utf8 ... ok
[INFO] [stdout] test test::schema_tracing::json_date64_to_string_coercions::str_null_naive::utf8 ... ok
[INFO] [stdout] test test::schema_tracing::json_date64_to_string_coercions::str_null_naive::large_utf8 ... ok
[INFO] [stdout] test test::schema_tracing::json_date64_to_string_coercions::str_utc_null::large_utf8 ... ok
[INFO] [stdout] test test::schema_tracing::json_date64_to_string_coercions::str_null_utc::utf8 ... ok
[INFO] [stdout] test test::schema_tracing::json_date64_to_string_coercions::str_utc_null::utf8 ... ok
[INFO] [stdout] test test::schema_tracing::json_date64_to_string_coercions::utc_naive_null::large_utf8 ... ok
[INFO] [stdout] test test::schema_tracing::json_date64_to_string_coercions::utc_naive_null::utf8 ... ok
[INFO] [stdout] test test::schema_tracing::json_date64_to_string_coercions::utc_null_naive::large_utf8 ... ok
[INFO] [stdout] test test::schema_tracing::json_date64_to_string_coercions::utc_str_null::large_utf8 ... ok
[INFO] [stdout] test test::schema_tracing::json_date64_to_string_coercions::utc_null_naive::utf8 ... ok
[INFO] [stdout] test test::schema_tracing::json_date64_to_string_coercions::utc_str_null::utf8 ... ok
[INFO] [stdout] test test::schema_tracing::json_date64_utc_null::null_str ... ok
[INFO] [stdout] test test::schema_tracing::json_i64_null::neg_pos_null ... ok
[INFO] [stdout] test test::schema_tracing::json_date64_to_string_coercions::utc_null_str::utf8 ... ok
[INFO] [stdout] test test::schema_tracing::json_date64_utc_null::str_null ... ok
[INFO] [stdout] test test::schema_tracing::json_i64_null::null_pos_neg ... ok
[INFO] [stdout] test test::schema_tracing::json_i64_null::null_neg_pos ... ok
[INFO] [stdout] test test::schema_tracing::json_date64_to_string_coercions::utc_null_str::large_utf8 ... ok
[INFO] [stdout] test test::schema_tracing::json_i64_null::neg_null_pos ... ok
[INFO] [stdout] test test::schema_tracing::json_i64_null::pos_neg_null ... ok
[INFO] [stdout] test test::schema_tracing::json_i64_null::pos_null_neg ... ok
[INFO] [stdout] test test::schema_tracing::json_list_null::null_list ... ok
[INFO] [stdout] test test::schema_tracing::json_u64_null::null_pos ... ok
[INFO] [stdout] test test::schema_tracing::json_list_null::list_null ... ok
[INFO] [stdout] test test::schema_tracing::untagged_enum_number_coercion::f32_f32::ab ... ok
[INFO] [stdout] test test::schema_tracing::untagged_enum_number_coercion::f32_f64_null::abc ... ok
[INFO] [stdout] test test::schema_tracing::json_utf8_null::str_null ... ok
[INFO] [stdout] test test::schema_tracing::json_utf8_null::null_str ... ok
[INFO] [stdout] test test::schema_tracing::untagged_enum_number_coercion::f32_f64::ab ... ok
[INFO] [stdout] test test::schema_tracing::json_struct_null::null_struct ... ok
[INFO] [stdout] test test::schema_tracing::json_struct_null::struct_null ... ok
[INFO] [stdout] test test::schema_tracing::untagged_enum_number_coercion::f32_f64_null::cba ... ok
[INFO] [stdout] test test::schema_tracing::untagged_enum_number_coercion::f32_f64::ba ... ok
[INFO] [stdout] test test::schema_tracing::untagged_enum_number_coercion::f32_f32::ba ... ok
[INFO] [stdout] test test::schema_tracing::untagged_enum_number_coercion::f32_i32::ba ... ok
[INFO] [stdout] test test::schema_tracing::untagged_enum_number_coercion::f32_i64::ab ... ok
[INFO] [stdout] test test::schema_tracing::untagged_enum_number_coercion::f32_i64::ba ... ok
[INFO] [stdout] test test::schema_tracing::untagged_enum_number_coercion::f32_i8::ab ... ok
[INFO] [stdout] test test::schema_tracing::untagged_enum_number_coercion::f32_null::ab ... ok
[INFO] [stdout] test test::schema_tracing::untagged_enum_number_coercion::f32_f64_null::acb ... ok
[INFO] [stdout] test test::schema_tracing::untagged_enum_number_coercion::f32_f64_null::bac ... ok
[INFO] [stdout] test test::schema_tracing::untagged_enum_number_coercion::f32_null::ba ... ok
[INFO] [stdout] test test::schema_tracing::untagged_enum_number_coercion::f32_f64_null::cab ... ok
[INFO] [stdout] test test::schema_tracing::untagged_enum_number_coercion::f32_i16::ab ... ok
[INFO] [stdout] test test::schema_tracing::untagged_enum_number_coercion::f32_f64_null::bca ... ok
[INFO] [stdout] test test::schema_tracing::untagged_enum_number_coercion::f32_u16::ab ... ok
[INFO] [stdout] test test::schema_tracing::untagged_enum_number_coercion::f32_i16::ba ... ok
[INFO] [stdout] test test::schema_tracing::untagged_enum_number_coercion::f32_u32::ba ... ok
[INFO] [stdout] test test::schema_tracing::untagged_enum_number_coercion::f32_i32::ab ... ok
[INFO] [stdout] test test::schema_tracing::untagged_enum_number_coercion::f32_i8::ba ... ok
[INFO] [stdout] test test::schema_tracing::untagged_enum_number_coercion::f32_u64::ab ... ok
[INFO] [stdout] test test::schema_tracing::untagged_enum_number_coercion::f32_u8::ab ... ok
[INFO] [stdout] test test::schema_tracing::untagged_enum_number_coercion::f32_u16::ba ... ok
[INFO] [stdout] test test::schema_tracing::untagged_enum_number_coercion::f32_u8::ba ... ok
[INFO] [stdout] test test::schema_tracing::json_u64_null::pos_null ... ok
[INFO] [stdout] test test::schema_tracing::untagged_enum_number_coercion::f32_u32::ab ... ok
[INFO] [stdout] test test::schema_tracing::untagged_enum_number_coercion::f64_f64::ab ... ok
[INFO] [stdout] test test::schema_tracing::untagged_enum_number_coercion::f64_f64::ba ... ok
[INFO] [stdout] test test::schema_tracing::untagged_enum_number_coercion::f32_u64::ba ... ok
[INFO] [stdout] test test::schema_tracing::untagged_enum_number_coercion::f64_i16::ab ... ok
[INFO] [stdout] test test::schema_tracing::untagged_enum_number_coercion::f64_i16::ba ... ok
[INFO] [stdout] test test::schema_tracing::untagged_enum_number_coercion::f64_i32::ab ... ok
[INFO] [stdout] test test::schema_tracing::untagged_enum_number_coercion::f64_i64::ab ... ok
[INFO] [stdout] test test::schema_tracing::untagged_enum_number_coercion::f64_i32::ba ... ok
[INFO] [stdout] test test::schema_tracing::untagged_enum_number_coercion::f64_i64::ba ... ok
[INFO] [stdout] test test::schema_tracing::untagged_enum_number_coercion::f64_i8::ba ... ok
[INFO] [stdout] test test::schema_tracing::untagged_enum_number_coercion::f64_i8::ab ... ok
[INFO] [stdout] test test::schema_tracing::untagged_enum_number_coercion::f64_null::ab ... ok
[INFO] [stdout] test test::schema_tracing::untagged_enum_number_coercion::f64_u16::ab ... ok
[INFO] [stdout] test test::schema_tracing::untagged_enum_number_coercion::f64_null::ba ... ok
[INFO] [stdout] test test::schema_tracing::untagged_enum_number_coercion::f64_u16::ba ... ok
[INFO] [stdout] test test::schema_tracing::untagged_enum_number_coercion::f64_u32::ba ... ok
[INFO] [stdout] test test::schema_tracing::untagged_enum_number_coercion::f64_u32::ab ... ok
[INFO] [stdout] test test::schema_tracing::untagged_enum_number_coercion::f64_u64::ab ... ok
[INFO] [stdout] test test::schema_tracing::untagged_enum_number_coercion::f64_u8::ab ... ok
[INFO] [stdout] test test::schema_tracing::untagged_enum_number_coercion::f64_u8_null::acb ... ok
[INFO] [stdout] test test::schema_tracing::untagged_enum_number_coercion::f64_u8::ba ... ok
[INFO] [stdout] test test::schema_tracing::untagged_enum_number_coercion::f64_u8_null::bac ... ok
[INFO] [stdout] test test::schema_tracing::untagged_enum_number_coercion::f64_u8_null::cab ... ok
[INFO] [stdout] test test::schema_tracing::untagged_enum_number_coercion::i16_i16::ba ... ok
[INFO] [stdout] test test::schema_tracing::untagged_enum_number_coercion::i16_null::ab ... ok
[INFO] [stdout] test test::schema_tracing::untagged_enum_number_coercion::i16_i32::ba ... ok
[INFO] [stdout] test test::schema_tracing::untagged_enum_number_coercion::i16_i64::ab ... ok
[INFO] [stdout] test test::schema_tracing::untagged_enum_number_coercion::i16_i64::ba ... ok
[INFO] [stdout] test test::schema_tracing::untagged_enum_number_coercion::i32_i32::ba ... ok
[INFO] [stdout] test test::schema_tracing::untagged_enum_number_coercion::f64_u8_null::cba ... ok
[INFO] [stdout] test test::schema_tracing::untagged_enum_number_coercion::i32_i32::ab ... ok
[INFO] [stdout] test test::schema_tracing::untagged_enum_number_coercion::i16_null::ba ... ok
[INFO] [stdout] test test::schema_tracing::untagged_enum_number_coercion::i32_i32_undecorated::ba ... ok
[INFO] [stdout] test test::schema_tracing::untagged_enum_number_coercion::i32_i64::ab ... ok
[INFO] [stdout] test test::schema_tracing::untagged_enum_number_coercion::i32_i64::ba ... ok
[INFO] [stdout] test test::schema_tracing::untagged_enum_number_coercion::i32_i64_null::abc ... ok
[INFO] [stdout] test test::schema_tracing::untagged_enum_number_coercion::f64_u64::ba ... ok
[INFO] [stdout] test test::schema_tracing::untagged_enum_number_coercion::f64_u8_null::abc ... ok
[INFO] [stdout] test test::schema_tracing::untagged_enum_number_coercion::f64_u8_null::bca ... ok
[INFO] [stdout] test test::schema_tracing::untagged_enum_number_coercion::i16_i16::ab ... ok
[INFO] [stdout] test test::schema_tracing::untagged_enum_number_coercion::i32_i64_null::acb ... ok
[INFO] [stdout] test test::schema_tracing::untagged_enum_number_coercion::i16_i32::ab ... ok
[INFO] [stdout] test test::schema_tracing::untagged_enum_number_coercion::i32_i64_null::bac ... ok
[INFO] [stdout] test test::schema_tracing::untagged_enum_number_coercion::i32_i64_null::bca ... ok
[INFO] [stdout] test test::schema_tracing::untagged_enum_number_coercion::i32_i64_null::cab ... ok
[INFO] [stdout] test test::schema_tracing::untagged_enum_number_coercion::i32_i64_null::cba ... ok
[INFO] [stdout] test test::schema_tracing::untagged_enum_number_coercion::i32_i32_undecorated::ab ... ok
[INFO] [stdout] test test::schema_tracing::untagged_enum_number_coercion::i32_null::ab ... ok
[INFO] [stdout] test test::schema_tracing::untagged_enum_number_coercion::i32_null::ba ... ok
[INFO] [stdout] test test::schema_tracing::untagged_enum_number_coercion::i64_i64::ab ... ok
[INFO] [stdout] test test::schema_tracing::untagged_enum_number_coercion::i64_i64::ba ... ok
[INFO] [stdout] test test::schema_tracing::untagged_enum_number_coercion::i64_null::ab ... ok
[INFO] [stdout] test test::schema_tracing::untagged_enum_number_coercion::i8_i32::ba ... ok
[INFO] [stdout] test test::schema_tracing::untagged_enum_number_coercion::i8_i16::ab ... ok
[INFO] [stdout] test test::schema_tracing::untagged_enum_number_coercion::i64_null::ba ... ok
[INFO] [stdout] test test::schema_tracing::untagged_enum_number_coercion::i8_null::ab ... ok
[INFO] [stdout] test test::schema_tracing::untagged_enum_number_coercion::i8_null::ba ... ok
[INFO] [stdout] test test::schema_tracing::untagged_enum_number_coercion::i8_i16::ba ... ok
[INFO] [stdout] test test::schema_tracing::untagged_enum_number_coercion::i8_i32::ab ... ok
[INFO] [stdout] test test::schema_tracing::untagged_enum_number_coercion::i8_i64::ba ... ok
[INFO] [stdout] test test::schema_tracing::untagged_enum_number_coercion::i8_i64::ab ... ok
[INFO] [stdout] test test::schema_tracing::untagged_enum_number_coercion::i8_i8::ab ... ok
[INFO] [stdout] test test::schema_tracing::untagged_enum_number_coercion::i8_i8::ba ... ok
[INFO] [stdout] test test::schema_tracing::untagged_enum_number_coercion::u16_null::ab ... ok
[INFO] [stdout] test test::schema_tracing::untagged_enum_number_coercion::u16_null::ba ... ok
[INFO] [stdout] test test::schema_tracing::untagged_enum_number_coercion::u16_u32::ab ... ok
[INFO] [stdout] test test::schema_tracing::untagged_enum_number_coercion::u16_u64::ba ... ok
[INFO] [stdout] test test::schema_tracing::untagged_enum_number_coercion::u16_u16::ba ... ok
[INFO] [stdout] test test::schema_tracing::untagged_enum_number_coercion::u32_null::ab ... ok
[INFO] [stdout] test test::schema_tracing::untagged_enum_number_coercion::u32_u32::ba ... ok
[INFO] [stdout] test test::schema_tracing::untagged_enum_number_coercion::u32_null::ba ... ok
[INFO] [stdout] test test::schema_tracing::untagged_enum_number_coercion::u32_u64::ba ... ok
[INFO] [stdout] test test::schema_tracing::untagged_enum_number_coercion::u16_u16::ab ... ok
[INFO] [stdout] test test::schema_tracing::untagged_enum_number_coercion::u64_null::ab ... ok
[INFO] [stdout] test test::schema_tracing::untagged_enum_number_coercion::u64_null::ba ... ok
[INFO] [stdout] test test::schema_tracing::untagged_enum_number_coercion::u64_u64::ab ... ok
[INFO] [stdout] test test::schema_tracing::untagged_enum_number_coercion::u8_u16::ab ... ok
[INFO] [stdout] test test::schema_tracing::untagged_enum_number_coercion::u32_u32::ab ... ok
[INFO] [stdout] test test::schema_tracing::untagged_enum_number_coercion::u64_u64::ba ... ok
[INFO] [stdout] test test::schema_tracing::untagged_enum_number_coercion::u32_u64::ab ... ok
[INFO] [stdout] test test::schema_tracing::untagged_enum_number_coercion::u8_null::ab ... ok
[INFO] [stdout] test test::schema_tracing::untagged_enum_number_coercion::u8_null::ba ... ok
[INFO] [stdout] test test::schema_tracing::untagged_enum_number_coercion::u16_u64::ab ... ok
[INFO] [stdout] test test::schema_tracing::untagged_enum_number_coercion::u16_u32::ba ... ok
[INFO] [stdout] test test::schema_tracing::untagged_enum_number_coercion::u8_u16::ba ... ok
[INFO] [stdout] test test::schema_tracing::untagged_enum_number_coercion::u8_u16_null::acb ... ok
[INFO] [stdout] test test::schema_tracing::untagged_enum_number_coercion::u8_u16_null::abc ... ok
[INFO] [stdout] test test::schema_tracing::untagged_enum_number_coercion::u8_u16_null::bac ... ok
[INFO] [stdout] test test::schema_tracing::untagged_enum_number_coercion::u8_u16_null::bca ... ok
[INFO] [stdout] test test::schema_tracing::untagged_enum_number_coercion::u8_u16_null::cab ... ok
[INFO] [stdout] test test::schema_tracing::untagged_enum_number_coercion::u8_u16_null::cba ... ok
[INFO] [stdout] test test::schema_tracing::untagged_enum_number_coercion::u8_u32::ab ... ok
[INFO] [stdout] test test::schema_tracing::untagged_enum_number_coercion::u8_u32::ba ... ok
[INFO] [stdout] test test::schema_tracing::untagged_enum_number_coercion::u8_u64::ab ... ok
[INFO] [stdout] test test::schema_tracing::untagged_enum_number_coercion::u8_u64::ba ... ok
[INFO] [stdout] test test::schema_tracing::untagged_enum_number_coercion::u8_u8::ab ... ok
[INFO] [stdout] test test::schema_tracing::untagged_enum_number_coercion::u8_u8::ba ... ok
[INFO] [stdout] test test::jiff::invalid_utc_formats ... ok
[INFO] [stdout] test test::jiff::empty_string_errors ... ok
[INFO] [stdout] test test::jiff::transmute_jiff_chrono ... ok
[INFO] [stdout] test test::jiff::string_repr_examples ... FAILED
[INFO] [stdout] 
[INFO] [stdout] failures:
[INFO] [stdout] 
[INFO] [stdout] ---- test::jiff::string_repr_examples stdout ----
[INFO] [stdout] 
[INFO] [stdout] thread 'test::jiff::string_repr_examples' panicked at src/test/jiff.rs:46:5:
[INFO] [stdout] assertion `left == right` failed
[INFO] [stdout]   left: "P32D"
[INFO] [stdout]  right: "P32d"
[INFO] [stdout] stack backtrace:
[INFO] [stdout]    0:     0x5725f28bd00a - std::backtrace_rs::backtrace::libunwind::trace::hb059275cfc8d6126
[INFO] [stdout]                                at /rustc/6067b36314ab5eb2eb47cecc464545ba58e1ad24/library/std/src/../../backtrace/src/backtrace/libunwind.rs:116:5
[INFO] [stdout]    1:     0x5725f28bd00a - std::backtrace_rs::backtrace::trace_unsynchronized::h2da071e4327ce3ee
[INFO] [stdout]                                at /rustc/6067b36314ab5eb2eb47cecc464545ba58e1ad24/library/std/src/../../backtrace/src/backtrace/mod.rs:66:5
[INFO] [stdout]    2:     0x5725f28bd00a - std::sys::backtrace::_print_fmt::h842a1474e6f8d23f
[INFO] [stdout]                                at /rustc/6067b36314ab5eb2eb47cecc464545ba58e1ad24/library/std/src/sys/backtrace.rs:66:9
[INFO] [stdout]    3:     0x5725f28bd00a - <std::sys::backtrace::BacktraceLock::print::DisplayBacktrace as core::fmt::Display>::fmt::h71a62eb3b9696b12
[INFO] [stdout]                                at /rustc/6067b36314ab5eb2eb47cecc464545ba58e1ad24/library/std/src/sys/backtrace.rs:39:26
[INFO] [stdout]    4:     0x5725f28e8c93 - core::fmt::rt::Argument::fmt::hdb6b616786b41dc1
[INFO] [stdout]                                at /rustc/6067b36314ab5eb2eb47cecc464545ba58e1ad24/library/core/src/fmt/rt.rs:177:76
[INFO] [stdout]    5:     0x5725f28e8c93 - core::fmt::write::h2cc1698af7e2d686
[INFO] [stdout]                                at /rustc/6067b36314ab5eb2eb47cecc464545ba58e1ad24/library/core/src/fmt/mod.rs:1440:21
[INFO] [stdout]    6:     0x5725f28b96b3 - std::io::Write::write_fmt::hab1b4cd059a79022
[INFO] [stdout]                                at /rustc/6067b36314ab5eb2eb47cecc464545ba58e1ad24/library/std/src/io/mod.rs:1887:15
[INFO] [stdout]    7:     0x5725f28bce52 - std::sys::backtrace::BacktraceLock::print::h147fe35b4ea13b08
[INFO] [stdout]                                at /rustc/6067b36314ab5eb2eb47cecc464545ba58e1ad24/library/std/src/sys/backtrace.rs:42:9
[INFO] [stdout]    8:     0x5725f28be42f - std::panicking::default_hook::{{closure}}::hbd44223dbdc0d208
[INFO] [stdout]                                at /rustc/6067b36314ab5eb2eb47cecc464545ba58e1ad24/library/std/src/panicking.rs:298:22
[INFO] [stdout]    9:     0x5725f28be248 - std::panicking::default_hook::h20f81eb0576efcec
[INFO] [stdout]                                at /rustc/6067b36314ab5eb2eb47cecc464545ba58e1ad24/library/std/src/panicking.rs:322:9
[INFO] [stdout]   10:     0x5725f2782f23 - <alloc::boxed::Box<F,A> as core::ops::function::Fn<Args>>::call::hdb53814c496a4d34
[INFO] [stdout]                                at /rustc/6067b36314ab5eb2eb47cecc464545ba58e1ad24/library/alloc/src/boxed.rs:2027:9
[INFO] [stdout]   11:     0x5725f2782f23 - test::test_main::{{closure}}::hc0a4963c59427c24
[INFO] [stdout]                                at /rustc/6067b36314ab5eb2eb47cecc464545ba58e1ad24/library/test/src/lib.rs:134:21
[INFO] [stdout]   12:     0x5725f28bef23 - <alloc::boxed::Box<F,A> as core::ops::function::Fn<Args>>::call::h591b2225413a77e9
[INFO] [stdout]                                at /rustc/6067b36314ab5eb2eb47cecc464545ba58e1ad24/library/alloc/src/boxed.rs:2027:9
[INFO] [stdout]   13:     0x5725f28bef23 - std::panicking::rust_panic_with_hook::h625eea43051b2edc
[INFO] [stdout]                                at /rustc/6067b36314ab5eb2eb47cecc464545ba58e1ad24/library/std/src/panicking.rs:839:13
[INFO] [stdout]   14:     0x5725f28bebda - std::panicking::begin_panic_handler::{{closure}}::h4f9159cfbc3f6bd3
[INFO] [stdout]                                at /rustc/6067b36314ab5eb2eb47cecc464545ba58e1ad24/library/std/src/panicking.rs:704:13
[INFO] [stdout]   15:     0x5725f28bd509 - std::sys::backtrace::__rust_end_short_backtrace::h0390abce48353151
[INFO] [stdout]                                at /rustc/6067b36314ab5eb2eb47cecc464545ba58e1ad24/library/std/src/sys/backtrace.rs:168:18
[INFO] [stdout]   16:     0x5725f28be86d - rust_begin_unwind
[INFO] [stdout]                                at /rustc/6067b36314ab5eb2eb47cecc464545ba58e1ad24/library/std/src/panicking.rs:695:5
[INFO] [stdout]   17:     0x5725f28e6000 - core::panicking::panic_fmt::h9e7c637e9e5f29c9
[INFO] [stdout]                                at /rustc/6067b36314ab5eb2eb47cecc464545ba58e1ad24/library/core/src/panicking.rs:75:14
[INFO] [stdout]   18:     0x5725f28e63f2 - core::panicking::assert_failed_inner::h538bec7c1374cd9c
[INFO] [stdout]   19:     0x5725f258fd1a - core::panicking::assert_failed::heb3eb6d67627de34
[INFO] [stdout]                                at /rustc/6067b36314ab5eb2eb47cecc464545ba58e1ad24/library/core/src/panicking.rs:364:5
[INFO] [stdout]   20:     0x5725f268d4bc - serde_arrow::test::jiff::string_repr_examples::hcaf8b3f574968b46
[INFO] [stdout]                                at /opt/rustwide/workdir/src/test/jiff.rs:46:5
[INFO] [stdout]   21:     0x5725f268c4e7 - serde_arrow::test::jiff::string_repr_examples::{{closure}}::hce88a4703f19f73f
[INFO] [stdout]                                at /opt/rustwide/workdir/src/test/jiff.rs:9:26
[INFO] [stdout]   22:     0x5725f25a7f86 - core::ops::function::FnOnce::call_once::h6cf02d505a5d8e9b
[INFO] [stdout]                                at /rustc/6067b36314ab5eb2eb47cecc464545ba58e1ad24/library/core/src/ops/function.rs:250:5
[INFO] [stdout]   23:     0x5725f278867b - core::ops::function::FnOnce::call_once::he27718dfdd183f43
[INFO] [stdout]                                at /rustc/6067b36314ab5eb2eb47cecc464545ba58e1ad24/library/core/src/ops/function.rs:250:5
[INFO] [stdout]   24:     0x5725f278867b - test::__rust_begin_short_backtrace::h4e84902998457a5d
[INFO] [stdout]                                at /rustc/6067b36314ab5eb2eb47cecc464545ba58e1ad24/library/test/src/lib.rs:632:18
[INFO] [stdout]   25:     0x5725f27875b3 - test::run_test_in_process::{{closure}}::h7176fd18fc1feca0
[INFO] [stdout]                                at /rustc/6067b36314ab5eb2eb47cecc464545ba58e1ad24/library/test/src/lib.rs:655:60
[INFO] [stdout]   26:     0x5725f27875b3 - <core::panic::unwind_safe::AssertUnwindSafe<F> as core::ops::function::FnOnce<()>>::call_once::hf79cff2a624d8cf7
[INFO] [stdout]                                at /rustc/6067b36314ab5eb2eb47cecc464545ba58e1ad24/library/core/src/panic/unwind_safe.rs:272:9
[INFO] [stdout]   27:     0x5725f27875b3 - std::panicking::try::do_call::h3da0561d9ab99c25
[INFO] [stdout]                                at /rustc/6067b36314ab5eb2eb47cecc464545ba58e1ad24/library/std/src/panicking.rs:587:40
[INFO] [stdout]   28:     0x5725f27875b3 - std::panicking::try::h41c9fa508bc61df6
[INFO] [stdout]                                at /rustc/6067b36314ab5eb2eb47cecc464545ba58e1ad24/library/std/src/panicking.rs:550:19
[INFO] [stdout]   29:     0x5725f27875b3 - std::panic::catch_unwind::h6b3ff07bb5afad93
[INFO] [stdout]                                at /rustc/6067b36314ab5eb2eb47cecc464545ba58e1ad24/library/std/src/panic.rs:358:14
[INFO] [stdout]   30:     0x5725f27875b3 - test::run_test_in_process::hc7253dd11b39b9f4
[INFO] [stderr] error: test failed, to rerun pass `--lib`
[INFO] [stdout]                                at /rustc/6067b36314ab5eb2eb47cecc464545ba58e1ad24/library/test/src/lib.rs:655:27
[INFO] [stdout]   31:     0x5725f27875b3 - test::run_test::{{closure}}::hfb2007f8649c30bb
[INFO] [stdout]                                at /rustc/6067b36314ab5eb2eb47cecc464545ba58e1ad24/library/test/src/lib.rs:576:43
[INFO] [stdout]   32:     0x5725f274a695 - test::run_test::{{closure}}::h56a17aa7a282a9f4
[INFO] [stdout]                                at /rustc/6067b36314ab5eb2eb47cecc464545ba58e1ad24/library/test/src/lib.rs:606:41
[INFO] [stdout]   33:     0x5725f274a695 - std::sys::backtrace::__rust_begin_short_backtrace::hd2d2d2fb8e8c6aac
[INFO] [stdout]                                at /rustc/6067b36314ab5eb2eb47cecc464545ba58e1ad24/library/std/src/sys/backtrace.rs:152:18
[INFO] [stdout]   34:     0x5725f274df7a - std::thread::Builder::spawn_unchecked_::{{closure}}::{{closure}}::h4faa3f9db6133423
[INFO] [stdout]                                at /rustc/6067b36314ab5eb2eb47cecc464545ba58e1ad24/library/std/src/thread/mod.rs:559:17
[INFO] [stdout]   35:     0x5725f274df7a - <core::panic::unwind_safe::AssertUnwindSafe<F> as core::ops::function::FnOnce<()>>::call_once::hf2e855a36a4ea846
[INFO] [stdout]                                at /rustc/6067b36314ab5eb2eb47cecc464545ba58e1ad24/library/core/src/panic/unwind_safe.rs:272:9
[INFO] [stdout]   36:     0x5725f274df7a - std::panicking::try::do_call::h2f73af3616c35465
[INFO] [stdout]                                at /rustc/6067b36314ab5eb2eb47cecc464545ba58e1ad24/library/std/src/panicking.rs:587:40
[INFO] [stdout]   37:     0x5725f274df7a - std::panicking::try::hd1660ce9efadef5a
[INFO] [stdout]                                at /rustc/6067b36314ab5eb2eb47cecc464545ba58e1ad24/library/std/src/panicking.rs:550:19
[INFO] [stdout]   38:     0x5725f274df7a - std::panic::catch_unwind::h5ee8d7823b8ca744
[INFO] [stdout]                                at /rustc/6067b36314ab5eb2eb47cecc464545ba58e1ad24/library/std/src/panic.rs:358:14
[INFO] [stdout]   39:     0x5725f274df7a - std::thread::Builder::spawn_unchecked_::{{closure}}::h53c3a1894dce8407
[INFO] [stdout]                                at /rustc/6067b36314ab5eb2eb47cecc464545ba58e1ad24/library/std/src/thread/mod.rs:557:30
[INFO] [stdout]   40:     0x5725f274df7a - core::ops::function::FnOnce::call_once{{vtable.shim}}::h048ce291ad4f62bf
[INFO] [stdout]                                at /rustc/6067b36314ab5eb2eb47cecc464545ba58e1ad24/library/core/src/ops/function.rs:250:5
[INFO] [stdout]   41:     0x5725f28c345b - <alloc::boxed::Box<F,A> as core::ops::function::FnOnce<Args>>::call_once::ha52bedf99a3b4981
[INFO] [stdout]                                at /rustc/6067b36314ab5eb2eb47cecc464545ba58e1ad24/library/alloc/src/boxed.rs:2013:9
[INFO] [stdout]   42:     0x5725f28c345b - <alloc::boxed::Box<F,A> as core::ops::function::FnOnce<Args>>::call_once::h567748934d80ccf8
[INFO] [stdout]                                at /rustc/6067b36314ab5eb2eb47cecc464545ba58e1ad24/library/alloc/src/boxed.rs:2013:9
[INFO] [stdout]   43:     0x5725f28c345b - std::sys::pal::unix::thread::Thread::new::thread_start::h2d970728ae887adc
[INFO] [stdout]                                at /rustc/6067b36314ab5eb2eb47cecc464545ba58e1ad24/library/std/src/sys/pal/unix/thread.rs:106:17
[INFO] [stdout]   44:     0x7a2945b31ac3 - <unknown>
[INFO] [stdout]   45:     0x7a2945bc2a04 - clone
[INFO] [stdout]   46:                0x0 - <unknown>
[INFO] [stdout] 
[INFO] [stdout] 
[INFO] [stdout] failures:
[INFO] [stdout]     test::jiff::string_repr_examples
[INFO] [stdout] 
[INFO] [stdout] test result: FAILED. 309 passed; 1 failed; 0 ignored; 0 measured; 0 filtered out; finished in 1.80s
[INFO] [stdout] 
[INFO] running `Command { std: "docker" "inspect" "7a97a865f2a27c811df080051f7f6a369c2e3c4c19a6b218369da408af6a2ca1", kill_on_drop: false }`
[INFO] running `Command { std: "docker" "rm" "-f" "7a97a865f2a27c811df080051f7f6a369c2e3c4c19a6b218369da408af6a2ca1", kill_on_drop: false }`
[INFO] [stdout] 7a97a865f2a27c811df080051f7f6a369c2e3c4c19a6b218369da408af6a2ca1
